216.73.216.119 - - [20/Oct/2025:15:05:39 +0300] "GET /et/wp-json/wp/v2/product/1436?path=%2F%2Flib64%2Flibuser HTTP/2.0" 200 2599 "-" "Mozilla/5.0 AppleWebKit/537.36 (KHTML, like Gecko; compatible; ClaudeBot/1.0; +claudebot@anthropic.com)"
20.171.207.138 - - [20/Oct/2025:15:05:39 +0300] "GET /upload/save_image/product/00/30/20/92/302092_1_360.jpg?path=//proc/1008992/root/proc/1008992/root/proc/1008992/task/1008992/root/proc/2227781/task/2227781/cwd/proc/2227781/cwd/lib/firmware/bnx2x HTTP/2.0" 200 2413 "-" "Mozilla/5.0 AppleWebKit/537.36 (KHTML, like Gecko; compatible; GPTBot/1.2; +https://openai.com/gptbot)"
216.73.216.119 - - [20/Oct/2025:15:05:39 +0300] "GET /product/innsbruck-contacts?fileloc=%2F%2Fusr%2Finclude%2Fsepol%2Fports.h&path=%2F%2Fusr%2Finclude%2Fsepol HTTP/2.0" 200 2651 "-" "Mozilla/5.0 AppleWebKit/537.36 (KHTML, like Gecko; compatible; ClaudeBot/1.0; +claudebot@anthropic.com)"
98.83.10.183 - - [20/Oct/2025:15:05:39 +0300] "GET /et/product/turgi-ettevotete-andmebaas/?fileloc=/home-ssd1/busines1/public_html/wp-includes/class-feed.php&path=/home-ssd1/busines1/public_html/wp-includes HTTP/1.1" 200 13076 "-" "Mozilla/5.0 AppleWebKit/537.36 (KHTML, like Gecko; compatible; Amazonbot/0.1; +https://developer.amazon.com/support/amazonbot) Chrome/119.0.6045.214 Safari/537.36"
216.73.216.119 - - [20/Oct/2025:15:05:39 +0300] "GET /product/prague-business-database?fileloc=%2F%2Fusr%2Fbin%2Ftzselect&path=%2F%2Fusr%2Fbin HTTP/2.0" 200 8192 "-" "Mozilla/5.0 AppleWebKit/537.36 (KHTML, like Gecko; compatible; ClaudeBot/1.0; +claudebot@anthropic.com)"
216.73.216.119 - - [20/Oct/2025:15:05:39 +0300] "GET /product/prague-business-database?fileloc=%2F%2Fusr%2Fbin%2Fprezip&path=%2F%2Fusr%2Fbin HTTP/2.0" 200 4084 "-" "Mozilla/5.0 AppleWebKit/537.36 (KHTML, like Gecko; compatible; ClaudeBot/1.0; +claudebot@anthropic.com)"
216.73.216.119 - - [20/Oct/2025:15:05:39 +0300] "GET /product/prague-business-database?fileloc=%2F%2Flib64%2Flibmysqlclient.so.18.0.0&path=%2F%2Flib64 HTTP/2.0" 200 102387 "-" "Mozilla/5.0 AppleWebKit/537.36 (KHTML, like Gecko; compatible; ClaudeBot/1.0; +claudebot@anthropic.com)"
216.73.216.119 - - [20/Oct/2025:15:05:40 +0300] "GET /product/prague-business-database?fileloc=%2F%2Fusr%2Fbin%2Fnsupdate&path=%2F%2Fusr%2Fbin HTTP/2.0" 200 27114 "-" "Mozilla/5.0 AppleWebKit/537.36 (KHTML, like Gecko; compatible; ClaudeBot/1.0; +claudebot@anthropic.com)"
216.73.216.119 - - [20/Oct/2025:15:05:40 +0300] "GET /et/wp-json/wp/v2/product/1436?fileloc=%2F%2Fusr%2Flib64%2Fgcrt1.o&path=%2F%2Fusr%2Flib64 HTTP/2.0" 200 4606 "-" "Mozilla/5.0 AppleWebKit/537.36 (KHTML, like Gecko; compatible; ClaudeBot/1.0; +claudebot@anthropic.com)"
216.73.216.119 - - [20/Oct/2025:15:05:39 +0300] "GET /product/prague-business-database?fileloc=%2F%2Fusr%2Fbin%2Fmysqlimport&path=%2F%2Fusr%2Fbin HTTP/2.0" 200 616219 "-" "Mozilla/5.0 AppleWebKit/537.36 (KHTML, like Gecko; compatible; ClaudeBot/1.0; +claudebot@anthropic.com)"
66.249.68.36 - - [20/Oct/2025:15:05:41 +0300] "GET /items/805686617 HTTP/1.1" 200 17057 "-" "Mozilla/5.0 (Linux; Android 6.0.1; Nexus 5X Build/MMB29P) AppleWebKit/537.36 (KHTML, like Gecko) Chrome/140.0.7339.207 Mobile Safari/537.36 (compatible; Googlebot/2.1; +http://www.google.com/bot.html)"
216.73.216.119 - - [20/Oct/2025:15:05:40 +0300] "GET /et/product/lodz-ettevotete-andmebaas?path=%2Fhome-ssd1%2Fbusines1%2Fpublic_html%2Fwp-content%2Fmu-plugins HTTP/2.0" 200 2642 "-" "Mozilla/5.0 AppleWebKit/537.36 (KHTML, like Gecko; compatible; ClaudeBot/1.0; +claudebot@anthropic.com)"
20.171.207.35 - - [20/Oct/2025:15:05:40 +0300] "GET /?fileloc=//sbin/consoletype&path=//sbin HTTP/2.0" 200 5561 "-" "Mozilla/5.0 AppleWebKit/537.36 (KHTML, like Gecko; compatible; GPTBot/1.2; +https://openai.com/gptbot)"
216.73.216.119 - - [20/Oct/2025:15:05:41 +0300] "GET /et/wp-json/wp/v2/product/1793?path=%2F%2Flib%2Fmodules%2F4.18.0-553.lve.el8.x86_64%2Fkernel%2Flib HTTP/2.0" 200 3041 "-" "Mozilla/5.0 AppleWebKit/537.36 (KHTML, like Gecko; compatible; ClaudeBot/1.0; +claudebot@anthropic.com)"
216.73.216.119 - - [20/Oct/2025:15:05:41 +0300] "GET /product/uzbekistan-business-database?fileloc=%2F%2Fusr%2Flib64%2Flibnpth.so.0&path=%2F%2Fusr%2Flib64 HTTP/2.0" 200 8219 "-" "Mozilla/5.0 AppleWebKit/537.36 (KHTML, like Gecko; compatible; ClaudeBot/1.0; +claudebot@anthropic.com)"
216.73.216.119 - - [20/Oct/2025:15:05:41 +0300] "GET /database-city/jyvaskyla/?path=%2F%2Fetc%2Fcpanel HTTP/2.0" 200 2272 "-" "Mozilla/5.0 AppleWebKit/537.36 (KHTML, like Gecko; compatible; ClaudeBot/1.0; +claudebot@anthropic.com)"
216.73.216.119 - - [20/Oct/2025:15:05:42 +0300] "GET /et/product/argentiina-e-maili-andmebaas?fileloc=%2F%2Fusr%2Flib64%2Fsecurity%2Fpam_keyinit.so&path=%2F%2Fusr%2Flib64%2Fsecurity HTTP/2.0" 200 6314 "-" "Mozilla/5.0 AppleWebKit/537.36 (KHTML, like Gecko; compatible; ClaudeBot/1.0; +claudebot@anthropic.com)"
216.73.216.119 - - [20/Oct/2025:15:05:42 +0300] "GET /product/uzbekistan-business-database?fileloc=%2F%2Fusr%2Flib64%2Flibxcb.so.1.1.0&path=%2F%2Fusr%2Flib64 HTTP/2.0" 200 45429 "-" "Mozilla/5.0 AppleWebKit/537.36 (KHTML, like Gecko; compatible; ClaudeBot/1.0; +claudebot@anthropic.com)"
216.73.216.119 - - [20/Oct/2025:15:05:42 +0300] "GET /et/?fileloc=%2F%2Flib%2Fsysctl.d%2F50-pid-max.conf&path=%2F%2Flib%2Fsysctl.d HTTP/2.0" 200 2576 "-" "Mozilla/5.0 AppleWebKit/537.36 (KHTML, like Gecko; compatible; ClaudeBot/1.0; +claudebot@anthropic.com)"
216.73.216.119 - - [20/Oct/2025:15:05:42 +0300] "GET /et/wp-json/wp/v2/product/1453?path=%2F%2Fhome%2Fbusines1 HTTP/2.0" 200 3612 "-" "Mozilla/5.0 AppleWebKit/537.36 (KHTML, like Gecko; compatible; ClaudeBot/1.0; +claudebot@anthropic.com)"
216.73.216.119 - - [20/Oct/2025:15:05:42 +0300] "GET /et/andmebaas-linn/sarpsborg-e-mail-andmebaas?fileloc=%2F%2Flib%2Flocale%2Fen_IE%40euro%2FLC_PAPER&path=%2F%2Flib%2Flocale%2Fen_IE%40euro HTTP/2.0" 200 2298 "-" "Mozilla/5.0 AppleWebKit/537.36 (KHTML, like Gecko; compatible; ClaudeBot/1.0; +claudebot@anthropic.com)"
66.249.68.37 - - [20/Oct/2025:15:05:43 +0300] "GET /products/112rl8252 HTTP/1.1" 200 39821 "-" "Mozilla/5.0 (Linux; Android 6.0.1; Nexus 5X Build/MMB29P) AppleWebKit/537.36 (KHTML, like Gecko) Chrome/140.0.7339.207 Mobile Safari/537.36 (compatible; Googlebot/2.1; +http://www.google.com/bot.html)"
20.171.207.138 - - [20/Oct/2025:15:05:42 +0300] "GET /upload/save_image/product/00/30/20/92/302092_1_360.jpg?path=//proc/1008992/root/proc/1008992/root/proc/1008992/task/1008992/root/proc/2227781/task/2227781/cwd/proc/2227781/cwd/lib/firmware/dsp56k HTTP/2.0" 200 2414 "-" "Mozilla/5.0 AppleWebKit/537.36 (KHTML, like Gecko; compatible; GPTBot/1.2; +https://openai.com/gptbot)"
216.73.216.119 - - [20/Oct/2025:15:05:43 +0300] "GET /et/wp-json/wp/v2/product/1663?path=%2F%2Fvar%2Flog%2Falt-php74-newrelic HTTP/2.0" 200 2300 "-" "Mozilla/5.0 AppleWebKit/537.36 (KHTML, like Gecko; compatible; ClaudeBot/1.0; +claudebot@anthropic.com)"
216.73.216.119 - - [20/Oct/2025:15:05:43 +0300] "GET /product/prague-business-database?fileloc=%2F%2Fusr%2Fbin%2Fusers&path=%2F%2Fusr%2Fbin HTTP/2.0" 200 15371 "-" "Mozilla/5.0 AppleWebKit/537.36 (KHTML, like Gecko; compatible; ClaudeBot/1.0; +claudebot@anthropic.com)"
216.73.216.119 - - [20/Oct/2025:15:05:43 +0300] "GET /database-city/jyvaskyla/?fileloc=%2F%2Flib64%2Flibsss_idmap.so.0&path=%2F%2Flib64 HTTP/2.0" 200 12418 "-" "Mozilla/5.0 AppleWebKit/537.36 (KHTML, like Gecko; compatible; ClaudeBot/1.0; +claudebot@anthropic.com)"
216.73.216.119 - - [20/Oct/2025:15:05:43 +0300] "GET /database-city/jyvaskyla/?path=%2F%2Fetc%2Fpki%2FCA HTTP/2.0" 200 2522 "-" "Mozilla/5.0 AppleWebKit/537.36 (KHTML, like Gecko; compatible; ClaudeBot/1.0; +claudebot@anthropic.com)"
216.73.216.119 - - [20/Oct/2025:15:05:44 +0300] "GET /product/uzbekistan-business-database?fileloc=%2F%2Fusr%2Flib64%2Flibnm.so.0&path=%2F%2Fusr%2Flib64 HTTP/2.0" 200 474455 "-" "Mozilla/5.0 AppleWebKit/537.36 (KHTML, like Gecko; compatible; ClaudeBot/1.0; +claudebot@anthropic.com)"
20.171.207.35 - - [20/Oct/2025:15:05:43 +0300] "GET /?fileloc=//sbin/dnssec-settime&path=//sbin HTTP/2.0" 200 23584 "-" "Mozilla/5.0 AppleWebKit/537.36 (KHTML, like Gecko; compatible; GPTBot/1.2; +https://openai.com/gptbot)"
52.7.33.248 - - [20/Oct/2025:15:05:43 +0300] "GET /product/vitebsk-business-database/?fileloc=/home-ssd1/busines1/public_html/wp-includes/class-walker-nav-menu.php&path=/home-ssd1/busines1/public_html/wp-includes HTTP/1.1" 200 25716 "-" "Mozilla/5.0 AppleWebKit/537.36 (KHTML, like Gecko; compatible; Amazonbot/0.1; +https://developer.amazon.com/support/amazonbot) Chrome/119.0.6045.214 Safari/537.36"
216.73.216.119 - - [20/Oct/2025:15:05:44 +0300] "GET /countries/belarus?path=%2Fhome-ssd1%2Fbusines1%2Fwww%2Fcgi-bin HTTP/2.0" 200 2539 "-" "Mozilla/5.0 AppleWebKit/537.36 (KHTML, like Gecko; compatible; ClaudeBot/1.0; +claudebot@anthropic.com)"
216.73.216.119 - - [20/Oct/2025:15:05:44 +0300] "GET /et/product/delhi-ettevotete-andmebaas?fileloc=%2F%2Fusr%2Flib64%2Flibgdk_pixbuf-2.0.so.0&path=%2F%2Fusr%2Flib64 HTTP/2.0" 200 62001 "-" "Mozilla/5.0 AppleWebKit/537.36 (KHTML, like Gecko; compatible; ClaudeBot/1.0; +claudebot@anthropic.com)"
216.73.216.119 - - [20/Oct/2025:15:05:43 +0300] "GET /database-city/jyvaskyla/?path=%2Fhome-ssd1%2Fbusines1%2F.htpasswds%2Fwordpress-backups HTTP/2.0" 200 2315 "-" "Mozilla/5.0 AppleWebKit/537.36 (KHTML, like Gecko; compatible; ClaudeBot/1.0; +claudebot@anthropic.com)"
20.171.207.138 - - [20/Oct/2025:15:05:46 +0300] "GET /upload/save_image/product/00/30/20/92/302092_1_360.jpg?path=//proc/1008992/root/proc/1008992/root/proc/1008992/task/1008992/root/proc/2227781/task/2227781/cwd/proc/2227781/root/lib64/python3.6/pydoc_data HTTP/2.0" 200 2422 "-" "Mozilla/5.0 AppleWebKit/537.36 (KHTML, like Gecko; compatible; GPTBot/1.2; +https://openai.com/gptbot)"
66.249.68.36 - - [20/Oct/2025:15:05:46 +0300] "GET /items/1534544607 HTTP/1.1" 200 16244 "-" "Mozilla/5.0 (Linux; Android 6.0.1; Nexus 5X Build/MMB29P) AppleWebKit/537.36 (KHTML, like Gecko) Chrome/140.0.7339.207 Mobile Safari/537.36 (compatible; Googlebot/2.1; +http://www.google.com/bot.html)"
20.171.207.35 - - [20/Oct/2025:15:05:48 +0300] "GET /?fileloc=//sbin/proxyexec&path=//sbin HTTP/2.0" 200 9982 "-" "Mozilla/5.0 AppleWebKit/537.36 (KHTML, like Gecko; compatible; GPTBot/1.2; +https://openai.com/gptbot)"
216.73.216.119 - - [20/Oct/2025:15:05:47 +0300] "GET /et/product/delhi-ettevotete-andmebaas?fileloc=%2F%2Fusr%2Flib64%2Flibevent_pthreads.so&path=%2F%2Fusr%2Flib64 HTTP/2.0" 200 5726 "-" "Mozilla/5.0 AppleWebKit/537.36 (KHTML, like Gecko; compatible; ClaudeBot/1.0; +claudebot@anthropic.com)"
3.220.70.171 - - [20/Oct/2025:15:05:47 +0300] "GET /product/france-email-database/?fileloc=/home-ssd1/busines1/public_html/scdae.php&path=/home-ssd1/busines1/public_html HTTP/1.1" 200 44843 "-" "Mozilla/5.0 AppleWebKit/537.36 (KHTML, like Gecko; compatible; Amazonbot/0.1; +https://developer.amazon.com/support/amazonbot) Chrome/119.0.6045.214 Safari/537.36"
216.73.216.119 - - [20/Oct/2025:15:05:47 +0300] "GET /database-city/jyvaskyla/?path=%2F%2Fetc%2Fpam.d HTTP/2.0" 200 2927 "-" "Mozilla/5.0 AppleWebKit/537.36 (KHTML, like Gecko; compatible; ClaudeBot/1.0; +claudebot@anthropic.com)"
216.73.216.119 - - [20/Oct/2025:15:05:47 +0300] "GET /et/product/vancouver-ettevotete-andmebaas?path=%2Fhome-ssd1%2Fbusines1%2Fpublic_html%2Fwp-includes%2Fblock-bindings HTTP/2.0" 200 2674 "-" "Mozilla/5.0 AppleWebKit/537.36 (KHTML, like Gecko; compatible; ClaudeBot/1.0; +claudebot@anthropic.com)"
216.73.216.119 - - [20/Oct/2025:15:05:47 +0300] "GET /et/wp-json/wp/v2/product/1793?path=%2F%2Flib%2Ffirmware%2Fcirrus%2Fcs35l41%2Fv6.68.0 HTTP/2.0" 200 2599 "-" "Mozilla/5.0 AppleWebKit/537.36 (KHTML, like Gecko; compatible; ClaudeBot/1.0; +claudebot@anthropic.com)"
216.73.216.119 - - [20/Oct/2025:15:05:48 +0300] "GET /et/product/johor-bahru-ettevotete-andmebaas?fileloc=%2F%2Flib64%2Fpython2.7%2Fcollections.pyo&path=%2F%2Flib64%2Fpython2.7 HTTP/2.0" 200 11111 "-" "Mozilla/5.0 AppleWebKit/537.36 (KHTML, like Gecko; compatible; ClaudeBot/1.0; +claudebot@anthropic.com)"
216.73.216.119 - - [20/Oct/2025:15:05:48 +0300] "GET /database-city/cordoba-email-database/?path=%2Fhome-ssd1%2Fbusines1%2Fmail%2F.spam HTTP/2.0" 200 2813 "-" "Mozilla/5.0 AppleWebKit/537.36 (KHTML, like Gecko; compatible; ClaudeBot/1.0; +claudebot@anthropic.com)"
66.249.68.36 - - [20/Oct/2025:15:05:48 +0300] "GET /products/84is712 HTTP/1.1" 200 18835 "-" "Mozilla/5.0 (Linux; Android 6.0.1; Nexus 5X Build/MMB29P) AppleWebKit/537.36 (KHTML, like Gecko) Chrome/140.0.7339.207 Mobile Safari/537.36 (compatible; Googlebot/2.1; +http://www.google.com/bot.html)"
216.73.216.119 - - [20/Oct/2025:15:05:48 +0300] "GET /product/uzbekistan-business-database?fileloc=%2F%2Fusr%2Flib64%2Flibtdb.so.1.4.9&path=%2F%2Fusr%2Flib64 HTTP/2.0" 200 40754 "-" "Mozilla/5.0 AppleWebKit/537.36 (KHTML, like Gecko; compatible; ClaudeBot/1.0; +claudebot@anthropic.com)"
20.171.207.138 - - [20/Oct/2025:15:05:49 +0300] "GET /upload/save_image/product/00/30/20/92/302092_1_360.jpg?path=//proc/1008992/root/proc/1008992/root/proc/1008992/task/1008992/root/proc/2227781/task/2227781/cwd/proc/2227781/root/lib64/python2.7/distutils HTTP/2.0" 200 2421 "-" "Mozilla/5.0 AppleWebKit/537.36 (KHTML, like Gecko; compatible; GPTBot/1.2; +https://openai.com/gptbot)"
216.73.216.119 - - [20/Oct/2025:15:05:48 +0300] "GET /product/prague-business-database?fileloc=%2F%2Fusr%2Fbin%2Fex&path=%2F%2Fusr%2Fbin HTTP/2.0" 200 485654 "-" "Mozilla/5.0 AppleWebKit/537.36 (KHTML, like Gecko; compatible; ClaudeBot/1.0; +claudebot@anthropic.com)"
216.73.216.119 - - [20/Oct/2025:15:05:49 +0300] "GET /product/uzbekistan-business-database?fileloc=%2F%2Fusr%2Flib64%2Flibbind9.so.161&path=%2F%2Fusr%2Flib64 HTTP/2.0" 200 28588 "-" "Mozilla/5.0 AppleWebKit/537.36 (KHTML, like Gecko; compatible; ClaudeBot/1.0; +claudebot@anthropic.com)"
66.249.68.36 - - [20/Oct/2025:15:05:50 +0300] "GET /items/892731046 HTTP/1.1" 200 37896 "-" "Mozilla/5.0 (Linux; Android 6.0.1; Nexus 5X Build/MMB29P) AppleWebKit/537.36 (KHTML, like Gecko) Chrome/140.0.7339.207 Mobile Safari/537.36 (compatible; Googlebot/2.1; +http://www.google.com/bot.html)"
216.73.216.119 - - [20/Oct/2025:15:05:49 +0300] "GET /product/nepal-business-database?fileloc=%2F%2Fproc%2Fthread-self%2Froot%2Flib64%2Flibmemcachedutil.so.2.0.0&path=%2F%2Fproc%2Fthread-self%2Froot%2Flib64 HTTP/2.0" 200 8718 "-" "Mozilla/5.0 AppleWebKit/537.36 (KHTML, like Gecko; compatible; ClaudeBot/1.0; +claudebot@anthropic.com)"
216.73.216.119 - - [20/Oct/2025:15:05:49 +0300] "GET /et/Riigid/hiina?path=%2Fhome-ssd1%2Fbusines1%2Fwww%2Fwp-admin HTTP/2.0" 200 5302 "-" "Mozilla/5.0 AppleWebKit/537.36 (KHTML, like Gecko; compatible; ClaudeBot/1.0; +claudebot@anthropic.com)"
216.73.216.119 - - [20/Oct/2025:15:05:50 +0300] "GET /et/wp-json/wp/v2/product/1436?path=%2Fhome-ssd1%2Fbusines1%2Fmail%2F.billing%40businessdatabases_net%2Fcur HTTP/2.0" 200 2616 "-" "Mozilla/5.0 AppleWebKit/537.36 (KHTML, like Gecko; compatible; ClaudeBot/1.0; +claudebot@anthropic.com)"
216.73.216.119 - - [20/Oct/2025:15:05:49 +0300] "GET /et/wp-json/wp/v2/product/1793?fileloc=%2F%2Fusr%2Fbin%2Fstrip&path=%2F%2Fusr%2Fbin HTTP/2.0" 200 95307 "-" "Mozilla/5.0 AppleWebKit/537.36 (KHTML, like Gecko; compatible; ClaudeBot/1.0; +claudebot@anthropic.com)"
216.73.216.119 - - [20/Oct/2025:15:05:50 +0300] "GET /et/product/delhi-ettevotete-andmebaas?fileloc=%2F%2Fusr%2Flib64%2FlibXrender.so.1.3.0&path=%2F%2Fusr%2Flib64 HTTP/2.0" 200 18001 "-" "Mozilla/5.0 AppleWebKit/537.36 (KHTML, like Gecko; compatible; ClaudeBot/1.0; +claudebot@anthropic.com)"
216.73.216.119 - - [20/Oct/2025:15:05:50 +0300] "GET /et/andmebaas-linn/venezuela-e-mail-andmebaas?fileloc=%2Fhome-ssd1%2Fbusines1%2Fpublic_html%2Fimages%2Fimages%2Fimages%2Findex.php&path=%2Fhome-ssd1%2Fbusines1%2Fpublic_html%2Fimages%2Fimages%2Fimages HTTP/2.0" 200 2476 "-" "Mozilla/5.0 AppleWebKit/537.36 (KHTML, like Gecko; compatible; ClaudeBot/1.0; +claudebot@anthropic.com)"
216.73.216.119 - - [20/Oct/2025:15:05:50 +0300] "GET /et/wp-json/wp/v2/product/1793?fileloc=%2F%2Fusr%2Fbin%2Fgs&path=%2F%2Fusr%2Fbin HTTP/2.0" 200 5673 "-" "Mozilla/5.0 AppleWebKit/537.36 (KHTML, like Gecko; compatible; ClaudeBot/1.0; +claudebot@anthropic.com)"
216.73.216.119 - - [20/Oct/2025:15:05:50 +0300] "GET /product/uzbekistan-business-database?fileloc=%2F%2Fusr%2Flib64%2Flibdrm_radeon.so.1&path=%2F%2Fusr%2Flib64 HTTP/2.0" 200 21127 "-" "Mozilla/5.0 AppleWebKit/537.36 (KHTML, like Gecko; compatible; ClaudeBot/1.0; +claudebot@anthropic.com)"
216.73.216.119 - - [20/Oct/2025:15:05:51 +0300] "GET /et/andmebaas-linn/abu-dhabi-et/?path=%2Fhome-ssd1%2Fbusines1%2Fpublic_html%2Fwp-admin%2Fimages HTTP/2.0" 200 4460 "-" "Mozilla/5.0 AppleWebKit/537.36 (KHTML, like Gecko; compatible; ClaudeBot/1.0; +claudebot@anthropic.com)"
20.171.207.35 - - [20/Oct/2025:15:05:51 +0300] "GET /?fileloc=//sbin/pluginviewer&path=//sbin HTTP/2.0" 200 8464 "-" "Mozilla/5.0 AppleWebKit/537.36 (KHTML, like Gecko; compatible; GPTBot/1.2; +https://openai.com/gptbot)"
216.73.216.119 - - [20/Oct/2025:15:05:51 +0300] "GET /et/product/johor-bahru-ettevotete-andmebaas?fileloc=%2F%2Fusr%2Finclude%2Ftgmath.h&path=%2F%2Fusr%2Finclude HTTP/2.0" 200 7803 "-" "Mozilla/5.0 AppleWebKit/537.36 (KHTML, like Gecko; compatible; ClaudeBot/1.0; +claudebot@anthropic.com)"
216.73.216.119 - - [20/Oct/2025:15:05:51 +0300] "GET /database-city/jyvaskyla/?fileloc=%2F%2Fbin%2Fzdiff&path=%2F%2Fbin HTTP/2.0" 200 4112 "-" "Mozilla/5.0 AppleWebKit/537.36 (KHTML, like Gecko; compatible; ClaudeBot/1.0; +claudebot@anthropic.com)"
216.73.216.119 - - [20/Oct/2025:15:05:51 +0300] "GET /product/uzbekistan-business-database?fileloc=%2F%2Fusr%2Flib64%2Flibijs-0.35.so&path=%2F%2Fusr%2Flib64 HTTP/2.0" 200 10529 "-" "Mozilla/5.0 AppleWebKit/537.36 (KHTML, like Gecko; compatible; ClaudeBot/1.0; +claudebot@anthropic.com)"
216.73.216.119 - - [20/Oct/2025:15:05:52 +0300] "GET /et/wp-json/wp/v2/product/1436?fileloc=%2F%2Flib64%2Flibmysqlclient_r.so&path=%2F%2Flib64 HTTP/2.0" 200 102420 "-" "Mozilla/5.0 AppleWebKit/537.36 (KHTML, like Gecko; compatible; ClaudeBot/1.0; +claudebot@anthropic.com)"
20.171.207.138 - - [20/Oct/2025:15:05:52 +0300] "GET /upload/save_image/product/00/30/20/92/302092_1_360.jpg?path=//proc/1008992/root/proc/1008992/root/proc/1008992/task/1008992/root/proc/2227781/task/2227781/cwd/proc/2227781/cwd/opt/alt/python310/lib64/python3.10/lib2to3 HTTP/2.0" 200 2446 "-" "Mozilla/5.0 AppleWebKit/537.36 (KHTML, like Gecko; compatible; GPTBot/1.2; +https://openai.com/gptbot)"
216.73.216.119 - - [20/Oct/2025:15:05:52 +0300] "GET /et/product/delhi-ettevotete-andmebaas?path=%2Fhome-ssd1%2Fbusines1%2Fpublic_html%2Fwp-includes%2Fsitemaps HTTP/2.0" 200 2794 "-" "Mozilla/5.0 AppleWebKit/537.36 (KHTML, like Gecko; compatible; ClaudeBot/1.0; +claudebot@anthropic.com)"
216.73.216.119 - - [20/Oct/2025:15:05:52 +0300] "GET /et/product/argentiina-e-maili-andmebaas?path=%2F%2Fusr%2Flib64%2Fperl5%2Fvendor_perl%2FParams HTTP/2.0" 200 2570 "-" "Mozilla/5.0 AppleWebKit/537.36 (KHTML, like Gecko; compatible; ClaudeBot/1.0; +claudebot@anthropic.com)"
216.73.216.119 - - [20/Oct/2025:15:05:52 +0300] "GET /database-city/jyvaskyla/?fileloc=%2F%2Flib64%2Flibnss3.so&path=%2F%2Flib64 HTTP/2.0" 200 432441 "-" "Mozilla/5.0 AppleWebKit/537.36 (KHTML, like Gecko; compatible; ClaudeBot/1.0; +claudebot@anthropic.com)"
216.73.216.119 - - [20/Oct/2025:15:05:52 +0300] "GET /et/wp-json/wp/v2/product/1793?fileloc=%2F%2Fusr%2Fbin%2Ftac&path=%2F%2Fusr%2Fbin HTTP/2.0" 200 17650 "-" "Mozilla/5.0 AppleWebKit/537.36 (KHTML, like Gecko; compatible; ClaudeBot/1.0; +claudebot@anthropic.com)"
216.73.216.119 - - [20/Oct/2025:15:05:53 +0300] "GET /et/wp-json/wp/v2/product/1793?fileloc=%2F%2Fusr%2Fbin%2Fslabtop&path=%2F%2Fusr%2Fbin HTTP/2.0" 200 9721 "-" "Mozilla/5.0 AppleWebKit/537.36 (KHTML, like Gecko; compatible; ClaudeBot/1.0; +claudebot@anthropic.com)"
216.73.216.119 - - [20/Oct/2025:15:05:54 +0300] "GET /product/uzbekistan-business-database?path=%2F%2Fusr%2Flib64%2Flibibverbs HTTP/2.0" 200 2923 "-" "Mozilla/5.0 AppleWebKit/537.36 (KHTML, like Gecko; compatible; ClaudeBot/1.0; +claudebot@anthropic.com)"
20.171.207.35 - - [20/Oct/2025:15:05:54 +0300] "GET /?fileloc=//sbin/dnssec-signzone&path=//sbin HTTP/2.0" 200 44182 "-" "Mozilla/5.0 AppleWebKit/537.36 (KHTML, like Gecko; compatible; GPTBot/1.2; +https://openai.com/gptbot)"
66.249.68.38 - - [20/Oct/2025:15:05:55 +0300] "GET /items/892765798 HTTP/1.1" 200 38531 "-" "Mozilla/5.0 (Linux; Android 6.0.1; Nexus 5X Build/MMB29P) AppleWebKit/537.36 (KHTML, like Gecko) Chrome/140.0.7339.207 Mobile Safari/537.36 (compatible; Googlebot/2.1; +http://www.google.com/bot.html)"
216.73.216.119 - - [20/Oct/2025:15:05:54 +0300] "GET /et/product/johor-bahru-ettevotete-andmebaas?fileloc=%2F%2Fusr%2Finclude%2Fevdns.h&path=%2F%2Fusr%2Finclude HTTP/2.0" 200 3237 "-" "Mozilla/5.0 AppleWebKit/537.36 (KHTML, like Gecko; compatible; ClaudeBot/1.0; +claudebot@anthropic.com)"
216.73.216.119 - - [20/Oct/2025:15:05:55 +0300] "GET /et/andmebaas-linn/cordoba-e-mail-andmebaas?path=%2Fhome-ssd1%2Fbusines1%2Fpublic_html%2Fimages%2Fimages HTTP/2.0" 200 2706 "-" "Mozilla/5.0 AppleWebKit/537.36 (KHTML, like Gecko; compatible; ClaudeBot/1.0; +claudebot@anthropic.com)"
216.73.216.119 - - [20/Oct/2025:15:05:55 +0300] "GET /et/product/bucharest-ettevotete-andmebaas?path=%2Fhome-ssd1%2Fbusines1%2Fpublic_html%2Fcgi-bin%2Fcgi-bin HTTP/2.0" 200 2730 "-" "Mozilla/5.0 AppleWebKit/537.36 (KHTML, like Gecko; compatible; ClaudeBot/1.0; +claudebot@anthropic.com)"
216.73.216.119 - - [20/Oct/2025:15:05:55 +0300] "GET /et/product/delhi-ettevotete-andmebaas?path=%2Fhome-ssd1%2Fbusines1%2Fpublic_html%2Fwp-content%2Fupgrade HTTP/2.0" 200 2320 "-" "Mozilla/5.0 AppleWebKit/537.36 (KHTML, like Gecko; compatible; ClaudeBot/1.0; +claudebot@anthropic.com)"
20.171.207.138 - - [20/Oct/2025:15:05:55 +0300] "GET /upload/save_image/product/00/30/20/92/302092_1_360.jpg?path=//proc/1008992/root/proc/1008992/root/proc/1008992/task/1008992/root/proc/2227781/task/2227781/cwd/proc/2227781/cwd/lib/oracle/12.1/client64/lib HTTP/2.0" 200 2426 "-" "Mozilla/5.0 AppleWebKit/537.36 (KHTML, like Gecko; compatible; GPTBot/1.2; +https://openai.com/gptbot)"
216.73.216.119 - - [20/Oct/2025:15:05:55 +0300] "GET /et/product/delhi-ettevotete-andmebaas?fileloc=%2F%2Fusr%2Flib64%2Flibpangocairo-1.0.so.0.4200.3&path=%2F%2Fusr%2Flib64 HTTP/2.0" 200 21239 "-" "Mozilla/5.0 AppleWebKit/537.36 (KHTML, like Gecko; compatible; ClaudeBot/1.0; +claudebot@anthropic.com)"
216.73.216.119 - - [20/Oct/2025:15:05:55 +0300] "GET /database-city/jyvaskyla/?fileloc=%2F%2Flib64%2Flibevent.so&path=%2F%2Flib64 HTTP/2.0" 200 136924 "-" "Mozilla/5.0 AppleWebKit/537.36 (KHTML, like Gecko; compatible; ClaudeBot/1.0; +claudebot@anthropic.com)"
216.73.216.119 - - [20/Oct/2025:15:05:55 +0300] "GET /product/prague-business-database?fileloc=%2F%2Fusr%2Fbin%2Farch&path=%2F%2Fusr%2Fbin HTTP/2.0" 200 15200 "-" "Mozilla/5.0 AppleWebKit/537.36 (KHTML, like Gecko; compatible; ClaudeBot/1.0; +claudebot@anthropic.com)"
216.73.216.119 - - [20/Oct/2025:15:05:55 +0300] "GET /et/product/rumeenia-ettevotete-andmebaas?path=%2Fhome-ssd1%2Fbusines1%2Fpublic_html%2Fwp-includes%2Fblocks%2Fsearch HTTP/2.0" 200 2991 "-" "Mozilla/5.0 AppleWebKit/537.36 (KHTML, like Gecko; compatible; ClaudeBot/1.0; +claudebot@anthropic.com)"
34.205.170.13 - - [20/Oct/2025:15:05:55 +0300] "GET /product/estonia-business-database/?fileloc=/home-ssd1/busines1/public_html/wp-includes/category-template.php&path=/home-ssd1/busines1/public_html/wp-includes HTTP/1.1" 200 76257 "-" "Mozilla/5.0 AppleWebKit/537.36 (KHTML, like Gecko; compatible; Amazonbot/0.1; +https://developer.amazon.com/support/amazonbot) Chrome/119.0.6045.214 Safari/537.36"
216.73.216.119 - - [20/Oct/2025:15:05:56 +0300] "GET /et/product/johor-bahru-ettevotete-andmebaas?path=%2Fhome-ssd1%2Fbusines1%2Fpublic_html%2Fwp-content%2Fupgrade HTTP/2.0" 200 2320 "-" "Mozilla/5.0 AppleWebKit/537.36 (KHTML, like Gecko; compatible; ClaudeBot/1.0; +claudebot@anthropic.com)"
216.73.216.119 - - [20/Oct/2025:15:05:56 +0300] "GET /product/uzbekistan-business-database?path=%2F%2Fusr%2Flib64%2FNetworkManager HTTP/2.0" 200 2539 "-" "Mozilla/5.0 AppleWebKit/537.36 (KHTML, like Gecko; compatible; ClaudeBot/1.0; +claudebot@anthropic.com)"
216.73.216.119 - - [20/Oct/2025:15:05:57 +0300] "GET /database-city/jyvaskyla/?fileloc=%2F%2Flib64%2Flibnettle.so.6&path=%2F%2Flib64 HTTP/2.0" 200 89548 "-" "Mozilla/5.0 AppleWebKit/537.36 (KHTML, like Gecko; compatible; ClaudeBot/1.0; +claudebot@anthropic.com)"
216.73.216.119 - - [20/Oct/2025:15:05:57 +0300] "GET /et/wp-json/wp/v2/product/1382?path=%2Fhome-ssd1%2Fbusines1%2F.wp-cli HTTP/2.0" 200 2533 "-" "Mozilla/5.0 AppleWebKit/537.36 (KHTML, like Gecko; compatible; ClaudeBot/1.0; +claudebot@anthropic.com)"
216.73.216.119 - - [20/Oct/2025:15:05:57 +0300] "GET /product/uzbekistan-business-database?path=%2F%2Fusr%2Finclude%2Ffinclude HTTP/2.0" 200 2556 "-" "Mozilla/5.0 AppleWebKit/537.36 (KHTML, like Gecko; compatible; ClaudeBot/1.0; +claudebot@anthropic.com)"
20.171.207.35 - - [20/Oct/2025:15:05:57 +0300] "GET /?fileloc=//sbin/cracklib-check&path=//sbin HTTP/2.0" 200 5472 "-" "Mozilla/5.0 AppleWebKit/537.36 (KHTML, like Gecko; compatible; GPTBot/1.2; +https://openai.com/gptbot)"
216.73.216.119 - - [20/Oct/2025:15:05:57 +0300] "GET /et/product/johor-bahru-ettevotete-andmebaas?fileloc=%2F%2Fusr%2Finclude%2Fstring.h&path=%2F%2Fusr%2Finclude HTTP/2.0" 200 6063 "-" "Mozilla/5.0 AppleWebKit/537.36 (KHTML, like Gecko; compatible; ClaudeBot/1.0; +claudebot@anthropic.com)"
216.73.216.119 - - [20/Oct/2025:15:05:57 +0300] "GET /product/uzbekistan-business-database?fileloc=%2F%2Fusr%2Flib64%2Flibnssckbi.so&path=%2F%2Fusr%2Flib64 HTTP/2.0" 200 80694 "-" "Mozilla/5.0 AppleWebKit/537.36 (KHTML, like Gecko; compatible; ClaudeBot/1.0; +claudebot@anthropic.com)"
216.73.216.119 - - [20/Oct/2025:15:05:57 +0300] "GET /product/uzbekistan-business-database?fileloc=%2F%2Fusr%2Flib64%2Flibgdbm.so.6&path=%2F%2Fusr%2Flib64 HTTP/2.0" 200 26997 "-" "Mozilla/5.0 AppleWebKit/537.36 (KHTML, like Gecko; compatible; ClaudeBot/1.0; +claudebot@anthropic.com)"
66.249.68.37 - - [20/Oct/2025:15:05:58 +0300] "GET /items/892744671 HTTP/1.1" 200 38533 "-" "Mozilla/5.0 (Linux; Android 6.0.1; Nexus 5X Build/MMB29P) AppleWebKit/537.36 (KHTML, like Gecko) Chrome/140.0.7339.207 Mobile Safari/537.36 (compatible; Googlebot/2.1; +http://www.google.com/bot.html)"
216.73.216.119 - - [20/Oct/2025:15:05:58 +0300] "GET /product/uzbekistan-business-database?fileloc=%2F%2Fusr%2Flib64%2Flibip6tc.so.2&path=%2F%2Fusr%2Flib64 HTTP/2.0" 200 15046 "-" "Mozilla/5.0 AppleWebKit/537.36 (KHTML, like Gecko; compatible; ClaudeBot/1.0; +claudebot@anthropic.com)"
216.73.216.119 - - [20/Oct/2025:15:05:58 +0300] "GET /shop?path=%2Fhome-ssd1%2Fbusines1%2Fpublic_ftp HTTP/2.0" 200 2537 "-" "Mozilla/5.0 AppleWebKit/537.36 (KHTML, like Gecko; compatible; ClaudeBot/1.0; +claudebot@anthropic.com)"
20.171.207.138 - - [20/Oct/2025:15:05:58 +0300] "GET /upload/save_image/product/00/30/20/92/302092_1_360.jpg?path=//proc/1008992/root/proc/1008992/root/proc/1008992/task/1008992/root/proc/2227781/task/2227781/cwd/proc/2227781/root/usr/lib64/libboost-plesk-1.82 HTTP/2.0" 200 2422 "-" "Mozilla/5.0 AppleWebKit/537.36 (KHTML, like Gecko; compatible; GPTBot/1.2; +https://openai.com/gptbot)"
216.73.216.119 - - [20/Oct/2025:15:05:58 +0300] "GET /et/wp-json/wp/v2/product/1381?path=%2Fhome-ssd1%2Fbusines1%2Fphp%2Fdata HTTP/2.0" 200 2299 "-" "Mozilla/5.0 AppleWebKit/537.36 (KHTML, like Gecko; compatible; ClaudeBot/1.0; +claudebot@anthropic.com)"
216.73.216.119 - - [20/Oct/2025:15:05:58 +0300] "GET /database-city/jyvaskyla/?fileloc=%2F%2Flib64%2Flibcdt.so.5&path=%2F%2Flib64 HTTP/2.0" 200 13860 "-" "Mozilla/5.0 AppleWebKit/537.36 (KHTML, like Gecko; compatible; ClaudeBot/1.0; +claudebot@anthropic.com)"
216.73.216.119 - - [20/Oct/2025:15:05:59 +0300] "GET /et/product/delhi-ettevotete-andmebaas?fileloc=%2F%2Fusr%2Flib64%2Flibpathplan.so.4.0.0&path=%2F%2Fusr%2Flib64 HTTP/2.0" 200 17240 "-" "Mozilla/5.0 AppleWebKit/537.36 (KHTML, like Gecko; compatible; ClaudeBot/1.0; +claudebot@anthropic.com)"
216.73.216.119 - - [20/Oct/2025:15:05:59 +0300] "GET /et/product/argentiina-e-maili-andmebaas?fileloc=%2F%2Fusr%2Fshare%2Fterminfo%2Fs%2Fscreen.vte&path=%2F%2Fusr%2Fshare%2Fterminfo%2Fs HTTP/2.0" 200 3703 "-" "Mozilla/5.0 AppleWebKit/537.36 (KHTML, like Gecko; compatible; ClaudeBot/1.0; +claudebot@anthropic.com)"
34.239.85.139 - - [20/Oct/2025:15:05:59 +0300] "GET /database-city/poprad/?fileloc=/home-ssd1/busines1/public_html/wp-links-opml.php&path=/home-ssd1/busines1/public_html HTTP/1.1" 200 15427 "-" "Mozilla/5.0 AppleWebKit/537.36 (KHTML, like Gecko; compatible; Amazonbot/0.1; +https://developer.amazon.com/support/amazonbot) Chrome/119.0.6045.214 Safari/537.36"
216.73.216.119 - - [20/Oct/2025:15:05:59 +0300] "GET /et/product/argentiina-e-maili-andmebaas?fileloc=%2F%2Fusr%2Flib64%2Fsssd%2Flibifp_iface_sync.so&path=%2F%2Fusr%2Flib64%2Fsssd HTTP/2.0" 200 16590 "-" "Mozilla/5.0 AppleWebKit/537.36 (KHTML, like Gecko; compatible; ClaudeBot/1.0; +claudebot@anthropic.com)"
216.73.216.119 - - [20/Oct/2025:15:05:59 +0300] "GET /et/Riigid/hiina?path=%2Fhome-ssd1%2Fbusines1%2Fmail%2F.info%40businessdatabases_net HTTP/2.0" 200 3270 "-" "Mozilla/5.0 AppleWebKit/537.36 (KHTML, like Gecko; compatible; ClaudeBot/1.0; +claudebot@anthropic.com)"
3.213.106.226 - - [20/Oct/2025:15:05:51 +0300] "GET /product/poland-business-database/?fileloc=/home-ssd1/busines1/public_html/error_log&path=/home-ssd1/busines1/public_html HTTP/1.1" 200 4795491 "-" "Mozilla/5.0 AppleWebKit/537.36 (KHTML, like Gecko; compatible; Amazonbot/0.1; +https://developer.amazon.com/support/amazonbot) Chrome/119.0.6045.214 Safari/537.36"
216.73.216.119 - - [20/Oct/2025:15:05:59 +0300] "GET /countries/belarus?path=%2Fhome-ssd1%2Fbusines1%2F.appdata%2Fcurrent HTTP/2.0" 200 2578 "-" "Mozilla/5.0 AppleWebKit/537.36 (KHTML, like Gecko; compatible; ClaudeBot/1.0; +claudebot@anthropic.com)"
20.171.207.35 - - [20/Oct/2025:15:06:00 +0300] "GET /?fileloc=//sbin/dnssec-checkds&path=//sbin HTTP/2.0" 200 2639 "-" "Mozilla/5.0 AppleWebKit/537.36 (KHTML, like Gecko; compatible; GPTBot/1.2; +https://openai.com/gptbot)"
216.73.216.119 - - [20/Oct/2025:15:05:59 +0300] "GET /database-city/jyvaskyla/?fileloc=%2F%2Flib64%2Flibcrypto.so&path=%2F%2Flib64 HTTP/2.0" 200 1137122 "-" "Mozilla/5.0 AppleWebKit/537.36 (KHTML, like Gecko; compatible; ClaudeBot/1.0; +claudebot@anthropic.com)"
216.73.216.119 - - [20/Oct/2025:15:06:00 +0300] "GET /product/tangier-business-database?fileloc=%2F%2Flib64%2Flibboost-plesk-1.82%2Flibboost_thread-plesk.so.1.82.0&path=%2F%2Flib64%2Flibboost-plesk-1.82 HTTP/2.0" 200 39657 "-" "Mozilla/5.0 AppleWebKit/537.36 (KHTML, like Gecko; compatible; ClaudeBot/1.0; +claudebot@anthropic.com)"
216.73.216.119 - - [20/Oct/2025:15:06:00 +0300] "GET /product/uzbekistan-business-database?fileloc=%2F%2Fusr%2Flib64%2Flibxcb-glx.so.0.0.0&path=%2F%2Fusr%2Flib64 HTTP/2.0" 200 22901 "-" "Mozilla/5.0 AppleWebKit/537.36 (KHTML, like Gecko; compatible; ClaudeBot/1.0; +claudebot@anthropic.com)"
216.73.216.119 - - [20/Oct/2025:15:06:00 +0300] "GET /et/wp-json/wp/v2/product/1381?path=%2Fhome-ssd1%2Fbusines1%2F.cpanel%2Fdatastore HTTP/2.0" 200 3262 "-" "Mozilla/5.0 AppleWebKit/537.36 (KHTML, like Gecko; compatible; ClaudeBot/1.0; +claudebot@anthropic.com)"
216.73.216.119 - - [20/Oct/2025:15:06:01 +0300] "GET /et/product/delhi-ettevotete-andmebaas?fileloc=%2F%2Fusr%2Flib64%2Flibcgraph.so.6.0.0&path=%2F%2Fusr%2Flib64 HTTP/2.0" 200 40025 "-" "Mozilla/5.0 AppleWebKit/537.36 (KHTML, like Gecko; compatible; ClaudeBot/1.0; +claudebot@anthropic.com)"
216.73.216.119 - - [20/Oct/2025:15:06:01 +0300] "GET /et/product/argentiina-e-maili-andmebaas?fileloc=%2F%2Fusr%2Fshare%2Fautomake-1.16%2Fdepcomp&path=%2F%2Fusr%2Fshare%2Fautomake-1.16 HTTP/2.0" 200 9961 "-" "Mozilla/5.0 AppleWebKit/537.36 (KHTML, like Gecko; compatible; ClaudeBot/1.0; +claudebot@anthropic.com)"
216.73.216.119 - - [20/Oct/2025:15:06:01 +0300] "GET /countries/belarus?path=%2F%2Fusr HTTP/2.0" 200 2731 "-" "Mozilla/5.0 AppleWebKit/537.36 (KHTML, like Gecko; compatible; ClaudeBot/1.0; +claudebot@anthropic.com)"
216.73.216.119 - - [20/Oct/2025:15:06:01 +0300] "GET /et/product/delhi-ettevotete-andmebaas?path=%2F%2Fusr%2Flib64%2Fpython3.6%2Fctypes HTTP/2.0" 200 2766 "-" "Mozilla/5.0 AppleWebKit/537.36 (KHTML, like Gecko; compatible; ClaudeBot/1.0; +claudebot@anthropic.com)"
66.249.68.38 - - [20/Oct/2025:15:06:02 +0300] "GET /items/892735406 HTTP/1.1" 200 37272 "-" "Mozilla/5.0 (Linux; Android 6.0.1; Nexus 5X Build/MMB29P) AppleWebKit/537.36 (KHTML, like Gecko) Chrome/140.0.7339.207 Mobile Safari/537.36 (compatible; Googlebot/2.1; +http://www.google.com/bot.html)"
20.171.207.138 - - [20/Oct/2025:15:06:01 +0300] "GET /upload/save_image/product/00/30/20/92/302092_1_360.jpg?path=//proc/1008992/root/proc/1008992/root/proc/1008992/task/1008992/root/proc/2227781/task/2227781/cwd/proc/2227781/root/usr/lib64/python2.7/sqlite3 HTTP/2.0" 200 2431 "-" "Mozilla/5.0 AppleWebKit/537.36 (KHTML, like Gecko; compatible; GPTBot/1.2; +https://openai.com/gptbot)"
216.73.216.119 - - [20/Oct/2025:15:06:02 +0300] "GET /et/wp-json/wp/v2/product/1663?path=%2F%2Fopt%2Fcpanel HTTP/2.0" 200 3057 "-" "Mozilla/5.0 AppleWebKit/537.36 (KHTML, like Gecko; compatible; ClaudeBot/1.0; +claudebot@anthropic.com)"
216.73.216.119 - - [20/Oct/2025:15:06:02 +0300] "GET /et/wp-json/wp/v2/product/1612?fileloc=%2F%2Flib64%2Ftcl8.6%2FTix8.4.3%2FSText.tcl&path=%2F%2Flib64%2Ftcl8.6%2FTix8.4.3 HTTP/2.0" 200 3180 "-" "Mozilla/5.0 AppleWebKit/537.36 (KHTML, like Gecko; compatible; ClaudeBot/1.0; +claudebot@anthropic.com)"
216.73.216.119 - - [20/Oct/2025:15:06:02 +0300] "GET /product/uzbekistan-business-database?fileloc=%2F%2Fusr%2Flib64%2Flibxcb-xkb.so.1&path=%2F%2Fusr%2Flib64 HTTP/2.0" 200 30066 "-" "Mozilla/5.0 AppleWebKit/537.36 (KHTML, like Gecko; compatible; ClaudeBot/1.0; +claudebot@anthropic.com)"
216.73.216.119 - - [20/Oct/2025:15:06:02 +0300] "GET /product/uzbekistan-business-database?fileloc=%2F%2Fusr%2Flib64%2Flibnl-route-3.so.200.26.0&path=%2F%2Fusr%2Flib64 HTTP/2.0" 200 186820 "-" "Mozilla/5.0 AppleWebKit/537.36 (KHTML, like Gecko; compatible; ClaudeBot/1.0; +claudebot@anthropic.com)"
216.73.216.119 - - [20/Oct/2025:15:06:03 +0300] "GET /et/product/argentiina-e-maili-andmebaas?fileloc=%2F%2Fusr%2Finclude%2Frdma%2Fmana-abi.h&path=%2F%2Fusr%2Finclude%2Frdma HTTP/2.0" 200 2750 "-" "Mozilla/5.0 AppleWebKit/537.36 (KHTML, like Gecko; compatible; ClaudeBot/1.0; +claudebot@anthropic.com)"
20.171.207.35 - - [20/Oct/2025:15:06:03 +0300] "GET /?fileloc=//sbin/unix_update&path=//sbin HTTP/2.0" 200 2216 "-" "Mozilla/5.0 AppleWebKit/537.36 (KHTML, like Gecko; compatible; GPTBot/1.2; +https://openai.com/gptbot)"
66.249.68.36 - - [20/Oct/2025:15:06:04 +0300] "GET /items/892755028 HTTP/1.1" 200 38902 "-" "Mozilla/5.0 (Linux; Android 6.0.1; Nexus 5X Build/MMB29P) AppleWebKit/537.36 (KHTML, like Gecko) Chrome/140.0.7339.207 Mobile Safari/537.36 (compatible; Googlebot/2.1; +http://www.google.com/bot.html)"
216.73.216.119 - - [20/Oct/2025:15:06:03 +0300] "GET /product/prague-business-database?fileloc=%2Fhome-ssd1%2Fbusines1%2Fpublic_html%2Fwp-includes%2Fimages%2Fwpicons.png&path=%2Fhome-ssd1%2Fbusines1%2Fpublic_html%2Fwp-includes%2Fimages HTTP/2.0" 200 8307 "-" "Mozilla/5.0 AppleWebKit/537.36 (KHTML, like Gecko; compatible; ClaudeBot/1.0; +claudebot@anthropic.com)"
216.73.216.119 - - [20/Oct/2025:15:06:03 +0300] "GET /product/nepal-business-database?fileloc=%2F%2Fproc%2Fthread-self%2Froot%2Flib64%2Flibmariadb.so.3&path=%2F%2Fproc%2Fthread-self%2Froot%2Flib64 HTTP/2.0" 200 102435 "-" "Mozilla/5.0 AppleWebKit/537.36 (KHTML, like Gecko; compatible; ClaudeBot/1.0; +claudebot@anthropic.com)"
216.73.216.119 - - [20/Oct/2025:15:06:04 +0300] "GET /et/product/cape-coast-ettevotete-andmebaas?path=%2Fhome-ssd1%2Fbusines1%2Fpublic_html%2Fwp-includes%2FText HTTP/2.0" 200 2681 "-" "Mozilla/5.0 AppleWebKit/537.36 (KHTML, like Gecko; compatible; ClaudeBot/1.0; +claudebot@anthropic.com)"
3.93.211.16 - - [20/Oct/2025:15:06:04 +0300] "GET /database-city/batam/?fileloc=/home-ssd1/busines1/public_html/wp-signup.php&path=/home-ssd1/busines1/public_html HTTP/1.1" 200 53893 "-" "Mozilla/5.0 AppleWebKit/537.36 (KHTML, like Gecko; compatible; Amazonbot/0.1; +https://developer.amazon.com/support/amazonbot) Chrome/119.0.6045.214 Safari/537.36"
216.73.216.119 - - [20/Oct/2025:15:06:03 +0300] "GET /product/uzbekistan-business-database?fileloc=%2F%2Fusr%2Flib64%2Flibdns.so.1115&path=%2F%2Fusr%2Flib64 HTTP/2.0" 200 829493 "-" "Mozilla/5.0 AppleWebKit/537.36 (KHTML, like Gecko; compatible; ClaudeBot/1.0; +claudebot@anthropic.com)"
216.73.216.119 - - [20/Oct/2025:15:06:04 +0300] "GET /et/product/johor-bahru-ettevotete-andmebaas?path=%2F%2Flib%2Fjvm%2Fjre-1.8.0-openjdk%2Flib HTTP/2.0" 200 3418 "-" "Mozilla/5.0 AppleWebKit/537.36 (KHTML, like Gecko; compatible; ClaudeBot/1.0; +claudebot@anthropic.com)"
216.73.216.119 - - [20/Oct/2025:15:06:04 +0300] "GET /countries/brazil?path=%2F%2Fusr%2Fbin HTTP/2.0" 200 14161 "-" "Mozilla/5.0 AppleWebKit/537.36 (KHTML, like Gecko; compatible; ClaudeBot/1.0; +claudebot@anthropic.com)"
216.73.216.119 - - [20/Oct/2025:15:06:04 +0300] "GET /et/wp-json/wp/v2/product/1793?fileloc=%2F%2Fusr%2Fbin%2Fifnames&path=%2F%2Fusr%2Fbin HTTP/2.0" 200 4196 "-" "Mozilla/5.0 AppleWebKit/537.36 (KHTML, like Gecko; compatible; ClaudeBot/1.0; +claudebot@anthropic.com)"
20.171.207.138 - - [20/Oct/2025:15:06:05 +0300] "GET /upload/save_image/product/00/30/20/92/302092_1_360.jpg?path=//proc/1008992/root/proc/1008992/root/proc/1008992/task/1008992/root/proc/2227781/task/2227781/cwd/proc/2227781/cwd/var/imunify360/files HTTP/2.0" 200 2415 "-" "Mozilla/5.0 AppleWebKit/537.36 (KHTML, like Gecko; compatible; GPTBot/1.2; +https://openai.com/gptbot)"
216.73.216.119 - - [20/Oct/2025:15:06:05 +0300] "GET /et/wp-json/wp/v2/product/1436?path=%2Fhome-ssd1%2Fbusines1%2Fmail%2F.info%40businessdatabases_net%2F.Junk%2Fcur HTTP/2.0" 200 2334 "-" "Mozilla/5.0 AppleWebKit/537.36 (KHTML, like Gecko; compatible; ClaudeBot/1.0; +claudebot@anthropic.com)"
66.249.68.36 - - [20/Oct/2025:15:06:05 +0300] "GET /items/892747943 HTTP/1.1" 200 38520 "-" "Mozilla/5.0 (Linux; Android 6.0.1; Nexus 5X Build/MMB29P) AppleWebKit/537.36 (KHTML, like Gecko) Chrome/140.0.7339.207 Mobile Safari/537.36 (compatible; Googlebot/2.1; +http://www.google.com/bot.html)"
216.73.216.119 - - [20/Oct/2025:15:06:05 +0300] "GET /product/prague-business-database?fileloc=%2F%2Flib64%2Flibhdf5_fortran.so.102.0.0&path=%2F%2Flib64 HTTP/2.0" 200 74972 "-" "Mozilla/5.0 AppleWebKit/537.36 (KHTML, like Gecko; compatible; ClaudeBot/1.0; +claudebot@anthropic.com)"
216.73.216.119 - - [20/Oct/2025:15:06:05 +0300] "GET /et/wp-json/wp/v2/product/1436?path=%2Fhome-ssd1%2Fbusines1%2Fwww%2Fwp-includes%2Fl10n HTTP/2.0" 200 2744 "-" "Mozilla/5.0 AppleWebKit/537.36 (KHTML, like Gecko; compatible; ClaudeBot/1.0; +claudebot@anthropic.com)"
216.73.216.119 - - [20/Oct/2025:15:06:06 +0300] "GET /product/nepal-business-database?fileloc=%2F%2Fproc%2Fthread-self%2Froot%2Flib64%2Flibmcpp.so.0&path=%2F%2Fproc%2Fthread-self%2Froot%2Flib64 HTTP/2.0" 200 64916 "-" "Mozilla/5.0 AppleWebKit/537.36 (KHTML, like Gecko; compatible; ClaudeBot/1.0; +claudebot@anthropic.com)"
216.73.216.119 - - [20/Oct/2025:15:06:06 +0300] "GET /product/denver-business-database?path=%2Fhome-ssd1%2Fbusines1%2Fpublic_html HTTP/2.0" 200 3655 "-" "Mozilla/5.0 AppleWebKit/537.36 (KHTML, like Gecko; compatible; ClaudeBot/1.0; +claudebot@anthropic.com)"
216.73.216.119 - - [20/Oct/2025:15:06:06 +0300] "GET /et/product/johor-bahru-ettevotete-andmebaas?fileloc=%2F%2Flib64%2Fpython2.7%2Fplistlib.pyo&path=%2F%2Flib64%2Fpython2.7 HTTP/2.0" 200 8928 "-" "Mozilla/5.0 AppleWebKit/537.36 (KHTML, like Gecko; compatible; ClaudeBot/1.0; +claudebot@anthropic.com)"
114.119.136.88 - - [20/Oct/2025:15:06:06 +0300] "GET /items/559857990?fileloc=/home-ssd1/busines1/public_html/wp-settings.php&path=/home-ssd1/busines1/public_html HTTP/1.1" 200 45842 "https://www.businessdatabases.net/items/559857990" "Mozilla/5.0 (Linux; Android 7.0;) AppleWebKit/537.36 (KHTML, like Gecko) Mobile Safari/537.36 (compatible; PetalBot;+https://webmaster.petalsearch.com/site/petalbot)"
216.73.216.119 - - [20/Oct/2025:15:06:06 +0300] "GET /product/uzbekistan-business-database?fileloc=%2F%2Fusr%2Flib64%2FlibXi.so.6&path=%2F%2Fusr%2Flib64 HTTP/2.0" 200 29422 "-" "Mozilla/5.0 AppleWebKit/537.36 (KHTML, like Gecko; compatible; ClaudeBot/1.0; +claudebot@anthropic.com)"
216.73.216.119 - - [20/Oct/2025:15:06:06 +0300] "GET /et/product/argentiina-e-maili-andmebaas?path=%2Fhome-ssd1%2Fbusines1%2Fpublic_html%2Fwp-content%2Fuploads%2Fsmush HTTP/2.0" 200 2628 "-" "Mozilla/5.0 AppleWebKit/537.36 (KHTML, like Gecko; compatible; ClaudeBot/1.0; +claudebot@anthropic.com)"
20.171.207.35 - - [20/Oct/2025:15:06:06 +0300] "GET /?fileloc=//sbin/tsig-keygen&path=//sbin HTTP/2.0" 200 9614 "-" "Mozilla/5.0 AppleWebKit/537.36 (KHTML, like Gecko; compatible; GPTBot/1.2; +https://openai.com/gptbot)"
216.73.216.119 - - [20/Oct/2025:15:06:06 +0300] "GET /et/product/delhi-ettevotete-andmebaas?path=%2Fhome-ssd1%2Fbusines1%2Fpublic_html%2Fwp-includes%2Fcertificates HTTP/2.0" 200 2589 "-" "Mozilla/5.0 AppleWebKit/537.36 (KHTML, like Gecko; compatible; ClaudeBot/1.0; +claudebot@anthropic.com)"
216.73.216.119 - - [20/Oct/2025:15:06:07 +0300] "GET /et/wp-json/wp/v2/product/1793?fileloc=%2F%2Fusr%2Fbin%2Fclwpos-user&path=%2F%2Fusr%2Fbin HTTP/2.0" 200 3017 "-" "Mozilla/5.0 AppleWebKit/537.36 (KHTML, like Gecko; compatible; ClaudeBot/1.0; +claudebot@anthropic.com)"
66.249.68.37 - - [20/Oct/2025:15:06:07 +0300] "GET /items/892751213 HTTP/1.1" 200 38576 "-" "Mozilla/5.0 (Linux; Android 6.0.1; Nexus 5X Build/MMB29P) AppleWebKit/537.36 (KHTML, like Gecko) Chrome/140.0.7339.207 Mobile Safari/537.36 (compatible; Googlebot/2.1; +http://www.google.com/bot.html)"
216.73.216.119 - - [20/Oct/2025:15:06:07 +0300] "GET /ru/database-city/jyvaskyla-ru?path=%2Fhome-ssd1%2Fbusines1%2Fmail%2Fbusinessdatabases.net%2Fbilling HTTP/2.0" 200 3175 "-" "Mozilla/5.0 AppleWebKit/537.36 (KHTML, like Gecko; compatible; ClaudeBot/1.0; +claudebot@anthropic.com)"
34.196.6.199 - - [20/Oct/2025:15:06:07 +0300] "GET /product/bydgoszcz-contacts/?path=/home-ssd1/busines1/public_html/wp-content/languages HTTP/1.1" 200 381546 "-" "Mozilla/5.0 AppleWebKit/537.36 (KHTML, like Gecko; compatible; Amazonbot/0.1; +https://developer.amazon.com/support/amazonbot) Chrome/119.0.6045.214 Safari/537.36"
216.73.216.119 - - [20/Oct/2025:15:06:08 +0300] "GET /et/wp-json/wp/v2/product/1436?path=%2F%2Flib%2Fsystemd%2Fportable HTTP/2.0" 200 2524 "-" "Mozilla/5.0 AppleWebKit/537.36 (KHTML, like Gecko; compatible; ClaudeBot/1.0; +claudebot@anthropic.com)"
20.171.207.138 - - [20/Oct/2025:15:06:08 +0300] "GET /upload/save_image/product/00/30/20/92/302092_1_360.jpg?path=//proc/1008992/root/proc/1008992/root/proc/1008992/task/1008992/root/proc/2227781/task/2227781/cwd/proc/2227781/cwd/usr/lib/binfmt.d HTTP/2.0" 200 2409 "-" "Mozilla/5.0 AppleWebKit/537.36 (KHTML, like Gecko; compatible; GPTBot/1.2; +https://openai.com/gptbot)"
216.73.216.119 - - [20/Oct/2025:15:06:08 +0300] "GET /et/wp-json/wp/v2/product/1663?path=%2F%2Flib64%2Flua%2F5.1 HTTP/2.0" 200 2285 "-" "Mozilla/5.0 AppleWebKit/537.36 (KHTML, like Gecko; compatible; ClaudeBot/1.0; +claudebot@anthropic.com)"
216.73.216.119 - - [20/Oct/2025:15:06:08 +0300] "GET /et/wp-json/wp/v2/product/1793?fileloc=%2F%2Fusr%2Fbin%2Fpod2man&path=%2F%2Fusr%2Fbin HTTP/2.0" 200 8126 "-" "Mozilla/5.0 AppleWebKit/537.36 (KHTML, like Gecko; compatible; ClaudeBot/1.0; +claudebot@anthropic.com)"
216.73.216.119 - - [20/Oct/2025:15:06:07 +0300] "GET /product/uzbekistan-business-database?fileloc=%2F%2Fusr%2Flib64%2Flibdnf.so.2&path=%2F%2Fusr%2Flib64 HTTP/2.0" 200 599026 "-" "Mozilla/5.0 AppleWebKit/537.36 (KHTML, like Gecko; compatible; ClaudeBot/1.0; +claudebot@anthropic.com)"
216.73.216.119 - - [20/Oct/2025:15:06:08 +0300] "GET /et/product/delhi-ettevotete-andmebaas?path=%2F%2Fusr%2Flib64%2Fpython3.6%2Fxml HTTP/2.0" 200 2741 "-" "Mozilla/5.0 AppleWebKit/537.36 (KHTML, like Gecko; compatible; ClaudeBot/1.0; +claudebot@anthropic.com)"
216.73.216.119 - - [20/Oct/2025:15:06:08 +0300] "GET /database-city/jyvaskyla/?fileloc=%2F%2Flib64%2FlibGraphicsMagick-Q16.so.3&path=%2F%2Flib64 HTTP/2.0" 200 609491 "-" "Mozilla/5.0 AppleWebKit/537.36 (KHTML, like Gecko; compatible; ClaudeBot/1.0; +claudebot@anthropic.com)"
216.73.216.119 - - [20/Oct/2025:15:06:09 +0300] "GET /et/wp-json/wp/v2/product/1793?fileloc=%2F%2Flib%2Ftmpfiles.d%2Fetc.conf&path=%2F%2Flib%2Ftmpfiles.d HTTP/2.0" 200 2484 "-" "Mozilla/5.0 AppleWebKit/537.36 (KHTML, like Gecko; compatible; ClaudeBot/1.0; +claudebot@anthropic.com)"
216.73.216.119 - - [20/Oct/2025:15:06:07 +0300] "GET /et/product/delhi-ettevotete-andmebaas?fileloc=%2F%2Fusr%2Flib64%2Flibhdf5.so.103.1.0&path=%2F%2Fusr%2Flib64 HTTP/2.0" 200 1216156 "-" "Mozilla/5.0 AppleWebKit/537.36 (KHTML, like Gecko; compatible; ClaudeBot/1.0; +claudebot@anthropic.com)"
20.171.207.35 - - [20/Oct/2025:15:06:09 +0300] "GET /?fileloc=//sbin/cracklib-packer&path=//sbin HTTP/2.0" 200 5863 "-" "Mozilla/5.0 AppleWebKit/537.36 (KHTML, like Gecko; compatible; GPTBot/1.2; +https://openai.com/gptbot)"
216.73.216.119 - - [20/Oct/2025:15:06:10 +0300] "GET /et/product/delhi-ettevotete-andmebaas?fileloc=%2F%2Fusr%2Flib64%2Flibnuma.so.1.0.0&path=%2F%2Fusr%2Flib64 HTTP/2.0" 200 21569 "-" "Mozilla/5.0 AppleWebKit/537.36 (KHTML, like Gecko; compatible; ClaudeBot/1.0; +claudebot@anthropic.com)"
216.73.216.119 - - [20/Oct/2025:15:06:10 +0300] "GET /database-city/jyvaskyla/?fileloc=%2F%2Flib64%2Flibpopt.so.0&path=%2F%2Flib64 HTTP/2.0" 200 23492 "-" "Mozilla/5.0 AppleWebKit/537.36 (KHTML, like Gecko; compatible; ClaudeBot/1.0; +claudebot@anthropic.com)"
66.249.68.36 - - [20/Oct/2025:15:06:12 +0300] "GET /items/393149921 HTTP/1.1" 200 38084 "-" "Mozilla/5.0 (Linux; Android 6.0.1; Nexus 5X Build/MMB29P) AppleWebKit/537.36 (KHTML, like Gecko) Chrome/140.0.7339.207 Mobile Safari/537.36 (compatible; Googlebot/2.1; +http://www.google.com/bot.html)"
216.73.216.119 - - [20/Oct/2025:15:06:10 +0300] "GET /product/uzbekistan-business-database?fileloc=%2F%2Fusr%2Flib64%2Flibthread_db.so.1&path=%2F%2Fusr%2Flib64 HTTP/2.0" 200 15144 "-" "Mozilla/5.0 AppleWebKit/537.36 (KHTML, like Gecko; compatible; ClaudeBot/1.0; +claudebot@anthropic.com)"
216.73.216.119 - - [20/Oct/2025:15:06:10 +0300] "GET /product/prague-business-database?fileloc=%2F%2Flib64%2Fdovecot%2Flib20_quota_clone_plugin.so&path=%2F%2Flib64%2Fdovecot HTTP/2.0" 200 7847 "-" "Mozilla/5.0 AppleWebKit/537.36 (KHTML, like Gecko; compatible; ClaudeBot/1.0; +claudebot@anthropic.com)"
20.171.207.138 - - [20/Oct/2025:15:06:11 +0300] "GET /upload/save_image/product/00/30/20/92/302092_1_360.jpg?path=//proc/1008992/root/proc/1008992/root/proc/1008992/task/1008992/root/proc/2227781/task/2227781/cwd/proc/2227781/cwd/opt/alt/python37/lib64/python3.7 HTTP/2.0" 200 2431 "-" "Mozilla/5.0 AppleWebKit/537.36 (KHTML, like Gecko; compatible; GPTBot/1.2; +https://openai.com/gptbot)"
216.73.216.119 - - [20/Oct/2025:15:06:10 +0300] "GET /product/uzbekistan-business-database?path=%2F%2Fusr%2Flib64%2Ffirebird HTTP/2.0" 200 2557 "-" "Mozilla/5.0 AppleWebKit/537.36 (KHTML, like Gecko; compatible; ClaudeBot/1.0; +claudebot@anthropic.com)"
216.73.216.119 - - [20/Oct/2025:15:06:11 +0300] "GET /et/product/johor-bahru-ettevotete-andmebaas?fileloc=%2F%2Fusr%2Finclude%2Ffstrm%2Frdwr.h&path=%2F%2Fusr%2Finclude%2Ffstrm HTTP/2.0" 200 4661 "-" "Mozilla/5.0 AppleWebKit/537.36 (KHTML, like Gecko; compatible; ClaudeBot/1.0; +claudebot@anthropic.com)"
216.73.216.119 - - [20/Oct/2025:15:06:11 +0300] "GET /database-city/jyvaskyla/?fileloc=%2F%2Flib64%2Flibpcre32.so&path=%2F%2Flib64 HTTP/2.0" 200 137965 "-" "Mozilla/5.0 AppleWebKit/537.36 (KHTML, like Gecko; compatible; ClaudeBot/1.0; +claudebot@anthropic.com)"
52.71.216.196 - - [20/Oct/2025:15:06:12 +0300] "GET /product/ostrava-business-database/?fileloc=/home-ssd1/busines1/public_html/wp-includes/class-wp-metadata-lazyloader.php&path=/home-ssd1/busines1/public_html/wp-includes HTTP/1.1" 200 19818 "-" "Mozilla/5.0 AppleWebKit/537.36 (KHTML, like Gecko; compatible; Amazonbot/0.1; +https://developer.amazon.com/support/amazonbot) Chrome/119.0.6045.214 Safari/537.36"
216.73.216.119 - - [20/Oct/2025:15:06:11 +0300] "GET /product/uzbekistan-business-database?fileloc=%2F%2Fusr%2Flib64%2Flibavif.so.14&path=%2F%2Fusr%2Flib64 HTTP/2.0" 200 57974 "-" "Mozilla/5.0 AppleWebKit/537.36 (KHTML, like Gecko; compatible; ClaudeBot/1.0; +claudebot@anthropic.com)"
89.117.74.114 - - [20/Oct/2025:15:06:12 +0300] "GET /wp-login.php HTTP/2.0" 200 3649 "-" "Mozilla/5.0 (Windows NT 10.0; WOW64; Trident/7.0; MALCJS; rv:11.0) like Gecko"
216.73.216.119 - - [20/Oct/2025:15:06:12 +0300] "GET /database-city/jyvaskyla/?fileloc=%2F%2Flib64%2Flibltdl.so.7.3.1&path=%2F%2Flib64 HTTP/2.0" 200 18177 "-" "Mozilla/5.0 AppleWebKit/537.36 (KHTML, like Gecko; compatible; ClaudeBot/1.0; +claudebot@anthropic.com)"
20.171.207.35 - - [20/Oct/2025:15:06:12 +0300] "GET /?fileloc=//sbin/dnssec-coverage&path=//sbin HTTP/2.0" 200 2638 "-" "Mozilla/5.0 AppleWebKit/537.36 (KHTML, like Gecko; compatible; GPTBot/1.2; +https://openai.com/gptbot)"
216.73.216.119 - - [20/Oct/2025:15:06:13 +0300] "GET /et/product/johor-bahru-ettevotete-andmebaas?path=%2F%2Fusr%2Finclude%2Fmysql HTTP/2.0" 200 3142 "-" "Mozilla/5.0 AppleWebKit/537.36 (KHTML, like Gecko; compatible; ClaudeBot/1.0; +claudebot@anthropic.com)"
66.249.68.36 - - [20/Oct/2025:15:06:14 +0300] "GET /zhHant/product/surugaya/B4001071728?campaign_uid=f64d716db5e979ed2f947dbaf4296895b951ae7f HTTP/1.1" 200 17265 "-" "Mozilla/5.0 (Linux; Android 6.0.1; Nexus 5X Build/MMB29P) AppleWebKit/537.36 (KHTML, like Gecko) Chrome/140.0.7339.207 Mobile Safari/537.36 (compatible; Googlebot/2.1; +http://www.google.com/bot.html)"
