216.73.216.119 - - [20/Oct/2025:15:19:07 +0300] "GET /et/wp-json/wp/v2/product/1436?fileloc=%2F%2Fproc%2Fthread-self%2Froot%2Flib64%2FlibXrender.so.1.3.0&path=%2F%2Fproc%2Fthread-self%2Froot%2Flib64 HTTP/2.0" 200 18017 "-" "Mozilla/5.0 AppleWebKit/537.36 (KHTML, like Gecko; compatible; ClaudeBot/1.0; +claudebot@anthropic.com)"
216.73.216.119 - - [20/Oct/2025:15:19:07 +0300] "GET /database-city/jyvaskyla/feed?fileloc=%2F%2Fbin%2Fsum&path=%2F%2Fbin HTTP/2.0" 200 18956 "-" "Mozilla/5.0 AppleWebKit/537.36 (KHTML, like Gecko; compatible; ClaudeBot/1.0; +claudebot@anthropic.com)"
216.73.216.119 - - [20/Oct/2025:15:19:07 +0300] "GET /database-city/jyvaskyla/feed?fileloc=%2F%2Fbin%2Fld&path=%2F%2Fbin HTTP/2.0" 200 206692 "-" "Mozilla/5.0 AppleWebKit/537.36 (KHTML, like Gecko; compatible; ClaudeBot/1.0; +claudebot@anthropic.com)"
216.73.216.119 - - [20/Oct/2025:15:19:08 +0300] "GET /database-city/cordoba-email-database/feed?fileloc=%2F%2Fproc%2Fdiskstats&path=%2F%2Fproc HTTP/2.0" 200 2216 "-" "Mozilla/5.0 AppleWebKit/537.36 (KHTML, like Gecko; compatible; ClaudeBot/1.0; +claudebot@anthropic.com)"
3.223.134.5 - - [20/Oct/2025:15:19:08 +0300] "GET /ru/cart-2/?path=/home-ssd1/busines1/public_html/wp-includes/css HTTP/1.1" 200 83414 "-" "Mozilla/5.0 AppleWebKit/537.36 (KHTML, like Gecko; compatible; Amazonbot/0.1; +https://developer.amazon.com/support/amazonbot) Chrome/119.0.6045.214 Safari/537.36"
216.73.216.119 - - [20/Oct/2025:15:19:08 +0300] "GET /database-city/jyvaskyla/feed?fileloc=%2F%2Fbin%2Fcol&path=%2F%2Fbin HTTP/2.0" 200 13212 "-" "Mozilla/5.0 AppleWebKit/537.36 (KHTML, like Gecko; compatible; ClaudeBot/1.0; +claudebot@anthropic.com)"
216.73.216.119 - - [20/Oct/2025:15:19:08 +0300] "GET /et/product/delhi-ettevotete-andmebaas?fileloc=%2F%2Flib64%2FImageMagick-6.9.13%2Fmodules-Q16%2Fcoders%2Ftile.la&path=%2F%2Flib64%2FImageMagick-6.9.13%2Fmodules-Q16%2Fcoders HTTP/2.0" 200 2779 "-" "Mozilla/5.0 AppleWebKit/537.36 (KHTML, like Gecko; compatible; ClaudeBot/1.0; +claudebot@anthropic.com)"
216.73.216.119 - - [20/Oct/2025:15:19:08 +0300] "GET /et/Riigid/argentiina/feed?path=%2F%2Flib64%2Fsecurity HTTP/2.0" 200 4228 "-" "Mozilla/5.0 AppleWebKit/537.36 (KHTML, like Gecko; compatible; ClaudeBot/1.0; +claudebot@anthropic.com)"
20.171.207.138 - - [20/Oct/2025:15:19:09 +0300] "GET /upload/save_image/product/00/30/20/92/302092_1_360.jpg?path=//proc/1008992/root/proc/1008992/root/proc/1008992/task/1008992/root/proc/2227781/task/2227781/cwd/proc/2227781/root/usr/lib64/perl5/vendor_perl HTTP/2.0" 200 2429 "-" "Mozilla/5.0 AppleWebKit/537.36 (KHTML, like Gecko; compatible; GPTBot/1.2; +https://openai.com/gptbot)"
216.73.216.119 - - [20/Oct/2025:15:19:09 +0300] "GET /et/Riigid/argentiina/feed?fileloc=%2F%2Flib64%2Flibhdf5_hl.so.100.1.2&path=%2F%2Flib64 HTTP/2.0" 200 51600 "-" "Mozilla/5.0 AppleWebKit/537.36 (KHTML, like Gecko; compatible; ClaudeBot/1.0; +claudebot@anthropic.com)"
20.171.207.35 - - [20/Oct/2025:15:19:09 +0300] "GET /?fileloc=//usr/lib64/libX11-xcb.so.1.0.0&path=//usr/lib64 HTTP/2.0" 200 4683 "-" "Mozilla/5.0 AppleWebKit/537.36 (KHTML, like Gecko; compatible; GPTBot/1.2; +https://openai.com/gptbot)"
216.73.216.119 - - [20/Oct/2025:15:19:09 +0300] "GET /et/product/delhi-ettevotete-andmebaas?fileloc=%2F%2Flib64%2FImageMagick-6.9.13%2Fmodules-Q16%2Fcoders%2Ffits.so&path=%2F%2Flib64%2FImageMagick-6.9.13%2Fmodules-Q16%2Fcoders HTTP/2.0" 200 10603 "-" "Mozilla/5.0 AppleWebKit/537.36 (KHTML, like Gecko; compatible; ClaudeBot/1.0; +claudebot@anthropic.com)"
216.73.216.119 - - [20/Oct/2025:15:19:10 +0300] "GET /product/innsbruck-contacts?fileloc=%2F%2Fusr%2Flib64%2Fpkgconfig%2Flibexslt.pc&path=%2F%2Fusr%2Flib64%2Fpkgconfig HTTP/2.0" 200 2380 "-" "Mozilla/5.0 AppleWebKit/537.36 (KHTML, like Gecko; compatible; ClaudeBot/1.0; +claudebot@anthropic.com)"
216.73.216.119 - - [20/Oct/2025:15:19:10 +0300] "GET /et/Riigid/argentiina/feed?fileloc=%2F%2Flib64%2Flibharfbuzz.so.0&path=%2F%2Flib64 HTTP/2.0" 200 244807 "-" "Mozilla/5.0 AppleWebKit/537.36 (KHTML, like Gecko; compatible; ClaudeBot/1.0; +claudebot@anthropic.com)"
216.73.216.119 - - [20/Oct/2025:15:19:10 +0300] "GET /et/wp-json/wp/v2/product/1436?path=%2F%2Fproc%2Fthread-self%2Froot%2Flib%2Fudev HTTP/2.0" 200 3025 "-" "Mozilla/5.0 AppleWebKit/537.36 (KHTML, like Gecko; compatible; ClaudeBot/1.0; +claudebot@anthropic.com)"
216.73.216.119 - - [20/Oct/2025:15:19:10 +0300] "GET /et/wp-json/wp/v2/product/1436?fileloc=%2F%2Fproc%2Fthread-self%2Froot%2Flib64%2Flibcgraph.so.6.0.0&path=%2F%2Fproc%2Fthread-self%2Froot%2Flib64 HTTP/2.0" 200 40045 "-" "Mozilla/5.0 AppleWebKit/537.36 (KHTML, like Gecko; compatible; ClaudeBot/1.0; +claudebot@anthropic.com)"
216.73.216.119 - - [20/Oct/2025:15:19:10 +0300] "GET /et/wp-json/wp/v2/product/1663?path=%2F%2Flib64%2Fgconv%2Fgconv-modules.d HTTP/2.0" 200 2553 "-" "Mozilla/5.0 AppleWebKit/537.36 (KHTML, like Gecko; compatible; ClaudeBot/1.0; +claudebot@anthropic.com)"
216.73.216.119 - - [20/Oct/2025:15:19:10 +0300] "GET /et/Riigid/argentiina/feed?fileloc=%2F%2Flib64%2Flibmaxminddb.so.0.0.7&path=%2F%2Flib64 HTTP/2.0" 200 12039 "-" "Mozilla/5.0 AppleWebKit/537.36 (KHTML, like Gecko; compatible; ClaudeBot/1.0; +claudebot@anthropic.com)"
216.73.216.119 - - [20/Oct/2025:15:19:10 +0300] "GET /product/innsbruck-contacts?fileloc=%2F%2Fusr%2Flib64%2Fsecurity%2Fpam_sepermit.so&path=%2F%2Fusr%2Flib64%2Fsecurity HTTP/2.0" 200 7744 "-" "Mozilla/5.0 AppleWebKit/537.36 (KHTML, like Gecko; compatible; ClaudeBot/1.0; +claudebot@anthropic.com)"
216.73.216.119 - - [20/Oct/2025:15:19:10 +0300] "GET /et/product/delhi-ettevotete-andmebaas?fileloc=%2F%2Flib64%2FImageMagick-6.9.13%2Fmodules-Q16%2Fcoders%2Fjp2.la&path=%2F%2Flib64%2FImageMagick-6.9.13%2Fmodules-Q16%2Fcoders HTTP/2.0" 200 2785 "-" "Mozilla/5.0 AppleWebKit/537.36 (KHTML, like Gecko; compatible; ClaudeBot/1.0; +claudebot@anthropic.com)"
216.73.216.119 - - [20/Oct/2025:15:19:11 +0300] "GET /database-city/cordoba-email-database/feed?fileloc=%2F%2Fbin%2Fsha512sum&path=%2F%2Fbin HTTP/2.0" 200 19327 "-" "Mozilla/5.0 AppleWebKit/537.36 (KHTML, like Gecko; compatible; ClaudeBot/1.0; +claudebot@anthropic.com)"
34.195.60.66 - - [20/Oct/2025:15:19:11 +0300] "GET /product/caracas-business-database/?path=/home-ssd1/busines1/public_html/wp-includes/fonts HTTP/1.1" 200 29032 "-" "Mozilla/5.0 AppleWebKit/537.36 (KHTML, like Gecko; compatible; Amazonbot/0.1; +https://developer.amazon.com/support/amazonbot) Chrome/119.0.6045.214 Safari/537.36"
216.73.216.119 - - [20/Oct/2025:15:19:11 +0300] "GET /et/product/delhi-ettevotete-andmebaas?fileloc=%2F%2Flib64%2FImageMagick-6.9.13%2Fmodules-Q16%2Fcoders%2Finline.la&path=%2F%2Flib64%2FImageMagick-6.9.13%2Fmodules-Q16%2Fcoders HTTP/2.0" 200 2780 "-" "Mozilla/5.0 AppleWebKit/537.36 (KHTML, like Gecko; compatible; ClaudeBot/1.0; +claudebot@anthropic.com)"
20.171.207.138 - - [20/Oct/2025:15:19:12 +0300] "GET /upload/save_image/product/00/30/20/92/302092_1_360.jpg?path=//proc/1008992/root/proc/1008992/root/proc/1008992/task/1008992/root/proc/2227781/task/2227781/cwd/proc/2227781/root/usr/lib64/libnfsidmap HTTP/2.0" 200 2417 "-" "Mozilla/5.0 AppleWebKit/537.36 (KHTML, like Gecko; compatible; GPTBot/1.2; +https://openai.com/gptbot)"
66.249.68.36 - - [20/Oct/2025:15:19:13 +0300] "GET /items/415298324 HTTP/1.1" 200 38422 "-" "Mozilla/5.0 (Linux; Android 6.0.1; Nexus 5X Build/MMB29P) AppleWebKit/537.36 (KHTML, like Gecko) Chrome/140.0.7339.207 Mobile Safari/537.36 (compatible; Googlebot/2.1; +http://www.google.com/bot.html)"
216.73.216.119 - - [20/Oct/2025:15:19:12 +0300] "GET /et/product/delhi-ettevotete-andmebaas?fileloc=%2F%2Flib64%2FImageMagick-6.9.13%2Fmodules-Q16%2Fcoders%2Fx.la&path=%2F%2Flib64%2FImageMagick-6.9.13%2Fmodules-Q16%2Fcoders HTTP/2.0" 200 2775 "-" "Mozilla/5.0 AppleWebKit/537.36 (KHTML, like Gecko; compatible; ClaudeBot/1.0; +claudebot@anthropic.com)"
216.73.216.119 - - [20/Oct/2025:15:19:12 +0300] "GET /et/product/johor-bahru-ettevotete-andmebaas?fileloc=%2F%2Flib64%2Fpython2.7%2Fencodings%2Fgb2312.pyo&path=%2F%2Flib64%2Fpython2.7%2Fencodings HTTP/2.0" 200 2884 "-" "Mozilla/5.0 AppleWebKit/537.36 (KHTML, like Gecko; compatible; ClaudeBot/1.0; +claudebot@anthropic.com)"
216.73.216.119 - - [20/Oct/2025:15:19:12 +0300] "GET /et/product/delhi-ettevotete-andmebaas?fileloc=%2F%2Flib64%2FImageMagick-6.9.13%2Fmodules-Q16%2Fcoders%2Fwmf.so&path=%2F%2Flib64%2FImageMagick-6.9.13%2Fmodules-Q16%2Fcoders HTTP/2.0" 200 17273 "-" "Mozilla/5.0 AppleWebKit/537.36 (KHTML, like Gecko; compatible; ClaudeBot/1.0; +claudebot@anthropic.com)"
20.171.207.35 - - [20/Oct/2025:15:19:12 +0300] "GET /?path=//proc/1040995/root/proc/thread-self/root/lib/firmware/ar3k/1020201coex HTTP/2.0" 200 2358 "-" "Mozilla/5.0 AppleWebKit/537.36 (KHTML, like Gecko; compatible; GPTBot/1.2; +https://openai.com/gptbot)"
216.73.216.119 - - [20/Oct/2025:15:19:13 +0300] "GET /database-city/jyvaskyla/feed?fileloc=%2F%2Fbin%2Fimport&path=%2F%2Fbin HTTP/2.0" 200 5371 "-" "Mozilla/5.0 AppleWebKit/537.36 (KHTML, like Gecko; compatible; ClaudeBot/1.0; +claudebot@anthropic.com)"
216.73.216.119 - - [20/Oct/2025:15:19:12 +0300] "GET /et/product/johor-bahru-ettevotete-andmebaas?fileloc=%2Fhome-ssd1%2Fbusines1%2Fwww%2Fwp-includes%2Fpluggable.php&path=%2Fhome-ssd1%2Fbusines1%2Fwww%2Fwp-includes HTTP/2.0" 200 29213 "-" "Mozilla/5.0 AppleWebKit/537.36 (KHTML, like Gecko; compatible; ClaudeBot/1.0; +claudebot@anthropic.com)"
216.73.216.119 - - [20/Oct/2025:15:19:12 +0300] "GET /et/product/johor-bahru-ettevotete-andmebaas?path=%2F%2Flib64%2Fpython2.7%2Flib2to3%2Fpgen2 HTTP/2.0" 200 3129 "-" "Mozilla/5.0 AppleWebKit/537.36 (KHTML, like Gecko; compatible; ClaudeBot/1.0; +claudebot@anthropic.com)"
216.73.216.119 - - [20/Oct/2025:15:19:13 +0300] "GET /et/product/delhi-ettevotete-andmebaas?fileloc=%2F%2Flib64%2FImageMagick-6.9.13%2Fmodules-Q16%2Fcoders%2Fotb.so&path=%2F%2Flib64%2FImageMagick-6.9.13%2Fmodules-Q16%2Fcoders HTTP/2.0" 200 6912 "-" "Mozilla/5.0 AppleWebKit/537.36 (KHTML, like Gecko; compatible; ClaudeBot/1.0; +claudebot@anthropic.com)"
216.73.216.119 - - [20/Oct/2025:15:19:13 +0300] "GET /database-city/cordoba-email-database/feed?fileloc=%2F%2Fbin%2Fsplain&path=%2F%2Fbin HTTP/2.0" 200 9549 "-" "Mozilla/5.0 AppleWebKit/537.36 (KHTML, like Gecko; compatible; ClaudeBot/1.0; +claudebot@anthropic.com)"
216.73.216.119 - - [20/Oct/2025:15:19:13 +0300] "GET /database-city/cordoba-email-database/feed?fileloc=%2F%2Fbin%2Frenew-dummy-cert&path=%2F%2Fbin HTTP/2.0" 200 2632 "-" "Mozilla/5.0 AppleWebKit/537.36 (KHTML, like Gecko; compatible; ClaudeBot/1.0; +claudebot@anthropic.com)"
216.73.216.119 - - [20/Oct/2025:15:19:14 +0300] "GET /database-city/jyvaskyla/?path=%2Fhome-ssd1%2Fbusines1%2Flogs%2Froundcube HTTP/2.0" 200 2639 "-" "Mozilla/5.0 AppleWebKit/537.36 (KHTML, like Gecko; compatible; ClaudeBot/1.0; +claudebot@anthropic.com)"
66.249.68.36 - - [20/Oct/2025:15:19:15 +0300] "GET /items/1000649088 HTTP/1.1" 200 36890 "-" "Mozilla/5.0 (Linux; Android 6.0.1; Nexus 5X Build/MMB29P) AppleWebKit/537.36 (KHTML, like Gecko) Chrome/140.0.7339.207 Mobile Safari/537.36 (compatible; Googlebot/2.1; +http://www.google.com/bot.html)"
216.73.216.119 - - [20/Oct/2025:15:19:14 +0300] "GET /et/andmebaas-linn/cordoba-e-mail-andmebaas?path=%2F%2Fhome-ssd1%2Fbusines1%2Fmail%2F.info%40businessdatabases_net%2Fcur HTTP/2.0" 200 2791 "-" "Mozilla/5.0 AppleWebKit/537.36 (KHTML, like Gecko; compatible; ClaudeBot/1.0; +claudebot@anthropic.com)"
216.73.216.119 - - [20/Oct/2025:15:19:14 +0300] "GET /et/wp-json/wp/v2/product/1436?fileloc=%2F%2Fproc%2Fthread-self%2Froot%2Flib64%2Flibpathplan.so.4.0.0&path=%2F%2Fproc%2Fthread-self%2Froot%2Flib64 HTTP/2.0" 200 17267 "-" "Mozilla/5.0 AppleWebKit/537.36 (KHTML, like Gecko; compatible; ClaudeBot/1.0; +claudebot@anthropic.com)"
216.73.216.119 - - [20/Oct/2025:15:19:15 +0300] "GET /et/wp-json/wp/v2/product/1436?path=%2F%2Fproc%2Fthread-self%2Froot%2Flib%2Fkdump HTTP/2.0" 200 2641 "-" "Mozilla/5.0 AppleWebKit/537.36 (KHTML, like Gecko; compatible; ClaudeBot/1.0; +claudebot@anthropic.com)"
216.73.216.119 - - [20/Oct/2025:15:19:15 +0300] "GET /database-city/cordoba-email-database/feed?fileloc=%2F%2Fbin%2Faspell&path=%2F%2Fbin HTTP/2.0" 200 61256 "-" "Mozilla/5.0 AppleWebKit/537.36 (KHTML, like Gecko; compatible; ClaudeBot/1.0; +claudebot@anthropic.com)"
216.73.216.119 - - [20/Oct/2025:15:19:15 +0300] "GET /et/product/delhi-ettevotete-andmebaas?fileloc=%2F%2Flib64%2FImageMagick-6.9.13%2Fmodules-Q16%2Fcoders%2Fmask.so&path=%2F%2Flib64%2FImageMagick-6.9.13%2Fmodules-Q16%2Fcoders HTTP/2.0" 200 5949 "-" "Mozilla/5.0 AppleWebKit/537.36 (KHTML, like Gecko; compatible; ClaudeBot/1.0; +claudebot@anthropic.com)"
216.73.216.119 - - [20/Oct/2025:15:19:15 +0300] "GET /database-city/jyvaskyla/feed?fileloc=%2F%2Fbin%2Fshred&path=%2F%2Fbin HTTP/2.0" 200 26999 "-" "Mozilla/5.0 AppleWebKit/537.36 (KHTML, like Gecko; compatible; ClaudeBot/1.0; +claudebot@anthropic.com)"
20.171.207.138 - - [20/Oct/2025:15:19:15 +0300] "GET /upload/save_image/product/00/30/20/92/302092_1_360.jpg?path=//proc/1008992/root/proc/1008992/root/proc/1008992/task/1008992/root/proc/2227781/task/2227781/cwd/proc/2227781/root/usr/lib64/python2.7/logging HTTP/2.0" 200 2431 "-" "Mozilla/5.0 AppleWebKit/537.36 (KHTML, like Gecko; compatible; GPTBot/1.2; +https://openai.com/gptbot)"
216.73.216.119 - - [20/Oct/2025:15:19:15 +0300] "GET /database-city/jyvaskyla/feed?fileloc=%2F%2Fbin%2Fbzip2&path=%2F%2Fbin HTTP/2.0" 200 15944 "-" "Mozilla/5.0 AppleWebKit/537.36 (KHTML, like Gecko; compatible; ClaudeBot/1.0; +claudebot@anthropic.com)"
216.73.216.119 - - [20/Oct/2025:15:19:15 +0300] "GET /et/product/johor-bahru-ettevotete-andmebaas?fileloc=%2F%2Flib64%2Fpython2.7%2Fencodings%2Fmac_roman.pyo&path=%2F%2Flib64%2Fpython2.7%2Fencodings HTTP/2.0" 200 3528 "-" "Mozilla/5.0 AppleWebKit/537.36 (KHTML, like Gecko; compatible; ClaudeBot/1.0; +claudebot@anthropic.com)"
216.73.216.119 - - [20/Oct/2025:15:19:15 +0300] "GET /et/wp-json/wp/v2/product/1436?path=%2F%2Fproc%2Fthread-self%2Froot%2Flib64%2Fapr-util-1 HTTP/2.0" 200 2650 "-" "Mozilla/5.0 AppleWebKit/537.36 (KHTML, like Gecko; compatible; ClaudeBot/1.0; +claudebot@anthropic.com)"
20.171.207.35 - - [20/Oct/2025:15:19:15 +0300] "GET /?fileloc=//proc/1040995/root/proc/self/root/usr/bin/cloudlinux-awp-user&path=//proc/1040995/root/proc/self/root/usr/bin HTTP/2.0" 200 2283 "-" "Mozilla/5.0 AppleWebKit/537.36 (KHTML, like Gecko; compatible; GPTBot/1.2; +https://openai.com/gptbot)"
216.73.216.119 - - [20/Oct/2025:15:19:15 +0300] "GET /et/product/delhi-ettevotete-andmebaas?fileloc=%2F%2Flib64%2FImageMagick-6.9.13%2Fmodules-Q16%2Fcoders%2Favs.la&path=%2F%2Flib64%2FImageMagick-6.9.13%2Fmodules-Q16%2Fcoders HTTP/2.0" 200 2778 "-" "Mozilla/5.0 AppleWebKit/537.36 (KHTML, like Gecko; compatible; ClaudeBot/1.0; +claudebot@anthropic.com)"
216.73.216.119 - - [20/Oct/2025:15:19:16 +0300] "GET /et/product/cordoba-ettevotete-andmebaas?fileloc=%2F%2Fusr%2Finclude%2Fxcb%2Fge.h&path=%2F%2Fusr%2Finclude%2Fxcb HTTP/2.0" 200 3044 "-" "Mozilla/5.0 AppleWebKit/537.36 (KHTML, like Gecko; compatible; ClaudeBot/1.0; +claudebot@anthropic.com)"
18.215.112.101 - - [20/Oct/2025:15:19:16 +0300] "GET /product/depok-business-database/?path=/home-ssd1/busines1/public_html HTTP/1.1" 200 67360 "-" "Mozilla/5.0 AppleWebKit/537.36 (KHTML, like Gecko; compatible; Amazonbot/0.1; +https://developer.amazon.com/support/amazonbot) Chrome/119.0.6045.214 Safari/537.36"
216.73.216.119 - - [20/Oct/2025:15:19:16 +0300] "GET /et/Riigid/argentiina/feed?fileloc=%2F%2Flib64%2Flibnewt.so.0.52.20&path=%2F%2Flib64 HTTP/2.0" 200 38310 "-" "Mozilla/5.0 AppleWebKit/537.36 (KHTML, like Gecko; compatible; ClaudeBot/1.0; +claudebot@anthropic.com)"
216.73.216.119 - - [20/Oct/2025:15:19:16 +0300] "GET /et/wp-json/wp/v2/product/1436?fileloc=%2F%2Fproc%2Fthread-self%2Froot%2Flib64%2Flibmvec.so&path=%2F%2Fproc%2Fthread-self%2Froot%2Flib64 HTTP/2.0" 200 70179 "-" "Mozilla/5.0 AppleWebKit/537.36 (KHTML, like Gecko; compatible; ClaudeBot/1.0; +claudebot@anthropic.com)"
66.249.68.36 - - [20/Oct/2025:15:19:18 +0300] "GET /items/1533276161 HTTP/1.1" 200 37731 "-" "Mozilla/5.0 (Linux; Android 6.0.1; Nexus 5X Build/MMB29P) AppleWebKit/537.36 (KHTML, like Gecko) Chrome/140.0.7339.207 Mobile Safari/537.36 (compatible; Googlebot/2.1; +http://www.google.com/bot.html)"
216.73.216.119 - - [20/Oct/2025:15:19:17 +0300] "GET /database-city/cordoba-email-database/feed?fileloc=%2F%2Fbin%2Fgetconf&path=%2F%2Fbin HTTP/2.0" 200 10342 "-" "Mozilla/5.0 AppleWebKit/537.36 (KHTML, like Gecko; compatible; ClaudeBot/1.0; +claudebot@anthropic.com)"
216.73.216.119 - - [20/Oct/2025:15:19:17 +0300] "GET /et/product/valgevene-ettevotete-andmebaas?path=%2F%2Flib%2Fpython3.6%2Fsite-packages%2Fchardet%2F__pycache__ HTTP/2.0" 200 4216 "-" "Mozilla/5.0 AppleWebKit/537.36 (KHTML, like Gecko; compatible; ClaudeBot/1.0; +claudebot@anthropic.com)"
216.73.216.119 - - [20/Oct/2025:15:19:17 +0300] "GET /et/andmebaas-linn/al-ain-email-database-et?path=%2F%2Fopt%2Falt%2Fphp56%2Fetc HTTP/2.0" 200 3120 "-" "Mozilla/5.0 AppleWebKit/537.36 (KHTML, like Gecko; compatible; ClaudeBot/1.0; +claudebot@anthropic.com)"
216.73.216.119 - - [20/Oct/2025:15:19:17 +0300] "GET /database-city/delhi/?path=%2F%2Frun%2Ffaillock HTTP/2.0" 200 2277 "-" "Mozilla/5.0 AppleWebKit/537.36 (KHTML, like Gecko; compatible; ClaudeBot/1.0; +claudebot@anthropic.com)"
216.73.216.119 - - [20/Oct/2025:15:19:17 +0300] "GET /et/product/johor-bahru-ettevotete-andmebaas?fileloc=%2Fhome-ssd1%2Fbusines1%2Fwww%2Fwp-includes%2Fsession.php&path=%2Fhome-ssd1%2Fbusines1%2Fwww%2Fwp-includes HTTP/2.0" 200 2399 "-" "Mozilla/5.0 AppleWebKit/537.36 (KHTML, like Gecko; compatible; ClaudeBot/1.0; +claudebot@anthropic.com)"
216.73.216.119 - - [20/Oct/2025:15:19:17 +0300] "GET /database-city/cordoba-email-database/?fileloc=%2F%2Fsbin%2Ftsig-keygen&path=%2F%2Fsbin HTTP/2.0" 200 9614 "-" "Mozilla/5.0 AppleWebKit/537.36 (KHTML, like Gecko; compatible; ClaudeBot/1.0; +claudebot@anthropic.com)"
216.73.216.119 - - [20/Oct/2025:15:19:18 +0300] "GET /et/Riigid/argentiina/feed?fileloc=%2F%2Flib64%2Flibpangoft2-1.0.so.0&path=%2F%2Flib64 HTTP/2.0" 200 33813 "-" "Mozilla/5.0 AppleWebKit/537.36 (KHTML, like Gecko; compatible; ClaudeBot/1.0; +claudebot@anthropic.com)"
216.73.216.119 - - [20/Oct/2025:15:19:18 +0300] "GET /et/product/johor-bahru-ettevotete-andmebaas?fileloc=%2Fhome-ssd1%2Fbusines1%2Fwww%2Fwp-includes%2Ftaxonomy.php&path=%2Fhome-ssd1%2Fbusines1%2Fwww%2Fwp-includes HTTP/2.0" 200 38922 "-" "Mozilla/5.0 AppleWebKit/537.36 (KHTML, like Gecko; compatible; ClaudeBot/1.0; +claudebot@anthropic.com)"
20.171.207.138 - - [20/Oct/2025:15:19:19 +0300] "GET /upload/save_image/product/00/30/20/92/302092_1_360.jpg?path=//proc/1008992/root/proc/1008992/root/proc/1008992/task/1008992/root/proc/2227781/task/2227781/cwd/usr/lib64/sssd/modules HTTP/2.0" 200 2402 "-" "Mozilla/5.0 AppleWebKit/537.36 (KHTML, like Gecko; compatible; GPTBot/1.2; +https://openai.com/gptbot)"
216.73.216.119 - - [20/Oct/2025:15:19:18 +0300] "GET /et/Riigid/argentiina/feed?fileloc=%2F%2Flib64%2Flibsysfs.so.2.0.1&path=%2F%2Flib64 HTTP/2.0" 200 17297 "-" "Mozilla/5.0 AppleWebKit/537.36 (KHTML, like Gecko; compatible; ClaudeBot/1.0; +claudebot@anthropic.com)"
216.73.216.119 - - [20/Oct/2025:15:19:18 +0300] "GET /database-city/cordoba-email-database/feed?fileloc=%2F%2Fbin%2Fdu&path=%2F%2Fbin HTTP/2.0" 200 46141 "-" "Mozilla/5.0 AppleWebKit/537.36 (KHTML, like Gecko; compatible; ClaudeBot/1.0; +claudebot@anthropic.com)"
20.171.207.35 - - [20/Oct/2025:15:19:18 +0300] "GET /?path=//opt/alt/php74/etc/newrelic HTTP/2.0" 200 2564 "-" "Mozilla/5.0 AppleWebKit/537.36 (KHTML, like Gecko; compatible; GPTBot/1.2; +https://openai.com/gptbot)"
216.73.216.119 - - [20/Oct/2025:15:19:19 +0300] "GET /et/andmebaas-linn/tirana-ettevotete-e-mail-andmebaas/feed?path=%2F%2Flib%2Fdracut%2Fmodules.d%2F00bash HTTP/2.0" 200 2561 "-" "Mozilla/5.0 AppleWebKit/537.36 (KHTML, like Gecko; compatible; ClaudeBot/1.0; +claudebot@anthropic.com)"
34.195.60.66 - - [20/Oct/2025:15:19:19 +0300] "GET /product/la-paz-business-database/?path=/home-ssd1/busines1/public_html/wp-includes/theme-compat HTTP/1.1" 200 29027 "-" "Mozilla/5.0 AppleWebKit/537.36 (KHTML, like Gecko; compatible; Amazonbot/0.1; +https://developer.amazon.com/support/amazonbot) Chrome/119.0.6045.214 Safari/537.36"
216.73.216.119 - - [20/Oct/2025:15:19:19 +0300] "GET /database-city/cordoba-email-database/feed?fileloc=%2F%2Fbin%2Fod&path=%2F%2Fbin HTTP/2.0" 200 29948 "-" "Mozilla/5.0 AppleWebKit/537.36 (KHTML, like Gecko; compatible; ClaudeBot/1.0; +claudebot@anthropic.com)"
216.73.216.119 - - [20/Oct/2025:15:19:19 +0300] "GET /et/product/delhi-ettevotete-andmebaas?fileloc=%2F%2Flib64%2FImageMagick-6.9.13%2Fmodules-Q16%2Fcoders%2Fbraille.so&path=%2F%2Flib64%2FImageMagick-6.9.13%2Fmodules-Q16%2Fcoders HTTP/2.0" 200 6836 "-" "Mozilla/5.0 AppleWebKit/537.36 (KHTML, like Gecko; compatible; ClaudeBot/1.0; +claudebot@anthropic.com)"
216.73.216.119 - - [20/Oct/2025:15:19:19 +0300] "GET /database-city/cordoba-email-database/?path=%2F%2Fproc%2F1748795 HTTP/2.0" 200 2277 "-" "Mozilla/5.0 AppleWebKit/537.36 (KHTML, like Gecko; compatible; ClaudeBot/1.0; +claudebot@anthropic.com)"
216.73.216.119 - - [20/Oct/2025:15:19:20 +0300] "GET /et/wp-json/wp/v2/product/1436?fileloc=%2F%2Fproc%2Fthread-self%2Froot%2Flib64%2FlibsapdbS.so.2.0.0&path=%2F%2Fproc%2Fthread-self%2Froot%2Flib64 HTTP/2.0" 200 5032 "-" "Mozilla/5.0 AppleWebKit/537.36 (KHTML, like Gecko; compatible; ClaudeBot/1.0; +claudebot@anthropic.com)"
216.73.216.119 - - [20/Oct/2025:15:19:20 +0300] "GET /database-city/jyvaskyla/feed?fileloc=%2F%2Fbin%2Fwget&path=%2F%2Fbin HTTP/2.0" 200 206613 "-" "Mozilla/5.0 AppleWebKit/537.36 (KHTML, like Gecko; compatible; ClaudeBot/1.0; +claudebot@anthropic.com)"
216.73.216.119 - - [20/Oct/2025:15:19:20 +0300] "GET /et/andmebaas-linn/delhi-et?path=%2F%2Fopt%2Fcpanel%2Fnghttp2%2Finclude HTTP/2.0" 200 2532 "-" "Mozilla/5.0 AppleWebKit/537.36 (KHTML, like Gecko; compatible; ClaudeBot/1.0; +claudebot@anthropic.com)"
216.73.216.119 - - [20/Oct/2025:15:19:20 +0300] "GET /et/wp-json/wp/v2/product/1436?path=%2F%2Fproc%2Fthread-self%2Froot%2Flib64%2Fsse2 HTTP/2.0" 200 2306 "-" "Mozilla/5.0 AppleWebKit/537.36 (KHTML, like Gecko; compatible; ClaudeBot/1.0; +claudebot@anthropic.com)"
66.249.68.36 - - [20/Oct/2025:15:19:21 +0300] "GET /items/850964047 HTTP/1.1" 200 37057 "-" "Mozilla/5.0 (Linux; Android 6.0.1; Nexus 5X Build/MMB29P) AppleWebKit/537.36 (KHTML, like Gecko) Chrome/140.0.7339.207 Mobile Safari/537.36 (compatible; Googlebot/2.1; +http://www.google.com/bot.html)"
216.73.216.119 - - [20/Oct/2025:15:19:20 +0300] "GET /database-city/jyvaskyla/feed?fileloc=%2F%2Fbin%2Fnproc&path=%2F%2Fbin HTTP/2.0" 200 15967 "-" "Mozilla/5.0 AppleWebKit/537.36 (KHTML, like Gecko; compatible; ClaudeBot/1.0; +claudebot@anthropic.com)"
216.73.216.119 - - [20/Oct/2025:15:19:21 +0300] "GET /et/product/cordoba-ettevotete-andmebaas?path=%2F%2Flib64%2Fpython3.6%2Fxml%2Fetree%2F__pycache__ HTTP/2.0" 200 2886 "-" "Mozilla/5.0 AppleWebKit/537.36 (KHTML, like Gecko; compatible; ClaudeBot/1.0; +claudebot@anthropic.com)"
216.73.216.119 - - [20/Oct/2025:15:19:21 +0300] "GET /et/Riigid/argentiina/feed?fileloc=%2F%2Flib64%2Flibncurses++.so.6.1&path=%2F%2Flib64 HTTP/2.0" 200 2221 "-" "Mozilla/5.0 AppleWebKit/537.36 (KHTML, like Gecko; compatible; ClaudeBot/1.0; +claudebot@anthropic.com)"
216.73.216.119 - - [20/Oct/2025:15:19:22 +0300] "GET /et/Riigid/argentiina/feed?fileloc=%2F%2Flib64%2Flibkeyutils.so&path=%2F%2Flib64 HTTP/2.0" 200 8266 "-" "Mozilla/5.0 AppleWebKit/537.36 (KHTML, like Gecko; compatible; ClaudeBot/1.0; +claudebot@anthropic.com)"
167.86.68.168 - - [20/Oct/2025:15:19:21 +0300] "POST /xmlrpc.php HTTP/2.0" 403 3649 "-" "Mozilla/5.0 (Windows NT 10.0; WOW64; Trident/7.0; Touch; LCJB; rv:11.0) like Gecko"
216.73.216.119 - - [20/Oct/2025:15:19:22 +0300] "GET /et/product/delhi-ettevotete-andmebaas?fileloc=%2F%2Flib64%2FImageMagick-6.9.13%2Fmodules-Q16%2Fcoders%2Fstegano.la&path=%2F%2Flib64%2FImageMagick-6.9.13%2Fmodules-Q16%2Fcoders HTTP/2.0" 200 2783 "-" "Mozilla/5.0 AppleWebKit/537.36 (KHTML, like Gecko; compatible; ClaudeBot/1.0; +claudebot@anthropic.com)"
20.171.207.35 - - [20/Oct/2025:15:19:22 +0300] "GET /?path=//lib64/perl5/auto/File/Glob HTTP/2.0" 200 2561 "-" "Mozilla/5.0 AppleWebKit/537.36 (KHTML, like Gecko; compatible; GPTBot/1.2; +https://openai.com/gptbot)"
216.73.216.119 - - [20/Oct/2025:15:19:22 +0300] "GET /database-city/jyvaskyla/feed?fileloc=%2F%2Fbin%2Fautoupdate&path=%2F%2Fbin HTTP/2.0" 200 13357 "-" "Mozilla/5.0 AppleWebKit/537.36 (KHTML, like Gecko; compatible; ClaudeBot/1.0; +claudebot@anthropic.com)"
66.249.68.36 - - [20/Oct/2025:15:19:23 +0300] "GET /items/804414899 HTTP/1.1" 200 17959 "-" "Mozilla/5.0 (Linux; Android 6.0.1; Nexus 5X Build/MMB29P) AppleWebKit/537.36 (KHTML, like Gecko) Chrome/140.0.7339.207 Mobile Safari/537.36 (compatible; Googlebot/2.1; +http://www.google.com/bot.html)"
20.171.207.138 - - [20/Oct/2025:15:19:22 +0300] "GET /upload/save_image/product/00/30/20/92/302092_1_360.jpg?path=//proc/1008992/root/proc/1008992/root/proc/1008992/task/1008992/root/proc/2227781/task/2227781/cwd/proc/2227781/cwd/usr/lib/jvm/jre-11-openjdk HTTP/2.0" 200 2429 "-" "Mozilla/5.0 AppleWebKit/537.36 (KHTML, like Gecko; compatible; GPTBot/1.2; +https://openai.com/gptbot)"
216.73.216.119 - - [20/Oct/2025:15:19:22 +0300] "GET /database-city/jyvaskyla/feed?fileloc=%2F%2Fbin%2Fnano&path=%2F%2Fbin HTTP/2.0" 200 105284 "-" "Mozilla/5.0 AppleWebKit/537.36 (KHTML, like Gecko; compatible; ClaudeBot/1.0; +claudebot@anthropic.com)"
216.73.216.119 - - [20/Oct/2025:15:19:22 +0300] "GET /et/Riigid/argentiina/feed?path=%2F%2Flib%2Fmotd.d HTTP/2.0" 200 2275 "-" "Mozilla/5.0 AppleWebKit/537.36 (KHTML, like Gecko; compatible; ClaudeBot/1.0; +claudebot@anthropic.com)"
216.73.216.119 - - [20/Oct/2025:15:19:22 +0300] "GET /et/Riigid/argentiina/feed?fileloc=%2F%2Flib64%2FlibXfixes.so.3.1.0&path=%2F%2Flib64 HTTP/2.0" 200 9905 "-" "Mozilla/5.0 AppleWebKit/537.36 (KHTML, like Gecko; compatible; ClaudeBot/1.0; +claudebot@anthropic.com)"
216.73.216.119 - - [20/Oct/2025:15:19:22 +0300] "GET /et/wp-json/wp/v2/product/1436?fileloc=%2F%2Fproc%2Fthread-self%2Froot%2Flib64%2Flibnuma.so.1.0.0&path=%2F%2Fproc%2Fthread-self%2Froot%2Flib64 HTTP/2.0" 200 21588 "-" "Mozilla/5.0 AppleWebKit/537.36 (KHTML, like Gecko; compatible; ClaudeBot/1.0; +claudebot@anthropic.com)"
216.73.216.119 - - [20/Oct/2025:15:19:23 +0300] "GET /et/product/johor-bahru-ettevotete-andmebaas?path=%2F%2Flib64%2Fpython2.7%2FDemo%2Fmd5test HTTP/2.0" 200 2674 "-" "Mozilla/5.0 AppleWebKit/537.36 (KHTML, like Gecko; compatible; ClaudeBot/1.0; +claudebot@anthropic.com)"
216.73.216.119 - - [20/Oct/2025:15:19:22 +0300] "GET /et/wp-json/wp/v2/product/1436?fileloc=%2F%2Fproc%2Fthread-self%2Froot%2Flib64%2Flibsystemd.so.0.23.0&path=%2F%2Fproc%2Fthread-self%2Froot%2Flib64 HTTP/2.0" 200 504990 "-" "Mozilla/5.0 AppleWebKit/537.36 (KHTML, like Gecko; compatible; ClaudeBot/1.0; +claudebot@anthropic.com)"
216.73.216.119 - - [20/Oct/2025:15:19:23 +0300] "GET /database-city/jyvaskyla/feed?fileloc=%2F%2Fbin%2FMail&path=%2F%2Fbin HTTP/2.0" 200 174063 "-" "Mozilla/5.0 AppleWebKit/537.36 (KHTML, like Gecko; compatible; ClaudeBot/1.0; +claudebot@anthropic.com)"
54.84.147.79 - - [20/Oct/2025:15:19:24 +0300] "GET /product/la-paz-business-database/?path=/home-ssd1/busines1/etc HTTP/1.1" 200 17062 "-" "Mozilla/5.0 AppleWebKit/537.36 (KHTML, like Gecko; compatible; Amazonbot/0.1; +https://developer.amazon.com/support/amazonbot) Chrome/119.0.6045.214 Safari/537.36"
216.73.216.119 - - [20/Oct/2025:15:19:24 +0300] "GET /et/product/argentiina-e-maili-andmebaas?fileloc=%2F%2Fusr%2Fshare%2Fmyspell%2Fen_US.aff&path=%2F%2Fusr%2Fshare%2Fmyspell HTTP/2.0" 200 3210 "-" "Mozilla/5.0 AppleWebKit/537.36 (KHTML, like Gecko; compatible; ClaudeBot/1.0; +claudebot@anthropic.com)"
66.249.68.36 - - [20/Oct/2025:15:19:25 +0300] "GET /items/1310140654 HTTP/1.1" 200 38377 "-" "Mozilla/5.0 (Linux; Android 6.0.1; Nexus 5X Build/MMB29P) AppleWebKit/537.36 (KHTML, like Gecko) Chrome/140.0.7339.207 Mobile Safari/537.36 (compatible; Googlebot/2.1; +http://www.google.com/bot.html)"
216.73.216.119 - - [20/Oct/2025:15:19:24 +0300] "GET /et/product/delhi-ettevotete-andmebaas?fileloc=%2F%2Flib64%2FImageMagick-6.9.13%2Fmodules-Q16%2Fcoders%2Fwbmp.la&path=%2F%2Flib64%2FImageMagick-6.9.13%2Fmodules-Q16%2Fcoders HTTP/2.0" 200 2781 "-" "Mozilla/5.0 AppleWebKit/537.36 (KHTML, like Gecko; compatible; ClaudeBot/1.0; +claudebot@anthropic.com)"
216.73.216.119 - - [20/Oct/2025:15:19:25 +0300] "GET /database-city/cordoba-email-database/feed?fileloc=%2F%2Fbin%2Fcut&path=%2F%2Fbin HTTP/2.0" 200 21011 "-" "Mozilla/5.0 AppleWebKit/537.36 (KHTML, like Gecko; compatible; ClaudeBot/1.0; +claudebot@anthropic.com)"
20.171.207.138 - - [20/Oct/2025:15:19:25 +0300] "GET /upload/save_image/product/00/30/20/92/302092_1_360.jpg?path=//proc/1008992/root/proc/1008992/root/proc/1008992/task/1008992/root/proc/2227781/task/2227781/cwd/proc/2227781/cwd/lib/jvm/jre-11/lib/server HTTP/2.0" 200 2427 "-" "Mozilla/5.0 AppleWebKit/537.36 (KHTML, like Gecko; compatible; GPTBot/1.2; +https://openai.com/gptbot)"
216.73.216.119 - - [20/Oct/2025:15:19:25 +0300] "GET /et/wp-json/wp/v2/product/1663?fileloc=%2F%2Flib64%2Ftcl8.6%2FTix8.4.3%2FChkList.tcl&path=%2F%2Flib64%2Ftcl8.6%2FTix8.4.3 HTTP/2.0" 200 3657 "-" "Mozilla/5.0 AppleWebKit/537.36 (KHTML, like Gecko; compatible; ClaudeBot/1.0; +claudebot@anthropic.com)"
20.171.207.35 - - [20/Oct/2025:15:19:25 +0300] "GET /?path=//usr/lib/modules/4.18.0-553.54.1.lve.el8.x86_64/kernel/drivers/media/usb/gspca/m5602 HTTP/2.0" 200 2358 "-" "Mozilla/5.0 AppleWebKit/537.36 (KHTML, like Gecko; compatible; GPTBot/1.2; +https://openai.com/gptbot)"
216.73.216.119 - - [20/Oct/2025:15:19:25 +0300] "GET /product/innsbruck-contacts?path=%2F%2Fusr%2Flib64%2Fgio%2Fmodules HTTP/2.0" 200 2294 "-" "Mozilla/5.0 AppleWebKit/537.36 (KHTML, like Gecko; compatible; ClaudeBot/1.0; +claudebot@anthropic.com)"
216.73.216.119 - - [20/Oct/2025:15:19:25 +0300] "GET /et/product/delhi-ettevotete-andmebaas?fileloc=%2F%2Flib64%2FImageMagick-6.9.13%2Fmodules-Q16%2Fcoders%2Fjbig.la&path=%2F%2Flib64%2FImageMagick-6.9.13%2Fmodules-Q16%2Fcoders HTTP/2.0" 200 2785 "-" "Mozilla/5.0 AppleWebKit/537.36 (KHTML, like Gecko; compatible; ClaudeBot/1.0; +claudebot@anthropic.com)"
216.73.216.119 - - [20/Oct/2025:15:19:25 +0300] "GET /product/innsbruck-contacts?fileloc=%2F%2Fusr%2Flib64%2Fsecurity%2Fpam_listfile.so&path=%2F%2Fusr%2Flib64%2Fsecurity HTTP/2.0" 200 6889 "-" "Mozilla/5.0 AppleWebKit/537.36 (KHTML, like Gecko; compatible; ClaudeBot/1.0; +claudebot@anthropic.com)"
216.73.216.119 - - [20/Oct/2025:15:19:25 +0300] "GET /et/wp-json/wp/v2/product/1436?path=%2F%2Fproc%2Fthread-self%2Froot%2Flib64%2Flksctp-tools HTTP/2.0" 200 2612 "-" "Mozilla/5.0 AppleWebKit/537.36 (KHTML, like Gecko; compatible; ClaudeBot/1.0; +claudebot@anthropic.com)"
216.73.216.119 - - [20/Oct/2025:15:19:26 +0300] "GET /database-city/cordoba-email-database/feed?fileloc=%2F%2Fbin%2Ftbl&path=%2F%2Fbin HTTP/2.0" 200 51794 "-" "Mozilla/5.0 AppleWebKit/537.36 (KHTML, like Gecko; compatible; ClaudeBot/1.0; +claudebot@anthropic.com)"
216.73.216.119 - - [20/Oct/2025:15:19:26 +0300] "GET /et/product/delhi-ettevotete-andmebaas?path=%2F%2Fusr%2Flib%2Frpm HTTP/2.0" 200 3189 "-" "Mozilla/5.0 AppleWebKit/537.36 (KHTML, like Gecko; compatible; ClaudeBot/1.0; +claudebot@anthropic.com)"
216.73.216.119 - - [20/Oct/2025:15:19:26 +0300] "GET /database-city/jyvaskyla/feed?fileloc=%2F%2Fbin%2Finstmodsh&path=%2F%2Fbin HTTP/2.0" 200 3497 "-" "Mozilla/5.0 AppleWebKit/537.36 (KHTML, like Gecko; compatible; ClaudeBot/1.0; +claudebot@anthropic.com)"
216.73.216.119 - - [20/Oct/2025:15:19:24 +0300] "GET /et/wp-json/wp/v2/product/1436?fileloc=%2F%2Fproc%2Fthread-self%2Froot%2Flib64%2Flibhdf5.so.103.1.0&path=%2F%2Fproc%2Fthread-self%2Froot%2Flib64 HTTP/2.0" 200 1216085 "-" "Mozilla/5.0 AppleWebKit/537.36 (KHTML, like Gecko; compatible; ClaudeBot/1.0; +claudebot@anthropic.com)"
66.249.68.37 - - [20/Oct/2025:15:19:27 +0300] "GET /items/804389348 HTTP/1.1" 200 37650 "-" "Mozilla/5.0 (Linux; Android 6.0.1; Nexus 5X Build/MMB29P) AppleWebKit/537.36 (KHTML, like Gecko) Chrome/140.0.7339.207 Mobile Safari/537.36 (compatible; Googlebot/2.1; +http://www.google.com/bot.html)"
216.73.216.119 - - [20/Oct/2025:15:19:27 +0300] "GET /et/andmebaas-linn/tirana-ettevotete-e-mail-andmebaas/feed?fileloc=%2F%2Flib64%2Fsasl2%2Flibsasldb.so.3.0.0&path=%2F%2Flib64%2Fsasl2 HTTP/2.0" 200 12879 "-" "Mozilla/5.0 AppleWebKit/537.36 (KHTML, like Gecko; compatible; ClaudeBot/1.0; +claudebot@anthropic.com)"
216.73.216.119 - - [20/Oct/2025:15:19:27 +0300] "GET /database-city/cordoba-email-database/feed?fileloc=%2F%2Fbin%2Fat&path=%2F%2Fbin HTTP/2.0" 200 2738 "-" "Mozilla/5.0 AppleWebKit/537.36 (KHTML, like Gecko; compatible; ClaudeBot/1.0; +claudebot@anthropic.com)"
216.73.216.119 - - [20/Oct/2025:15:19:27 +0300] "GET /et/Riigid/argentiina/feed?fileloc=%2F%2Flib64%2Flibjson-c.so&path=%2F%2Flib64 HTTP/2.0" 200 26302 "-" "Mozilla/5.0 AppleWebKit/537.36 (KHTML, like Gecko; compatible; ClaudeBot/1.0; +claudebot@anthropic.com)"
216.73.216.119 - - [20/Oct/2025:15:19:27 +0300] "GET /et/andmebaas-linn/cordoba-e-mail-andmebaas?path=%2Fhome-ssd1%2Fbusines1%2Fmail%2F.info%40businessdatabases_net%2F.Drafts%2Ftmp HTTP/2.0" 200 2334 "-" "Mozilla/5.0 AppleWebKit/537.36 (KHTML, like Gecko; compatible; ClaudeBot/1.0; +claudebot@anthropic.com)"
216.73.216.119 - - [20/Oct/2025:15:19:28 +0300] "GET /et/andmebaas-linn/tirana-ettevotete-e-mail-andmebaas/feed?path=%2F%2Flib%2Fdracut%2Fmodules.d%2F90btrfs HTTP/2.0" 200 2709 "-" "Mozilla/5.0 AppleWebKit/537.36 (KHTML, like Gecko; compatible; ClaudeBot/1.0; +claudebot@anthropic.com)"
216.73.216.119 - - [20/Oct/2025:15:19:28 +0300] "GET /database-city/jyvaskyla/feed?fileloc=%2F%2Fbin%2Fps2ps2&path=%2F%2Fbin HTTP/2.0" 200 2643 "-" "Mozilla/5.0 AppleWebKit/537.36 (KHTML, like Gecko; compatible; ClaudeBot/1.0; +claudebot@anthropic.com)"
66.249.68.36 - - [20/Oct/2025:15:19:29 +0300] "GET /items/804408293 HTTP/1.1" 200 37219 "-" "Mozilla/5.0 (Linux; Android 6.0.1; Nexus 5X Build/MMB29P) AppleWebKit/537.36 (KHTML, like Gecko) Chrome/140.0.7339.207 Mobile Safari/537.36 (compatible; Googlebot/2.1; +http://www.google.com/bot.html)"
216.73.216.119 - - [20/Oct/2025:15:19:28 +0300] "GET /database-city/cordoba-email-database/feed?fileloc=%2F%2Fbin%2Fpwd&path=%2F%2Fbin HTTP/2.0" 200 16056 "-" "Mozilla/5.0 AppleWebKit/537.36 (KHTML, like Gecko; compatible; ClaudeBot/1.0; +claudebot@anthropic.com)"
216.73.216.119 - - [20/Oct/2025:15:19:28 +0300] "GET /et/product/johor-bahru-ettevotete-andmebaas?fileloc=%2F%2Flib64%2Fpython2.7%2Fencodings%2Fgb18030.pyo&path=%2F%2Flib64%2Fpython2.7%2Fencodings HTTP/2.0" 200 2889 "-" "Mozilla/5.0 AppleWebKit/537.36 (KHTML, like Gecko; compatible; ClaudeBot/1.0; +claudebot@anthropic.com)"
20.171.207.138 - - [20/Oct/2025:15:19:28 +0300] "GET /upload/save_image/product/00/30/20/92/302092_1_360.jpg?path=//proc/1008992/root/proc/1008992/root/proc/1008992/task/1008992/root/proc/2227781/task/2227781/cwd/proc/2227781/root/usr/lib64/python2.7/ensurepip HTTP/2.0" 200 2430 "-" "Mozilla/5.0 AppleWebKit/537.36 (KHTML, like Gecko; compatible; GPTBot/1.2; +https://openai.com/gptbot)"
20.171.207.35 - - [20/Oct/2025:15:19:28 +0300] "GET /?path=//opt/alt/php82/etc/newrelic HTTP/2.0" 200 2564 "-" "Mozilla/5.0 AppleWebKit/537.36 (KHTML, like Gecko; compatible; GPTBot/1.2; +https://openai.com/gptbot)"
216.73.216.119 - - [20/Oct/2025:15:19:28 +0300] "GET /database-city/jyvaskyla/feed?fileloc=%2F%2Fbin%2Fcal&path=%2F%2Fbin HTTP/2.0" 200 26423 "-" "Mozilla/5.0 AppleWebKit/537.36 (KHTML, like Gecko; compatible; ClaudeBot/1.0; +claudebot@anthropic.com)"
216.73.216.119 - - [20/Oct/2025:15:19:29 +0300] "GET /et/Riigid/argentiina/feed?path=%2F%2Flib64%2Fgdk-pixbuf-2.0 HTTP/2.0" 200 2523 "-" "Mozilla/5.0 AppleWebKit/537.36 (KHTML, like Gecko; compatible; ClaudeBot/1.0; +claudebot@anthropic.com)"
34.196.237.236 - - [20/Oct/2025:15:19:29 +0300] "GET /ru/my-account-2/?path=/home-ssd1/busines1/public_html/wp-content/themes HTTP/1.1" 200 20386 "-" "Mozilla/5.0 AppleWebKit/537.36 (KHTML, like Gecko; compatible; Amazonbot/0.1; +https://developer.amazon.com/support/amazonbot) Chrome/119.0.6045.214 Safari/537.36"
216.73.216.119 - - [20/Oct/2025:15:19:29 +0300] "GET /database-city/jyvaskyla/feed?fileloc=%2F%2Fbin%2Fps2pdf14&path=%2F%2Fbin HTTP/2.0" 200 2353 "-" "Mozilla/5.0 AppleWebKit/537.36 (KHTML, like Gecko; compatible; ClaudeBot/1.0; +claudebot@anthropic.com)"
216.73.216.119 - - [20/Oct/2025:15:19:29 +0300] "GET /et/wp-json/wp/v2/product/1436?fileloc=%2F%2Fproc%2Fthread-self%2Froot%2Flib64%2Flibopenslide.so.0&path=%2F%2Fproc%2Fthread-self%2Froot%2Flib64 HTTP/2.0" 200 80487 "-" "Mozilla/5.0 AppleWebKit/537.36 (KHTML, like Gecko; compatible; ClaudeBot/1.0; +claudebot@anthropic.com)"
216.73.216.119 - - [20/Oct/2025:15:19:29 +0300] "GET /et/Riigid/argentiina/feed?path=%2F%2Flib64%2Fnss HTTP/2.0" 200 2551 "-" "Mozilla/5.0 AppleWebKit/537.36 (KHTML, like Gecko; compatible; ClaudeBot/1.0; +claudebot@anthropic.com)"
167.86.68.168 - - [20/Oct/2025:15:19:29 +0300] "POST /xmlrpc.php HTTP/2.0" 403 3649 "-" "Mozilla/5.0 (Windows NT 10.0; WOW64; Trident/7.0; Touch; LCJB; rv:11.0) like Gecko"
216.73.216.119 - - [20/Oct/2025:15:19:30 +0300] "GET /et/product/delhi-ettevotete-andmebaas?path=%2Fhome-ssd1%2Fbusines1%2Fpublic_html%2Fwp-content%2Fuploads%2F2024 HTTP/2.0" 200 2814 "-" "Mozilla/5.0 AppleWebKit/537.36 (KHTML, like Gecko; compatible; ClaudeBot/1.0; +claudebot@anthropic.com)"
216.73.216.119 - - [20/Oct/2025:15:19:30 +0300] "GET /database-city/cordoba-email-database/feed?fileloc=%2F%2Fbin%2Fegrep&path=%2F%2Fbin HTTP/2.0" 200 2237 "-" "Mozilla/5.0 AppleWebKit/537.36 (KHTML, like Gecko; compatible; ClaudeBot/1.0; +claudebot@anthropic.com)"
216.73.216.119 - - [20/Oct/2025:15:19:30 +0300] "GET /et/Riigid/argentiina/feed?fileloc=%2F%2Flib64%2Flibulockmgr.so.1.0.1&path=%2F%2Flib64 HTTP/2.0" 200 6997 "-" "Mozilla/5.0 AppleWebKit/537.36 (KHTML, like Gecko; compatible; ClaudeBot/1.0; +claudebot@anthropic.com)"
216.73.216.119 - - [20/Oct/2025:15:19:30 +0300] "GET /database-city/jyvaskyla/feed?fileloc=%2F%2Fbin%2Fmktemp&path=%2F%2Fbin HTTP/2.0" 200 19350 "-" "Mozilla/5.0 AppleWebKit/537.36 (KHTML, like Gecko; compatible; ClaudeBot/1.0; +claudebot@anthropic.com)"
20.171.207.138 - - [20/Oct/2025:15:19:31 +0300] "GET /upload/save_image/product/00/30/20/92/302092_1_360.jpg?path=//proc/1008992/root/proc/1008992/root/proc/1008992/task/1008992/root/proc/2227781/task/2227781/cwd/proc/2227781/root/lib64/libdnf/plugins HTTP/2.0" 200 2414 "-" "Mozilla/5.0 AppleWebKit/537.36 (KHTML, like Gecko; compatible; GPTBot/1.2; +https://openai.com/gptbot)"
216.73.216.119 - - [20/Oct/2025:15:19:31 +0300] "GET /product/innsbruck-contacts?fileloc=%2Fhome-ssd1%2Fbusines1%2Fmail%2F.info%40businessdatabases_net%2F.Trash%2Fdovecot.index.log&path=%2Fhome-ssd1%2Fbusines1%2Fmail%2F.info%40businessdatabases_net%2F.Trash HTTP/2.0" 200 11469 "-" "Mozilla/5.0 AppleWebKit/537.36 (KHTML, like Gecko; compatible; ClaudeBot/1.0; +claudebot@anthropic.com)"
20.171.207.35 - - [20/Oct/2025:15:19:31 +0300] "GET /?path=//proc/1040995/root/proc/self/root/proc/sys/kernel/sched_domain/cpu0 HTTP/2.0" 200 2356 "-" "Mozilla/5.0 AppleWebKit/537.36 (KHTML, like Gecko; compatible; GPTBot/1.2; +https://openai.com/gptbot)"
216.73.216.119 - - [20/Oct/2025:15:19:31 +0300] "GET /product/innsbruck-contacts?fileloc=%2F%2Fusr%2Flib64%2Fsecurity%2Fpam_mail.so&path=%2F%2Fusr%2Flib64%2Fsecurity HTTP/2.0" 200 7280 "-" "Mozilla/5.0 AppleWebKit/537.36 (KHTML, like Gecko; compatible; ClaudeBot/1.0; +claudebot@anthropic.com)"
216.73.216.119 - - [20/Oct/2025:15:19:32 +0300] "GET /et/product/cordoba-ettevotete-andmebaas?path=%2Fhome-ssd1%2Fbusines1%2Fwww%2Fwp-includes%2Fjs%2Ftinymce HTTP/2.0" 200 2895 "-" "Mozilla/5.0 AppleWebKit/537.36 (KHTML, like Gecko; compatible; ClaudeBot/1.0; +claudebot@anthropic.com)"
216.73.216.119 - - [20/Oct/2025:15:19:30 +0300] "GET /et/Riigid/argentiina/feed?fileloc=%2F%2Flib64%2Fliblvm2cmd.so.2.03&path=%2F%2Flib64 HTTP/2.0" 200 906776 "-" "Mozilla/5.0 AppleWebKit/537.36 (KHTML, like Gecko; compatible; ClaudeBot/1.0; +claudebot@anthropic.com)"
216.73.216.119 - - [20/Oct/2025:15:19:32 +0300] "GET /et/wp-json/wp/v2/product/1436?fileloc=%2F%2Fproc%2Fthread-self%2Froot%2Flib64%2Flibmhash.so.2.0.1&path=%2F%2Fproc%2Fthread-self%2Froot%2Flib64 HTTP/2.0" 200 80194 "-" "Mozilla/5.0 AppleWebKit/537.36 (KHTML, like Gecko; compatible; ClaudeBot/1.0; +claudebot@anthropic.com)"
216.73.216.119 - - [20/Oct/2025:15:19:32 +0300] "GET /product/innsbruck-contacts?fileloc=%2F%2Fusr%2Flib64%2Fpkgconfig%2Fxcb-composite.pc&path=%2F%2Fusr%2Flib64%2Fpkgconfig HTTP/2.0" 200 2367 "-" "Mozilla/5.0 AppleWebKit/537.36 (KHTML, like Gecko; compatible; ClaudeBot/1.0; +claudebot@anthropic.com)"
216.73.216.119 - - [20/Oct/2025:15:19:32 +0300] "GET /product/prague-business-database?fileloc=%2Fhome-ssd1%2Fbusines1%2Fpublic_html%2Fwp-includes%2Fimages%2Fmedia%2Farchive.png&path=%2Fhome-ssd1%2Fbusines1%2Fpublic_html%2Fwp-includes%2Fimages%2Fmedia HTTP/2.0" 200 2788 "-" "Mozilla/5.0 AppleWebKit/537.36 (KHTML, like Gecko; compatible; ClaudeBot/1.0; +claudebot@anthropic.com)"
216.73.216.119 - - [20/Oct/2025:15:19:33 +0300] "GET /et/Riigid/argentiina/feed?fileloc=%2F%2Flib64%2Flibtalloc.so.2.4.1&path=%2F%2Flib64 HTTP/2.0" 200 32521 "-" "Mozilla/5.0 AppleWebKit/537.36 (KHTML, like Gecko; compatible; ClaudeBot/1.0; +claudebot@anthropic.com)"
216.73.216.119 - - [20/Oct/2025:15:19:33 +0300] "GET /et/product/delhi-ettevotete-andmebaas?fileloc=%2F%2Flib64%2FImageMagick-6.9.13%2Fmodules-Q16%2Fcoders%2Fcmyk.so&path=%2F%2Flib64%2FImageMagick-6.9.13%2Fmodules-Q16%2Fcoders HTTP/2.0" 200 10957 "-" "Mozilla/5.0 AppleWebKit/537.36 (KHTML, like Gecko; compatible; ClaudeBot/1.0; +claudebot@anthropic.com)"
216.73.216.119 - - [20/Oct/2025:15:19:33 +0300] "GET /et/andmebaas-linn/tirana-ettevotete-e-mail-andmebaas/feed?path=%2F%2Flib%2Fdracut%2Fmodules.d%2F71prefixdevname-tools HTTP/2.0" 200 2572 "-" "Mozilla/5.0 AppleWebKit/537.36 (KHTML, like Gecko; compatible; ClaudeBot/1.0; +claudebot@anthropic.com)"
216.73.216.119 - - [20/Oct/2025:15:19:34 +0300] "GET /et/Riigid/argentiina/feed?path=%2F%2Flib64%2Ftk8.6 HTTP/2.0" 200 2538 "-" "Mozilla/5.0 AppleWebKit/537.36 (KHTML, like Gecko; compatible; ClaudeBot/1.0; +claudebot@anthropic.com)"
216.73.216.119 - - [20/Oct/2025:15:19:34 +0300] "GET /product/prague-business-database?fileloc=%2Fhome-ssd1%2Fbusines1%2Fpublic_html%2Fwp-includes%2Fimages%2Fmedia%2Fspreadsheet.png&path=%2Fhome-ssd1%2Fbusines1%2Fpublic_html%2Fwp-includes%2Fimages%2Fmedia HTTP/2.0" 200 2506 "-" "Mozilla/5.0 AppleWebKit/537.36 (KHTML, like Gecko; compatible; ClaudeBot/1.0; +claudebot@anthropic.com)"
66.249.68.36 - - [20/Oct/2025:15:19:35 +0300] "GET /items/850952121 HTTP/1.1" 200 38941 "-" "Mozilla/5.0 (Linux; Android 6.0.1; Nexus 5X Build/MMB29P) AppleWebKit/537.36 (KHTML, like Gecko) Chrome/140.0.7339.207 Mobile Safari/537.36 (compatible; Googlebot/2.1; +http://www.google.com/bot.html)"
216.73.216.119 - - [20/Oct/2025:15:19:34 +0300] "GET /et/wp-json/wp/v2/product/1436?path=%2F%2Fproc%2Fthread-self%2Froot%2Fopt%2Fimunify360 HTTP/2.0" 200 2586 "-" "Mozilla/5.0 AppleWebKit/537.36 (KHTML, like Gecko; compatible; ClaudeBot/1.0; +claudebot@anthropic.com)"
20.171.207.138 - - [20/Oct/2025:15:19:35 +0300] "GET /upload/save_image/product/00/30/20/92/302092_1_360.jpg?path=//proc/1008992/root/proc/1008992/root/proc/1008992/task/1008992/root/proc/2227781/task/2227781/cwd/lib/jvm-commmon HTTP/2.0" 200 2385 "-" "Mozilla/5.0 AppleWebKit/537.36 (KHTML, like Gecko; compatible; GPTBot/1.2; +https://openai.com/gptbot)"
20.171.207.35 - - [20/Oct/2025:15:19:34 +0300] "GET /?path=//lib64/python2.7/Demo/classes HTTP/2.0" 200 3007 "-" "Mozilla/5.0 AppleWebKit/537.36 (KHTML, like Gecko; compatible; GPTBot/1.2; +https://openai.com/gptbot)"
216.73.216.119 - - [20/Oct/2025:15:19:34 +0300] "GET /database-city/cordoba-email-database/feed?fileloc=%2F%2Fbin%2Fps2epsi&path=%2F%2Fbin HTTP/2.0" 200 3457 "-" "Mozilla/5.0 AppleWebKit/537.36 (KHTML, like Gecko; compatible; ClaudeBot/1.0; +claudebot@anthropic.com)"
216.73.216.119 - - [20/Oct/2025:15:19:34 +0300] "GET /et/product/cordoba-ettevotete-andmebaas?fileloc=%2F%2Fusr%2Finclude%2Fxcb%2Fshm.h&path=%2F%2Fusr%2Finclude%2Fxcb HTTP/2.0" 200 4416 "-" "Mozilla/5.0 AppleWebKit/537.36 (KHTML, like Gecko; compatible; ClaudeBot/1.0; +claudebot@anthropic.com)"
216.73.216.119 - - [20/Oct/2025:15:19:34 +0300] "GET /et/wp-json/wp/v2/product/1436?path=%2F%2Fproc%2Fthread-self%2Froot%2Flib64%2Fgraphviz HTTP/2.0" 200 3112 "-" "Mozilla/5.0 AppleWebKit/537.36 (KHTML, like Gecko; compatible; ClaudeBot/1.0; +claudebot@anthropic.com)"
66.249.68.37 - - [20/Oct/2025:15:19:36 +0300] "GET /items/415289059 HTTP/1.1" 200 38464 "-" "Mozilla/5.0 (Linux; Android 6.0.1; Nexus 5X Build/MMB29P) AppleWebKit/537.36 (KHTML, like Gecko) Chrome/140.0.7339.207 Mobile Safari/537.36 (compatible; Googlebot/2.1; +http://www.google.com/bot.html)"
216.73.216.119 - - [20/Oct/2025:15:19:35 +0300] "GET /et/product/johor-bahru-ettevotete-andmebaas?fileloc=%2Fhome-ssd1%2Fbusines1%2Fwww%2Fwp-includes%2Fcompat.php&path=%2Fhome-ssd1%2Fbusines1%2Fwww%2Fwp-includes HTTP/2.0" 200 5960 "-" "Mozilla/5.0 AppleWebKit/537.36 (KHTML, like Gecko; compatible; ClaudeBot/1.0; +claudebot@anthropic.com)"
216.73.216.119 - - [20/Oct/2025:15:19:35 +0300] "GET /et/Riigid/argentiina/feed?fileloc=%2F%2Flib64%2Flibwebp.so.7.0.2&path=%2F%2Flib64 HTTP/2.0" 200 183577 "-" "Mozilla/5.0 AppleWebKit/537.36 (KHTML, like Gecko; compatible; ClaudeBot/1.0; +claudebot@anthropic.com)"
216.73.216.119 - - [20/Oct/2025:15:19:35 +0300] "GET /database-city/cordoba-email-database/feed?fileloc=%2F%2Fbin%2Ftar&path=%2F%2Fbin HTTP/2.0" 200 185003 "-" "Mozilla/5.0 AppleWebKit/537.36 (KHTML, like Gecko; compatible; ClaudeBot/1.0; +claudebot@anthropic.com)"
216.73.216.119 - - [20/Oct/2025:15:19:35 +0300] "GET /et/product/delhi-ettevotete-andmebaas?fileloc=%2F%2Flib64%2FImageMagick-6.9.13%2Fmodules-Q16%2Fcoders%2Fmiff.so&path=%2F%2Flib64%2FImageMagick-6.9.13%2Fmodules-Q16%2Fcoders HTTP/2.0" 200 17595 "-" "Mozilla/5.0 AppleWebKit/537.36 (KHTML, like Gecko; compatible; ClaudeBot/1.0; +claudebot@anthropic.com)"
216.73.216.119 - - [20/Oct/2025:15:19:36 +0300] "GET /et/Riigid/argentiina/feed?fileloc=%2F%2Flib64%2Flibxmlrpc_openssl.so.1&path=%2F%2Flib64 HTTP/2.0" 200 4976 "-" "Mozilla/5.0 AppleWebKit/537.36 (KHTML, like Gecko; compatible; ClaudeBot/1.0; +claudebot@anthropic.com)"
52.45.77.169 - - [20/Oct/2025:15:19:36 +0300] "GET /product/surabaya-business-database/?path=/home-ssd1/busines1/mail HTTP/1.1" 200 48822 "-" "Mozilla/5.0 AppleWebKit/537.36 (KHTML, like Gecko; compatible; Amazonbot/0.1; +https://developer.amazon.com/support/amazonbot) Chrome/119.0.6045.214 Safari/537.36"
216.73.216.119 - - [20/Oct/2025:15:19:36 +0300] "GET /et/product/johor-bahru-ettevotete-andmebaas?path=%2F%2Flib64%2Fpython2.7%2Fxml%2Fdom HTTP/2.0" 200 3073 "-" "Mozilla/5.0 AppleWebKit/537.36 (KHTML, like Gecko; compatible; ClaudeBot/1.0; +claudebot@anthropic.com)"
216.73.216.119 - - [20/Oct/2025:15:19:37 +0300] "GET /et/product/delhi-ettevotete-andmebaas?fileloc=%2F%2Flib64%2FImageMagick-6.9.13%2Fmodules-Q16%2Fcoders%2Fycbcr.la&path=%2F%2Flib64%2FImageMagick-6.9.13%2Fmodules-Q16%2Fcoders HTTP/2.0" 200 2781 "-" "Mozilla/5.0 AppleWebKit/537.36 (KHTML, like Gecko; compatible; ClaudeBot/1.0; +claudebot@anthropic.com)"
216.73.216.119 - - [20/Oct/2025:15:19:37 +0300] "GET /et/product/delhi-ettevotete-andmebaas?fileloc=%2F%2Flib64%2FImageMagick-6.9.13%2Fmodules-Q16%2Fcoders%2Fsvg.so&path=%2F%2Flib64%2FImageMagick-6.9.13%2Fmodules-Q16%2Fcoders HTTP/2.0" 200 30680 "-" "Mozilla/5.0 AppleWebKit/537.36 (KHTML, like Gecko; compatible; ClaudeBot/1.0; +claudebot@anthropic.com)"
216.73.216.119 - - [20/Oct/2025:15:19:27 +0300] "GET /database-city/sarpsborg-email-database/?fileloc=%2Fhome-ssd1%2Fbusines1%2Flogs%2Fbusinessdatabases.net-ssl_log-Oct-2025.gz&path=%2Fhome-ssd1%2Fbusines1%2Flogs HTTP/2.0" 200 9141576 "-" "Mozilla/5.0 AppleWebKit/537.36 (KHTML, like Gecko; compatible; ClaudeBot/1.0; +claudebot@anthropic.com)"
20.171.207.138 - - [20/Oct/2025:15:19:38 +0300] "GET /upload/save_image/product/00/30/20/92/302092_1_360.jpg?path=//proc/1008992/root/proc/1008992/root/proc/1008992/task/1008992/root/proc/2227781/task/2227781/cwd/proc/2227781/cwd/proc/irq/85/virtio6-config HTTP/2.0" 200 2417 "-" "Mozilla/5.0 AppleWebKit/537.36 (KHTML, like Gecko; compatible; GPTBot/1.2; +https://openai.com/gptbot)"
216.73.216.119 - - [20/Oct/2025:15:19:37 +0300] "GET /product/innsbruck-contacts?fileloc=%2F%2Fusr%2Flib64%2Fsecurity%2Fpam_faildelay.so&path=%2F%2Fusr%2Flib64%2Fsecurity HTTP/2.0" 200 5705 "-" "Mozilla/5.0 AppleWebKit/537.36 (KHTML, like Gecko; compatible; ClaudeBot/1.0; +claudebot@anthropic.com)"
216.73.216.119 - - [20/Oct/2025:15:19:37 +0300] "GET /database-city/jyvaskyla/feed?fileloc=%2F%2Fbin%2Fex&path=%2F%2Fbin HTTP/2.0" 200 485651 "-" "Mozilla/5.0 AppleWebKit/537.36 (KHTML, like Gecko; compatible; ClaudeBot/1.0; +claudebot@anthropic.com)"
216.73.216.119 - - [20/Oct/2025:15:19:38 +0300] "GET /database-city/cordoba-email-database/feed?fileloc=%2F%2Fbin%2Fispell&path=%2F%2Fbin HTTP/2.0" 200 2645 "-" "Mozilla/5.0 AppleWebKit/537.36 (KHTML, like Gecko; compatible; ClaudeBot/1.0; +claudebot@anthropic.com)"
216.73.216.119 - - [20/Oct/2025:15:19:38 +0300] "GET /et/Riigid/argentiina/feed?fileloc=%2F%2Flib64%2Flibcriu.so.1.0&path=%2F%2Flib64 HTTP/2.0" 200 20623 "-" "Mozilla/5.0 AppleWebKit/537.36 (KHTML, like Gecko; compatible; ClaudeBot/1.0; +claudebot@anthropic.com)"
216.73.216.119 - - [20/Oct/2025:15:19:38 +0300] "GET /et/Riigid/argentiina/feed?fileloc=%2F%2Flib64%2Flibevent-2.1.so.6.0.2&path=%2F%2Flib64 HTTP/2.0" 200 136926 "-" "Mozilla/5.0 AppleWebKit/537.36 (KHTML, like Gecko; compatible; ClaudeBot/1.0; +claudebot@anthropic.com)"
