216.73.216.119 - - [20/Oct/2025:15:17:57 +0300] "GET /et/wp-json/wp/v2/product/1372?path=%2F%2Fusr%2Flib%2F.build-id%2Fd4 HTTP/2.0" 200 3138 "-" "Mozilla/5.0 AppleWebKit/537.36 (KHTML, like Gecko; compatible; ClaudeBot/1.0; +claudebot@anthropic.com)"
216.73.216.119 - - [20/Oct/2025:15:17:58 +0300] "GET /et/Riigid/argentiina/feed?fileloc=%2F%2Flib64%2Flibevent_pthreads-2.1.so.6.0.2&path=%2F%2Flib64 HTTP/2.0" 200 5713 "-" "Mozilla/5.0 AppleWebKit/537.36 (KHTML, like Gecko; compatible; ClaudeBot/1.0; +claudebot@anthropic.com)"
66.249.68.38 - - [20/Oct/2025:15:17:59 +0300] "GET /items/911395595 HTTP/1.1" 200 36267 "-" "Mozilla/5.0 (Linux; Android 6.0.1; Nexus 5X Build/MMB29P) AppleWebKit/537.36 (KHTML, like Gecko) Chrome/140.0.7339.207 Mobile Safari/537.36 (compatible; Googlebot/2.1; +http://www.google.com/bot.html)"
216.73.216.119 - - [20/Oct/2025:15:17:58 +0300] "GET /et/Riigid/argentiina/feed?fileloc=%2F%2Flib64%2Flibpangoft2-1.0.so.0.4200.3&path=%2F%2Flib64 HTTP/2.0" 200 33810 "-" "Mozilla/5.0 AppleWebKit/537.36 (KHTML, like Gecko; compatible; ClaudeBot/1.0; +claudebot@anthropic.com)"
216.73.216.119 - - [20/Oct/2025:15:17:58 +0300] "GET /product/montevideo-business-database?path=%2Fhome-ssd1%2Fbusines1%2Fpublic_html%2Fimages%2Fimages HTTP/2.0" 200 2706 "-" "Mozilla/5.0 AppleWebKit/537.36 (KHTML, like Gecko; compatible; ClaudeBot/1.0; +claudebot@anthropic.com)"
216.73.216.119 - - [20/Oct/2025:15:17:59 +0300] "GET /et/Riigid/argentiina/feed?fileloc=%2F%2Flib64%2Flibasprintf.so.0.0.0&path=%2F%2Flib64 HTTP/2.0" 200 5867 "-" "Mozilla/5.0 AppleWebKit/537.36 (KHTML, like Gecko; compatible; ClaudeBot/1.0; +claudebot@anthropic.com)"
20.171.207.138 - - [20/Oct/2025:15:17:59 +0300] "GET /upload/save_image/product/00/30/20/92/302092_1_360.jpg?path=//proc/1008992/root/proc/1008992/root/proc/1008992/task/1008992/root/proc/2227781/task/2227781/cwd/lib64/gtk-2.0/2.10.0 HTTP/2.0" 200 2392 "-" "Mozilla/5.0 AppleWebKit/537.36 (KHTML, like Gecko; compatible; GPTBot/1.2; +https://openai.com/gptbot)"
216.73.216.119 - - [20/Oct/2025:15:17:59 +0300] "GET /et/product/cordoba-ettevotete-andmebaas?fileloc=%2F%2Fusr%2Finclude%2Fxcb%2Frandr.h&path=%2F%2Fusr%2Finclude%2Fxcb HTTP/2.0" 200 12768 "-" "Mozilla/5.0 AppleWebKit/537.36 (KHTML, like Gecko; compatible; ClaudeBot/1.0; +claudebot@anthropic.com)"
44.193.102.198 - - [20/Oct/2025:15:17:59 +0300] "GET /product/tirana-contacts/?path=/home-ssd1/busines1/public_html/cgi-bin HTTP/1.1" 200 14223 "-" "Mozilla/5.0 AppleWebKit/537.36 (KHTML, like Gecko; compatible; Amazonbot/0.1; +https://developer.amazon.com/support/amazonbot) Chrome/119.0.6045.214 Safari/537.36"
20.171.207.35 - - [20/Oct/2025:15:18:00 +0300] "GET /?path=//proc/1040995/root/lib/firmware/qcom/vpu-1.0 HTTP/2.0" 200 2330 "-" "Mozilla/5.0 AppleWebKit/537.36 (KHTML, like Gecko; compatible; GPTBot/1.2; +https://openai.com/gptbot)"
216.73.216.119 - - [20/Oct/2025:15:18:00 +0300] "GET /et/andmebaas-linn/al-ain-email-database-et?path=%2F%2Fhome-ssd1%2Fbusines1%2F.cpanel%2Fplugins HTTP/2.0" 200 2545 "-" "Mozilla/5.0 AppleWebKit/537.36 (KHTML, like Gecko; compatible; ClaudeBot/1.0; +claudebot@anthropic.com)"
216.73.216.119 - - [20/Oct/2025:15:18:00 +0300] "GET /product/innsbruck-contacts?fileloc=%2Fhome-ssd1%2Fbusines1%2Fwww%2Fwp-content%2Fthemes%2Fstorefront%2Fsearch.php&path=%2Fhome-ssd1%2Fbusines1%2Fwww%2Fwp-content%2Fthemes%2Fstorefront HTTP/2.0" 200 2646 "-" "Mozilla/5.0 AppleWebKit/537.36 (KHTML, like Gecko; compatible; ClaudeBot/1.0; +claudebot@anthropic.com)"
216.73.216.119 - - [20/Oct/2025:15:18:00 +0300] "GET /product/innsbruck-contacts?fileloc=%2F%2Flib%2Ftmpfiles.d%2Fhome.conf&path=%2F%2Flib%2Ftmpfiles.d HTTP/2.0" 200 2420 "-" "Mozilla/5.0 AppleWebKit/537.36 (KHTML, like Gecko; compatible; ClaudeBot/1.0; +claudebot@anthropic.com)"
216.73.216.119 - - [20/Oct/2025:15:18:00 +0300] "GET /product/innsbruck-contacts?fileloc=%2F%2Fusr%2Flib64%2Fsecurity%2Fpam_selinux.so&path=%2F%2Fusr%2Flib64%2Fsecurity HTTP/2.0" 200 10014 "-" "Mozilla/5.0 AppleWebKit/537.36 (KHTML, like Gecko; compatible; ClaudeBot/1.0; +claudebot@anthropic.com)"
66.249.68.37 - - [20/Oct/2025:15:18:01 +0300] "GET /items/1533297286 HTTP/1.1" 200 17969 "-" "Mozilla/5.0 (Linux; Android 6.0.1; Nexus 5X Build/MMB29P) AppleWebKit/537.36 (KHTML, like Gecko) Chrome/140.0.7339.207 Mobile Safari/537.36 (compatible; Googlebot/2.1; +http://www.google.com/bot.html)"
216.73.216.119 - - [20/Oct/2025:15:18:00 +0300] "GET /database-city/united-kingtom-email-database?fileloc=%2Fhome-ssd1%2Fbusines1%2Ftmp%2Fwebalizer%2Fusage_202312.html&path=%2Fhome-ssd1%2Fbusines1%2Ftmp%2Fwebalizer HTTP/2.0" 200 13434 "-" "Mozilla/5.0 AppleWebKit/537.36 (KHTML, like Gecko; compatible; ClaudeBot/1.0; +claudebot@anthropic.com)"
216.73.216.119 - - [20/Oct/2025:15:18:01 +0300] "GET /et/wp-json/wp/v2/product/1372?path=%2F%2Fusr%2Flib%2F.build-id%2Ff7 HTTP/2.0" 200 2939 "-" "Mozilla/5.0 AppleWebKit/537.36 (KHTML, like Gecko; compatible; ClaudeBot/1.0; +claudebot@anthropic.com)"
216.73.216.119 - - [20/Oct/2025:15:18:01 +0300] "GET /et/product/argentiina-e-maili-andmebaas?fileloc=%2F%2Fusr%2Flib64%2Ftcl8.6%2FTix8.4.3%2FDirList.tcl&path=%2F%2Fusr%2Flib64%2Ftcl8.6%2FTix8.4.3 HTTP/2.0" 200 4265 "-" "Mozilla/5.0 AppleWebKit/537.36 (KHTML, like Gecko; compatible; ClaudeBot/1.0; +claudebot@anthropic.com)"
216.73.216.119 - - [20/Oct/2025:15:18:01 +0300] "GET /et/wp-json/wp/v2/product/1372?path=%2F%2Fusr%2Flib%2F.build-id%2Fd6 HTTP/2.0" 200 2842 "-" "Mozilla/5.0 AppleWebKit/537.36 (KHTML, like Gecko; compatible; ClaudeBot/1.0; +claudebot@anthropic.com)"
216.73.216.119 - - [20/Oct/2025:15:17:59 +0300] "GET /et/product/valgevene-ettevotete-andmebaas?fileloc=%2F%2Flib64%2Fmysql%2Flibmysqlclient.so.16.0.0&path=%2F%2Flib64%2Fmysql HTTP/2.0" 200 716398 "-" "Mozilla/5.0 AppleWebKit/537.36 (KHTML, like Gecko; compatible; ClaudeBot/1.0; +claudebot@anthropic.com)"
216.73.216.119 - - [20/Oct/2025:15:18:01 +0300] "GET /et/product/fes-ettevotete-andmebaas?path=%2Fhome-ssd1%2Fbusines1%2Fpublic_html%2Fwp-content%2Fuploads%2Fcache HTTP/2.0" 200 2659 "-" "Mozilla/5.0 AppleWebKit/537.36 (KHTML, like Gecko; compatible; ClaudeBot/1.0; +claudebot@anthropic.com)"
20.171.207.138 - - [20/Oct/2025:15:18:02 +0300] "GET /upload/save_image/product/00/30/20/92/302092_1_360.jpg?path=//proc/1008992/root/proc/1008992/root/proc/1008992/task/1008992/root/proc/2227781/task/2227781/cwd/proc/2227781/cwd/lib/firmware/4.18.0-553.54.1.lve.el8.x86_64 HTTP/2.0" 200 2409 "-" "Mozilla/5.0 AppleWebKit/537.36 (KHTML, like Gecko; compatible; GPTBot/1.2; +https://openai.com/gptbot)"
216.73.216.119 - - [20/Oct/2025:15:18:03 +0300] "GET /database-city/sydney?fileloc=%2Fhome-ssd1%2Fbusines1%2Fwww%2Fwp-content%2Flanguages%2Fet-6025add6bde16aaeb12787d250f9b414.json&path=%2Fhome-ssd1%2Fbusines1%2Fwww%2Fwp-content%2Flanguages HTTP/2.0" 200 2665 "-" "Mozilla/5.0 AppleWebKit/537.36 (KHTML, like Gecko; compatible; ClaudeBot/1.0; +claudebot@anthropic.com)"
216.73.216.119 - - [20/Oct/2025:15:18:03 +0300] "GET /product/innsbruck-contacts?fileloc=%2F%2Fusr%2Flib64%2Fxtables%2Flibxt_esp.so&path=%2F%2Fusr%2Flib64%2Fxtables HTTP/2.0" 200 5477 "-" "Mozilla/5.0 AppleWebKit/537.36 (KHTML, like Gecko; compatible; ClaudeBot/1.0; +claudebot@anthropic.com)"
216.73.216.119 - - [20/Oct/2025:15:18:03 +0300] "GET /et/wp-json/wp/v2/product/1372?path=%2F%2Fusr%2Flib%2F.build-id%2Fc4 HTTP/2.0" 200 3173 "-" "Mozilla/5.0 AppleWebKit/537.36 (KHTML, like Gecko; compatible; ClaudeBot/1.0; +claudebot@anthropic.com)"
20.171.207.35 - - [20/Oct/2025:15:18:03 +0300] "GET /?path=//proc/1040995/root/proc/thread-self/root/opt/alt/cyrus-sasl/lib64 HTTP/2.0" 200 2357 "-" "Mozilla/5.0 AppleWebKit/537.36 (KHTML, like Gecko; compatible; GPTBot/1.2; +https://openai.com/gptbot)"
216.73.216.119 - - [20/Oct/2025:15:18:03 +0300] "GET /database-city/vienna?path=%2F%2Fhome-ssd1%2Fbusines1%2F.cphorde HTTP/2.0" 200 2645 "-" "Mozilla/5.0 AppleWebKit/537.36 (KHTML, like Gecko; compatible; ClaudeBot/1.0; +claudebot@anthropic.com)"
216.73.216.119 - - [20/Oct/2025:15:18:03 +0300] "GET /et/wp-json/wp/v2/product/1372?path=%2F%2Fusr%2Flib%2F.build-id%2Fd5 HTTP/2.0" 200 3132 "-" "Mozilla/5.0 AppleWebKit/537.36 (KHTML, like Gecko; compatible; ClaudeBot/1.0; +claudebot@anthropic.com)"
216.73.216.119 - - [20/Oct/2025:15:18:03 +0300] "GET /database-city/sydney?fileloc=%2Fhome-ssd1%2Fbusines1%2Fwww%2Fwp-content%2Flanguages%2Fet-a9dc201dcd011fe71849743133052619.json&path=%2Fhome-ssd1%2Fbusines1%2Fwww%2Fwp-content%2Flanguages HTTP/2.0" 200 2766 "-" "Mozilla/5.0 AppleWebKit/537.36 (KHTML, like Gecko; compatible; ClaudeBot/1.0; +claudebot@anthropic.com)"
52.73.6.26 - - [20/Oct/2025:15:18:03 +0300] "GET /ru/cart-2/?path=/home-ssd1/busines1/public_html/wp-content/uploads HTTP/1.1" 200 66633 "-" "Mozilla/5.0 AppleWebKit/537.36 (KHTML, like Gecko; compatible; Amazonbot/0.1; +https://developer.amazon.com/support/amazonbot) Chrome/119.0.6045.214 Safari/537.36"
216.73.216.119 - - [20/Oct/2025:15:18:03 +0300] "GET /et/andmebaas-linn/al-ain-email-database-et?path=%2F%2Fhome-ssd1%2Fbusines1%2F.wp-cli%2Fcache HTTP/2.0" 200 2544 "-" "Mozilla/5.0 AppleWebKit/537.36 (KHTML, like Gecko; compatible; ClaudeBot/1.0; +claudebot@anthropic.com)"
216.73.216.119 - - [20/Oct/2025:15:18:03 +0300] "GET /et/wp-json/wp/v2/product/1372?path=%2F%2Fusr%2Flib%2F.build-id%2Fa3 HTTP/2.0" 200 3111 "-" "Mozilla/5.0 AppleWebKit/537.36 (KHTML, like Gecko; compatible; ClaudeBot/1.0; +claudebot@anthropic.com)"
216.73.216.119 - - [20/Oct/2025:15:18:04 +0300] "GET /et/product/argentiina-e-maili-andmebaas?fileloc=%2F%2Fusr%2Fshare%2Fautoconf%2FAutom4te%2FFileUtils.pm&path=%2F%2Fusr%2Fshare%2Fautoconf%2FAutom4te HTTP/2.0" 200 6052 "-" "Mozilla/5.0 AppleWebKit/537.36 (KHTML, like Gecko; compatible; ClaudeBot/1.0; +claudebot@anthropic.com)"
216.73.216.119 - - [20/Oct/2025:15:18:04 +0300] "GET /et/product/fes-ettevotete-andmebaas?path=%2Fhome-ssd1%2Fbusines1%2Fpublic_html%2Fwp-content%2Fplugins%2Ffacebook-messenger-customer-chat HTTP/2.0" 200 2964 "-" "Mozilla/5.0 AppleWebKit/537.36 (KHTML, like Gecko; compatible; ClaudeBot/1.0; +claudebot@anthropic.com)"
66.249.68.36 - - [20/Oct/2025:15:18:05 +0300] "GET /items/1310103111 HTTP/1.1" 200 38056 "-" "Mozilla/5.0 (Linux; Android 6.0.1; Nexus 5X Build/MMB29P) AppleWebKit/537.36 (KHTML, like Gecko) Chrome/140.0.7339.207 Mobile Safari/537.36 (compatible; Googlebot/2.1; +http://www.google.com/bot.html)"
216.73.216.119 - - [20/Oct/2025:15:18:04 +0300] "GET /et/product/fes-ettevotete-andmebaas?path=%2Fhome-ssd1%2Fbusines1%2Fpublic_html%2Fwp-content%2Fuploads%2Fwc-logs HTTP/2.0" 200 5272 "-" "Mozilla/5.0 AppleWebKit/537.36 (KHTML, like Gecko; compatible; ClaudeBot/1.0; +claudebot@anthropic.com)"
216.73.216.119 - - [20/Oct/2025:15:18:05 +0300] "GET /et/product/delhi-ettevotete-andmebaas?path=%2Fhome-ssd1%2Fbusines1%2Fpublic_html%2Fwp-content%2Fplugins%2Fcontact-form-7%2Fassets HTTP/2.0" 200 2640 "-" "Mozilla/5.0 AppleWebKit/537.36 (KHTML, like Gecko; compatible; ClaudeBot/1.0; +claudebot@anthropic.com)"
216.73.216.119 - - [20/Oct/2025:15:18:05 +0300] "GET /database-city/sydney?fileloc=%2Fhome-ssd1%2Fbusines1%2Fwww%2Fwp-content%2Flanguages%2Fcontinents-cities-et.po&path=%2Fhome-ssd1%2Fbusines1%2Fwww%2Fwp-content%2Flanguages HTTP/2.0" 200 8953 "-" "Mozilla/5.0 AppleWebKit/537.36 (KHTML, like Gecko; compatible; ClaudeBot/1.0; +claudebot@anthropic.com)"
216.73.216.119 - - [20/Oct/2025:15:18:05 +0300] "GET /et/product/cordoba-ettevotete-andmebaas?fileloc=%2F%2Fusr%2Finclude%2Fasm-generic%2Fioctls.h&path=%2F%2Fusr%2Finclude%2Fasm-generic HTTP/2.0" 200 3691 "-" "Mozilla/5.0 AppleWebKit/537.36 (KHTML, like Gecko; compatible; ClaudeBot/1.0; +claudebot@anthropic.com)"
216.73.216.119 - - [20/Oct/2025:15:18:05 +0300] "GET /database-city/united-kingtom-email-database?fileloc=%2Fhome-ssd1%2Fbusines1%2Ftmp%2Fwebalizer%2Fusage_202311.html&path=%2Fhome-ssd1%2Fbusines1%2Ftmp%2Fwebalizer HTTP/2.0" 200 13046 "-" "Mozilla/5.0 AppleWebKit/537.36 (KHTML, like Gecko; compatible; ClaudeBot/1.0; +claudebot@anthropic.com)"
20.171.207.138 - - [20/Oct/2025:15:18:05 +0300] "GET /upload/save_image/product/00/30/20/92/302092_1_360.jpg?path=//proc/1008992/root/proc/1008992/root/proc/1008992/task/1008992/root/proc/2227781/task/2227781/cwd/proc/2227781/cwd/lib/modules/4.18.0-553.54.1.lve.el8.x86_64 HTTP/2.0" 200 2407 "-" "Mozilla/5.0 AppleWebKit/537.36 (KHTML, like Gecko; compatible; GPTBot/1.2; +https://openai.com/gptbot)"
216.73.216.119 - - [20/Oct/2025:15:18:05 +0300] "GET /database-city/sydney?fileloc=%2Fhome-ssd1%2Fbusines1%2Fwww%2Fwp-content%2Flanguages%2Fru_RU-9b256ea9cd54df92095e04c76758ceb0.json&path=%2Fhome-ssd1%2Fbusines1%2Fwww%2Fwp-content%2Flanguages HTTP/2.0" 200 3013 "-" "Mozilla/5.0 AppleWebKit/537.36 (KHTML, like Gecko; compatible; ClaudeBot/1.0; +claudebot@anthropic.com)"
216.73.216.119 - - [20/Oct/2025:15:18:06 +0300] "GET /et/andmebaas-linn/esch-sur-alzette-et?fileloc=%2Fhome-ssd1%2Fbusines1%2Fpublic_html%2Fwp-content%2Flanguages%2Fet-e2791ba830489d23043be8650a22a22b.json&path=%2Fhome-ssd1%2Fbusines1%2Fpublic_html%2Fwp-content%2Flanguages HTTP/2.0" 200 2561 "-" "Mozilla/5.0 AppleWebKit/537.36 (KHTML, like Gecko; compatible; ClaudeBot/1.0; +claudebot@anthropic.com)"
216.73.216.119 - - [20/Oct/2025:15:18:06 +0300] "GET /et/wp-json/wp/v2/product/1372?path=%2F%2Fusr%2Flib%2F.build-id%2Fda HTTP/2.0" 200 3094 "-" "Mozilla/5.0 AppleWebKit/537.36 (KHTML, like Gecko; compatible; ClaudeBot/1.0; +claudebot@anthropic.com)"
216.73.216.119 - - [20/Oct/2025:15:18:06 +0300] "GET /et/andmebaas-linn/esch-sur-alzette-et?fileloc=%2Fhome-ssd1%2Fbusines1%2Fpublic_html%2Fwp-content%2Flanguages%2Fet-803bf1ce2131e13efc590c1bc47851fc.json&path=%2Fhome-ssd1%2Fbusines1%2Fpublic_html%2Fwp-content%2Flanguages HTTP/2.0" 200 13041 "-" "Mozilla/5.0 AppleWebKit/537.36 (KHTML, like Gecko; compatible; ClaudeBot/1.0; +claudebot@anthropic.com)"
216.73.216.119 - - [20/Oct/2025:15:18:06 +0300] "GET /database-city/sydney?fileloc=%2Fhome-ssd1%2Fbusines1%2Fwww%2Fwp-content%2Flanguages%2Fet-28b3c3d595952907e08d98287077426c.json&path=%2Fhome-ssd1%2Fbusines1%2Fwww%2Fwp-content%2Flanguages HTTP/2.0" 200 2631 "-" "Mozilla/5.0 AppleWebKit/537.36 (KHTML, like Gecko; compatible; ClaudeBot/1.0; +claudebot@anthropic.com)"
20.171.207.35 - - [20/Oct/2025:15:18:06 +0300] "GET /?fileloc=//usr/lib/jvm/jre-11-openjdk-11.0.25.0.9-2.el8.x86_64/legal/java.net.http/ASSEMBLY_EXCEPTION&path=//usr/lib/jvm/jre-11-openjdk-11.0.25.0.9-2.el8.x86_64/legal/java.net.http HTTP/2.0" 200 2983 "-" "Mozilla/5.0 AppleWebKit/537.36 (KHTML, like Gecko; compatible; GPTBot/1.2; +https://openai.com/gptbot)"
216.73.216.119 - - [20/Oct/2025:15:18:06 +0300] "GET /database-city/sydney?fileloc=%2Fhome-ssd1%2Fbusines1%2Fmail%2F.mailbox_format.cpanel%2Fdovecot.index.log&path=%2Fhome-ssd1%2Fbusines1%2Fmail%2F.mailbox_format.cpanel HTTP/2.0" 200 2414 "-" "Mozilla/5.0 AppleWebKit/537.36 (KHTML, like Gecko; compatible; ClaudeBot/1.0; +claudebot@anthropic.com)"
216.73.216.119 - - [20/Oct/2025:15:18:07 +0300] "GET /database-city/sydney?fileloc=%2Fhome-ssd1%2Fbusines1%2Fwww%2Fwp-content%2Flanguages%2Fru_RU-68f2cec7514bf8563c723a4d675fcfe6.json&path=%2Fhome-ssd1%2Fbusines1%2Fwww%2Fwp-content%2Flanguages HTTP/2.0" 200 3612 "-" "Mozilla/5.0 AppleWebKit/537.36 (KHTML, like Gecko; compatible; ClaudeBot/1.0; +claudebot@anthropic.com)"
216.73.216.119 - - [20/Oct/2025:15:18:07 +0300] "GET /et/wp-json/wp/v2/product/1372?path=%2F%2Fusr%2Flib%2F.build-id%2Ff5 HTTP/2.0" 200 2892 "-" "Mozilla/5.0 AppleWebKit/537.36 (KHTML, like Gecko; compatible; ClaudeBot/1.0; +claudebot@anthropic.com)"
216.73.216.119 - - [20/Oct/2025:15:18:07 +0300] "GET /product/nepal-business-database?path=%2F%2Fopt%2Fcpanel%2Flibargon2 HTTP/2.0" 200 2553 "-" "Mozilla/5.0 AppleWebKit/537.36 (KHTML, like Gecko; compatible; ClaudeBot/1.0; +claudebot@anthropic.com)"
216.73.216.119 - - [20/Oct/2025:15:18:07 +0300] "GET /database-city/united-kingtom-email-database?fileloc=%2Fhome-ssd1%2Fbusines1%2Ftmp%2Fwebalizer%2Fusage_202309.html&path=%2Fhome-ssd1%2Fbusines1%2Ftmp%2Fwebalizer HTTP/2.0" 200 13206 "-" "Mozilla/5.0 AppleWebKit/537.36 (KHTML, like Gecko; compatible; ClaudeBot/1.0; +claudebot@anthropic.com)"
54.85.109.140 - - [20/Oct/2025:15:18:07 +0300] "GET /et/product/los-angeles-ettevotete-andmebaas/?path=//etc HTTP/1.1" 200 107190 "-" "Mozilla/5.0 AppleWebKit/537.36 (KHTML, like Gecko; compatible; Amazonbot/0.1; +https://developer.amazon.com/support/amazonbot) Chrome/119.0.6045.214 Safari/537.36"
66.249.68.36 - - [20/Oct/2025:15:18:09 +0300] "GET /items/415267387 HTTP/1.1" 200 37866 "-" "Mozilla/5.0 (Linux; Android 6.0.1; Nexus 5X Build/MMB29P) AppleWebKit/537.36 (KHTML, like Gecko) Chrome/140.0.7339.207 Mobile Safari/537.36 (compatible; Googlebot/2.1; +http://www.google.com/bot.html)"
216.73.216.119 - - [20/Oct/2025:15:18:08 +0300] "GET /et/product/argentiina-e-maili-andmebaas?fileloc=%2Fhome-ssd1%2Fbusines1%2Fwww%2Fwp-includes%2FSimplePie%2Ferror_log&path=%2Fhome-ssd1%2Fbusines1%2Fwww%2Fwp-includes%2FSimplePie HTTP/2.0" 200 3668 "-" "Mozilla/5.0 AppleWebKit/537.36 (KHTML, like Gecko; compatible; ClaudeBot/1.0; +claudebot@anthropic.com)"
216.73.216.119 - - [20/Oct/2025:15:18:08 +0300] "GET /database-city/united-kingtom-email-database?fileloc=%2Fhome-ssd1%2Fbusines1%2Ftmp%2Fwebalizer%2Fusage_202308.html&path=%2Fhome-ssd1%2Fbusines1%2Ftmp%2Fwebalizer HTTP/2.0" 200 8937 "-" "Mozilla/5.0 AppleWebKit/537.36 (KHTML, like Gecko; compatible; ClaudeBot/1.0; +claudebot@anthropic.com)"
216.73.216.119 - - [20/Oct/2025:15:18:08 +0300] "GET /et/wp-json/wp/v2/product/1372?path=%2F%2Fusr%2Flib%2F.build-id%2F90 HTTP/2.0" 200 3215 "-" "Mozilla/5.0 AppleWebKit/537.36 (KHTML, like Gecko; compatible; ClaudeBot/1.0; +claudebot@anthropic.com)"
216.73.216.119 - - [20/Oct/2025:15:18:08 +0300] "GET /et/product/argentiina-e-maili-andmebaas?fileloc=%2F%2Fusr%2Finclude%2Fe2p%2Fe2p.h&path=%2F%2Fusr%2Finclude%2Fe2p HTTP/2.0" 200 3205 "-" "Mozilla/5.0 AppleWebKit/537.36 (KHTML, like Gecko; compatible; ClaudeBot/1.0; +claudebot@anthropic.com)"
216.73.216.119 - - [20/Oct/2025:15:18:08 +0300] "GET /et/product/cordoba-ettevotete-andmebaas?fileloc=%2F%2Fusr%2Finclude%2Fnet%2Fif_shaper.h&path=%2F%2Fusr%2Finclude%2Fnet HTTP/2.0" 200 3049 "-" "Mozilla/5.0 AppleWebKit/537.36 (KHTML, like Gecko; compatible; ClaudeBot/1.0; +claudebot@anthropic.com)"
20.171.207.138 - - [20/Oct/2025:15:18:09 +0300] "GET /upload/save_image/product/00/30/20/92/302092_1_360.jpg?path=//proc/1008992/root/proc/1008992/root/proc/1008992/task/1008992/root/proc/2227781/task/2227781/cwd/proc/2227781/cwd/opt/alt/python310/lib64/python3.10/http HTTP/2.0" 200 2445 "-" "Mozilla/5.0 AppleWebKit/537.36 (KHTML, like Gecko; compatible; GPTBot/1.2; +https://openai.com/gptbot)"
216.73.216.119 - - [20/Oct/2025:15:18:08 +0300] "GET /product/innsbruck-contacts?fileloc=%2F%2Fusr%2Flib64%2Fxtables%2Flibxt_owner.so&path=%2F%2Fusr%2Flib64%2Fxtables HTTP/2.0" 200 7651 "-" "Mozilla/5.0 AppleWebKit/537.36 (KHTML, like Gecko; compatible; ClaudeBot/1.0; +claudebot@anthropic.com)"
216.73.216.119 - - [20/Oct/2025:15:18:09 +0300] "GET /et/wp-json/wp/v2/product/1372?path=%2F%2Fusr%2Flib%2F.build-id%2Fc6 HTTP/2.0" 200 3205 "-" "Mozilla/5.0 AppleWebKit/537.36 (KHTML, like Gecko; compatible; ClaudeBot/1.0; +claudebot@anthropic.com)"
216.73.216.119 - - [20/Oct/2025:15:18:09 +0300] "GET /database-city/sydney?fileloc=%2Fhome-ssd1%2Fbusines1%2Fwww%2Fwp-content%2Flanguages%2Ffi-e2791ba830489d23043be8650a22a22b.json&path=%2Fhome-ssd1%2Fbusines1%2Fwww%2Fwp-content%2Flanguages HTTP/2.0" 200 2555 "-" "Mozilla/5.0 AppleWebKit/537.36 (KHTML, like Gecko; compatible; ClaudeBot/1.0; +claudebot@anthropic.com)"
66.249.68.36 - - [20/Oct/2025:15:18:10 +0300] "GET /items/850979309 HTTP/1.1" 200 37416 "-" "Mozilla/5.0 (Linux; Android 6.0.1; Nexus 5X Build/MMB29P) AppleWebKit/537.36 (KHTML, like Gecko) Chrome/140.0.7339.207 Mobile Safari/537.36 (compatible; Googlebot/2.1; +http://www.google.com/bot.html)"
20.171.207.35 - - [20/Oct/2025:15:18:09 +0300] "GET /?fileloc=//usr/lib/jvm/jre-11-openjdk-11.0.25.0.9-2.el8.x86_64/legal/jdk.net/ADDITIONAL_LICENSE_INFO&path=//usr/lib/jvm/jre-11-openjdk-11.0.25.0.9-2.el8.x86_64/legal/jdk.net HTTP/2.0" 200 3187 "-" "Mozilla/5.0 AppleWebKit/537.36 (KHTML, like Gecko; compatible; GPTBot/1.2; +https://openai.com/gptbot)"
216.73.216.119 - - [20/Oct/2025:15:18:09 +0300] "GET /et/andmebaas-linn/esch-sur-alzette-et?fileloc=%2Fhome-ssd1%2Fbusines1%2Fpublic_html%2Fwp-content%2Flanguages%2Fet-4bfa11da57ff2600004bb500368247f4.json&path=%2Fhome-ssd1%2Fbusines1%2Fpublic_html%2Fwp-content%2Flanguages HTTP/2.0" 200 2630 "-" "Mozilla/5.0 AppleWebKit/537.36 (KHTML, like Gecko; compatible; ClaudeBot/1.0; +claudebot@anthropic.com)"
216.73.216.119 - - [20/Oct/2025:15:18:09 +0300] "GET /database-city/sydney?fileloc=%2Fhome-ssd1%2Fbusines1%2Fwww%2Fwp-content%2Flanguages%2Fru_RU-4a38fe1c0c45989e44682ba6109d9f46.json&path=%2Fhome-ssd1%2Fbusines1%2Fwww%2Fwp-content%2Flanguages HTTP/2.0" 200 3213 "-" "Mozilla/5.0 AppleWebKit/537.36 (KHTML, like Gecko; compatible; ClaudeBot/1.0; +claudebot@anthropic.com)"
216.73.216.119 - - [20/Oct/2025:15:18:10 +0300] "GET /et/product/johor-bahru-ettevotete-andmebaas?fileloc=%2F%2Fvar%2Flve%2Fphp.dat.d%2Fphpnative.dat&path=%2F%2Fvar%2Flve%2Fphp.dat.d HTTP/2.0" 200 2500 "-" "Mozilla/5.0 AppleWebKit/537.36 (KHTML, like Gecko; compatible; ClaudeBot/1.0; +claudebot@anthropic.com)"
216.73.216.119 - - [20/Oct/2025:15:18:10 +0300] "GET /et/wp-json/wp/v2/product/1543?path=%2Fhome-ssd1%2Fbusines1%2Fpublic_html%2F.well-known%2Facme-challenge HTTP/2.0" 200 2582 "-" "Mozilla/5.0 AppleWebKit/537.36 (KHTML, like Gecko; compatible; ClaudeBot/1.0; +claudebot@anthropic.com)"
216.73.216.119 - - [20/Oct/2025:15:18:10 +0300] "GET /et/andmebaas-linn/al-ain-email-database-et?path=%2F%2Flib64%2Fperl5%2FSys HTTP/2.0" 200 2545 "-" "Mozilla/5.0 AppleWebKit/537.36 (KHTML, like Gecko; compatible; ClaudeBot/1.0; +claudebot@anthropic.com)"
216.73.216.119 - - [20/Oct/2025:15:18:10 +0300] "GET /database-city/sydney?fileloc=%2Fhome-ssd1%2Fbusines1%2Fwww%2Fwp-content%2Flanguages%2Ffi-803bf1ce2131e13efc590c1bc47851fc.json&path=%2Fhome-ssd1%2Fbusines1%2Fwww%2Fwp-content%2Flanguages HTTP/2.0" 200 15083 "-" "Mozilla/5.0 AppleWebKit/537.36 (KHTML, like Gecko; compatible; ClaudeBot/1.0; +claudebot@anthropic.com)"
216.73.216.119 - - [20/Oct/2025:15:18:10 +0300] "GET /et/andmebaas-linn/esch-sur-alzette-et?fileloc=%2Fhome-ssd1%2Fbusines1%2Fpublic_html%2Fwp-content%2Flanguages%2Fet-ca28138671823450e87dfd354f7afc6b.json&path=%2Fhome-ssd1%2Fbusines1%2Fpublic_html%2Fwp-content%2Flanguages HTTP/2.0" 200 2547 "-" "Mozilla/5.0 AppleWebKit/537.36 (KHTML, like Gecko; compatible; ClaudeBot/1.0; +claudebot@anthropic.com)"
216.73.216.119 - - [20/Oct/2025:15:18:11 +0300] "GET /et/Riigid/argentiina/feed?fileloc=%2F%2Flib64%2Flibauparse.so.0.0.0&path=%2F%2Flib64 HTTP/2.0" 200 57308 "-" "Mozilla/5.0 AppleWebKit/537.36 (KHTML, like Gecko; compatible; ClaudeBot/1.0; +claudebot@anthropic.com)"
216.73.216.119 - - [20/Oct/2025:15:18:11 +0300] "GET /et/Riigid/argentiina/feed?fileloc=%2F%2Flib64%2Flibpath_utils.so.1&path=%2F%2Flib64 HTTP/2.0" 200 8106 "-" "Mozilla/5.0 AppleWebKit/537.36 (KHTML, like Gecko; compatible; ClaudeBot/1.0; +claudebot@anthropic.com)"
216.73.216.119 - - [20/Oct/2025:15:18:11 +0300] "GET /et/wp-json/wp/v2/product_cat/1108?path=%2F%2Flib%2Fjvm HTTP/2.0" 200 2748 "-" "Mozilla/5.0 AppleWebKit/537.36 (KHTML, like Gecko; compatible; ClaudeBot/1.0; +claudebot@anthropic.com)"
216.73.216.119 - - [20/Oct/2025:15:18:11 +0300] "GET /product/innsbruck-contacts?fileloc=%2F%2Fusr%2Flib64%2Fxtables%2Flibxt_NFQUEUE.so&path=%2F%2Fusr%2Flib64%2Fxtables HTTP/2.0" 200 6572 "-" "Mozilla/5.0 AppleWebKit/537.36 (KHTML, like Gecko; compatible; ClaudeBot/1.0; +claudebot@anthropic.com)"
216.73.216.119 - - [20/Oct/2025:15:18:11 +0300] "GET /et/andmebaas-linn/esch-sur-alzette-et?fileloc=%2Fhome-ssd1%2Fbusines1%2Fpublic_html%2Fwp-content%2Flanguages%2Fet-2c5d274ea625dd91556554ad82901529.json&path=%2Fhome-ssd1%2Fbusines1%2Fpublic_html%2Fwp-content%2Flanguages HTTP/2.0" 200 2494 "-" "Mozilla/5.0 AppleWebKit/537.36 (KHTML, like Gecko; compatible; ClaudeBot/1.0; +claudebot@anthropic.com)"
216.73.216.119 - - [20/Oct/2025:15:18:14 +0300] "GET /fi/database-city/antwerpen-fi?fileloc=%2Fhome-ssd1%2Fbusines1%2Fpublic_html%2Fwp-content%2Fuploads%2F2023%2F01%2FPHI-100x100.png&path=%2Fhome-ssd1%2Fbusines1%2Fpublic_html%2Fwp-content%2Fuploads%2F2023%2F01 HTTP/2.0" 500 1 "-" "Mozilla/5.0 AppleWebKit/537.36 (KHTML, like Gecko; compatible; ClaudeBot/1.0; +claudebot@anthropic.com)"
20.171.207.138 - - [20/Oct/2025:15:18:12 +0300] "GET /upload/save_image/product/00/30/20/92/302092_1_360.jpg?path=//proc/1008992/root/proc/1008992/root/proc/1008992/task/1008992/root/proc/2227781/task/2227781/cwd/proc/2227781/cwd/usr/include/libxml2 HTTP/2.0" 200 2409 "-" "Mozilla/5.0 AppleWebKit/537.36 (KHTML, like Gecko; compatible; GPTBot/1.2; +https://openai.com/gptbot)"
34.225.87.80 - - [20/Oct/2025:15:18:12 +0300] "GET /product/toulouse-contacts/?path=/home-ssd1/busines1/public_html/cgi-bin HTTP/1.1" 200 14223 "-" "Mozilla/5.0 AppleWebKit/537.36 (KHTML, like Gecko; compatible; Amazonbot/0.1; +https://developer.amazon.com/support/amazonbot) Chrome/119.0.6045.214 Safari/537.36"
66.249.68.36 - - [20/Oct/2025:15:18:13 +0300] "GET /items/415277199 HTTP/1.1" 200 37199 "-" "Mozilla/5.0 (Linux; Android 6.0.1; Nexus 5X Build/MMB29P) AppleWebKit/537.36 (KHTML, like Gecko) Chrome/140.0.7339.207 Mobile Safari/537.36 (compatible; Googlebot/2.1; +http://www.google.com/bot.html)"
216.73.216.119 - - [20/Oct/2025:15:18:12 +0300] "GET /et/product/argentiina-e-maili-andmebaas?fileloc=%2F%2Fusr%2Finclude%2Fdrm%2Fv3d_drm.h&path=%2F%2Fusr%2Finclude%2Fdrm HTTP/2.0" 200 6621 "-" "Mozilla/5.0 AppleWebKit/537.36 (KHTML, like Gecko; compatible; ClaudeBot/1.0; +claudebot@anthropic.com)"
20.171.207.35 - - [20/Oct/2025:15:18:12 +0300] "GET /?fileloc=//usr/lib/jvm/java-11-openjdk-11.0.25.0.9-2.el8.x86_64/legal/jdk.net/ADDITIONAL_LICENSE_INFO&path=//usr/lib/jvm/java-11-openjdk-11.0.25.0.9-2.el8.x86_64/legal/jdk.net HTTP/2.0" 200 3188 "-" "Mozilla/5.0 AppleWebKit/537.36 (KHTML, like Gecko; compatible; GPTBot/1.2; +https://openai.com/gptbot)"
216.73.216.119 - - [20/Oct/2025:15:18:12 +0300] "GET /et/wp-json/wp/v2/product/1382?fileloc=%2F%2Fusr%2Flib64%2Flibgvpr.so.2&path=%2F%2Fusr%2Flib64 HTTP/2.0" 200 169290 "-" "Mozilla/5.0 AppleWebKit/537.36 (KHTML, like Gecko; compatible; ClaudeBot/1.0; +claudebot@anthropic.com)"
216.73.216.119 - - [20/Oct/2025:15:18:13 +0300] "GET /et/product/argentiina-e-maili-andmebaas?fileloc=%2F%2Fusr%2Finclude%2Fdrm%2Fqxl_drm.h&path=%2F%2Fusr%2Finclude%2Fdrm HTTP/2.0" 200 3870 "-" "Mozilla/5.0 AppleWebKit/537.36 (KHTML, like Gecko; compatible; ClaudeBot/1.0; +claudebot@anthropic.com)"
216.73.216.119 - - [20/Oct/2025:15:18:13 +0300] "GET /countries/portugal?fileloc=%2F%2Flib64%2Flibpcrecpp.so.0&path=%2F%2Flib64 HTTP/2.0" 200 17375 "-" "Mozilla/5.0 AppleWebKit/537.36 (KHTML, like Gecko; compatible; ClaudeBot/1.0; +claudebot@anthropic.com)"
216.73.216.119 - - [20/Oct/2025:15:18:12 +0300] "GET /et/wp-json/wp/v2/product/1382?fileloc=%2F%2Fusr%2Flib64%2Flibnl-nf-3.so.200&path=%2F%2Fusr%2Flib64 HTTP/2.0" 200 33464 "-" "Mozilla/5.0 AppleWebKit/537.36 (KHTML, like Gecko; compatible; ClaudeBot/1.0; +claudebot@anthropic.com)"
216.73.216.119 - - [20/Oct/2025:15:18:13 +0300] "GET /database-city/sao-paulo?path=%2F%2Fproc%2Fthread-self%2Fcwd HTTP/2.0" 200 3649 "-" "Mozilla/5.0 AppleWebKit/537.36 (KHTML, like Gecko; compatible; ClaudeBot/1.0; +claudebot@anthropic.com)"
216.73.216.119 - - [20/Oct/2025:15:18:13 +0300] "GET /et/wp-json/wp/v2/product/1793?path=%2F%2Flib64%2Fpython3.6%2Femail%2Fmime%2F__pycache__ HTTP/2.0" 200 3124 "-" "Mozilla/5.0 AppleWebKit/537.36 (KHTML, like Gecko; compatible; ClaudeBot/1.0; +claudebot@anthropic.com)"
216.73.216.119 - - [20/Oct/2025:15:18:13 +0300] "GET /et/product/argentiina-e-maili-andmebaas?fileloc=%2F%2Fusr%2Flib64%2Ftcl8.6%2FTix8.4.3%2FLabEntry.tcl&path=%2F%2Fusr%2Flib64%2Ftcl8.6%2FTix8.4.3 HTTP/2.0" 200 3077 "-" "Mozilla/5.0 AppleWebKit/537.36 (KHTML, like Gecko; compatible; ClaudeBot/1.0; +claudebot@anthropic.com)"
216.73.216.119 - - [20/Oct/2025:15:18:14 +0300] "GET /database-city/jyvaskyla/?path=%2F%2Flib%2Flocale%2Fen_GB.utf8 HTTP/2.0" 200 2956 "-" "Mozilla/5.0 AppleWebKit/537.36 (KHTML, like Gecko; compatible; ClaudeBot/1.0; +claudebot@anthropic.com)"
216.73.216.119 - - [20/Oct/2025:15:18:14 +0300] "GET /countries/portugal?path=%2F%2Flib64%2Flibnfsidmap HTTP/2.0" 200 2648 "-" "Mozilla/5.0 AppleWebKit/537.36 (KHTML, like Gecko; compatible; ClaudeBot/1.0; +claudebot@anthropic.com)"
216.73.216.119 - - [20/Oct/2025:15:18:14 +0300] "GET /et/product/rumeenia-ettevotete-andmebaas?fileloc=%2F%2Flib64%2Fpython2.7%2FcProfile.pyo&path=%2F%2Flib64%2Fpython2.7 HTTP/2.0" 200 5133 "-" "Mozilla/5.0 AppleWebKit/537.36 (KHTML, like Gecko; compatible; ClaudeBot/1.0; +claudebot@anthropic.com)"
66.249.68.36 - - [20/Oct/2025:15:18:15 +0300] "GET /items/1310155850 HTTP/1.1" 200 17728 "-" "Mozilla/5.0 (Linux; Android 6.0.1; Nexus 5X Build/MMB29P) AppleWebKit/537.36 (KHTML, like Gecko) Chrome/140.0.7339.207 Mobile Safari/537.36 (compatible; Googlebot/2.1; +http://www.google.com/bot.html)"
20.171.207.138 - - [20/Oct/2025:15:18:15 +0300] "GET /upload/save_image/product/00/30/20/92/302092_1_360.jpg?path=//proc/1008992/root/proc/1008992/root/proc/1008992/task/1008992/root/proc/2227781/task/2227781/cwd/proc/2227781/root/usr/lib64/python2.7/compiler HTTP/2.0" 200 2431 "-" "Mozilla/5.0 AppleWebKit/537.36 (KHTML, like Gecko; compatible; GPTBot/1.2; +https://openai.com/gptbot)"
216.73.216.119 - - [20/Oct/2025:15:18:15 +0300] "GET /et/andmebaas-linn/al-ain-email-database-et?fileloc=%2F%2Fusr%2Flib64%2Flibisccfg.so.163&path=%2F%2Fusr%2Flib64 HTTP/2.0" 200 50772 "-" "Mozilla/5.0 AppleWebKit/537.36 (KHTML, like Gecko; compatible; ClaudeBot/1.0; +claudebot@anthropic.com)"
216.73.216.119 - - [20/Oct/2025:15:18:15 +0300] "GET /et/andmebaas-linn/al-ain-email-database-et?path=%2F%2Flib%2Flocale%2Fen_US.utf8 HTTP/2.0" 200 2956 "-" "Mozilla/5.0 AppleWebKit/537.36 (KHTML, like Gecko; compatible; ClaudeBot/1.0; +claudebot@anthropic.com)"
216.73.216.119 - - [20/Oct/2025:15:18:15 +0300] "GET /database-city/sydney?fileloc=%2Fhome-ssd1%2Fbusines1%2Fwww%2Fwp-content%2Flanguages%2Fru_RU-f575f481034e90e21d832e415fd95fcf.json&path=%2Fhome-ssd1%2Fbusines1%2Fwww%2Fwp-content%2Flanguages HTTP/2.0" 200 2706 "-" "Mozilla/5.0 AppleWebKit/537.36 (KHTML, like Gecko; compatible; ClaudeBot/1.0; +claudebot@anthropic.com)"
216.73.216.119 - - [20/Oct/2025:15:18:15 +0300] "GET /et/Riigid/argentiina/feed?path=%2F%2Flib%2Fmodules HTTP/2.0" 200 2587 "-" "Mozilla/5.0 AppleWebKit/537.36 (KHTML, like Gecko; compatible; ClaudeBot/1.0; +claudebot@anthropic.com)"
216.73.216.119 - - [20/Oct/2025:15:18:15 +0300] "GET /et/product/johor-bahru-ettevotete-andmebaas?fileloc=%2F%2Fvar%2Flve%2Fphp.dat.d%2Fphp5.4.dat&path=%2F%2Fvar%2Flve%2Fphp.dat.d HTTP/2.0" 200 2398 "-" "Mozilla/5.0 AppleWebKit/537.36 (KHTML, like Gecko; compatible; ClaudeBot/1.0; +claudebot@anthropic.com)"
216.73.216.119 - - [20/Oct/2025:15:18:15 +0300] "GET /ru/database-city/antwerpen-ru?path=%2Fhome-ssd1%2Fbusines1%2Fmail%2F.mailbox_format.cpanel%2Fnew HTTP/2.0" 200 2320 "-" "Mozilla/5.0 AppleWebKit/537.36 (KHTML, like Gecko; compatible; ClaudeBot/1.0; +claudebot@anthropic.com)"
216.73.216.119 - - [20/Oct/2025:15:18:15 +0300] "GET /et/Riigid/hiina?path=%2Fhome-ssd1%2Fbusines1%2Fpublic_html%2F.well-known%2Facme-challenge HTTP/2.0" 200 2582 "-" "Mozilla/5.0 AppleWebKit/537.36 (KHTML, like Gecko; compatible; ClaudeBot/1.0; +claudebot@anthropic.com)"
34.202.88.37 - - [20/Oct/2025:15:18:15 +0300] "GET /database-city/minsk/?path=/home-ssd1/busines1/public_html/wp-includes HTTP/1.1" 200 446054 "-" "Mozilla/5.0 AppleWebKit/537.36 (KHTML, like Gecko; compatible; Amazonbot/0.1; +https://developer.amazon.com/support/amazonbot) Chrome/119.0.6045.214 Safari/537.36"
216.73.216.119 - - [20/Oct/2025:15:18:16 +0300] "GET /et/wp-json/wp/v2/product/1372?path=%2F%2Fusr%2Flib%2F.build-id%2Fd2 HTTP/2.0" 200 2952 "-" "Mozilla/5.0 AppleWebKit/537.36 (KHTML, like Gecko; compatible; ClaudeBot/1.0; +claudebot@anthropic.com)"
216.73.216.119 - - [20/Oct/2025:15:18:16 +0300] "GET /terms-and-conditions?fileloc=%2F%2Flib%2Fsendmail&path=%2F%2Flib HTTP/2.0" 200 2751 "-" "Mozilla/5.0 AppleWebKit/537.36 (KHTML, like Gecko; compatible; ClaudeBot/1.0; +claudebot@anthropic.com)"
20.171.207.35 - - [20/Oct/2025:15:18:15 +0300] "GET /?fileloc=//usr/lib/jvm/java-11-openjdk-11.0.25.0.9-2.el8.x86_64/legal/java.net.http/ASSEMBLY_EXCEPTION&path=//usr/lib/jvm/java-11-openjdk-11.0.25.0.9-2.el8.x86_64/legal/java.net.http HTTP/2.0" 200 2981 "-" "Mozilla/5.0 AppleWebKit/537.36 (KHTML, like Gecko; compatible; GPTBot/1.2; +https://openai.com/gptbot)"
216.73.216.119 - - [20/Oct/2025:15:18:16 +0300] "GET /product/innsbruck-contacts?fileloc=%2F%2Fusr%2Flib64%2Fgawk%2Finplace.so&path=%2F%2Fusr%2Flib64%2Fgawk HTTP/2.0" 200 7163 "-" "Mozilla/5.0 AppleWebKit/537.36 (KHTML, like Gecko; compatible; ClaudeBot/1.0; +claudebot@anthropic.com)"
216.73.216.119 - - [20/Oct/2025:15:18:17 +0300] "GET /database-city/sydney?fileloc=%2Fhome-ssd1%2Fbusines1%2Fmail%2F.mailbox_format.cpanel%2Fdovecot-uidlist&path=%2Fhome-ssd1%2Fbusines1%2Fmail%2F.mailbox_format.cpanel HTTP/2.0" 200 2308 "-" "Mozilla/5.0 AppleWebKit/537.36 (KHTML, like Gecko; compatible; ClaudeBot/1.0; +claudebot@anthropic.com)"
216.73.216.119 - - [20/Oct/2025:15:18:17 +0300] "GET /et/Riigid/argentiina/feed?fileloc=%2F%2Flib64%2Flibquadmath.so.0.0.0&path=%2F%2Flib64 HTTP/2.0" 200 124223 "-" "Mozilla/5.0 AppleWebKit/537.36 (KHTML, like Gecko; compatible; ClaudeBot/1.0; +claudebot@anthropic.com)"
216.73.216.119 - - [20/Oct/2025:15:18:17 +0300] "GET /database-city/sydney?fileloc=%2Fhome-ssd1%2Fbusines1%2Fwww%2Fwp-content%2Flanguages%2Fru_RU-f70806bf0c7d62f2908bd5a1c3fe4efc.json&path=%2Fhome-ssd1%2Fbusines1%2Fwww%2Fwp-content%2Flanguages HTTP/2.0" 200 2828 "-" "Mozilla/5.0 AppleWebKit/537.36 (KHTML, like Gecko; compatible; ClaudeBot/1.0; +claudebot@anthropic.com)"
216.73.216.119 - - [20/Oct/2025:15:18:18 +0300] "GET /database-city/liechtenstein-email-database?fileloc=%2F%2Fproc%2Fnet%2Ftcp6&path=%2F%2Fproc%2Fnet HTTP/2.0" 403 3655 "-" "Mozilla/5.0 AppleWebKit/537.36 (KHTML, like Gecko; compatible; ClaudeBot/1.0; +claudebot@anthropic.com)"
216.73.216.119 - - [20/Oct/2025:15:18:17 +0300] "GET /et/wp-json/wp/v2/product/1372?path=%2F%2Fusr%2Flib%2F.build-id%2Fc9 HTTP/2.0" 200 3131 "-" "Mozilla/5.0 AppleWebKit/537.36 (KHTML, like Gecko; compatible; ClaudeBot/1.0; +claudebot@anthropic.com)"
66.249.68.36 - - [20/Oct/2025:15:18:19 +0300] "GET /items/1310135749 HTTP/1.1" 200 36981 "-" "Mozilla/5.0 (Linux; Android 6.0.1; Nexus 5X Build/MMB29P) AppleWebKit/537.36 (KHTML, like Gecko) Chrome/140.0.7339.207 Mobile Safari/537.36 (compatible; Googlebot/2.1; +http://www.google.com/bot.html)"
216.73.216.119 - - [20/Oct/2025:15:18:18 +0300] "GET /et/andmebaas-linn/al-ain-email-database-et?fileloc=%2F%2Flib%2Ftmpfiles.d%2Fman-db.conf&path=%2F%2Flib%2Ftmpfiles.d HTTP/2.0" 200 2253 "-" "Mozilla/5.0 AppleWebKit/537.36 (KHTML, like Gecko; compatible; ClaudeBot/1.0; +claudebot@anthropic.com)"
216.73.216.119 - - [20/Oct/2025:15:18:18 +0300] "GET /et/product/argentiina-e-maili-andmebaas?fileloc=%2F%2Fusr%2Flib64%2Ftcl8.6%2FTix8.4.3%2FpkgIndex.tcl&path=%2F%2Fusr%2Flib64%2Ftcl8.6%2FTix8.4.3 HTTP/2.0" 200 2333 "-" "Mozilla/5.0 AppleWebKit/537.36 (KHTML, like Gecko; compatible; ClaudeBot/1.0; +claudebot@anthropic.com)"
216.73.216.119 - - [20/Oct/2025:15:18:18 +0300] "GET /database-city/sydney?fileloc=%2Fhome-ssd1%2Fbusines1%2Fwww%2Fwp-content%2Flanguages%2Ffi-4bfa11da57ff2600004bb500368247f4.json&path=%2Fhome-ssd1%2Fbusines1%2Fwww%2Fwp-content%2Flanguages HTTP/2.0" 200 2632 "-" "Mozilla/5.0 AppleWebKit/537.36 (KHTML, like Gecko; compatible; ClaudeBot/1.0; +claudebot@anthropic.com)"
216.73.216.119 - - [20/Oct/2025:15:18:18 +0300] "GET /et/wp-json/wp/v2/product/1372?path=%2F%2Fusr%2Flib%2F.build-id%2Fd3 HTTP/2.0" 200 2949 "-" "Mozilla/5.0 AppleWebKit/537.36 (KHTML, like Gecko; compatible; ClaudeBot/1.0; +claudebot@anthropic.com)"
20.171.207.138 - - [20/Oct/2025:15:18:18 +0300] "GET /upload/save_image/product/00/30/20/92/302092_1_360.jpg?path=//proc/1008992/root/proc/1008992/root/proc/1008992/task/1008992/root/proc/2227781/task/2227781/cwd/proc/2227781/cwd/opt/alt/python310/lib64/python3.10/ctypes HTTP/2.0" 200 2447 "-" "Mozilla/5.0 AppleWebKit/537.36 (KHTML, like Gecko; compatible; GPTBot/1.2; +https://openai.com/gptbot)"
216.73.216.119 - - [20/Oct/2025:15:18:18 +0300] "GET /et/andmebaas-linn/al-ain-email-database-et?path=%2F%2Fusr%2Flib64%2Fgirepository-1.0 HTTP/2.0" 200 3548 "-" "Mozilla/5.0 AppleWebKit/537.36 (KHTML, like Gecko; compatible; ClaudeBot/1.0; +claudebot@anthropic.com)"
20.171.207.35 - - [20/Oct/2025:15:18:18 +0300] "GET /?fileloc=//lib/jvm/java-11-openjdk-11.0.25.0.9-2.el8.x86_64/legal/java.net.http/ASSEMBLY_EXCEPTION&path=//lib/jvm/java-11-openjdk-11.0.25.0.9-2.el8.x86_64/legal/java.net.http HTTP/2.0" 200 2971 "-" "Mozilla/5.0 AppleWebKit/537.36 (KHTML, like Gecko; compatible; GPTBot/1.2; +https://openai.com/gptbot)"
216.73.216.119 - - [20/Oct/2025:15:18:19 +0300] "GET /et/product/lyon-ettevotete-andmebaas?path=%2Fhome-ssd1%2Fbusines1%2Fpublic_html%2Fwp-content%2Fplugins%2Fwoo-payment-gateway-paysera%2Fassets HTTP/2.0" 200 2676 "-" "Mozilla/5.0 AppleWebKit/537.36 (KHTML, like Gecko; compatible; ClaudeBot/1.0; +claudebot@anthropic.com)"
44.193.115.232 - - [20/Oct/2025:15:18:20 +0300] "GET /product/gdansk-contacts/?path=/ HTTP/1.1" 200 31679 "-" "Mozilla/5.0 AppleWebKit/537.36 (KHTML, like Gecko; compatible; Amazonbot/0.1; +https://developer.amazon.com/support/amazonbot) Chrome/119.0.6045.214 Safari/537.36"
216.73.216.119 - - [20/Oct/2025:15:18:20 +0300] "GET /et/wp-json/wp/v2/product/1372?path=%2F%2Flib64%2Fgssproxy HTTP/2.0" 200 2542 "-" "Mozilla/5.0 AppleWebKit/537.36 (KHTML, like Gecko; compatible; ClaudeBot/1.0; +claudebot@anthropic.com)"
216.73.216.119 - - [20/Oct/2025:15:18:20 +0300] "GET /et/wp-json/oembed/1.0/embed?path=%2F%2Fvar HTTP/2.0" 200 2794 "-" "Mozilla/5.0 AppleWebKit/537.36 (KHTML, like Gecko; compatible; ClaudeBot/1.0; +claudebot@anthropic.com)"
216.73.216.119 - - [20/Oct/2025:15:18:20 +0300] "GET /database-city/vienna?fileloc=%2F%2Flib64%2Fsw%2Flibruntime.so.1.0&path=%2F%2Flib64%2Fsw HTTP/2.0" 200 20233 "-" "Mozilla/5.0 AppleWebKit/537.36 (KHTML, like Gecko; compatible; ClaudeBot/1.0; +claudebot@anthropic.com)"
216.73.216.119 - - [20/Oct/2025:15:18:20 +0300] "GET /et/product/lodz-ettevotete-andmebaas?fileloc=%2Fhome-ssd1%2Fbusines1%2Fpublic_html%2Findex.php&path=%2Fhome-ssd1%2Fbusines1%2Fpublic_html HTTP/2.0" 200 15327 "-" "Mozilla/5.0 AppleWebKit/537.36 (KHTML, like Gecko; compatible; ClaudeBot/1.0; +claudebot@anthropic.com)"
216.73.216.119 - - [20/Oct/2025:15:18:20 +0300] "GET /et/andmebaas-linn/al-ain-email-database-et?fileloc=%2F%2Fusr%2Flib64%2Flibnl-genl-3.so.200&path=%2F%2Fusr%2Flib64 HTTP/2.0" 200 12130 "-" "Mozilla/5.0 AppleWebKit/537.36 (KHTML, like Gecko; compatible; ClaudeBot/1.0; +claudebot@anthropic.com)"
216.73.216.119 - - [20/Oct/2025:15:18:20 +0300] "GET /countries/portugal?path=%2F%2Flib%2Foracle HTTP/2.0" 200 2513 "-" "Mozilla/5.0 AppleWebKit/537.36 (KHTML, like Gecko; compatible; ClaudeBot/1.0; +claudebot@anthropic.com)"
216.73.216.119 - - [20/Oct/2025:15:18:20 +0300] "GET /et/wp-json/wp/v2/product/1372?path=%2F%2Fusr%2Flib%2F.build-id%2Fc3 HTTP/2.0" 200 3048 "-" "Mozilla/5.0 AppleWebKit/537.36 (KHTML, like Gecko; compatible; ClaudeBot/1.0; +claudebot@anthropic.com)"
216.73.216.119 - - [20/Oct/2025:15:18:20 +0300] "GET /et/wp-json/wp/v2/product/1372?path=%2Fhome-ssd1%2Fbusines1%2Fmail%2F.info%40businessdatabases_net%2Fnew HTTP/2.0" 200 2615 "-" "Mozilla/5.0 AppleWebKit/537.36 (KHTML, like Gecko; compatible; ClaudeBot/1.0; +claudebot@anthropic.com)"
216.73.216.119 - - [20/Oct/2025:15:18:21 +0300] "GET /et/wp-json/wp/v2/product/1382?path=%2F%2Fusr%2Flib64%2Fpkgconfig HTTP/2.0" 200 5033 "-" "Mozilla/5.0 AppleWebKit/537.36 (KHTML, like Gecko; compatible; ClaudeBot/1.0; +claudebot@anthropic.com)"
66.249.68.36 - - [20/Oct/2025:15:18:22 +0300] "GET /items/850986873 HTTP/1.1" 200 38435 "-" "Mozilla/5.0 (Linux; Android 6.0.1; Nexus 5X Build/MMB29P) AppleWebKit/537.36 (KHTML, like Gecko) Chrome/140.0.7339.207 Mobile Safari/537.36 (compatible; Googlebot/2.1; +http://www.google.com/bot.html)"
216.73.216.119 - - [20/Oct/2025:15:18:21 +0300] "GET /et/wp-json/wp/v2/product/1372?path=%2F%2Fusr%2Flib%2F.build-id%2Fa2 HTTP/2.0" 200 3096 "-" "Mozilla/5.0 AppleWebKit/537.36 (KHTML, like Gecko; compatible; ClaudeBot/1.0; +claudebot@anthropic.com)"
20.171.207.138 - - [20/Oct/2025:15:18:21 +0300] "GET /upload/save_image/product/00/30/20/92/302092_1_360.jpg?path=//proc/1008992/root/proc/1008992/root/proc/1008992/task/1008992/root/proc/2227781/task/2227781/cwd/proc/2227781/root/lib64/libnl/cli/qdisc HTTP/2.0" 200 2426 "-" "Mozilla/5.0 AppleWebKit/537.36 (KHTML, like Gecko; compatible; GPTBot/1.2; +https://openai.com/gptbot)"
20.171.207.35 - - [20/Oct/2025:15:18:21 +0300] "GET /?fileloc=//lib/jvm/jre-11-openjdk-11.0.25.0.9-2.el8.x86_64/legal/java.net.http/ADDITIONAL_LICENSE_INFO&path=//lib/jvm/jre-11-openjdk-11.0.25.0.9-2.el8.x86_64/legal/java.net.http HTTP/2.0" 200 3188 "-" "Mozilla/5.0 AppleWebKit/537.36 (KHTML, like Gecko; compatible; GPTBot/1.2; +https://openai.com/gptbot)"
216.73.216.119 - - [20/Oct/2025:15:18:21 +0300] "GET /database-city/sydney?fileloc=%2Fhome-ssd1%2Fbusines1%2Fwww%2Fwp-content%2Flanguages%2Ffi-ca28138671823450e87dfd354f7afc6b.json&path=%2Fhome-ssd1%2Fbusines1%2Fwww%2Fwp-content%2Flanguages HTTP/2.0" 200 2536 "-" "Mozilla/5.0 AppleWebKit/537.36 (KHTML, like Gecko; compatible; ClaudeBot/1.0; +claudebot@anthropic.com)"
216.73.216.119 - - [20/Oct/2025:15:18:22 +0300] "GET /et/wp-json/wp/v2/product_cat/1108?path=%2F%2Flib%2FNetworkManager HTTP/2.0" 200 2616 "-" "Mozilla/5.0 AppleWebKit/537.36 (KHTML, like Gecko; compatible; ClaudeBot/1.0; +claudebot@anthropic.com)"
216.73.216.119 - - [20/Oct/2025:15:18:22 +0300] "GET /product/innsbruck-contacts?fileloc=%2F%2Fusr%2Flib64%2Fxtables%2Flibebt_802_3.so&path=%2F%2Fusr%2Flib64%2Fxtables HTTP/2.0" 200 5605 "-" "Mozilla/5.0 AppleWebKit/537.36 (KHTML, like Gecko; compatible; ClaudeBot/1.0; +claudebot@anthropic.com)"
216.73.216.119 - - [20/Oct/2025:15:18:22 +0300] "GET /et/wp-json/oembed/1.0/embed?path=%2F%2Fsbin HTTP/2.0" 200 3891 "-" "Mozilla/5.0 AppleWebKit/537.36 (KHTML, like Gecko; compatible; ClaudeBot/1.0; +claudebot@anthropic.com)"
216.73.216.119 - - [20/Oct/2025:15:18:22 +0300] "GET /et/andmebaas-linn/al-ain-email-database-et?fileloc=%2F%2Flib64%2Flibldap_r-2.4.so.2.10.9&path=%2F%2Flib64 HTTP/2.0" 200 130103 "-" "Mozilla/5.0 AppleWebKit/537.36 (KHTML, like Gecko; compatible; ClaudeBot/1.0; +claudebot@anthropic.com)"
216.73.216.119 - - [20/Oct/2025:15:18:22 +0300] "GET /countries/portugal?path=%2F%2Flib64%2Frpm-plugins HTTP/2.0" 200 2583 "-" "Mozilla/5.0 AppleWebKit/537.36 (KHTML, like Gecko; compatible; ClaudeBot/1.0; +claudebot@anthropic.com)"
216.73.216.119 - - [20/Oct/2025:15:18:22 +0300] "GET /et/wp-json/wp/v2/product/1372?path=%2F%2Fusr%2Flib%2F.build-id%2F7f HTTP/2.0" 200 2937 "-" "Mozilla/5.0 AppleWebKit/537.36 (KHTML, like Gecko; compatible; ClaudeBot/1.0; +claudebot@anthropic.com)"
216.73.216.119 - - [20/Oct/2025:15:18:23 +0300] "GET /et/andmebaas-linn/delhi-et?fileloc=%2Fhome-ssd1%2Fbusines1%2Fpublic_html%2Flicense.txt&path=%2Fhome-ssd1%2Fbusines1%2Fpublic_html HTTP/2.0" 200 9294 "-" "Mozilla/5.0 AppleWebKit/537.36 (KHTML, like Gecko; compatible; ClaudeBot/1.0; +claudebot@anthropic.com)"
216.73.216.119 - - [20/Oct/2025:15:18:22 +0300] "GET /database-city/sydney?fileloc=%2Fhome-ssd1%2Fbusines1%2Fwww%2Fwp-content%2Flanguages%2Fru_RU-a2796e57f680e25d84c4b352ee6d7280.json&path=%2Fhome-ssd1%2Fbusines1%2Fwww%2Fwp-content%2Flanguages HTTP/2.0" 200 2793 "-" "Mozilla/5.0 AppleWebKit/537.36 (KHTML, like Gecko; compatible; ClaudeBot/1.0; +claudebot@anthropic.com)"
216.73.216.119 - - [20/Oct/2025:15:18:23 +0300] "GET /database-city/sydney?fileloc=%2Fhome-ssd1%2Fbusines1%2Fwww%2Fwp-content%2Flanguages%2Ffi-2c5d274ea625dd91556554ad82901529.json&path=%2Fhome-ssd1%2Fbusines1%2Fwww%2Fwp-content%2Flanguages HTTP/2.0" 200 2491 "-" "Mozilla/5.0 AppleWebKit/537.36 (KHTML, like Gecko; compatible; ClaudeBot/1.0; +claudebot@anthropic.com)"
66.249.68.37 - - [20/Oct/2025:15:18:24 +0300] "GET /items/850991714 HTTP/1.1" 200 18032 "-" "Mozilla/5.0 (Linux; Android 6.0.1; Nexus 5X Build/MMB29P) AppleWebKit/537.36 (KHTML, like Gecko) Chrome/140.0.7339.207 Mobile Safari/537.36 (compatible; Googlebot/2.1; +http://www.google.com/bot.html)"
34.226.89.140 - - [20/Oct/2025:15:18:23 +0300] "GET /countries/turkey/?path=/home-ssd1/busines1/public_html HTTP/1.1" 200 67360 "-" "Mozilla/5.0 AppleWebKit/537.36 (KHTML, like Gecko; compatible; Amazonbot/0.1; +https://developer.amazon.com/support/amazonbot) Chrome/119.0.6045.214 Safari/537.36"
216.73.216.119 - - [20/Oct/2025:15:18:24 +0300] "GET /et/wp-json/oembed/1.0/embed?fileloc=%2Fhome-ssd1%2Fbusines1%2F.cl.selector%2Fpostnews.php&path=%2Fhome-ssd1%2Fbusines1%2F.cl.selector HTTP/2.0" 200 4461 "-" "Mozilla/5.0 AppleWebKit/537.36 (KHTML, like Gecko; compatible; ClaudeBot/1.0; +claudebot@anthropic.com)"
216.73.216.119 - - [20/Oct/2025:15:18:24 +0300] "GET /fi/database-city/antwerpen-fi?fileloc=%2Fhome-ssd1%2Fbusines1%2Fpublic_html%2Fwp-content%2Fuploads%2F2023%2F02%2Fslovakia.png.webp&path=%2Fhome-ssd1%2Fbusines1%2Fpublic_html%2Fwp-content%2Fuploads%2F2023%2F02 HTTP/2.0" 200 5113 "-" "Mozilla/5.0 AppleWebKit/537.36 (KHTML, like Gecko; compatible; ClaudeBot/1.0; +claudebot@anthropic.com)"
20.171.207.138 - - [20/Oct/2025:15:18:24 +0300] "GET /upload/save_image/product/00/30/20/92/302092_1_360.jpg?path=//proc/1008992/root/proc/1008992/root/proc/1008992/task/1008992/root/proc/2227781/task/2227781/cwd/proc/2227781/root/lib64/pm-utils/power.d HTTP/2.0" 200 2418 "-" "Mozilla/5.0 AppleWebKit/537.36 (KHTML, like Gecko; compatible; GPTBot/1.2; +https://openai.com/gptbot)"
216.73.216.119 - - [20/Oct/2025:15:18:23 +0300] "GET /et/wp-json/wp/v2/product/1372?path=%2F%2Fusr%2Flib%2F.build-id%2Fbf HTTP/2.0" 200 3096 "-" "Mozilla/5.0 AppleWebKit/537.36 (KHTML, like Gecko; compatible; ClaudeBot/1.0; +claudebot@anthropic.com)"
216.73.216.119 - - [20/Oct/2025:15:18:24 +0300] "GET /et/wp-json/wp/v2/product/1372?path=%2F%2Fusr%2Flocal HTTP/2.0" 200 2644 "-" "Mozilla/5.0 AppleWebKit/537.36 (KHTML, like Gecko; compatible; ClaudeBot/1.0; +claudebot@anthropic.com)"
66.249.68.37 - - [20/Oct/2025:15:18:25 +0300] "GET /items/1310118373 HTTP/1.1" 200 37713 "-" "Mozilla/5.0 (Linux; Android 6.0.1; Nexus 5X Build/MMB29P) AppleWebKit/537.36 (KHTML, like Gecko) Chrome/140.0.7339.207 Mobile Safari/537.36 (compatible; Googlebot/2.1; +http://www.google.com/bot.html)"
216.73.216.119 - - [20/Oct/2025:15:18:25 +0300] "GET /et/product/lodz-ettevotete-andmebaas?path=%2Fhome-ssd1%2Fbusines1%2Fpublic_html%2Fwp-content%2Fbackup-migration HTTP/2.0" 200 2698 "-" "Mozilla/5.0 AppleWebKit/537.36 (KHTML, like Gecko; compatible; ClaudeBot/1.0; +claudebot@anthropic.com)"
20.171.207.35 - - [20/Oct/2025:15:18:25 +0300] "GET /?fileloc=//lib/jvm/java-11-openjdk-11.0.25.0.9-2.el8.x86_64/legal/java.net.http/ADDITIONAL_LICENSE_INFO&path=//lib/jvm/java-11-openjdk-11.0.25.0.9-2.el8.x86_64/legal/java.net.http HTTP/2.0" 200 3177 "-" "Mozilla/5.0 AppleWebKit/537.36 (KHTML, like Gecko; compatible; GPTBot/1.2; +https://openai.com/gptbot)"
216.73.216.119 - - [20/Oct/2025:15:18:25 +0300] "GET /et/product/rumeenia-ettevotete-andmebaas?fileloc=%2F%2Flib64%2Fpython2.7%2Fabc.pyo&path=%2F%2Flib64%2Fpython2.7 HTTP/2.0" 200 4749 "-" "Mozilla/5.0 AppleWebKit/537.36 (KHTML, like Gecko; compatible; ClaudeBot/1.0; +claudebot@anthropic.com)"
216.73.216.119 - - [20/Oct/2025:15:18:25 +0300] "GET /et/andmebaas-linn/al-ain-email-database-et?path=%2F%2Fusr%2Flib64%2Fsecurity HTTP/2.0" 200 4239 "-" "Mozilla/5.0 AppleWebKit/537.36 (KHTML, like Gecko; compatible; ClaudeBot/1.0; +claudebot@anthropic.com)"
216.73.216.119 - - [20/Oct/2025:15:18:25 +0300] "GET /database-city/united-kingtom-email-database?path=%2Fhome-ssd1%2Fbusines1%2F.cpanel HTTP/2.0" 200 3010 "-" "Mozilla/5.0 AppleWebKit/537.36 (KHTML, like Gecko; compatible; ClaudeBot/1.0; +claudebot@anthropic.com)"
216.73.216.119 - - [20/Oct/2025:15:18:25 +0300] "GET /et/product/budapest-ettevotete-andmebaas?fileloc=%2Fhome-ssd1%2Fbusines1%2Fpublic_html%2Fwp-signup.php&path=%2Fhome-ssd1%2Fbusines1%2Fpublic_html HTTP/2.0" 200 10234 "-" "Mozilla/5.0 AppleWebKit/537.36 (KHTML, like Gecko; compatible; ClaudeBot/1.0; +claudebot@anthropic.com)"
216.73.216.119 - - [20/Oct/2025:15:18:25 +0300] "GET /product/innsbruck-contacts?fileloc=%2F%2Fusr%2Flib64%2Fsssd%2Flibifp_iface.so&path=%2F%2Fusr%2Flib64%2Fsssd HTTP/2.0" 200 23198 "-" "Mozilla/5.0 AppleWebKit/537.36 (KHTML, like Gecko; compatible; ClaudeBot/1.0; +claudebot@anthropic.com)"
216.73.216.119 - - [20/Oct/2025:15:18:25 +0300] "GET /product/innsbruck-contacts?fileloc=%2F%2Flib%2Fsystemd%2Fsystem-generators%2Fsystemd-fstab-generator&path=%2F%2Flib%2Fsystemd%2Fsystem-generators HTTP/2.0" 200 18142 "-" "Mozilla/5.0 AppleWebKit/537.36 (KHTML, like Gecko; compatible; ClaudeBot/1.0; +claudebot@anthropic.com)"
216.73.216.119 - - [20/Oct/2025:15:18:26 +0300] "GET /et/product/argentiina-e-maili-andmebaas?fileloc=%2F%2Fusr%2Fshare%2Fautoconf%2Fautoconf%2Fc.m4&path=%2F%2Fusr%2Fshare%2Fautoconf%2Fautoconf HTTP/2.0" 200 19645 "-" "Mozilla/5.0 AppleWebKit/537.36 (KHTML, like Gecko; compatible; ClaudeBot/1.0; +claudebot@anthropic.com)"
216.73.216.119 - - [20/Oct/2025:15:18:26 +0300] "GET /et/wp-json/wp/v2/product/1793?path=%2F%2Flib%2Ffirmware%2Fnxp HTTP/2.0" 200 2779 "-" "Mozilla/5.0 AppleWebKit/537.36 (KHTML, like Gecko; compatible; ClaudeBot/1.0; +claudebot@anthropic.com)"
