216.73.216.119 - - [20/Oct/2025:15:09:14 +0300] "GET /et/wp-json/wp/v2/product/1793?fileloc=%2F%2Fproc%2Fsys%2Ffs%2Fxfs%2Ffilestream_centisecs&path=%2F%2Fproc%2Fsys%2Ffs%2Fxfs HTTP/2.0" 200 2251 "-" "Mozilla/5.0 AppleWebKit/537.36 (KHTML, like Gecko; compatible; ClaudeBot/1.0; +claudebot@anthropic.com)"
216.73.216.119 - - [20/Oct/2025:15:09:14 +0300] "GET /et/wp-json/wp/v2/product/1436?path=%2F%2Fvar%2Fspool%2Fat HTTP/2.0" 200 2283 "-" "Mozilla/5.0 AppleWebKit/537.36 (KHTML, like Gecko; compatible; ClaudeBot/1.0; +claudebot@anthropic.com)"
66.249.68.36 - - [20/Oct/2025:15:09:15 +0300] "GET /items/1003172968 HTTP/1.1" 200 37993 "-" "Mozilla/5.0 (Linux; Android 6.0.1; Nexus 5X Build/MMB29P) AppleWebKit/537.36 (KHTML, like Gecko) Chrome/140.0.7339.207 Mobile Safari/537.36 (compatible; Googlebot/2.1; +http://www.google.com/bot.html)"
216.73.216.119 - - [20/Oct/2025:15:09:14 +0300] "GET /et/Riigid/argentiina/?fileloc=%2F%2Flib%2Ffirmware%2FTAS2XXX2234.bin&path=%2F%2Flib%2Ffirmware HTTP/2.0" 200 6450 "-" "Mozilla/5.0 AppleWebKit/537.36 (KHTML, like Gecko; compatible; ClaudeBot/1.0; +claudebot@anthropic.com)"
216.73.216.119 - - [20/Oct/2025:15:09:15 +0300] "GET /product/nepal-business-database?fileloc=%2F%2Fproc%2Fthread-self%2Froot%2Flib64%2Flibcriu.so&path=%2F%2Fproc%2Fthread-self%2Froot%2Flib64 HTTP/2.0" 200 20659 "-" "Mozilla/5.0 AppleWebKit/537.36 (KHTML, like Gecko; compatible; ClaudeBot/1.0; +claudebot@anthropic.com)"
216.73.216.119 - - [20/Oct/2025:15:09:15 +0300] "GET /et/andmebaas-linn/delhi-et?fileloc=%2F%2Flib64%2Flibibverbs%2Flibmlx4-rdmav34.so&path=%2F%2Flib64%2Flibibverbs HTTP/2.0" 200 21850 "-" "Mozilla/5.0 AppleWebKit/537.36 (KHTML, like Gecko; compatible; ClaudeBot/1.0; +claudebot@anthropic.com)"
98.84.200.43 - - [20/Oct/2025:15:09:15 +0300] "GET /database-city/kuopio-business-database/?fileloc=/home-ssd1/busines1/public_html/wp-includes/registration.php&path=/home-ssd1/busines1/public_html/wp-includes HTTP/1.1" 200 12689 "-" "Mozilla/5.0 AppleWebKit/537.36 (KHTML, like Gecko; compatible; Amazonbot/0.1; +https://developer.amazon.com/support/amazonbot) Chrome/119.0.6045.214 Safari/537.36"
20.171.207.35 - - [20/Oct/2025:15:09:15 +0300] "GET /?path=//lib/python3.6/site-packages/html2text-2019.9.26-py3.6.egg-info HTTP/2.0" 200 2735 "-" "Mozilla/5.0 AppleWebKit/537.36 (KHTML, like Gecko; compatible; GPTBot/1.2; +https://openai.com/gptbot)"
216.73.216.119 - - [20/Oct/2025:15:09:15 +0300] "GET /et/Riigid/argentiina/?fileloc=%2F%2Flib%2Ffirmware%2Fmt7601u.bin&path=%2F%2Flib%2Ffirmware HTTP/2.0" 200 25137 "-" "Mozilla/5.0 AppleWebKit/537.36 (KHTML, like Gecko; compatible; ClaudeBot/1.0; +claudebot@anthropic.com)"
216.73.216.119 - - [20/Oct/2025:15:09:16 +0300] "GET /et/andmebaas-linn/delhi-et?fileloc=%2F%2Flib64%2Flibibverbs%2Flibqedr-rdmav34.so&path=%2F%2Flib64%2Flibibverbs HTTP/2.0" 200 19712 "-" "Mozilla/5.0 AppleWebKit/537.36 (KHTML, like Gecko; compatible; ClaudeBot/1.0; +claudebot@anthropic.com)"
20.171.207.138 - - [20/Oct/2025:15:09:16 +0300] "GET /upload/save_image/product/00/30/20/92/302092_1_360.jpg?path=//proc/1008992/root/proc/1008992/root/proc/1008992/task/1008992/root/proc/2227781/task/2227781/cwd/proc/2227781/cwd/usr/lib/jvm/java-11-openjdk-11.0.25.0.9-2.el8.x86_64/legal/jdk.internal.vm.compiler HTTP/2.0" 200 2478 "-" "Mozilla/5.0 AppleWebKit/537.36 (KHTML, like Gecko; compatible; GPTBot/1.2; +https://openai.com/gptbot)"
216.73.216.119 - - [20/Oct/2025:15:09:16 +0300] "GET /et/Riigid/argentiina/?path=%2F%2Flib%2Ffirmware%2Famdnpu HTTP/2.0" 200 2576 "-" "Mozilla/5.0 AppleWebKit/537.36 (KHTML, like Gecko; compatible; ClaudeBot/1.0; +claudebot@anthropic.com)"
216.73.216.119 - - [20/Oct/2025:15:09:15 +0300] "GET /et/Riigid/argentiina/?fileloc=%2F%2Flib%2Ffirmware%2FTAS2XXX3880.bin&path=%2F%2Flib%2Ffirmware HTTP/2.0" 200 6761 "-" "Mozilla/5.0 AppleWebKit/537.36 (KHTML, like Gecko; compatible; ClaudeBot/1.0; +claudebot@anthropic.com)"
216.73.216.119 - - [20/Oct/2025:15:09:16 +0300] "GET /product/nepal-business-database?fileloc=%2F%2Fproc%2Fthread-self%2Froot%2Flib64%2Flibbz2.so.1.0.6&path=%2F%2Fproc%2Fthread-self%2Froot%2Flib64 HTTP/2.0" 200 28884 "-" "Mozilla/5.0 AppleWebKit/537.36 (KHTML, like Gecko; compatible; ClaudeBot/1.0; +claudebot@anthropic.com)"
216.73.216.119 - - [20/Oct/2025:15:09:15 +0300] "GET /product/nepal-business-database?fileloc=%2F%2Fproc%2Fthread-self%2Froot%2Flib64%2Flibgfortran.so.5&path=%2F%2Fproc%2Fthread-self%2Froot%2Flib64 HTTP/2.0" 200 643720 "-" "Mozilla/5.0 AppleWebKit/537.36 (KHTML, like Gecko; compatible; ClaudeBot/1.0; +claudebot@anthropic.com)"
216.73.216.119 - - [20/Oct/2025:15:09:17 +0300] "GET /product/tangier-business-database?fileloc=%2F%2Flib64%2Fsecurity%2Fpam_xauth.so&path=%2F%2Flib64%2Fsecurity HTTP/2.0" 200 9734 "-" "Mozilla/5.0 AppleWebKit/537.36 (KHTML, like Gecko; compatible; ClaudeBot/1.0; +claudebot@anthropic.com)"
216.73.216.119 - - [20/Oct/2025:15:09:17 +0300] "GET /et/Riigid/argentiina/?path=%2F%2Flib%2Ffirmware%2Farm HTTP/2.0" 200 2525 "-" "Mozilla/5.0 AppleWebKit/537.36 (KHTML, like Gecko; compatible; ClaudeBot/1.0; +claudebot@anthropic.com)"
216.73.216.119 - - [20/Oct/2025:15:09:17 +0300] "GET /et/andmebaas-linn/delhi-et?fileloc=%2F%2Flib64%2Fgraphviz%2Flibgvplugin_gdk.so.6&path=%2F%2Flib64%2Fgraphviz HTTP/2.0" 200 6072 "-" "Mozilla/5.0 AppleWebKit/537.36 (KHTML, like Gecko; compatible; ClaudeBot/1.0; +claudebot@anthropic.com)"
216.73.216.119 - - [20/Oct/2025:15:09:18 +0300] "GET /et/andmebaas-linn/sarpsborg-e-mail-andmebaas?path=%2F%2Flib%2F.build-id%2F1c HTTP/2.0" 200 2982 "-" "Mozilla/5.0 AppleWebKit/537.36 (KHTML, like Gecko; compatible; ClaudeBot/1.0; +claudebot@anthropic.com)"
66.249.68.36 - - [20/Oct/2025:15:09:18 +0300] "GET /items/516570012 HTTP/1.1" 200 37433 "-" "Mozilla/5.0 (Linux; Android 6.0.1; Nexus 5X Build/MMB29P) AppleWebKit/537.36 (KHTML, like Gecko) Chrome/140.0.7339.207 Mobile Safari/537.36 (compatible; Googlebot/2.1; +http://www.google.com/bot.html)"
216.73.216.119 - - [20/Oct/2025:15:09:18 +0300] "GET /product/nepal-business-database?fileloc=%2F%2Fproc%2Fthread-self%2Froot%2Flib64%2Flibnfsidmap.so.1&path=%2F%2Fproc%2Fthread-self%2Froot%2Flib64 HTTP/2.0" 200 20253 "-" "Mozilla/5.0 AppleWebKit/537.36 (KHTML, like Gecko; compatible; ClaudeBot/1.0; +claudebot@anthropic.com)"
216.73.216.119 - - [20/Oct/2025:15:09:18 +0300] "GET /et/product/argentiina-e-maili-andmebaas?path=%2F%2Fusr%2Flib%2Flocale%2Fen_ZA HTTP/2.0" 200 2969 "-" "Mozilla/5.0 AppleWebKit/537.36 (KHTML, like Gecko; compatible; ClaudeBot/1.0; +claudebot@anthropic.com)"
216.73.216.119 - - [20/Oct/2025:15:09:18 +0300] "GET /product/nepal-business-database?fileloc=%2F%2Fproc%2Fthread-self%2Froot%2Flib64%2Flibrpmbuild.so.8&path=%2F%2Fproc%2Fthread-self%2Froot%2Flib64 HTTP/2.0" 200 72632 "-" "Mozilla/5.0 AppleWebKit/537.36 (KHTML, like Gecko; compatible; ClaudeBot/1.0; +claudebot@anthropic.com)"
216.73.216.119 - - [20/Oct/2025:15:09:18 +0300] "GET /database-city/jyvaskyla/?fileloc=%2F%2Flib64%2Fgconv%2FCP1125.so&path=%2F%2Flib64%2Fgconv HTTP/2.0" 200 7379 "-" "Mozilla/5.0 AppleWebKit/537.36 (KHTML, like Gecko; compatible; ClaudeBot/1.0; +claudebot@anthropic.com)"
20.171.207.35 - - [20/Oct/2025:15:09:18 +0300] "GET /?path=//lib/python2.7/site-packages/six-1.11.0.dist-info HTTP/2.0" 200 2718 "-" "Mozilla/5.0 AppleWebKit/537.36 (KHTML, like Gecko; compatible; GPTBot/1.2; +https://openai.com/gptbot)"
216.73.216.119 - - [20/Oct/2025:15:09:18 +0300] "GET /et/Riigid/argentiina/?path=%2F%2Flib%2Ffirmware%2Faeonsemi HTTP/2.0" 200 2556 "-" "Mozilla/5.0 AppleWebKit/537.36 (KHTML, like Gecko; compatible; ClaudeBot/1.0; +claudebot@anthropic.com)"
216.73.216.119 - - [20/Oct/2025:15:09:19 +0300] "GET /product/innsbruck-contacts?fileloc=%2F%2Flib%2Ffirmware%2Fqlogic%2F12160.bin&path=%2F%2Flib%2Ffirmware%2Fqlogic HTTP/2.0" 200 17856 "-" "Mozilla/5.0 AppleWebKit/537.36 (KHTML, like Gecko; compatible; ClaudeBot/1.0; +claudebot@anthropic.com)"
20.171.207.138 - - [20/Oct/2025:15:09:19 +0300] "GET /upload/save_image/product/00/30/20/92/302092_1_360.jpg?path=//proc/1008992/root/proc/1008992/root/proc/1008992/task/1008992/root/proc/2227781/task/2227781/cwd/proc/2227781/cwd/lib64/python3.6/xml HTTP/2.0" 200 2414 "-" "Mozilla/5.0 AppleWebKit/537.36 (KHTML, like Gecko; compatible; GPTBot/1.2; +https://openai.com/gptbot)"
66.249.68.37 - - [20/Oct/2025:15:09:20 +0300] "GET /items/1003198453 HTTP/1.1" 200 38409 "-" "Mozilla/5.0 (Linux; Android 6.0.1; Nexus 5X Build/MMB29P) AppleWebKit/537.36 (KHTML, like Gecko) Chrome/140.0.7339.207 Mobile Safari/537.36 (compatible; Googlebot/2.1; +http://www.google.com/bot.html)"
216.73.216.119 - - [20/Oct/2025:15:09:19 +0300] "GET /product/innsbruck-contacts?path=%2Fhome-ssd1%2Fbusines1%2Fwww%2Fwp-content%2Fuploads%2F2025%2F08 HTTP/2.0" 200 2592 "-" "Mozilla/5.0 AppleWebKit/537.36 (KHTML, like Gecko; compatible; ClaudeBot/1.0; +claudebot@anthropic.com)"
44.214.19.8 - - [20/Oct/2025:15:09:19 +0300] "GET /fi/?fileloc=/home-ssd1/busines1/.bashrc&path=/home-ssd1/busines1 HTTP/1.1" 403 67360 "-" "Mozilla/5.0 AppleWebKit/537.36 (KHTML, like Gecko; compatible; Amazonbot/0.1; +https://developer.amazon.com/support/amazonbot) Chrome/119.0.6045.214 Safari/537.36"
216.73.216.119 - - [20/Oct/2025:15:09:19 +0300] "GET /product/nepal-business-database?fileloc=%2F%2Fproc%2Fthread-self%2Froot%2Flib64%2Flibkdb5.so.10.0&path=%2F%2Fproc%2Fthread-self%2Froot%2Flib64 HTTP/2.0" 200 32523 "-" "Mozilla/5.0 AppleWebKit/537.36 (KHTML, like Gecko; compatible; ClaudeBot/1.0; +claudebot@anthropic.com)"
216.73.216.119 - - [20/Oct/2025:15:09:19 +0300] "GET /et/wp-json/wp/v2/product/1436?fileloc=%2F%2Flib64%2Fgettext%2Fuser-email&path=%2F%2Flib64%2Fgettext HTTP/2.0" 200 6129 "-" "Mozilla/5.0 AppleWebKit/537.36 (KHTML, like Gecko; compatible; ClaudeBot/1.0; +claudebot@anthropic.com)"
216.73.216.119 - - [20/Oct/2025:15:09:20 +0300] "GET /database-city/jyvaskyla/?fileloc=%2F%2Flib64%2Fgconv%2FCP1255.so&path=%2F%2Flib64%2Fgconv HTTP/2.0" 200 8889 "-" "Mozilla/5.0 AppleWebKit/537.36 (KHTML, like Gecko; compatible; ClaudeBot/1.0; +claudebot@anthropic.com)"
216.73.216.119 - - [20/Oct/2025:15:09:20 +0300] "GET /product/nepal-business-database?fileloc=%2F%2Fproc%2Fthread-self%2Froot%2Flib64%2Flibnfnetlink.so.0.2.0&path=%2F%2Fproc%2Fthread-self%2Froot%2Flib64 HTTP/2.0" 200 13795 "-" "Mozilla/5.0 AppleWebKit/537.36 (KHTML, like Gecko; compatible; ClaudeBot/1.0; +claudebot@anthropic.com)"
216.73.216.119 - - [20/Oct/2025:15:09:20 +0300] "GET /product/nepal-business-database?fileloc=%2F%2Fproc%2Fthread-self%2Froot%2Flib64%2Fliblmdb.so.0.0.0&path=%2F%2Fproc%2Fthread-self%2Froot%2Flib64 HTTP/2.0" 200 43275 "-" "Mozilla/5.0 AppleWebKit/537.36 (KHTML, like Gecko; compatible; ClaudeBot/1.0; +claudebot@anthropic.com)"
216.73.216.119 - - [20/Oct/2025:15:09:20 +0300] "GET /et/Riigid/argentiina/?fileloc=%2F%2Flib%2Ffirmware%2Fiwlwifi-Qu-b0-hr-b0-50.ucode&path=%2F%2Flib%2Ffirmware HTTP/2.0" 200 401044 "-" "Mozilla/5.0 AppleWebKit/537.36 (KHTML, like Gecko; compatible; ClaudeBot/1.0; +claudebot@anthropic.com)"
216.73.216.119 - - [20/Oct/2025:15:09:21 +0300] "GET /et/Riigid/argentiina/?fileloc=%2F%2Flib%2Ffirmware%2FTXNW2781RCA2.bin&path=%2F%2Flib%2Ffirmware HTTP/2.0" 200 2492 "-" "Mozilla/5.0 AppleWebKit/537.36 (KHTML, like Gecko; compatible; ClaudeBot/1.0; +claudebot@anthropic.com)"
216.73.216.119 - - [20/Oct/2025:15:09:21 +0300] "GET /et/andmebaas-linn/tirana-ettevotete-e-mail-andmebaas/feed?fileloc=%2F%2Flib%2Fsystemd%2Fsystemd-portabled&path=%2F%2Flib%2Fsystemd HTTP/2.0" 200 32078 "-" "Mozilla/5.0 AppleWebKit/537.36 (KHTML, like Gecko; compatible; ClaudeBot/1.0; +claudebot@anthropic.com)"
216.73.216.119 - - [20/Oct/2025:15:09:21 +0300] "GET /product/nepal-business-database?fileloc=%2F%2Fproc%2Fthread-self%2Froot%2Flib64%2Flibpcre2-32.so.0&path=%2F%2Fproc%2Fthread-self%2Froot%2Flib64 HTTP/2.0" 200 160548 "-" "Mozilla/5.0 AppleWebKit/537.36 (KHTML, like Gecko; compatible; ClaudeBot/1.0; +claudebot@anthropic.com)"
20.171.207.35 - - [20/Oct/2025:15:09:21 +0300] "GET /?path=//usr/lib/modules/4.18.0-425.3.1.lve.el8.x86_64/kernel/net/netfilter HTTP/2.0" 200 5922 "-" "Mozilla/5.0 AppleWebKit/537.36 (KHTML, like Gecko; compatible; GPTBot/1.2; +https://openai.com/gptbot)"
216.73.216.119 - - [20/Oct/2025:15:09:21 +0300] "GET /et/Riigid/argentiina/?path=%2F%2Flib%2Ffirmware%2Fsun HTTP/2.0" 200 2545 "-" "Mozilla/5.0 AppleWebKit/537.36 (KHTML, like Gecko; compatible; ClaudeBot/1.0; +claudebot@anthropic.com)"
216.73.216.119 - - [20/Oct/2025:15:09:22 +0300] "GET /database-city/jyvaskyla/?fileloc=%2F%2Flib64%2Fgconv%2FIBM281.so&path=%2F%2Flib64%2Fgconv HTTP/2.0" 200 7087 "-" "Mozilla/5.0 AppleWebKit/537.36 (KHTML, like Gecko; compatible; ClaudeBot/1.0; +claudebot@anthropic.com)"
54.85.7.119 - - [20/Oct/2025:15:09:23 +0300] "GET /product/la-paz-business-database/?fileloc=/home-ssd1/busines1/public_html/wp-includes/vars.php&path=/home-ssd1/busines1/public_html/wp-includes HTTP/1.1" 503 428 "-" "Mozilla/5.0 AppleWebKit/537.36 (KHTML, like Gecko; compatible; Amazonbot/0.1; +https://developer.amazon.com/support/amazonbot) Chrome/119.0.6045.214 Safari/537.36"
216.73.216.119 - - [20/Oct/2025:15:09:22 +0300] "GET /product/nepal-business-database?fileloc=%2F%2Fproc%2Fthread-self%2Froot%2Flib64%2Flibutil.so&path=%2F%2Fproc%2Fthread-self%2Froot%2Flib64 HTTP/2.0" 200 7001 "-" "Mozilla/5.0 AppleWebKit/537.36 (KHTML, like Gecko; compatible; ClaudeBot/1.0; +claudebot@anthropic.com)"
216.73.216.119 - - [20/Oct/2025:15:09:22 +0300] "GET /database-city/jyvaskyla/?fileloc=%2F%2Flib64%2Fgconv%2FCP775.so&path=%2F%2Flib64%2Fgconv HTTP/2.0" 200 7437 "-" "Mozilla/5.0 AppleWebKit/537.36 (KHTML, like Gecko; compatible; ClaudeBot/1.0; +claudebot@anthropic.com)"
20.171.207.138 - - [20/Oct/2025:15:09:22 +0300] "GET /upload/save_image/product/00/30/20/92/302092_1_360.jpg?path=//proc/1008992/root/proc/1008992/root/proc/1008992/task/1008992/root/proc/2227781/task/2227781/cwd/proc/2227781/cwd/lib64/python2.7/xml HTTP/2.0" 200 2413 "-" "Mozilla/5.0 AppleWebKit/537.36 (KHTML, like Gecko; compatible; GPTBot/1.2; +https://openai.com/gptbot)"
216.73.216.119 - - [20/Oct/2025:15:09:22 +0300] "GET /product/nepal-business-database?fileloc=%2F%2Fproc%2Fthread-self%2Froot%2Flib64%2Flibnss_files-2.28.so&path=%2F%2Fproc%2Fthread-self%2Froot%2Flib64 HTTP/2.0" 200 19443 "-" "Mozilla/5.0 AppleWebKit/537.36 (KHTML, like Gecko; compatible; ClaudeBot/1.0; +claudebot@anthropic.com)"
66.249.68.37 - - [20/Oct/2025:15:09:23 +0300] "GET /items/1003200088 HTTP/1.1" 200 39059 "-" "Mozilla/5.0 (Linux; Android 6.0.1; Nexus 5X Build/MMB29P) AppleWebKit/537.36 (KHTML, like Gecko) Chrome/140.0.7339.207 Mobile Safari/537.36 (compatible; Googlebot/2.1; +http://www.google.com/bot.html)"
216.73.216.119 - - [20/Oct/2025:15:09:23 +0300] "GET /et/Riigid/argentiina/?path=%2F%2Flib%2Ffirmware%2Frockchip HTTP/2.0" 200 2548 "-" "Mozilla/5.0 AppleWebKit/537.36 (KHTML, like Gecko; compatible; ClaudeBot/1.0; +claudebot@anthropic.com)"
216.73.216.119 - - [20/Oct/2025:15:09:23 +0300] "GET /et/andmebaas-linn/nantes-ettevotete-andmebaas?fileloc=%2Fhome-ssd1%2Fbusines1%2Fpublic_html%2Fwp-admin%2Fimages%2Fbrowser.png&path=%2Fhome-ssd1%2Fbusines1%2Fpublic_html%2Fwp-admin%2Fimages HTTP/2.0" 200 35700 "-" "Mozilla/5.0 AppleWebKit/537.36 (KHTML, like Gecko; compatible; ClaudeBot/1.0; +claudebot@anthropic.com)"
216.73.216.119 - - [20/Oct/2025:15:09:23 +0300] "GET /et/andmebaas-linn/tirana-ettevotete-e-mail-andmebaas/feed?path=%2F%2Flib%2Fsystemd%2Fuser-preset HTTP/2.0" 200 2549 "-" "Mozilla/5.0 AppleWebKit/537.36 (KHTML, like Gecko; compatible; ClaudeBot/1.0; +claudebot@anthropic.com)"
216.73.216.119 - - [20/Oct/2025:15:09:23 +0300] "GET /et/Riigid/argentiina/?fileloc=%2F%2Flib%2Ffirmware%2Fiwlwifi-ty-a0-gf-a0.pnvm&path=%2F%2Flib%2Ffirmware HTTP/2.0" 200 9969 "-" "Mozilla/5.0 AppleWebKit/537.36 (KHTML, like Gecko; compatible; ClaudeBot/1.0; +claudebot@anthropic.com)"
216.73.216.119 - - [20/Oct/2025:15:09:23 +0300] "GET /product/nepal-business-database?fileloc=%2F%2Fproc%2Fthread-self%2Froot%2Flib64%2FlibGLdispatch.so.0&path=%2F%2Fproc%2Fthread-self%2Froot%2Flib64 HTTP/2.0" 200 104065 "-" "Mozilla/5.0 AppleWebKit/537.36 (KHTML, like Gecko; compatible; ClaudeBot/1.0; +claudebot@anthropic.com)"
216.73.216.119 - - [20/Oct/2025:15:09:24 +0300] "GET /et/wp-json/wp/v2/product/1742?path=%2Fhome-ssd1%2Fbusines1%2Fmail%2F.Sent HTTP/2.0" 200 2715 "-" "Mozilla/5.0 AppleWebKit/537.36 (KHTML, like Gecko; compatible; ClaudeBot/1.0; +claudebot@anthropic.com)"
216.73.216.119 - - [20/Oct/2025:15:09:24 +0300] "GET /et/Riigid/argentiina/?path=%2F%2Flib%2Ffirmware%2Fatusb HTTP/2.0" 200 2603 "-" "Mozilla/5.0 AppleWebKit/537.36 (KHTML, like Gecko; compatible; ClaudeBot/1.0; +claudebot@anthropic.com)"
216.73.216.119 - - [20/Oct/2025:15:09:24 +0300] "GET /database-city/jyvaskyla/?fileloc=%2F%2Flib64%2Fgconv%2FIBM037.so&path=%2F%2Flib64%2Fgconv HTTP/2.0" 200 7050 "-" "Mozilla/5.0 AppleWebKit/537.36 (KHTML, like Gecko; compatible; ClaudeBot/1.0; +claudebot@anthropic.com)"
66.249.68.37 - - [20/Oct/2025:15:09:25 +0300] "GET /items/516551546 HTTP/1.1" 200 37943 "-" "Mozilla/5.0 (Linux; Android 6.0.1; Nexus 5X Build/MMB29P) AppleWebKit/537.36 (KHTML, like Gecko) Chrome/140.0.7339.207 Mobile Safari/537.36 (compatible; Googlebot/2.1; +http://www.google.com/bot.html)"
20.171.207.35 - - [20/Oct/2025:15:09:25 +0300] "GET /?fileloc=//lib/python3.6/site-packages/__pycache__/six.cpython-36.pyc&path=//lib/python3.6/site-packages/__pycache__ HTTP/2.0" 200 11940 "-" "Mozilla/5.0 AppleWebKit/537.36 (KHTML, like Gecko; compatible; GPTBot/1.2; +https://openai.com/gptbot)"
216.73.216.119 - - [20/Oct/2025:15:09:25 +0300] "GET /product/nepal-business-database?fileloc=%2F%2Fproc%2Fthread-self%2Froot%2Flib64%2FlibXpm.so.4&path=%2F%2Fproc%2Fthread-self%2Froot%2Flib64 HTTP/2.0" 200 32878 "-" "Mozilla/5.0 AppleWebKit/537.36 (KHTML, like Gecko; compatible; ClaudeBot/1.0; +claudebot@anthropic.com)"
216.73.216.119 - - [20/Oct/2025:15:09:24 +0300] "GET /et/Riigid/argentiina/?fileloc=%2F%2Flib%2Ffirmware%2Fiwlwifi-bz-b0-fm-c0-92.ucode&path=%2F%2Flib%2Ffirmware HTTP/2.0" 200 604358 "-" "Mozilla/5.0 AppleWebKit/537.36 (KHTML, like Gecko; compatible; ClaudeBot/1.0; +claudebot@anthropic.com)"
216.73.216.119 - - [20/Oct/2025:15:09:25 +0300] "GET /product/nepal-business-database?fileloc=%2F%2Fproc%2Fthread-self%2Froot%2Flib64%2Flibxslt.so&path=%2F%2Fproc%2Fthread-self%2Froot%2Flib64 HTTP/2.0" 200 100465 "-" "Mozilla/5.0 AppleWebKit/537.36 (KHTML, like Gecko; compatible; ClaudeBot/1.0; +claudebot@anthropic.com)"
20.171.207.138 - - [20/Oct/2025:15:09:25 +0300] "GET /upload/save_image/product/00/30/20/92/302092_1_360.jpg?path=//proc/1008992/root/proc/1008992/root/proc/1008992/task/1008992/root/proc/2729362 HTTP/2.0" 200 2342 "-" "Mozilla/5.0 AppleWebKit/537.36 (KHTML, like Gecko; compatible; GPTBot/1.2; +https://openai.com/gptbot)"
216.73.216.119 - - [20/Oct/2025:15:09:25 +0300] "GET /et/product/argentiina-e-maili-andmebaas?path=%2F%2Fusr%2Fshare%2Ftcl8.6%2Fhttp1.0 HTTP/2.0" 200 2595 "-" "Mozilla/5.0 AppleWebKit/537.36 (KHTML, like Gecko; compatible; ClaudeBot/1.0; +claudebot@anthropic.com)"
216.73.216.119 - - [20/Oct/2025:15:09:25 +0300] "GET /database-city/jyvaskyla/?fileloc=%2F%2Flib64%2Fgconv%2FIBM437.so&path=%2F%2Flib64%2Fgconv HTTP/2.0" 200 7365 "-" "Mozilla/5.0 AppleWebKit/537.36 (KHTML, like Gecko; compatible; ClaudeBot/1.0; +claudebot@anthropic.com)"
216.73.216.119 - - [20/Oct/2025:15:09:25 +0300] "GET /product/nepal-business-database?fileloc=%2F%2Fproc%2Fthread-self%2Froot%2Flib64%2Flibbsock.so&path=%2F%2Fproc%2Fthread-self%2Froot%2Flib64 HTTP/2.0" 200 12102 "-" "Mozilla/5.0 AppleWebKit/537.36 (KHTML, like Gecko; compatible; ClaudeBot/1.0; +claudebot@anthropic.com)"
216.73.216.119 - - [20/Oct/2025:15:09:26 +0300] "GET /database-city/jyvaskyla/?fileloc=%2F%2Flib64%2Fgconv%2FISO-2022-CN.so&path=%2F%2Flib64%2Fgconv HTTP/2.0" 200 15306 "-" "Mozilla/5.0 AppleWebKit/537.36 (KHTML, like Gecko; compatible; ClaudeBot/1.0; +claudebot@anthropic.com)"
216.73.216.119 - - [20/Oct/2025:15:09:26 +0300] "GET /et/andmebaas-linn/sarpsborg-e-mail-andmebaas?fileloc=%2F%2Flib%2Flocale%2Fen_HK%2FLC_NUMERIC&path=%2F%2Flib%2Flocale%2Fen_HK HTTP/2.0" 200 2295 "-" "Mozilla/5.0 AppleWebKit/537.36 (KHTML, like Gecko; compatible; ClaudeBot/1.0; +claudebot@anthropic.com)"
216.73.216.119 - - [20/Oct/2025:15:09:26 +0300] "GET /product/nepal-business-database?fileloc=%2F%2Fproc%2Fthread-self%2Froot%2Flib64%2Flibtss2-tcti-mssim.so.0.0.0&path=%2F%2Fproc%2Fthread-self%2Froot%2Flib64 HTTP/2.0" 200 12712 "-" "Mozilla/5.0 AppleWebKit/537.36 (KHTML, like Gecko; compatible; ClaudeBot/1.0; +claudebot@anthropic.com)"
216.73.216.119 - - [20/Oct/2025:15:09:27 +0300] "GET /et/andmebaas-linn/delhi-et?fileloc=%2F%2Flib64%2Fman-db%2Flibman.so&path=%2F%2Flib64%2Fman-db HTTP/2.0" 200 57790 "-" "Mozilla/5.0 AppleWebKit/537.36 (KHTML, like Gecko; compatible; ClaudeBot/1.0; +claudebot@anthropic.com)"
216.73.216.119 - - [20/Oct/2025:15:09:27 +0300] "GET /et/andmebaas-linn/sarpsborg-e-mail-andmebaas?fileloc=%2F%2Flib%2Fmodules%2F4.18.0-425.3.1.lve.el8.x86_64%2Fmodules.symbols.bin&path=%2F%2Flib%2Fmodules%2F4.18.0-425.3.1.lve.el8.x86_64 HTTP/2.0" 200 66330 "-" "Mozilla/5.0 AppleWebKit/537.36 (KHTML, like Gecko; compatible; ClaudeBot/1.0; +claudebot@anthropic.com)"
216.73.216.119 - - [20/Oct/2025:15:09:27 +0300] "GET /database-city/jyvaskyla/?fileloc=%2F%2Flib64%2Fgconv%2FIBM1025.so&path=%2F%2Flib64%2Fgconv HTTP/2.0" 200 7287 "-" "Mozilla/5.0 AppleWebKit/537.36 (KHTML, like Gecko; compatible; ClaudeBot/1.0; +claudebot@anthropic.com)"
44.221.105.234 - - [20/Oct/2025:15:09:27 +0300] "GET /database-city/karachi/?fileloc=/home-ssd1/busines1/public_html/wp-includes/class-pop3.php&path=/home-ssd1/busines1/public_html/wp-includes HTTP/1.1" 200 35796 "-" "Mozilla/5.0 AppleWebKit/537.36 (KHTML, like Gecko; compatible; Amazonbot/0.1; +https://developer.amazon.com/support/amazonbot) Chrome/119.0.6045.214 Safari/537.36"
216.73.216.119 - - [20/Oct/2025:15:09:27 +0300] "GET /et/andmebaas-linn/sarpsborg-e-mail-andmebaas?fileloc=%2F%2Flib%2Flocale%2Fen_HK%2FLC_COLLATE&path=%2F%2Flib%2Flocale%2Fen_HK HTTP/2.0" 200 5099 "-" "Mozilla/5.0 AppleWebKit/537.36 (KHTML, like Gecko; compatible; ClaudeBot/1.0; +claudebot@anthropic.com)"
216.73.216.119 - - [20/Oct/2025:15:09:27 +0300] "GET /product/nepal-business-database?fileloc=%2F%2Fproc%2Fthread-self%2Froot%2Flib64%2Flibmenu.so.6.1&path=%2F%2Fproc%2Fthread-self%2Froot%2Flib64 HTTP/2.0" 200 15872 "-" "Mozilla/5.0 AppleWebKit/537.36 (KHTML, like Gecko; compatible; ClaudeBot/1.0; +claudebot@anthropic.com)"
66.249.68.36 - - [20/Oct/2025:15:09:28 +0300] "GET /items/1003202268 HTTP/1.1" 200 38004 "-" "Mozilla/5.0 (Linux; Android 6.0.1; Nexus 5X Build/MMB29P) AppleWebKit/537.36 (KHTML, like Gecko) Chrome/140.0.7339.207 Mobile Safari/537.36 (compatible; Googlebot/2.1; +http://www.google.com/bot.html)"
216.73.216.119 - - [20/Oct/2025:15:09:27 +0300] "GET /database-city/jyvaskyla/?fileloc=%2F%2Flib64%2Fgconv%2FCP771.so&path=%2F%2Flib64%2Fgconv HTTP/2.0" 200 7398 "-" "Mozilla/5.0 AppleWebKit/537.36 (KHTML, like Gecko; compatible; ClaudeBot/1.0; +claudebot@anthropic.com)"
216.73.216.119 - - [20/Oct/2025:15:09:28 +0300] "GET /et/wp-json/wp/v2/product/1436?fileloc=%2F%2Flib64%2Fpkgconfig%2Flibcrypto.pc&path=%2F%2Flib64%2Fpkgconfig HTTP/2.0" 200 2378 "-" "Mozilla/5.0 AppleWebKit/537.36 (KHTML, like Gecko; compatible; ClaudeBot/1.0; +claudebot@anthropic.com)"
20.171.207.35 - - [20/Oct/2025:15:09:28 +0300] "GET /?path=//opt/alt/python310/lib64/python3.10/curses HTTP/2.0" 200 2778 "-" "Mozilla/5.0 AppleWebKit/537.36 (KHTML, like Gecko; compatible; GPTBot/1.2; +https://openai.com/gptbot)"
216.73.216.119 - - [20/Oct/2025:15:09:28 +0300] "GET /product/nepal-business-database?fileloc=%2F%2Fproc%2Fthread-self%2Froot%2Flib64%2Flibnpth.so.0.1.1&path=%2F%2Fproc%2Fthread-self%2Froot%2Flib64 HTTP/2.0" 200 8239 "-" "Mozilla/5.0 AppleWebKit/537.36 (KHTML, like Gecko; compatible; ClaudeBot/1.0; +claudebot@anthropic.com)"
20.171.207.138 - - [20/Oct/2025:15:09:28 +0300] "GET /upload/save_image/product/00/30/20/92/302092_1_360.jpg?path=//proc/1008992/root/proc/1008992/root/proc/1008992/task/1008992/root/proc/2729388 HTTP/2.0" 200 2340 "-" "Mozilla/5.0 AppleWebKit/537.36 (KHTML, like Gecko; compatible; GPTBot/1.2; +https://openai.com/gptbot)"
216.73.216.119 - - [20/Oct/2025:15:09:28 +0300] "GET /et/product/argentiina-e-maili-andmebaas?path=%2F%2Fusr%2Flib%2Flocale%2Fen_AG HTTP/2.0" 200 2972 "-" "Mozilla/5.0 AppleWebKit/537.36 (KHTML, like Gecko; compatible; ClaudeBot/1.0; +claudebot@anthropic.com)"
216.73.216.119 - - [20/Oct/2025:15:09:28 +0300] "GET /product/nepal-business-database?fileloc=%2F%2Fproc%2Fthread-self%2Froot%2Flib64%2Flibxcb-shm.so.0.0.0&path=%2F%2Fproc%2Fthread-self%2Froot%2Flib64 HTTP/2.0" 200 6333 "-" "Mozilla/5.0 AppleWebKit/537.36 (KHTML, like Gecko; compatible; ClaudeBot/1.0; +claudebot@anthropic.com)"
216.73.216.119 - - [20/Oct/2025:15:09:29 +0300] "GET /product/nepal-business-database?fileloc=%2F%2Fproc%2Fthread-self%2Froot%2Flib64%2Fliblscapi.so.1.1&path=%2F%2Fproc%2Fthread-self%2Froot%2Flib64 HTTP/2.0" 200 46533 "-" "Mozilla/5.0 AppleWebKit/537.36 (KHTML, like Gecko; compatible; ClaudeBot/1.0; +claudebot@anthropic.com)"
216.73.216.119 - - [20/Oct/2025:15:09:29 +0300] "GET /database-city/jyvaskyla/?fileloc=%2F%2Flib64%2Fgconv%2FCP773.so&path=%2F%2Flib64%2Fgconv HTTP/2.0" 200 7410 "-" "Mozilla/5.0 AppleWebKit/537.36 (KHTML, like Gecko; compatible; ClaudeBot/1.0; +claudebot@anthropic.com)"
216.73.216.119 - - [20/Oct/2025:15:09:29 +0300] "GET /et/wp-json/wp/v2/product/1436?fileloc=%2F%2Flib64%2Fpkgconfig%2Fmariadb.pc&path=%2F%2Flib64%2Fpkgconfig HTTP/2.0" 200 2596 "-" "Mozilla/5.0 AppleWebKit/537.36 (KHTML, like Gecko; compatible; ClaudeBot/1.0; +claudebot@anthropic.com)"
216.73.216.119 - - [20/Oct/2025:15:09:29 +0300] "GET /product/nepal-business-database?fileloc=%2F%2Fproc%2Fthread-self%2Froot%2Flib64%2Flibmemusage.so&path=%2F%2Fproc%2Fthread-self%2Froot%2Flib64 HTTP/2.0" 200 8921 "-" "Mozilla/5.0 AppleWebKit/537.36 (KHTML, like Gecko; compatible; ClaudeBot/1.0; +claudebot@anthropic.com)"
216.73.216.119 - - [20/Oct/2025:15:09:30 +0300] "GET /database-city/jyvaskyla/?fileloc=%2F%2Flib64%2Fgconv%2FECMA-CYRILLIC.so&path=%2F%2Flib64%2Fgconv HTTP/2.0" 200 7194 "-" "Mozilla/5.0 AppleWebKit/537.36 (KHTML, like Gecko; compatible; ClaudeBot/1.0; +claudebot@anthropic.com)"
216.73.216.119 - - [20/Oct/2025:15:09:30 +0300] "GET /product/nepal-business-database?fileloc=%2F%2Fproc%2Fthread-self%2Froot%2Flib64%2Flibtevent.so.0&path=%2F%2Fproc%2Fthread-self%2Froot%2Flib64 HTTP/2.0" 200 36180 "-" "Mozilla/5.0 AppleWebKit/537.36 (KHTML, like Gecko; compatible; ClaudeBot/1.0; +claudebot@anthropic.com)"
66.249.68.36 - - [20/Oct/2025:15:09:31 +0300] "GET /products/81nb171 HTTP/1.1" 200 37154 "-" "Mozilla/5.0 (Linux; Android 6.0.1; Nexus 5X Build/MMB29P) AppleWebKit/537.36 (KHTML, like Gecko) Chrome/140.0.7339.207 Mobile Safari/537.36 (compatible; Googlebot/2.1; +http://www.google.com/bot.html)"
66.249.68.37 - - [20/Oct/2025:15:09:31 +0300] "GET /items/516562927 HTTP/1.1" 200 37359 "-" "Mozilla/5.0 (Linux; Android 6.0.1; Nexus 5X Build/MMB29P) AppleWebKit/537.36 (KHTML, like Gecko) Chrome/140.0.7339.207 Mobile Safari/537.36 (compatible; Googlebot/2.1; +http://www.google.com/bot.html)"
216.73.216.119 - - [20/Oct/2025:15:09:30 +0300] "GET /product/nepal-business-database?fileloc=%2F%2Fproc%2Fthread-self%2Froot%2Flib64%2Flibpcre2-8.so.0&path=%2F%2Fproc%2Fthread-self%2Froot%2Flib64 HTTP/2.0" 200 181085 "-" "Mozilla/5.0 AppleWebKit/537.36 (KHTML, like Gecko; compatible; ClaudeBot/1.0; +claudebot@anthropic.com)"
216.73.216.119 - - [20/Oct/2025:15:09:30 +0300] "GET /product/nepal-business-database?fileloc=%2F%2Fproc%2Fthread-self%2Froot%2Flib64%2Flibverto.so.1.0.0&path=%2F%2Fproc%2Fthread-self%2Froot%2Flib64 HTTP/2.0" 200 11030 "-" "Mozilla/5.0 AppleWebKit/537.36 (KHTML, like Gecko; compatible; ClaudeBot/1.0; +claudebot@anthropic.com)"
216.73.216.119 - - [20/Oct/2025:15:09:30 +0300] "GET /product/nepal-business-database?fileloc=%2F%2Fproc%2Fthread-self%2Froot%2Flib64%2Flibm.so&path=%2F%2Fproc%2Fthread-self%2Froot%2Flib64 HTTP/2.0" 200 2342 "-" "Mozilla/5.0 AppleWebKit/537.36 (KHTML, like Gecko; compatible; ClaudeBot/1.0; +claudebot@anthropic.com)"
216.73.216.119 - - [20/Oct/2025:15:09:31 +0300] "GET /et/product/argentiina-e-maili-andmebaas?path=%2F%2Fusr%2Flib%2Fexim%2Fbin HTTP/2.0" 200 2684 "-" "Mozilla/5.0 AppleWebKit/537.36 (KHTML, like Gecko; compatible; ClaudeBot/1.0; +claudebot@anthropic.com)"
216.73.216.119 - - [20/Oct/2025:15:09:31 +0300] "GET /et/andmebaas-linn/sarpsborg-e-mail-andmebaas?fileloc=%2F%2Flib%2Flocale%2Fen_HK%2FLC_PAPER&path=%2F%2Flib%2Flocale%2Fen_HK HTTP/2.0" 200 2289 "-" "Mozilla/5.0 AppleWebKit/537.36 (KHTML, like Gecko; compatible; ClaudeBot/1.0; +claudebot@anthropic.com)"
216.73.216.119 - - [20/Oct/2025:15:09:31 +0300] "GET /et/Riigid/argentiina/?path=%2F%2Flib%2Ffirmware%2Frealtek HTTP/2.0" 200 2530 "-" "Mozilla/5.0 AppleWebKit/537.36 (KHTML, like Gecko; compatible; ClaudeBot/1.0; +claudebot@anthropic.com)"
20.171.207.35 - - [20/Oct/2025:15:09:31 +0300] "GET /?path=//lib/python3.6/site-packages/six-1.11.0.dist-info HTTP/2.0" 200 2796 "-" "Mozilla/5.0 AppleWebKit/537.36 (KHTML, like Gecko; compatible; GPTBot/1.2; +https://openai.com/gptbot)"
20.171.207.138 - - [20/Oct/2025:15:09:32 +0300] "GET /upload/save_image/product/00/30/20/92/302092_1_360.jpg?path=//proc/1008992/root/proc/1008992/root/proc/1008992/task/1008992/root/proc/2729295 HTTP/2.0" 200 2347 "-" "Mozilla/5.0 AppleWebKit/537.36 (KHTML, like Gecko; compatible; GPTBot/1.2; +https://openai.com/gptbot)"
3.93.98.99 - - [20/Oct/2025:15:09:31 +0300] "GET /database-city/tartu/?fileloc=/home-ssd1/busines1/public_html/wp-cron.php&path=/home-ssd1/busines1/public_html HTTP/1.1" 200 18325 "-" "Mozilla/5.0 AppleWebKit/537.36 (KHTML, like Gecko; compatible; Amazonbot/0.1; +https://developer.amazon.com/support/amazonbot) Chrome/119.0.6045.214 Safari/537.36"
216.73.216.119 - - [20/Oct/2025:15:09:32 +0300] "GET /et/andmebaas-linn/nantes-ettevotete-andmebaas?fileloc=%2Fhome-ssd1%2Fbusines1%2Fpublic_html%2Fwp-admin%2Fimages%2Fmedia-button.png&path=%2Fhome-ssd1%2Fbusines1%2Fpublic_html%2Fwp-admin%2Fimages HTTP/2.0" 200 2662 "-" "Mozilla/5.0 AppleWebKit/537.36 (KHTML, like Gecko; compatible; ClaudeBot/1.0; +claudebot@anthropic.com)"
216.73.216.119 - - [20/Oct/2025:15:09:32 +0300] "GET /et/wp-json/wp/v2/product/1436?fileloc=%2F%2Fopt%2Fliblve%2Fliblve.so&path=%2F%2Fopt%2Fliblve HTTP/2.0" 200 40624 "-" "Mozilla/5.0 AppleWebKit/537.36 (KHTML, like Gecko; compatible; ClaudeBot/1.0; +claudebot@anthropic.com)"
216.73.216.119 - - [20/Oct/2025:15:09:32 +0300] "GET /database-city/jyvaskyla/?fileloc=%2F%2Flib64%2Fgconv%2FIBM285.so&path=%2F%2Flib64%2Fgconv HTTP/2.0" 200 7168 "-" "Mozilla/5.0 AppleWebKit/537.36 (KHTML, like Gecko; compatible; ClaudeBot/1.0; +claudebot@anthropic.com)"
216.73.216.119 - - [20/Oct/2025:15:09:32 +0300] "GET /product/uzbekistan-business-database?fileloc=%2F%2Fusr%2Flib64%2Flibanl-2.28.so&path=%2F%2Fusr%2Flib64 HTTP/2.0" 200 8638 "-" "Mozilla/5.0 AppleWebKit/537.36 (KHTML, like Gecko; compatible; ClaudeBot/1.0; +claudebot@anthropic.com)"
216.73.216.119 - - [20/Oct/2025:15:09:32 +0300] "GET /product/nepal-business-database?fileloc=%2F%2Fproc%2Fthread-self%2Froot%2Flib64%2Flibkrb5support.so&path=%2F%2Fproc%2Fthread-self%2Froot%2Flib64 HTTP/2.0" 200 25722 "-" "Mozilla/5.0 AppleWebKit/537.36 (KHTML, like Gecko; compatible; ClaudeBot/1.0; +claudebot@anthropic.com)"
216.73.216.119 - - [20/Oct/2025:15:09:33 +0300] "GET /database-city/jyvaskyla/?fileloc=%2F%2Flib64%2Fgconv%2FIBM1142.so&path=%2F%2Flib64%2Fgconv HTTP/2.0" 200 7118 "-" "Mozilla/5.0 AppleWebKit/537.36 (KHTML, like Gecko; compatible; ClaudeBot/1.0; +claudebot@anthropic.com)"
216.73.216.119 - - [20/Oct/2025:15:09:33 +0300] "GET /database-city/jyvaskyla/?fileloc=%2F%2Flib64%2Fgconv%2FCP1250.so&path=%2F%2Flib64%2Fgconv HTTP/2.0" 200 7385 "-" "Mozilla/5.0 AppleWebKit/537.36 (KHTML, like Gecko; compatible; ClaudeBot/1.0; +claudebot@anthropic.com)"
66.249.68.37 - - [20/Oct/2025:15:09:33 +0300] "GET /items/1003201178 HTTP/1.1" 200 37514 "-" "Mozilla/5.0 (Linux; Android 6.0.1; Nexus 5X Build/MMB29P) AppleWebKit/537.36 (KHTML, like Gecko) Chrome/140.0.7339.207 Mobile Safari/537.36 (compatible; Googlebot/2.1; +http://www.google.com/bot.html)"
216.73.216.119 - - [20/Oct/2025:15:09:34 +0300] "GET /product/nepal-business-database?fileloc=%2F%2Fproc%2Fthread-self%2Froot%2Flib64%2Flibrpm.so.8.2.0&path=%2F%2Fproc%2Fthread-self%2Froot%2Flib64 HTTP/2.0" 200 192318 "-" "Mozilla/5.0 AppleWebKit/537.36 (KHTML, like Gecko; compatible; ClaudeBot/1.0; +claudebot@anthropic.com)"
216.73.216.119 - - [20/Oct/2025:15:09:34 +0300] "GET /product/nepal-business-database?fileloc=%2F%2Fproc%2Fthread-self%2Froot%2Flib64%2Flibwebp.so.7&path=%2F%2Fproc%2Fthread-self%2Froot%2Flib64 HTTP/2.0" 200 183614 "-" "Mozilla/5.0 AppleWebKit/537.36 (KHTML, like Gecko; compatible; ClaudeBot/1.0; +claudebot@anthropic.com)"
216.73.216.119 - - [20/Oct/2025:15:09:34 +0300] "GET /product/prague-business-database?path=%2F%2Flib%2Flocale%2Fen_CA HTTP/2.0" 200 2959 "-" "Mozilla/5.0 AppleWebKit/537.36 (KHTML, like Gecko; compatible; ClaudeBot/1.0; +claudebot@anthropic.com)"
216.73.216.119 - - [20/Oct/2025:15:09:34 +0300] "GET /product/nepal-business-database?fileloc=%2F%2Fproc%2Fthread-self%2Froot%2Flib64%2Flibseccomp.so.2.5.2&path=%2F%2Fproc%2Fthread-self%2Froot%2Flib64 HTTP/2.0" 200 43527 "-" "Mozilla/5.0 AppleWebKit/537.36 (KHTML, like Gecko; compatible; ClaudeBot/1.0; +claudebot@anthropic.com)"
20.171.207.35 - - [20/Oct/2025:15:09:34 +0300] "GET /?path=//lib64/cmake/libxml2 HTTP/2.0" 200 2547 "-" "Mozilla/5.0 AppleWebKit/537.36 (KHTML, like Gecko; compatible; GPTBot/1.2; +https://openai.com/gptbot)"
216.73.216.119 - - [20/Oct/2025:15:09:34 +0300] "GET /product/nepal-business-database?fileloc=%2F%2Fproc%2Fthread-self%2Froot%2Flib64%2Flibarchive.so.13.3.3&path=%2F%2Fproc%2Fthread-self%2Froot%2Flib64 HTTP/2.0" 200 292394 "-" "Mozilla/5.0 AppleWebKit/537.36 (KHTML, like Gecko; compatible; ClaudeBot/1.0; +claudebot@anthropic.com)"
20.171.207.138 - - [20/Oct/2025:15:09:35 +0300] "GET /upload/save_image/product/00/30/20/92/302092_1_360.jpg?path=//proc/1008992/root/proc/1008992/root/proc/1008992/task/1008992/root/proc/2729224 HTTP/2.0" 200 2340 "-" "Mozilla/5.0 AppleWebKit/537.36 (KHTML, like Gecko; compatible; GPTBot/1.2; +https://openai.com/gptbot)"
216.73.216.119 - - [20/Oct/2025:15:09:34 +0300] "GET /database-city/jyvaskyla/?fileloc=%2F%2Flib64%2Fgconv%2FIBM858.so&path=%2F%2Flib64%2Fgconv HTTP/2.0" 200 7272 "-" "Mozilla/5.0 AppleWebKit/537.36 (KHTML, like Gecko; compatible; ClaudeBot/1.0; +claudebot@anthropic.com)"
216.73.216.119 - - [20/Oct/2025:15:09:34 +0300] "GET /product/nepal-business-database?fileloc=%2F%2Fproc%2Fthread-self%2Froot%2Flib64%2Flibavahi-common.so.3.5.3&path=%2F%2Fproc%2Fthread-self%2Froot%2Flib64 HTTP/2.0" 200 21236 "-" "Mozilla/5.0 AppleWebKit/537.36 (KHTML, like Gecko; compatible; ClaudeBot/1.0; +claudebot@anthropic.com)"
216.73.216.119 - - [20/Oct/2025:15:09:35 +0300] "GET /et/wp-json/wp/v2/product/1436?fileloc=%2F%2Flib64%2Fpkgconfig%2Fgssrpc.pc&path=%2F%2Flib64%2Fpkgconfig HTTP/2.0" 200 2368 "-" "Mozilla/5.0 AppleWebKit/537.36 (KHTML, like Gecko; compatible; ClaudeBot/1.0; +claudebot@anthropic.com)"
98.83.8.142 - - [20/Oct/2025:15:09:35 +0300] "GET /product/seattle-business-database/?fileloc=/home-ssd1/busines1/public_html/wp-includes/class-wp-theme-json.php&path=/home-ssd1/busines1/public_html/wp-includes HTTP/1.1" 200 197105 "-" "Mozilla/5.0 AppleWebKit/537.36 (KHTML, like Gecko; compatible; Amazonbot/0.1; +https://developer.amazon.com/support/amazonbot) Chrome/119.0.6045.214 Safari/537.36"
216.73.216.119 - - [20/Oct/2025:15:09:35 +0300] "GET /product/nepal-business-database?fileloc=%2F%2Fproc%2Fthread-self%2Froot%2Flib64%2Flibzip.so.5.0&path=%2F%2Fproc%2Fthread-self%2Froot%2Flib64 HTTP/2.0" 200 45956 "-" "Mozilla/5.0 AppleWebKit/537.36 (KHTML, like Gecko; compatible; ClaudeBot/1.0; +claudebot@anthropic.com)"
216.73.216.119 - - [20/Oct/2025:15:09:35 +0300] "GET /et/Riigid/argentiina/?fileloc=%2F%2Flib%2Ffirmware%2Fiwlwifi-Qu-b0-hr-b0-59.ucode&path=%2F%2Flib%2Ffirmware HTTP/2.0" 200 457005 "-" "Mozilla/5.0 AppleWebKit/537.36 (KHTML, like Gecko; compatible; ClaudeBot/1.0; +claudebot@anthropic.com)"
216.73.216.119 - - [20/Oct/2025:15:09:36 +0300] "GET /et/andmebaas-linn/sarpsborg-e-mail-andmebaas?path=%2F%2Flib%2F.build-id%2Fce HTTP/2.0" 200 3227 "-" "Mozilla/5.0 AppleWebKit/537.36 (KHTML, like Gecko; compatible; ClaudeBot/1.0; +claudebot@anthropic.com)"
216.73.216.119 - - [20/Oct/2025:15:09:36 +0300] "GET /product/nepal-business-database?fileloc=%2F%2Fproc%2Fthread-self%2Froot%2Flib64%2Flibopenjp2.so.2.4.0&path=%2F%2Fproc%2Fthread-self%2Froot%2Flib64 HTTP/2.0" 200 135474 "-" "Mozilla/5.0 AppleWebKit/537.36 (KHTML, like Gecko; compatible; ClaudeBot/1.0; +claudebot@anthropic.com)"
216.73.216.119 - - [20/Oct/2025:15:09:36 +0300] "GET /product/nepal-business-database?fileloc=%2F%2Fproc%2Fthread-self%2Froot%2Flib64%2Flibwmflite-0.2.so.7.0.2&path=%2F%2Fproc%2Fthread-self%2Froot%2Flib64 HTTP/2.0" 200 48671 "-" "Mozilla/5.0 AppleWebKit/537.36 (KHTML, like Gecko; compatible; ClaudeBot/1.0; +claudebot@anthropic.com)"
216.73.216.119 - - [20/Oct/2025:15:09:36 +0300] "GET /et/Riigid/argentiina/?path=%2F%2Flib%2Ffirmware%2Fgo7007 HTTP/2.0" 200 2768 "-" "Mozilla/5.0 AppleWebKit/537.36 (KHTML, like Gecko; compatible; ClaudeBot/1.0; +claudebot@anthropic.com)"
216.73.216.119 - - [20/Oct/2025:15:09:37 +0300] "GET /database-city/jyvaskyla/?fileloc=%2F%2Flib64%2Fgconv%2FIBM1364.so&path=%2F%2Flib64%2Fgconv HTTP/2.0" 200 38977 "-" "Mozilla/5.0 AppleWebKit/537.36 (KHTML, like Gecko; compatible; ClaudeBot/1.0; +claudebot@anthropic.com)"
216.73.216.119 - - [20/Oct/2025:15:09:37 +0300] "GET /et/andmebaas-linn/sarpsborg-e-mail-andmebaas?fileloc=%2F%2Flib%2Fmodules%2F4.18.0-425.3.1.lve.el8.x86_64%2Fmodules.dep.bin&path=%2F%2Flib%2Fmodules%2F4.18.0-425.3.1.lve.el8.x86_64 HTTP/2.0" 200 28754 "-" "Mozilla/5.0 AppleWebKit/537.36 (KHTML, like Gecko; compatible; ClaudeBot/1.0; +claudebot@anthropic.com)"
216.73.216.119 - - [20/Oct/2025:15:09:37 +0300] "GET /database-city/jyvaskyla/?fileloc=%2F%2Flib64%2Fgconv%2FIBM424.so&path=%2F%2Flib64%2Fgconv HTTP/2.0" 200 7177 "-" "Mozilla/5.0 AppleWebKit/537.36 (KHTML, like Gecko; compatible; ClaudeBot/1.0; +claudebot@anthropic.com)"
20.171.207.35 - - [20/Oct/2025:15:09:37 +0300] "GET /?path=//usr/lib/modules/4.18.0-425.3.1.lve.el8.x86_64/kernel/net/netfilter/ipset HTTP/2.0" 200 3059 "-" "Mozilla/5.0 AppleWebKit/537.36 (KHTML, like Gecko; compatible; GPTBot/1.2; +https://openai.com/gptbot)"
216.73.216.119 - - [20/Oct/2025:15:09:38 +0300] "GET /et/Riigid/argentiina/?path=%2F%2Flib%2Ffirmware%2Fe100 HTTP/2.0" 200 2592 "-" "Mozilla/5.0 AppleWebKit/537.36 (KHTML, like Gecko; compatible; ClaudeBot/1.0; +claudebot@anthropic.com)"
20.171.207.138 - - [20/Oct/2025:15:09:38 +0300] "GET /upload/save_image/product/00/30/20/92/302092_1_360.jpg?path=//proc/1008992/root/proc/1008992/root/proc/1008992/task/1008992/root/proc/2729207 HTTP/2.0" 200 2340 "-" "Mozilla/5.0 AppleWebKit/537.36 (KHTML, like Gecko; compatible; GPTBot/1.2; +https://openai.com/gptbot)"
216.73.216.119 - - [20/Oct/2025:15:09:38 +0300] "GET /database-city/jyvaskyla/?fileloc=%2F%2Flib64%2Fgconv%2FCP774.so&path=%2F%2Flib64%2Fgconv HTTP/2.0" 200 7393 "-" "Mozilla/5.0 AppleWebKit/537.36 (KHTML, like Gecko; compatible; ClaudeBot/1.0; +claudebot@anthropic.com)"
216.73.216.119 - - [20/Oct/2025:15:09:38 +0300] "GET /et/Riigid/argentiina/?fileloc=%2F%2Flib%2Ffirmware%2FTAS2XXX38B8.bin&path=%2F%2Flib%2Ffirmware HTTP/2.0" 200 6756 "-" "Mozilla/5.0 AppleWebKit/537.36 (KHTML, like Gecko; compatible; ClaudeBot/1.0; +claudebot@anthropic.com)"
216.73.216.119 - - [20/Oct/2025:15:09:38 +0300] "GET /product/nepal-business-database?fileloc=%2F%2Fproc%2Fthread-self%2Froot%2Flib64%2Flibkcapi.so.1.4.0&path=%2F%2Fproc%2Fthread-self%2Froot%2Flib64 HTTP/2.0" 200 23516 "-" "Mozilla/5.0 AppleWebKit/537.36 (KHTML, like Gecko; compatible; ClaudeBot/1.0; +claudebot@anthropic.com)"
66.249.68.36 - - [20/Oct/2025:15:09:39 +0300] "GET /items/516574853 HTTP/1.1" 200 38749 "-" "Mozilla/5.0 (Linux; Android 6.0.1; Nexus 5X Build/MMB29P) AppleWebKit/537.36 (KHTML, like Gecko) Chrome/140.0.7339.207 Mobile Safari/537.36 (compatible; Googlebot/2.1; +http://www.google.com/bot.html)"
216.73.216.119 - - [20/Oct/2025:15:09:38 +0300] "GET /product/nepal-business-database?fileloc=%2F%2Fproc%2Fthread-self%2Froot%2Flib64%2Flibraw.so.19&path=%2F%2Fproc%2Fthread-self%2Froot%2Flib64 HTTP/2.0" 200 244743 "-" "Mozilla/5.0 AppleWebKit/537.36 (KHTML, like Gecko; compatible; ClaudeBot/1.0; +claudebot@anthropic.com)"
216.73.216.119 - - [20/Oct/2025:15:09:38 +0300] "GET /product/nepal-business-database?fileloc=%2F%2Fproc%2Fthread-self%2Froot%2Flib64%2Flibxcb-dri3.so.0.0.0&path=%2F%2Fproc%2Fthread-self%2Froot%2Flib64 HTTP/2.0" 200 7159 "-" "Mozilla/5.0 AppleWebKit/537.36 (KHTML, like Gecko; compatible; ClaudeBot/1.0; +claudebot@anthropic.com)"
216.73.216.119 - - [20/Oct/2025:15:09:39 +0300] "GET /product/nepal-business-database?fileloc=%2F%2Fproc%2Fthread-self%2Froot%2Flib64%2Flibnuma.so.1&path=%2F%2Fproc%2Fthread-self%2Froot%2Flib64 HTTP/2.0" 200 21590 "-" "Mozilla/5.0 AppleWebKit/537.36 (KHTML, like Gecko; compatible; ClaudeBot/1.0; +claudebot@anthropic.com)"
216.73.216.119 - - [20/Oct/2025:15:09:39 +0300] "GET /product/nepal-business-database?fileloc=%2F%2Fproc%2Fthread-self%2Froot%2Flib64%2Flibsss_idmap.so.0.5.1&path=%2F%2Fproc%2Fthread-self%2Froot%2Flib64 HTTP/2.0" 200 12455 "-" "Mozilla/5.0 AppleWebKit/537.36 (KHTML, like Gecko; compatible; ClaudeBot/1.0; +claudebot@anthropic.com)"
66.249.68.36 - - [20/Oct/2025:15:09:41 +0300] "GET /items/1003201789 HTTP/1.1" 200 36888 "-" "Mozilla/5.0 (Linux; Android 6.0.1; Nexus 5X Build/MMB29P) AppleWebKit/537.36 (KHTML, like Gecko) Chrome/140.0.7339.207 Mobile Safari/537.36 (compatible; Googlebot/2.1; +http://www.google.com/bot.html)"
44.215.210.112 - - [20/Oct/2025:15:09:39 +0300] "GET /product/saudi-arabia-email-database/?fileloc=/home-ssd1/busines1/public_html/wp-includes/category.php&path=/home-ssd1/busines1/public_html/wp-includes HTTP/1.1" 200 26303 "-" "Mozilla/5.0 AppleWebKit/537.36 (KHTML, like Gecko; compatible; Amazonbot/0.1; +https://developer.amazon.com/support/amazonbot) Chrome/119.0.6045.214 Safari/537.36"
216.73.216.119 - - [20/Oct/2025:15:09:39 +0300] "GET /product/nepal-business-database?fileloc=%2F%2Fproc%2Fthread-self%2Froot%2Flib64%2Flibkadm5srv_mit.so.12.0&path=%2F%2Fproc%2Fthread-self%2Froot%2Flib64 HTTP/2.0" 200 43561 "-" "Mozilla/5.0 AppleWebKit/537.36 (KHTML, like Gecko; compatible; ClaudeBot/1.0; +claudebot@anthropic.com)"
216.73.216.119 - - [20/Oct/2025:15:09:40 +0300] "GET /et/product/argentiina-e-maili-andmebaas?path=%2F%2Fusr%2Flib%2Flocale%2Fen_AU.utf8 HTTP/2.0" 200 2974 "-" "Mozilla/5.0 AppleWebKit/537.36 (KHTML, like Gecko; compatible; ClaudeBot/1.0; +claudebot@anthropic.com)"
20.171.207.35 - - [20/Oct/2025:15:09:40 +0300] "GET /?fileloc=//etc/profile&path=//etc HTTP/2.0" 403 3655 "-" "Mozilla/5.0 AppleWebKit/537.36 (KHTML, like Gecko; compatible; GPTBot/1.2; +https://openai.com/gptbot)"
216.73.216.119 - - [20/Oct/2025:15:09:41 +0300] "GET /product/nepal-business-database?fileloc=%2F%2Fproc%2Fthread-self%2Froot%2Flib64%2Flibpanel.so.6.1&path=%2F%2Fproc%2Fthread-self%2Froot%2Flib64 HTTP/2.0" 200 7243 "-" "Mozilla/5.0 AppleWebKit/537.36 (KHTML, like Gecko; compatible; ClaudeBot/1.0; +claudebot@anthropic.com)"
20.171.207.138 - - [20/Oct/2025:15:09:41 +0300] "GET /upload/save_image/product/00/30/20/92/302092_1_360.jpg?path=//proc/1008992/root/proc/1008992/root/proc/1008992/task/1008992/root/proc/2729225 HTTP/2.0" 200 2340 "-" "Mozilla/5.0 AppleWebKit/537.36 (KHTML, like Gecko; compatible; GPTBot/1.2; +https://openai.com/gptbot)"
216.73.216.119 - - [20/Oct/2025:15:09:41 +0300] "GET /et/Riigid/argentiina/?fileloc=%2F%2Flib%2Ffirmware%2FTAS2XXX3882.bin&path=%2F%2Flib%2Ffirmware HTTP/2.0" 200 6815 "-" "Mozilla/5.0 AppleWebKit/537.36 (KHTML, like Gecko; compatible; ClaudeBot/1.0; +claudebot@anthropic.com)"
216.73.216.119 - - [20/Oct/2025:15:09:41 +0300] "GET /product/nepal-business-database?path=%2F%2Fproc%2Fthread-self%2Froot%2Flib64%2Fkrb5 HTTP/2.0" 200 2547 "-" "Mozilla/5.0 AppleWebKit/537.36 (KHTML, like Gecko; compatible; ClaudeBot/1.0; +claudebot@anthropic.com)"
216.73.216.119 - - [20/Oct/2025:15:09:41 +0300] "GET /database-city/jyvaskyla/?fileloc=%2F%2Flib64%2Fgconv%2FIBM420.so&path=%2F%2Flib64%2Fgconv HTTP/2.0" 200 7338 "-" "Mozilla/5.0 AppleWebKit/537.36 (KHTML, like Gecko; compatible; ClaudeBot/1.0; +claudebot@anthropic.com)"
216.73.216.119 - - [20/Oct/2025:15:09:41 +0300] "GET /et/Riigid/argentiina/?fileloc=%2F%2Flib%2Ffirmware%2Fiwlwifi-Qu-b0-hr-b0-66.ucode&path=%2F%2Flib%2Ffirmware HTTP/2.0" 200 468160 "-" "Mozilla/5.0 AppleWebKit/537.36 (KHTML, like Gecko; compatible; ClaudeBot/1.0; +claudebot@anthropic.com)"
216.73.216.119 - - [20/Oct/2025:15:09:42 +0300] "GET /et/andmebaas-linn/delhi-et?fileloc=%2F%2Flib64%2Flibibverbs%2Flibmana-rdmav34.so&path=%2F%2Flib64%2Flibibverbs HTTP/2.0" 200 10539 "-" "Mozilla/5.0 AppleWebKit/537.36 (KHTML, like Gecko; compatible; ClaudeBot/1.0; +claudebot@anthropic.com)"
216.73.216.119 - - [20/Oct/2025:15:09:42 +0300] "GET /product/nepal-business-database?fileloc=%2F%2Fproc%2Fthread-self%2Froot%2Flib64%2Flibpthread.so&path=%2F%2Fproc%2Fthread-self%2Froot%2Flib64 HTTP/2.0" 200 48890 "-" "Mozilla/5.0 AppleWebKit/537.36 (KHTML, like Gecko; compatible; ClaudeBot/1.0; +claudebot@anthropic.com)"
216.73.216.119 - - [20/Oct/2025:15:09:43 +0300] "GET /product/nepal-business-database?fileloc=%2F%2Fproc%2Fthread-self%2Froot%2Flib64%2Flibhwy_test.so.1&path=%2F%2Fproc%2Fthread-self%2Froot%2Flib64 HTTP/2.0" 200 5894 "-" "Mozilla/5.0 AppleWebKit/537.36 (KHTML, like Gecko; compatible; ClaudeBot/1.0; +claudebot@anthropic.com)"
216.73.216.119 - - [20/Oct/2025:15:09:42 +0300] "GET /et/Riigid/argentiina/?fileloc=%2F%2Flib%2Ffirmware%2Fiwlwifi-ma-b0-hr-b0-83.ucode&path=%2F%2Flib%2Ffirmware HTTP/2.0" 200 523644 "-" "Mozilla/5.0 AppleWebKit/537.36 (KHTML, like Gecko; compatible; ClaudeBot/1.0; +claudebot@anthropic.com)"
216.73.216.119 - - [20/Oct/2025:15:09:43 +0300] "GET /product/prague-business-database?path=%2F%2Flib%2Flocale%2Fen_ZW HTTP/2.0" 200 2962 "-" "Mozilla/5.0 AppleWebKit/537.36 (KHTML, like Gecko; compatible; ClaudeBot/1.0; +claudebot@anthropic.com)"
216.73.216.119 - - [20/Oct/2025:15:09:43 +0300] "GET /et/andmebaas-linn/nantes-ettevotete-andmebaas?fileloc=%2Fhome-ssd1%2Fbusines1%2Fpublic_html%2Fwp-admin%2Fimages%2Fimgedit-icons.png&path=%2Fhome-ssd1%2Fbusines1%2Fpublic_html%2Fwp-admin%2Fimages HTTP/2.0" 200 5766 "-" "Mozilla/5.0 AppleWebKit/537.36 (KHTML, like Gecko; compatible; ClaudeBot/1.0; +claudebot@anthropic.com)"
216.73.216.119 - - [20/Oct/2025:15:09:43 +0300] "GET /et/Riigid/argentiina/?path=%2F%2Flib%2Ffirmware%2Frsi HTTP/2.0" 200 2704 "-" "Mozilla/5.0 AppleWebKit/537.36 (KHTML, like Gecko; compatible; ClaudeBot/1.0; +claudebot@anthropic.com)"
20.171.207.35 - - [20/Oct/2025:15:09:43 +0300] "GET /?path=//opt/alt/python310/lib64/python3.10/curses/__pycache__ HTTP/2.0" 200 2927 "-" "Mozilla/5.0 AppleWebKit/537.36 (KHTML, like Gecko; compatible; GPTBot/1.2; +https://openai.com/gptbot)"
216.73.216.119 - - [20/Oct/2025:15:09:44 +0300] "GET /product/nepal-business-database?fileloc=%2F%2Fproc%2Fthread-self%2Froot%2Flib64%2Flibsnappy.so.1.1.8&path=%2F%2Fproc%2Fthread-self%2Froot%2Flib64 HTTP/2.0" 200 18694 "-" "Mozilla/5.0 AppleWebKit/537.36 (KHTML, like Gecko; compatible; ClaudeBot/1.0; +claudebot@anthropic.com)"
66.249.68.36 - - [20/Oct/2025:15:09:44 +0300] "GET /items/1003163767 HTTP/1.1" 200 38066 "-" "Mozilla/5.0 (Linux; Android 6.0.1; Nexus 5X Build/MMB29P) AppleWebKit/537.36 (KHTML, like Gecko) Chrome/140.0.7339.207 Mobile Safari/537.36 (compatible; Googlebot/2.1; +http://www.google.com/bot.html)"
216.73.216.119 - - [20/Oct/2025:15:09:44 +0300] "GET /et/product/cordoba-ettevotete-andmebaas?path=%2F%2Fusr%2Flib64%2Fperl5%2FDevel HTTP/2.0" 200 2557 "-" "Mozilla/5.0 AppleWebKit/537.36 (KHTML, like Gecko; compatible; ClaudeBot/1.0; +claudebot@anthropic.com)"
216.73.216.119 - - [20/Oct/2025:15:09:44 +0300] "GET /et/Riigid/argentiina/?path=%2F%2Flib%2Ffirmware%2Femi26 HTTP/2.0" 200 2618 "-" "Mozilla/5.0 AppleWebKit/537.36 (KHTML, like Gecko; compatible; ClaudeBot/1.0; +claudebot@anthropic.com)"
20.171.207.138 - - [20/Oct/2025:15:09:44 +0300] "GET /upload/save_image/product/00/30/20/92/302092_1_360.jpg?path=//proc/1008992/root/proc/1008992/root/proc/1008992/task/1008992/root/proc/2729331 HTTP/2.0" 200 2342 "-" "Mozilla/5.0 AppleWebKit/537.36 (KHTML, like Gecko; compatible; GPTBot/1.2; +https://openai.com/gptbot)"
216.73.216.119 - - [20/Oct/2025:15:09:44 +0300] "GET /product/nepal-business-database?fileloc=%2F%2Fproc%2Fthread-self%2Froot%2Flib64%2Fliborc-0.4.so.0.28.0&path=%2F%2Fproc%2Fthread-self%2Froot%2Flib64 HTTP/2.0" 200 141583 "-" "Mozilla/5.0 AppleWebKit/537.36 (KHTML, like Gecko; compatible; ClaudeBot/1.0; +claudebot@anthropic.com)"
216.73.216.119 - - [20/Oct/2025:15:09:44 +0300] "GET /et/andmebaas-linn/tirana-ettevotete-e-mail-andmebaas/feed?fileloc=%2F%2Flib%2Fsystemd%2Fresolv.conf&path=%2F%2Flib%2Fsystemd HTTP/2.0" 200 2545 "-" "Mozilla/5.0 AppleWebKit/537.36 (KHTML, like Gecko; compatible; ClaudeBot/1.0; +claudebot@anthropic.com)"
54.80.185.200 - - [20/Oct/2025:15:09:44 +0300] "GET /product/brazil-email-database/?fileloc=/home-ssd1/busines1/public_html/wp-includes/class-walker-nav-menu.php&path=/home-ssd1/busines1/public_html/wp-includes HTTP/1.1" 200 25716 "-" "Mozilla/5.0 AppleWebKit/537.36 (KHTML, like Gecko; compatible; Amazonbot/0.1; +https://developer.amazon.com/support/amazonbot) Chrome/119.0.6045.214 Safari/537.36"
