20.171.207.35 - - [20/Oct/2025:15:02:37 +0300] "GET /?path=//proc/1040995/root/proc/self/root/usr/lib/locale/en_SC.utf8 HTTP/2.0" 200 2354 "-" "Mozilla/5.0 AppleWebKit/537.36 (KHTML, like Gecko; compatible; GPTBot/1.2; +https://openai.com/gptbot)"
216.73.216.119 - - [20/Oct/2025:15:02:38 +0300] "GET /database-city/jyvaskyla/?fileloc=%2F%2Flib64%2Flibboost-plesk-1.82%2Flibboost_thread-plesk.so.1.82.0&path=%2F%2Flib64%2Flibboost-plesk-1.82 HTTP/2.0" 200 39657 "-" "Mozilla/5.0 AppleWebKit/537.36 (KHTML, like Gecko; compatible; ClaudeBot/1.0; +claudebot@anthropic.com)"
216.73.216.119 - - [20/Oct/2025:15:02:38 +0300] "GET /et/product/vancouver-ettevotete-andmebaas?path=%2Fhome-ssd1%2Fbusines1%2Fpublic_html%2Fwp-content%2Fplugins%2Fwoocommerce-multilingual%2Fvendor%2Fotgs HTTP/2.0" 200 2663 "-" "Mozilla/5.0 AppleWebKit/537.36 (KHTML, like Gecko; compatible; ClaudeBot/1.0; +claudebot@anthropic.com)"
216.73.216.119 - - [20/Oct/2025:15:02:39 +0300] "GET /et/andmebaas-linn/jyvaskyla-et?fileloc=%2Fhome-ssd1%2Fbusines1%2Fpublic_html%2Fwp-content%2Flanguages%2Ffi-81c889563f09dd13de1701135dc62941.json&path=%2Fhome-ssd1%2Fbusines1%2Fpublic_html%2Fwp-content%2Flanguages HTTP/2.0" 200 2833 "-" "Mozilla/5.0 AppleWebKit/537.36 (KHTML, like Gecko; compatible; ClaudeBot/1.0; +claudebot@anthropic.com)"
216.73.216.119 - - [20/Oct/2025:15:02:39 +0300] "GET /et/product/delhi-ettevotete-andmebaas?path=%2F%2Fusr%2Flib64%2Fpython2.7%2Fcompiler HTTP/2.0" 200 3257 "-" "Mozilla/5.0 AppleWebKit/537.36 (KHTML, like Gecko; compatible; ClaudeBot/1.0; +claudebot@anthropic.com)"
216.73.216.119 - - [20/Oct/2025:15:02:39 +0300] "GET /et/wp-json/wp/v2/product/1436?fileloc=%2F%2Fusr%2Flib64%2Flibsss_sudo.so&path=%2F%2Fusr%2Flib64 HTTP/2.0" 200 10394 "-" "Mozilla/5.0 AppleWebKit/537.36 (KHTML, like Gecko; compatible; ClaudeBot/1.0; +claudebot@anthropic.com)"
20.171.207.138 - - [20/Oct/2025:15:02:40 +0300] "GET /upload/save_image/product/00/30/20/92/302092_1_360.jpg?path=//proc/1008992/root/proc/1008992/root/proc/1008992/task/1008992/root/proc/2227781/cwd/opt/app-version-detector HTTP/2.0" 200 2380 "-" "Mozilla/5.0 AppleWebKit/537.36 (KHTML, like Gecko; compatible; GPTBot/1.2; +https://openai.com/gptbot)"
216.73.216.119 - - [20/Oct/2025:15:02:39 +0300] "GET /et/andmebaas-linn/al-ain-email-database-et?fileloc=%2F%2Fusr%2Flib64%2Flibjxl.so.0.7.2&path=%2F%2Fusr%2Flib64 HTTP/2.0" 200 1159443 "-" "Mozilla/5.0 AppleWebKit/537.36 (KHTML, like Gecko; compatible; ClaudeBot/1.0; +claudebot@anthropic.com)"
216.73.216.119 - - [20/Oct/2025:15:02:40 +0300] "GET /et/wp-json/wp/v2/product/1793?fileloc=%2F%2Flib%2Frpm%2Frpm.daily&path=%2F%2Flib%2Frpm HTTP/2.0" 200 2404 "-" "Mozilla/5.0 AppleWebKit/537.36 (KHTML, like Gecko; compatible; ClaudeBot/1.0; +claudebot@anthropic.com)"
3.217.82.254 - - [20/Oct/2025:15:02:40 +0300] "GET /ru/cart-2/?path=/home-ssd1/busines1/public_html/wp-includes/customize HTTP/1.1" 200 76174 "-" "Mozilla/5.0 AppleWebKit/537.36 (KHTML, like Gecko; compatible; Amazonbot/0.1; +https://developer.amazon.com/support/amazonbot) Chrome/119.0.6045.214 Safari/537.36"
216.73.216.119 - - [20/Oct/2025:15:02:40 +0300] "GET /et/wp-json/wp/v2/product/1436?fileloc=%2F%2Fusr%2Flib64%2FlibHalf.so.12&path=%2F%2Fusr%2Flib64 HTTP/2.0" 200 27555 "-" "Mozilla/5.0 AppleWebKit/537.36 (KHTML, like Gecko; compatible; ClaudeBot/1.0; +claudebot@anthropic.com)"
20.171.207.35 - - [20/Oct/2025:15:02:41 +0300] "GET /?path=//proc/1040995/root/proc/self/root/usr/lib/locale/en_DK.utf8 HTTP/2.0" 200 2354 "-" "Mozilla/5.0 AppleWebKit/537.36 (KHTML, like Gecko; compatible; GPTBot/1.2; +https://openai.com/gptbot)"
216.73.216.119 - - [20/Oct/2025:15:02:41 +0300] "GET /et/wp-json/wp/v2/product/1436?fileloc=%2F%2Fusr%2Flib64%2Flibnl-xfrm-3.so.200.26.0&path=%2F%2Fusr%2Flib64 HTTP/2.0" 200 29274 "-" "Mozilla/5.0 AppleWebKit/537.36 (KHTML, like Gecko; compatible; ClaudeBot/1.0; +claudebot@anthropic.com)"
216.73.216.119 - - [20/Oct/2025:15:02:41 +0300] "GET /et/wp-json/wp/v2/product/1382?fileloc=%2F%2Fusr%2Flib64%2Flibxcb-sync.so&path=%2F%2Fusr%2Flib64 HTTP/2.0" 200 9275 "-" "Mozilla/5.0 AppleWebKit/537.36 (KHTML, like Gecko; compatible; ClaudeBot/1.0; +claudebot@anthropic.com)"
216.73.216.119 - - [20/Oct/2025:15:02:41 +0300] "GET /et/product/rumeenia-ettevotete-andmebaas?fileloc=%2F%2Flib64%2Fpython2.7%2Fsymbol.pyc&path=%2F%2Flib64%2Fpython2.7 HTTP/2.0" 200 3725 "-" "Mozilla/5.0 AppleWebKit/537.36 (KHTML, like Gecko; compatible; ClaudeBot/1.0; +claudebot@anthropic.com)"
216.73.216.119 - - [20/Oct/2025:15:02:42 +0300] "GET /et/wp-json/wp/v2/product/1793?path=%2F%2Flib64%2Fpython2.7%2FDoc HTTP/2.0" 200 2534 "-" "Mozilla/5.0 AppleWebKit/537.36 (KHTML, like Gecko; compatible; ClaudeBot/1.0; +claudebot@anthropic.com)"
20.171.207.138 - - [20/Oct/2025:15:02:43 +0300] "GET /upload/save_image/product/00/30/20/92/302092_1_360.jpg?path=//proc/1008992/root/proc/1008992/root/proc/1008992/task/1008992/root/proc/2227781/task/2227781/cwd/etc/mail/spamassassin HTTP/2.0" 200 2391 "-" "Mozilla/5.0 AppleWebKit/537.36 (KHTML, like Gecko; compatible; GPTBot/1.2; +https://openai.com/gptbot)"
216.73.216.119 - - [20/Oct/2025:15:02:42 +0300] "GET /et/wp-json/wp/v2/product/1663?fileloc=%2F%2Fusr%2Fbin%2Fsdiff&path=%2F%2Fusr%2Fbin HTTP/2.0" 200 23618 "-" "Mozilla/5.0 AppleWebKit/537.36 (KHTML, like Gecko; compatible; ClaudeBot/1.0; +claudebot@anthropic.com)"
216.73.216.119 - - [20/Oct/2025:15:02:43 +0300] "GET /et/product/johor-bahru-ettevotete-andmebaas?fileloc=%2F%2Flib64%2Fpython2.7%2F_sysconfigdata.pyc&path=%2F%2Flib64%2Fpython2.7 HTTP/2.0" 200 9272 "-" "Mozilla/5.0 AppleWebKit/537.36 (KHTML, like Gecko; compatible; ClaudeBot/1.0; +claudebot@anthropic.com)"
66.249.68.37 - - [20/Oct/2025:15:02:44 +0300] "GET /items/393166271 HTTP/1.1" 200 36543 "-" "Mozilla/5.0 (Linux; Android 6.0.1; Nexus 5X Build/MMB29P) AppleWebKit/537.36 (KHTML, like Gecko) Chrome/140.0.7339.207 Mobile Safari/537.36 (compatible; Googlebot/2.1; +http://www.google.com/bot.html)"
216.73.216.119 - - [20/Oct/2025:15:02:44 +0300] "GET /et/?fileloc=%2Fhome-ssd1%2Fbusines1%2Fpublic_html%2Fwp-admin%2Fimages%2Falign-none-2x.png&path=%2Fhome-ssd1%2Fbusines1%2Fpublic_html%2Fwp-admin%2Fimages HTTP/2.0" 200 2446 "-" "Mozilla/5.0 AppleWebKit/537.36 (KHTML, like Gecko; compatible; ClaudeBot/1.0; +claudebot@anthropic.com)"
34.234.197.175 - - [20/Oct/2025:15:02:44 +0300] "GET /et/product/los-angeles-ettevotete-andmebaas/?path=/home-ssd1/busines1/.cpanel HTTP/1.1" 200 31771 "-" "Mozilla/5.0 AppleWebKit/537.36 (KHTML, like Gecko; compatible; Amazonbot/0.1; +https://developer.amazon.com/support/amazonbot) Chrome/119.0.6045.214 Safari/537.36"
20.171.207.35 - - [20/Oct/2025:15:02:44 +0300] "GET /?path=//usr/lib/jvm/jre-11/legal/jdk.zipfs HTTP/2.0" 200 2686 "-" "Mozilla/5.0 AppleWebKit/537.36 (KHTML, like Gecko; compatible; GPTBot/1.2; +https://openai.com/gptbot)"
216.73.216.119 - - [20/Oct/2025:15:02:44 +0300] "GET /database-city/sydney?path=%2Fhome-ssd1%2Fbusines1%2Fmail%2F.Trash%2Ftmp HTTP/2.0" 200 2311 "-" "Mozilla/5.0 AppleWebKit/537.36 (KHTML, like Gecko; compatible; ClaudeBot/1.0; +claudebot@anthropic.com)"
66.249.68.36 - - [20/Oct/2025:15:02:44 +0300] "GET /items/393155916 HTTP/1.1" 200 37083 "-" "Mozilla/5.0 (Linux; Android 6.0.1; Nexus 5X Build/MMB29P) AppleWebKit/537.36 (KHTML, like Gecko) Chrome/140.0.7339.207 Mobile Safari/537.36 (compatible; Googlebot/2.1; +http://www.google.com/bot.html)"
216.73.216.119 - - [20/Oct/2025:15:02:45 +0300] "GET /et/wp-json/wp/v2/product/1436?fileloc=%2F%2Fusr%2Flib64%2Flibdhash.so.1.1.0&path=%2F%2Fusr%2Flib64 HTTP/2.0" 200 8217 "-" "Mozilla/5.0 AppleWebKit/537.36 (KHTML, like Gecko; compatible; ClaudeBot/1.0; +claudebot@anthropic.com)"
216.73.216.119 - - [20/Oct/2025:15:02:45 +0300] "GET /et/product/delhi-ettevotete-andmebaas?path=%2Fhome-ssd1%2Fbusines1%2Fpublic_html%2Fwp-content%2Fcache%2Fautoptimize HTTP/2.0" 200 2685 "-" "Mozilla/5.0 AppleWebKit/537.36 (KHTML, like Gecko; compatible; ClaudeBot/1.0; +claudebot@anthropic.com)"
216.73.216.119 - - [20/Oct/2025:15:02:45 +0300] "GET /product/prague-business-database?fileloc=%2F%2Flib64%2Fdovecot%2Flibdovecot-dsync.so.0.0.0&path=%2F%2Flib64%2Fdovecot HTTP/2.0" 200 93529 "-" "Mozilla/5.0 AppleWebKit/537.36 (KHTML, like Gecko; compatible; ClaudeBot/1.0; +claudebot@anthropic.com)"
216.73.216.119 - - [20/Oct/2025:15:02:45 +0300] "GET /et/andmebaas-linn/al-ain-email-database-et?fileloc=%2F%2Fusr%2Flib64%2Flibisccfg.so&path=%2F%2Fusr%2Flib64 HTTP/2.0" 200 50771 "-" "Mozilla/5.0 AppleWebKit/537.36 (KHTML, like Gecko; compatible; ClaudeBot/1.0; +claudebot@anthropic.com)"
20.171.207.138 - - [20/Oct/2025:15:02:46 +0300] "GET /upload/save_image/product/00/30/20/92/302092_1_360.jpg?path=//proc/1008992/root/proc/1008992/root/proc/1008992/task/1008992/root/proc/2227781/task/2227781/cwd/usr/lib/kbd/consoletrans HTTP/2.0" 200 2402 "-" "Mozilla/5.0 AppleWebKit/537.36 (KHTML, like Gecko; compatible; GPTBot/1.2; +https://openai.com/gptbot)"
216.73.216.119 - - [20/Oct/2025:15:02:46 +0300] "GET /database-city/jyvaskyla/?path=%2Fhome-ssd1%2Fbusines1%2Ftmp%2Fwebalizerftp HTTP/2.0" 200 3013 "-" "Mozilla/5.0 AppleWebKit/537.36 (KHTML, like Gecko; compatible; ClaudeBot/1.0; +claudebot@anthropic.com)"
216.73.216.119 - - [20/Oct/2025:15:02:46 +0300] "GET /et/wp-json/wp/v2/product/1436?fileloc=%2F%2Fusr%2Flib64%2Flibmlx5.so.1.24.48.0&path=%2F%2Fusr%2Flib64 HTTP/2.0" 200 169094 "-" "Mozilla/5.0 AppleWebKit/537.36 (KHTML, like Gecko; compatible; ClaudeBot/1.0; +claudebot@anthropic.com)"
216.73.216.119 - - [20/Oct/2025:15:02:47 +0300] "GET /et/product/johor-bahru-ettevotete-andmebaas?fileloc=%2F%2Flib64%2Fpython2.7%2Fkeyword.pyc&path=%2F%2Flib64%2Fpython2.7 HTTP/2.0" 200 3480 "-" "Mozilla/5.0 AppleWebKit/537.36 (KHTML, like Gecko; compatible; ClaudeBot/1.0; +claudebot@anthropic.com)"
216.73.216.119 - - [20/Oct/2025:15:02:47 +0300] "GET /et/wp-json/wp/v2/product/1382?fileloc=%2F%2Fusr%2Flib64%2Flibmana.so.1&path=%2F%2Fusr%2Flib64 HTTP/2.0" 200 10532 "-" "Mozilla/5.0 AppleWebKit/537.36 (KHTML, like Gecko; compatible; ClaudeBot/1.0; +claudebot@anthropic.com)"
20.171.207.35 - - [20/Oct/2025:15:02:47 +0300] "GET /?path=//lib/jvm/jre-11/legal/jdk.crypto.ec HTTP/2.0" 200 2715 "-" "Mozilla/5.0 AppleWebKit/537.36 (KHTML, like Gecko; compatible; GPTBot/1.2; +https://openai.com/gptbot)"
216.73.216.119 - - [20/Oct/2025:15:02:47 +0300] "GET /et/andmebaas-linn/al-ain-email-database-et?path=%2F%2Fopt%2Falt%2Flibmemcached HTTP/2.0" 200 2529 "-" "Mozilla/5.0 AppleWebKit/537.36 (KHTML, like Gecko; compatible; ClaudeBot/1.0; +claudebot@anthropic.com)"
216.73.216.119 - - [20/Oct/2025:15:02:47 +0300] "GET /et/product/cordoba-ettevotete-andmebaas?fileloc=%2F%2Flib64%2Fpython3.6%2Flzma.py&path=%2F%2Flib64%2Fpython3.6 HTTP/2.0" 200 6069 "-" "Mozilla/5.0 AppleWebKit/537.36 (KHTML, like Gecko; compatible; ClaudeBot/1.0; +claudebot@anthropic.com)"
66.249.68.37 - - [20/Oct/2025:15:02:48 +0300] "GET /items/393155305 HTTP/1.1" 200 36665 "-" "Mozilla/5.0 (Linux; Android 6.0.1; Nexus 5X Build/MMB29P) AppleWebKit/537.36 (KHTML, like Gecko) Chrome/140.0.7339.207 Mobile Safari/537.36 (compatible; Googlebot/2.1; +http://www.google.com/bot.html)"
216.73.216.119 - - [20/Oct/2025:15:02:48 +0300] "GET /et/wp-json/wp/v2/product/1436?fileloc=%2F%2Fusr%2Flib64%2FlibSM.so.6&path=%2F%2Fusr%2Flib64 HTTP/2.0" 200 15382 "-" "Mozilla/5.0 AppleWebKit/537.36 (KHTML, like Gecko; compatible; ClaudeBot/1.0; +claudebot@anthropic.com)"
216.73.216.119 - - [20/Oct/2025:15:02:48 +0300] "GET /et/andmebaas-linn/banska-bystrica-et?fileloc=%2Fhome-ssd1%2Fbusines1%2Fpublic_html%2Fwp-includes%2Ffonts%2Fdashicons.eot&path=%2Fhome-ssd1%2Fbusines1%2Fpublic_html%2Fwp-includes%2Ffonts HTTP/2.0" 200 32902 "-" "Mozilla/5.0 AppleWebKit/537.36 (KHTML, like Gecko; compatible; ClaudeBot/1.0; +claudebot@anthropic.com)"
52.3.104.214 - - [20/Oct/2025:15:02:48 +0300] "GET /database-city/india/?fileloc=/home-ssd1/busines1/public_html/wp-includes/ms-deprecated.php&path=/home-ssd1/busines1/public_html/wp-includes HTTP/1.1" 200 36609 "-" "Mozilla/5.0 AppleWebKit/537.36 (KHTML, like Gecko; compatible; Amazonbot/0.1; +https://developer.amazon.com/support/amazonbot) Chrome/119.0.6045.214 Safari/537.36"
216.73.216.119 - - [20/Oct/2025:15:02:48 +0300] "GET /et/product/johor-bahru-ettevotete-andmebaas?fileloc=%2F%2Flib64%2Fpython2.7%2FBastion.py&path=%2F%2Flib64%2Fpython2.7 HTTP/2.0" 200 4381 "-" "Mozilla/5.0 AppleWebKit/537.36 (KHTML, like Gecko; compatible; ClaudeBot/1.0; +claudebot@anthropic.com)"
20.171.207.138 - - [20/Oct/2025:15:02:49 +0300] "GET /upload/save_image/product/00/30/20/92/302092_1_360.jpg?path=//proc/1008992/root/proc/1008992/root/proc/1008992/task/1008992/root/proc/2227781/task/2227781/cwd/usr/lib/rpm/fileattrs HTTP/2.0" 200 2403 "-" "Mozilla/5.0 AppleWebKit/537.36 (KHTML, like Gecko; compatible; GPTBot/1.2; +https://openai.com/gptbot)"
216.73.216.119 - - [20/Oct/2025:15:02:48 +0300] "GET /et/wp-json/wp/v2/product/1436?fileloc=%2F%2Fusr%2Flib64%2Flibdns.so.1115&path=%2F%2Fusr%2Flib64 HTTP/2.0" 200 829493 "-" "Mozilla/5.0 AppleWebKit/537.36 (KHTML, like Gecko; compatible; ClaudeBot/1.0; +claudebot@anthropic.com)"
216.73.216.119 - - [20/Oct/2025:15:02:49 +0300] "GET /database-city/cordoba-email-database/?path=%2Fhome-ssd1%2Fbusines1%2Fwww%2Fcgi-bin HTTP/2.0" 200 2539 "-" "Mozilla/5.0 AppleWebKit/537.36 (KHTML, like Gecko; compatible; ClaudeBot/1.0; +claudebot@anthropic.com)"
216.73.216.119 - - [20/Oct/2025:15:02:49 +0300] "GET /et/wp-json/wp/v2/product/1436?fileloc=%2F%2Fusr%2Flib64%2FlibXau.so&path=%2F%2Fusr%2Flib64 HTTP/2.0" 200 7371 "-" "Mozilla/5.0 AppleWebKit/537.36 (KHTML, like Gecko; compatible; ClaudeBot/1.0; +claudebot@anthropic.com)"
216.73.216.119 - - [20/Oct/2025:15:02:50 +0300] "GET /et/wp-json/wp/v2/product/1793?fileloc=%2F%2Fusr%2Fbin%2Ffc-cache&path=%2F%2Fusr%2Fbin HTTP/2.0" 200 2269 "-" "Mozilla/5.0 AppleWebKit/537.36 (KHTML, like Gecko; compatible; ClaudeBot/1.0; +claudebot@anthropic.com)"
216.73.216.119 - - [20/Oct/2025:15:02:50 +0300] "GET /et/andmebaas-linn/jyvaskyla-et?fileloc=%2Fhome-ssd1%2Fbusines1%2Fpublic_html%2Fwp-content%2Flanguages%2Ffi-28b3c3d595952907e08d98287077426c.json&path=%2Fhome-ssd1%2Fbusines1%2Fpublic_html%2Fwp-content%2Flanguages HTTP/2.0" 200 2648 "-" "Mozilla/5.0 AppleWebKit/537.36 (KHTML, like Gecko; compatible; ClaudeBot/1.0; +claudebot@anthropic.com)"
20.171.207.35 - - [20/Oct/2025:15:02:50 +0300] "GET /?path=//proc/1040995/root/proc/thread-self/root/usr/lib/rpm/platform/ppc8260-linux HTTP/2.0" 200 2375 "-" "Mozilla/5.0 AppleWebKit/537.36 (KHTML, like Gecko; compatible; GPTBot/1.2; +https://openai.com/gptbot)"
216.73.216.119 - - [20/Oct/2025:15:02:51 +0300] "GET /et/andmebaas-linn/cordoba-e-mail-andmebaas?path=%2F%2Fusr%2Flib%2Fsystemd HTTP/2.0" 200 4282 "-" "Mozilla/5.0 AppleWebKit/537.36 (KHTML, like Gecko; compatible; ClaudeBot/1.0; +claudebot@anthropic.com)"
66.249.68.36 - - [20/Oct/2025:15:02:51 +0300] "GET /items/393176562 HTTP/1.1" 200 38027 "-" "Mozilla/5.0 (Linux; Android 6.0.1; Nexus 5X Build/MMB29P) AppleWebKit/537.36 (KHTML, like Gecko) Chrome/140.0.7339.207 Mobile Safari/537.36 (compatible; Googlebot/2.1; +http://www.google.com/bot.html)"
216.73.216.119 - - [20/Oct/2025:15:02:51 +0300] "GET /et/wp-json/wp/v2/product/1382?fileloc=%2F%2Fusr%2Flib64%2Flibrt.so.1&path=%2F%2Fusr%2Flib64 HTTP/2.0" 200 16197 "-" "Mozilla/5.0 AppleWebKit/537.36 (KHTML, like Gecko; compatible; ClaudeBot/1.0; +claudebot@anthropic.com)"
216.73.216.119 - - [20/Oct/2025:15:02:51 +0300] "GET /ru/database-city/antwerpen-ru?fileloc=%2Fhome-ssd1%2Fbusines1%2Fmail%2F.billing%40businessdatabases_net%2Fdovecot-uidlist&path=%2Fhome-ssd1%2Fbusines1%2Fmail%2F.billing%40businessdatabases_net HTTP/2.0" 200 2514 "-" "Mozilla/5.0 AppleWebKit/537.36 (KHTML, like Gecko; compatible; ClaudeBot/1.0; +claudebot@anthropic.com)"
216.73.216.119 - - [20/Oct/2025:15:02:51 +0300] "GET /et/wp-json/wp/v2/product/1382?fileloc=%2F%2Fusr%2Flib64%2Flibjbig.so.2.1&path=%2F%2Fusr%2Flib64 HTTP/2.0" 200 21755 "-" "Mozilla/5.0 AppleWebKit/537.36 (KHTML, like Gecko; compatible; ClaudeBot/1.0; +claudebot@anthropic.com)"
20.171.207.138 - - [20/Oct/2025:15:02:52 +0300] "GET /upload/save_image/product/00/30/20/92/302092_1_360.jpg?path=//proc/1008992/root/proc/1008992/root/proc/1008992/task/1008992/root/proc/2227781/task/2227781/cwd/opt/app-version-detector HTTP/2.0" 200 2389 "-" "Mozilla/5.0 AppleWebKit/537.36 (KHTML, like Gecko; compatible; GPTBot/1.2; +https://openai.com/gptbot)"
216.73.216.119 - - [20/Oct/2025:15:02:52 +0300] "GET /et/?fileloc=%2Fhome-ssd1%2Fbusines1%2Fpublic_html%2Fwp-content%2Fuploads%2Fwoocommerce-placeholder-324x324.png&path=%2Fhome-ssd1%2Fbusines1%2Fpublic_html%2Fwp-content%2Fuploads HTTP/2.0" 200 4348 "-" "Mozilla/5.0 AppleWebKit/537.36 (KHTML, like Gecko; compatible; ClaudeBot/1.0; +claudebot@anthropic.com)"
54.147.182.90 - - [20/Oct/2025:15:02:52 +0300] "GET /product/nitra-business-database/?fileloc=/home-ssd1/busines1/public_html/wp-includes/https-migration.php&path=/home-ssd1/busines1/public_html/wp-includes HTTP/1.1" 200 17544 "-" "Mozilla/5.0 AppleWebKit/537.36 (KHTML, like Gecko; compatible; Amazonbot/0.1; +https://developer.amazon.com/support/amazonbot) Chrome/119.0.6045.214 Safari/537.36"
66.249.68.38 - - [20/Oct/2025:15:02:53 +0300] "GET /items/393129339 HTTP/1.1" 200 36995 "-" "Mozilla/5.0 (Linux; Android 6.0.1; Nexus 5X Build/MMB29P) AppleWebKit/537.36 (KHTML, like Gecko) Chrome/140.0.7339.207 Mobile Safari/537.36 (compatible; Googlebot/2.1; +http://www.google.com/bot.html)"
216.73.216.119 - - [20/Oct/2025:15:02:53 +0300] "GET /et/Riigid/argentiina/?fileloc=%2Fhome-ssd1%2Fbusines1%2Fpublic_html%2Fwp-includes%2Fimages%2Fxit-2x.gif&path=%2Fhome-ssd1%2Fbusines1%2Fpublic_html%2Fwp-includes%2Fimages HTTP/2.0" 200 2787 "-" "Mozilla/5.0 AppleWebKit/537.36 (KHTML, like Gecko; compatible; ClaudeBot/1.0; +claudebot@anthropic.com)"
216.73.216.119 - - [20/Oct/2025:15:02:53 +0300] "GET /et/product/johor-bahru-ettevotete-andmebaas?fileloc=%2F%2Flib64%2Fpython2.7%2Fxmllib.pyc&path=%2F%2Flib64%2Fpython2.7 HTTP/2.0" 200 11857 "-" "Mozilla/5.0 AppleWebKit/537.36 (KHTML, like Gecko; compatible; ClaudeBot/1.0; +claudebot@anthropic.com)"
216.73.216.119 - - [20/Oct/2025:15:02:53 +0300] "GET /et/wp-json/wp/v2/product/1382?fileloc=%2F%2Fusr%2Flib64%2FlibIlmThread-2_2.so.12.0.0&path=%2F%2Fusr%2Flib64 HTTP/2.0" 200 11593 "-" "Mozilla/5.0 AppleWebKit/537.36 (KHTML, like Gecko; compatible; ClaudeBot/1.0; +claudebot@anthropic.com)"
20.171.207.35 - - [20/Oct/2025:15:02:54 +0300] "GET /?path=//usr/lib64/GraphicsMagick-1.3.38/modules-Q16 HTTP/2.0" 200 2584 "-" "Mozilla/5.0 AppleWebKit/537.36 (KHTML, like Gecko; compatible; GPTBot/1.2; +https://openai.com/gptbot)"
216.73.216.119 - - [20/Oct/2025:15:02:54 +0300] "GET /et/wp-json/wp/v2/product/1382?fileloc=%2F%2Fusr%2Flib64%2Flibcpupower.so.0&path=%2F%2Fusr%2Flib64 HTTP/2.0" 200 9457 "-" "Mozilla/5.0 AppleWebKit/537.36 (KHTML, like Gecko; compatible; ClaudeBot/1.0; +claudebot@anthropic.com)"
66.249.68.36 - - [20/Oct/2025:15:02:54 +0300] "GET /items/393158575 HTTP/1.1" 200 38324 "-" "Mozilla/5.0 (Linux; Android 6.0.1; Nexus 5X Build/MMB29P) AppleWebKit/537.36 (KHTML, like Gecko) Chrome/140.0.7339.207 Mobile Safari/537.36 (compatible; Googlebot/2.1; +http://www.google.com/bot.html)"
216.73.216.119 - - [20/Oct/2025:15:02:54 +0300] "GET /et/product/cordoba-ettevotete-andmebaas?fileloc=%2F%2Flib64%2Fpython2.7%2Fplistlib.pyc&path=%2F%2Flib64%2Fpython2.7 HTTP/2.0" 200 8968 "-" "Mozilla/5.0 AppleWebKit/537.36 (KHTML, like Gecko; compatible; ClaudeBot/1.0; +claudebot@anthropic.com)"
216.73.216.119 - - [20/Oct/2025:15:02:54 +0300] "GET /et/wp-json/wp/v2/product/1793?path=%2F%2Flib64%2Fpython2.7%2Femail HTTP/2.0" 200 3443 "-" "Mozilla/5.0 AppleWebKit/537.36 (KHTML, like Gecko; compatible; ClaudeBot/1.0; +claudebot@anthropic.com)"
216.73.216.119 - - [20/Oct/2025:15:02:55 +0300] "GET /et/wp-json/wp/v2/product/1436?fileloc=%2F%2Fusr%2Flib64%2Flibksba.so.8.11.6&path=%2F%2Fusr%2Flib64 HTTP/2.0" 200 90002 "-" "Mozilla/5.0 AppleWebKit/537.36 (KHTML, like Gecko; compatible; ClaudeBot/1.0; +claudebot@anthropic.com)"
216.73.216.119 - - [20/Oct/2025:15:02:55 +0300] "GET /et/wp-json/wp/v2/product/1382?fileloc=%2F%2Fusr%2Flib64%2FlibXaw.so.7&path=%2F%2Fusr%2Flib64 HTTP/2.0" 200 155032 "-" "Mozilla/5.0 AppleWebKit/537.36 (KHTML, like Gecko; compatible; ClaudeBot/1.0; +claudebot@anthropic.com)"
20.171.207.138 - - [20/Oct/2025:15:02:55 +0300] "GET /upload/save_image/product/00/30/20/92/302092_1_360.jpg?path=//proc/1008992/root/proc/1008992/root/proc/1008992/task/1008992/root/proc/2227781/task/2227781/cwd/opt/clwpos/agreements HTTP/2.0" 200 2392 "-" "Mozilla/5.0 AppleWebKit/537.36 (KHTML, like Gecko; compatible; GPTBot/1.2; +https://openai.com/gptbot)"
216.73.216.119 - - [20/Oct/2025:15:02:55 +0300] "GET /et/wp-json/wp/v2/product/1382?fileloc=%2F%2Fusr%2Flib64%2Flibformw.so&path=%2F%2Fusr%2Flib64 HTTP/2.0" 200 32040 "-" "Mozilla/5.0 AppleWebKit/537.36 (KHTML, like Gecko; compatible; ClaudeBot/1.0; +claudebot@anthropic.com)"
216.73.216.119 - - [20/Oct/2025:15:02:55 +0300] "GET /et/wp-json/wp/v2/product/1793?fileloc=%2F%2Flib%2Fudev%2Frules.d%2F40-redhat.rules&path=%2F%2Flib%2Fudev%2Frules.d HTTP/2.0" 200 3029 "-" "Mozilla/5.0 AppleWebKit/537.36 (KHTML, like Gecko; compatible; ClaudeBot/1.0; +claudebot@anthropic.com)"
34.231.118.144 - - [20/Oct/2025:15:02:56 +0300] "GET /product/strasbourg-contacts/?path=/home-ssd1/busines1/public_html/wp-includes/interactivity-api HTTP/1.1" 200 19699 "-" "Mozilla/5.0 AppleWebKit/537.36 (KHTML, like Gecko; compatible; Amazonbot/0.1; +https://developer.amazon.com/support/amazonbot) Chrome/119.0.6045.214 Safari/537.36"
216.73.216.119 - - [20/Oct/2025:15:02:56 +0300] "GET /et/andmebaas-linn/tirana-ettevotete-e-mail-andmebaas/feed?fileloc=%2F%2Fopt%2Fcloudlinux%2Fnginx_status&path=%2F%2Fopt%2Fcloudlinux HTTP/2.0" 200 2234 "-" "Mozilla/5.0 AppleWebKit/537.36 (KHTML, like Gecko; compatible; ClaudeBot/1.0; +claudebot@anthropic.com)"
216.73.216.119 - - [20/Oct/2025:15:02:56 +0300] "GET /countries/portugal?path=%2F%2Fusr%2Flocal%2Fshare HTTP/2.0" 200 2522 "-" "Mozilla/5.0 AppleWebKit/537.36 (KHTML, like Gecko; compatible; ClaudeBot/1.0; +claudebot@anthropic.com)"
20.171.207.35 - - [20/Oct/2025:15:02:57 +0300] "GET /?path=//lib/firmware/arm HTTP/2.0" 200 2525 "-" "Mozilla/5.0 AppleWebKit/537.36 (KHTML, like Gecko; compatible; GPTBot/1.2; +https://openai.com/gptbot)"
216.73.216.119 - - [20/Oct/2025:15:02:57 +0300] "GET /et/andmebaas-linn/cordoba-e-mail-andmebaas?fileloc=%2F%2Flib64%2Fpython2.7%2Fencodings%2Fgb18030.pyo&path=%2F%2Flib64%2Fpython2.7%2Fencodings HTTP/2.0" 200 2889 "-" "Mozilla/5.0 AppleWebKit/537.36 (KHTML, like Gecko; compatible; ClaudeBot/1.0; +claudebot@anthropic.com)"
216.73.216.119 - - [20/Oct/2025:15:02:57 +0300] "GET /et/product/argentiina-e-maili-andmebaas?path=%2Fhome-ssd1%2Fbusines1%2Fpublic_html%2Fwp-content%2Fplugins%2Fwordpress-seo HTTP/2.0" 200 3075 "-" "Mozilla/5.0 AppleWebKit/537.36 (KHTML, like Gecko; compatible; ClaudeBot/1.0; +claudebot@anthropic.com)"
216.73.216.119 - - [20/Oct/2025:15:02:57 +0300] "GET /et/wp-json/wp/v2/product/1382?path=%2F%2Fopt%2Fapp-version-detector HTTP/2.0" 200 2595 "-" "Mozilla/5.0 AppleWebKit/537.36 (KHTML, like Gecko; compatible; ClaudeBot/1.0; +claudebot@anthropic.com)"
216.73.216.119 - - [20/Oct/2025:15:02:58 +0300] "GET /et/wp-json/wp/v2/product/1382?fileloc=%2F%2Fusr%2Flib64%2Flibxcb-xinerama.so.0.0.0&path=%2F%2Fusr%2Flib64 HTTP/2.0" 200 5855 "-" "Mozilla/5.0 AppleWebKit/537.36 (KHTML, like Gecko; compatible; ClaudeBot/1.0; +claudebot@anthropic.com)"
216.73.216.119 - - [20/Oct/2025:15:02:58 +0300] "GET /et/product/johor-bahru-ettevotete-andmebaas?fileloc=%2F%2Flib64%2Fpython2.7%2F_abcoll.pyc&path=%2F%2Flib64%2Fpython2.7 HTTP/2.0" 200 9326 "-" "Mozilla/5.0 AppleWebKit/537.36 (KHTML, like Gecko; compatible; ClaudeBot/1.0; +claudebot@anthropic.com)"
216.73.216.119 - - [20/Oct/2025:15:02:58 +0300] "GET /et/wp-json/wp/v2/product/1703?path=%2Fhome-ssd1%2Fbusines1%2Fpublic_html%2Fbusinessdatabases.net HTTP/2.0" 200 2642 "-" "Mozilla/5.0 AppleWebKit/537.36 (KHTML, like Gecko; compatible; ClaudeBot/1.0; +claudebot@anthropic.com)"
20.171.207.138 - - [20/Oct/2025:15:02:58 +0300] "GET /upload/save_image/product/00/30/20/92/302092_1_360.jpg?path=//proc/1008992/root/proc/1008992/root/proc/1008992/task/1008992/root/proc/2227781/task/2227781/cwd/var/lib/spamassassin HTTP/2.0" 200 2391 "-" "Mozilla/5.0 AppleWebKit/537.36 (KHTML, like Gecko; compatible; GPTBot/1.2; +https://openai.com/gptbot)"
216.73.216.119 - - [20/Oct/2025:15:02:58 +0300] "GET /et/product/cordoba-ettevotete-andmebaas?fileloc=%2F%2Flib64%2Fpython2.7%2Fpipes.pyc&path=%2F%2Flib64%2Fpython2.7 HTTP/2.0" 200 5942 "-" "Mozilla/5.0 AppleWebKit/537.36 (KHTML, like Gecko; compatible; ClaudeBot/1.0; +claudebot@anthropic.com)"
216.73.216.119 - - [20/Oct/2025:15:02:59 +0300] "GET /et/wp-json/wp/v2/product/1436?fileloc=%2F%2Fusr%2Flib64%2Flibtic.so&path=%2F%2Fusr%2Flib64 HTTP/2.0" 200 28730 "-" "Mozilla/5.0 AppleWebKit/537.36 (KHTML, like Gecko; compatible; ClaudeBot/1.0; +claudebot@anthropic.com)"
216.73.216.119 - - [20/Oct/2025:15:02:59 +0300] "GET /et/wp-json/wp/v2/product/1436?fileloc=%2F%2Fusr%2Flib64%2F.libssl.so.1.1.hmac&path=%2F%2Fusr%2Flib64 HTTP/2.0" 200 2286 "-" "Mozilla/5.0 AppleWebKit/537.36 (KHTML, like Gecko; compatible; ClaudeBot/1.0; +claudebot@anthropic.com)"
216.73.216.119 - - [20/Oct/2025:15:02:59 +0300] "GET /database-city/jyvaskyla/?fileloc=%2F%2Flib64%2Flibboost-plesk-1.84%2Flibboost_system-plesk.so.1.84.0&path=%2F%2Flib64%2Flibboost-plesk-1.84 HTTP/2.0" 200 3604 "-" "Mozilla/5.0 AppleWebKit/537.36 (KHTML, like Gecko; compatible; ClaudeBot/1.0; +claudebot@anthropic.com)"
44.223.115.10 - - [20/Oct/2025:15:02:59 +0300] "GET /et/product/alytus-ettevotete-andmebaas/?fileloc=/home-ssd1/busines1/public_html/wp-includes/ms-deprecated.php&path=/home-ssd1/busines1/public_html/wp-includes HTTP/1.1" 200 36609 "-" "Mozilla/5.0 AppleWebKit/537.36 (KHTML, like Gecko; compatible; Amazonbot/0.1; +https://developer.amazon.com/support/amazonbot) Chrome/119.0.6045.214 Safari/537.36"
66.249.68.36 - - [20/Oct/2025:15:03:00 +0300] "GET /items/393162390 HTTP/1.1" 200 37699 "-" "Mozilla/5.0 (Linux; Android 6.0.1; Nexus 5X Build/MMB29P) AppleWebKit/537.36 (KHTML, like Gecko) Chrome/140.0.7339.207 Mobile Safari/537.36 (compatible; Googlebot/2.1; +http://www.google.com/bot.html)"
216.73.216.119 - - [20/Oct/2025:15:03:00 +0300] "GET /et/wp-json/wp/v2/product/1436?fileloc=%2F%2Fusr%2Flib64%2Flibtss2-rc.so.0&path=%2F%2Fusr%2Flib64 HTTP/2.0" 200 8852 "-" "Mozilla/5.0 AppleWebKit/537.36 (KHTML, like Gecko; compatible; ClaudeBot/1.0; +claudebot@anthropic.com)"
20.171.207.35 - - [20/Oct/2025:15:03:00 +0300] "GET /?path=//usr/local/cpanel HTTP/2.0" 200 2283 "-" "Mozilla/5.0 AppleWebKit/537.36 (KHTML, like Gecko; compatible; GPTBot/1.2; +https://openai.com/gptbot)"
216.73.216.119 - - [20/Oct/2025:15:03:00 +0300] "GET /et/wp-json/wp/v2/product/1382?fileloc=%2F%2Fusr%2Flib64%2Flibisccc.so.161&path=%2F%2Fusr%2Flib64 HTTP/2.0" 200 17863 "-" "Mozilla/5.0 AppleWebKit/537.36 (KHTML, like Gecko; compatible; ClaudeBot/1.0; +claudebot@anthropic.com)"
216.73.216.119 - - [20/Oct/2025:15:03:00 +0300] "GET /et/wp-json/wp/v2/product/1793?path=%2F%2Flib64%2Fpython3.6%2Fconcurrent%2Ffutures HTTP/2.0" 200 2721 "-" "Mozilla/5.0 AppleWebKit/537.36 (KHTML, like Gecko; compatible; ClaudeBot/1.0; +claudebot@anthropic.com)"
216.73.216.119 - - [20/Oct/2025:15:03:01 +0300] "GET /et/product/cordoba-ettevotete-andmebaas?fileloc=%2F%2Flib64%2Fpython2.7%2Fnturl2path.pyo&path=%2F%2Flib64%2Fpython2.7 HTTP/2.0" 200 3177 "-" "Mozilla/5.0 AppleWebKit/537.36 (KHTML, like Gecko; compatible; ClaudeBot/1.0; +claudebot@anthropic.com)"
66.249.68.36 - - [20/Oct/2025:15:03:01 +0300] "GET /items/393168866 HTTP/1.1" 200 36826 "-" "Mozilla/5.0 (Linux; Android 6.0.1; Nexus 5X Build/MMB29P) AppleWebKit/537.36 (KHTML, like Gecko) Chrome/140.0.7339.207 Mobile Safari/537.36 (compatible; Googlebot/2.1; +http://www.google.com/bot.html)"
20.171.207.138 - - [20/Oct/2025:15:03:01 +0300] "GET /upload/save_image/product/00/30/20/92/302092_1_360.jpg?path=//proc/1008992/root/proc/1008992/root/proc/1008992/task/1008992/root/proc/2227781/cwd/etc/cl.selector.conf.d HTTP/2.0" 200 2379 "-" "Mozilla/5.0 AppleWebKit/537.36 (KHTML, like Gecko; compatible; GPTBot/1.2; +https://openai.com/gptbot)"
216.73.216.119 - - [20/Oct/2025:15:03:01 +0300] "GET /ru/database-city/antwerpen-ru?path=%2F%2Fusr%2Fsbin HTTP/2.0" 200 3899 "-" "Mozilla/5.0 AppleWebKit/537.36 (KHTML, like Gecko; compatible; ClaudeBot/1.0; +claudebot@anthropic.com)"
216.73.216.119 - - [20/Oct/2025:15:03:02 +0300] "GET /et/?fileloc=%2Fhome-ssd1%2Fbusines1%2Fpublic_html%2Fwp-admin%2Fimages%2Fmarker.png&path=%2Fhome-ssd1%2Fbusines1%2Fpublic_html%2Fwp-admin%2Fimages HTTP/2.0" 200 2676 "-" "Mozilla/5.0 AppleWebKit/537.36 (KHTML, like Gecko; compatible; ClaudeBot/1.0; +claudebot@anthropic.com)"
216.73.216.119 - - [20/Oct/2025:15:03:02 +0300] "GET /et/wp-json/wp/v2/product/1382?fileloc=%2F%2Fusr%2Flib64%2Flibpam.so&path=%2F%2Fusr%2Flib64 HTTP/2.0" 200 25570 "-" "Mozilla/5.0 AppleWebKit/537.36 (KHTML, like Gecko; compatible; ClaudeBot/1.0; +claudebot@anthropic.com)"
66.249.68.38 - - [20/Oct/2025:15:03:03 +0300] "GET /items/1517517698 HTTP/1.1" 200 37655 "-" "Mozilla/5.0 (Linux; Android 6.0.1; Nexus 5X Build/MMB29P) AppleWebKit/537.36 (KHTML, like Gecko) Chrome/140.0.7339.207 Mobile Safari/537.36 (compatible; Googlebot/2.1; +http://www.google.com/bot.html)"
216.73.216.119 - - [20/Oct/2025:15:03:03 +0300] "GET /et/product/rumeenia-ettevotete-andmebaas?fileloc=%2F%2Flib64%2Fpython2.7%2Fmodulefinder.pyc&path=%2F%2Flib64%2Fpython2.7 HTTP/2.0" 200 9922 "-" "Mozilla/5.0 AppleWebKit/537.36 (KHTML, like Gecko; compatible; ClaudeBot/1.0; +claudebot@anthropic.com)"
20.171.207.35 - - [20/Oct/2025:15:03:03 +0300] "GET /?path=//etc/scl/prefixes HTTP/2.0" 200 2804 "-" "Mozilla/5.0 AppleWebKit/537.36 (KHTML, like Gecko; compatible; GPTBot/1.2; +https://openai.com/gptbot)"
216.73.216.119 - - [20/Oct/2025:15:03:03 +0300] "GET /et/product/cordoba-ettevotete-andmebaas?fileloc=%2F%2Flib64%2Fpython2.7%2Fsmtpd.pyc&path=%2F%2Flib64%2Fpython2.7 HTTP/2.0" 200 8741 "-" "Mozilla/5.0 AppleWebKit/537.36 (KHTML, like Gecko; compatible; ClaudeBot/1.0; +claudebot@anthropic.com)"
216.73.216.119 - - [20/Oct/2025:15:03:02 +0300] "GET /et/wp-json/wp/v2/product/1436?fileloc=%2F%2Fusr%2Flib64%2Flibaps.so.1.0&path=%2F%2Fusr%2Flib64 HTTP/2.0" 200 1330533 "-" "Mozilla/5.0 AppleWebKit/537.36 (KHTML, like Gecko; compatible; ClaudeBot/1.0; +claudebot@anthropic.com)"
216.73.216.119 - - [20/Oct/2025:15:03:03 +0300] "GET /product/uzbekistan-business-database?fileloc=%2F%2Fusr%2Finclude%2Fgshadow.h&path=%2F%2Fusr%2Finclude HTTP/2.0" 200 3358 "-" "Mozilla/5.0 AppleWebKit/537.36 (KHTML, like Gecko; compatible; ClaudeBot/1.0; +claudebot@anthropic.com)"
98.80.130.239 - - [20/Oct/2025:15:03:03 +0300] "GET /countries/bolivia/?path=/home-ssd1/busines1/public_ftp HTTP/1.1" 200 14130 "-" "Mozilla/5.0 AppleWebKit/537.36 (KHTML, like Gecko; compatible; Amazonbot/0.1; +https://developer.amazon.com/support/amazonbot) Chrome/119.0.6045.214 Safari/537.36"
216.73.216.119 - - [20/Oct/2025:15:03:04 +0300] "GET /et/wp-json/wp/v2/product/1436?fileloc=%2F%2Fusr%2Flib64%2Flibfontconfig.so.1&path=%2F%2Fusr%2Flib64 HTTP/2.0" 200 115309 "-" "Mozilla/5.0 AppleWebKit/537.36 (KHTML, like Gecko; compatible; ClaudeBot/1.0; +claudebot@anthropic.com)"
216.73.216.119 - - [20/Oct/2025:15:03:04 +0300] "GET /et/andmebaas-linn/al-ain-email-database-et?path=%2F%2Fusr%2Finclude%2Fscsi HTTP/2.0" 200 2823 "-" "Mozilla/5.0 AppleWebKit/537.36 (KHTML, like Gecko; compatible; ClaudeBot/1.0; +claudebot@anthropic.com)"
20.171.207.138 - - [20/Oct/2025:15:03:05 +0300] "GET /upload/save_image/product/00/30/20/92/302092_1_360.jpg?path=//proc/1008992/root/proc/1008992/root/proc/1008992/task/1008992/root/proc/2227781/task/2227781/cwd/lib/kbd/consoletrans HTTP/2.0" 200 2390 "-" "Mozilla/5.0 AppleWebKit/537.36 (KHTML, like Gecko; compatible; GPTBot/1.2; +https://openai.com/gptbot)"
216.73.216.119 - - [20/Oct/2025:15:03:05 +0300] "GET /et/andmebaas-linn/al-ain-email-database-et?fileloc=%2F%2Fusr%2Flib64%2Flibdhash.so.1&path=%2F%2Fusr%2Flib64 HTTP/2.0" 200 8219 "-" "Mozilla/5.0 AppleWebKit/537.36 (KHTML, like Gecko; compatible; ClaudeBot/1.0; +claudebot@anthropic.com)"
216.73.216.119 - - [20/Oct/2025:15:03:05 +0300] "GET /ru/database-city/antwerpen-ru?path=%2Fhome-ssd1%2Fbusines1%2Ftmp%2Fanalog%2Fssl HTTP/2.0" 200 2559 "-" "Mozilla/5.0 AppleWebKit/537.36 (KHTML, like Gecko; compatible; ClaudeBot/1.0; +claudebot@anthropic.com)"
216.73.216.119 - - [20/Oct/2025:15:03:05 +0300] "GET /database-city/liechtenstein-email-database?fileloc=%2F%2Fbin%2Ffc-validate&path=%2F%2Fbin HTTP/2.0" 200 6921 "-" "Mozilla/5.0 AppleWebKit/537.36 (KHTML, like Gecko; compatible; ClaudeBot/1.0; +claudebot@anthropic.com)"
216.73.216.119 - - [20/Oct/2025:15:03:06 +0300] "GET /countries/portugal?fileloc=%2F%2Flib64%2Flibhdf5_cpp.so.103.1.0&path=%2F%2Flib64 HTTP/2.0" 200 126417 "-" "Mozilla/5.0 AppleWebKit/537.36 (KHTML, like Gecko; compatible; ClaudeBot/1.0; +claudebot@anthropic.com)"
216.73.216.119 - - [20/Oct/2025:15:03:07 +0300] "GET /et/wp-json/wp/v2/product/1436?fileloc=%2F%2Fusr%2Flib64%2Flibgdbm.so&path=%2F%2Fusr%2Flib64 HTTP/2.0" 200 1 "-" "Mozilla/5.0 AppleWebKit/537.36 (KHTML, like Gecko; compatible; ClaudeBot/1.0; +claudebot@anthropic.com)"
66.249.68.37 - - [20/Oct/2025:15:03:06 +0300] "GET /items/1517526963 HTTP/1.1" 200 37690 "-" "Mozilla/5.0 (Linux; Android 6.0.1; Nexus 5X Build/MMB29P) AppleWebKit/537.36 (KHTML, like Gecko) Chrome/140.0.7339.207 Mobile Safari/537.36 (compatible; Googlebot/2.1; +http://www.google.com/bot.html)"
20.171.207.35 - - [20/Oct/2025:15:03:06 +0300] "GET /?path=//usr/lib64/GraphicsMagick-1.3.38/modules-Q16/coders HTTP/2.0" 200 6085 "-" "Mozilla/5.0 AppleWebKit/537.36 (KHTML, like Gecko; compatible; GPTBot/1.2; +https://openai.com/gptbot)"
216.73.216.119 - - [20/Oct/2025:15:03:06 +0300] "GET /?fileloc=%2F%2Fbin%2Fmariadb-waitpid&path=%2F%2Fbin HTTP/2.0" 200 523102 "-" "Mozilla/5.0 AppleWebKit/537.36 (KHTML, like Gecko; compatible; ClaudeBot/1.0; +claudebot@anthropic.com)"
216.73.216.119 - - [20/Oct/2025:15:03:06 +0300] "GET /et/product/johor-bahru-ettevotete-andmebaas?fileloc=%2F%2Flib64%2Fpython2.7%2Fcodecs.pyo&path=%2F%2Flib64%2Fpython2.7 HTTP/2.0" 200 12109 "-" "Mozilla/5.0 AppleWebKit/537.36 (KHTML, like Gecko; compatible; ClaudeBot/1.0; +claudebot@anthropic.com)"
216.73.216.119 - - [20/Oct/2025:15:03:07 +0300] "GET /et/product/lyon-ettevotete-andmebaas?path=%2Fhome-ssd1%2Fbusines1%2Fpublic_html%2Fwp-content%2Fplugins%2Fwoo-payment-gateway-paysera%2Flanguages HTTP/2.0" 200 3733 "-" "Mozilla/5.0 AppleWebKit/537.36 (KHTML, like Gecko; compatible; ClaudeBot/1.0; +claudebot@anthropic.com)"
216.73.216.119 - - [20/Oct/2025:15:03:07 +0300] "GET /database-city/cordoba-email-database/?path=%2F%2Flib64 HTTP/2.0" 200 33677 "-" "Mozilla/5.0 AppleWebKit/537.36 (KHTML, like Gecko; compatible; ClaudeBot/1.0; +claudebot@anthropic.com)"
216.73.216.119 - - [20/Oct/2025:15:03:07 +0300] "GET /et/andmebaas-linn/sarpsborg-e-mail-andmebaas?fileloc=%2F%2Fusr%2Fsbin%2Fsaslpasswd2&path=%2F%2Fusr%2Fsbin HTTP/2.0" 200 7721 "-" "Mozilla/5.0 AppleWebKit/537.36 (KHTML, like Gecko; compatible; ClaudeBot/1.0; +claudebot@anthropic.com)"
20.171.207.138 - - [20/Oct/2025:15:03:08 +0300] "GET /upload/save_image/product/00/30/20/92/302092_1_360.jpg?path=//proc/1008992/root/proc/1008992/root/proc/1008992/task/1008992/root/proc/2227781/task/2227781/cwd/etc/cl.selector.conf.d HTTP/2.0" 200 2388 "-" "Mozilla/5.0 AppleWebKit/537.36 (KHTML, like Gecko; compatible; GPTBot/1.2; +https://openai.com/gptbot)"
216.73.216.119 - - [20/Oct/2025:15:03:08 +0300] "GET /et/andmebaas-linn/esch-sur-alzette-et?path=%2Fhome-ssd1%2Fbusines1%2Fpublic_html%2Fwp-content%2Fcache%2Flog HTTP/2.0" 200 2571 "-" "Mozilla/5.0 AppleWebKit/537.36 (KHTML, like Gecko; compatible; ClaudeBot/1.0; +claudebot@anthropic.com)"
3.225.45.252 - - [20/Oct/2025:15:03:08 +0300] "GET /database-city/croatia/?path=/home-ssd1/busines1/public_html/businessdatabases.net HTTP/1.1" 200 15891 "-" "Mozilla/5.0 AppleWebKit/537.36 (KHTML, like Gecko; compatible; Amazonbot/0.1; +https://developer.amazon.com/support/amazonbot) Chrome/119.0.6045.214 Safari/537.36"
216.73.216.119 - - [20/Oct/2025:15:03:08 +0300] "GET /product/innsbruck-contacts?path=%2Fhome-ssd1%2Fbusines1%2Fwww%2Fwp-content%2Fdocket-cache-data HTTP/2.0" 200 2719 "-" "Mozilla/5.0 AppleWebKit/537.36 (KHTML, like Gecko; compatible; ClaudeBot/1.0; +claudebot@anthropic.com)"
216.73.216.119 - - [20/Oct/2025:15:03:09 +0300] "GET /et/andmebaas-linn/al-ain-email-database-et?fileloc=%2F%2Fusr%2Flib64%2Flibacl.so.1.1.2253&path=%2F%2Fusr%2Flib64 HTTP/2.0" 200 16548 "-" "Mozilla/5.0 AppleWebKit/537.36 (KHTML, like Gecko; compatible; ClaudeBot/1.0; +claudebot@anthropic.com)"
216.73.216.119 - - [20/Oct/2025:15:03:09 +0300] "GET /et/wp-json/wp/v2/product/1382?fileloc=%2F%2Fusr%2Flib64%2Flibpq.so.5&path=%2F%2Fusr%2Flib64 HTTP/2.0" 200 115574 "-" "Mozilla/5.0 AppleWebKit/537.36 (KHTML, like Gecko; compatible; ClaudeBot/1.0; +claudebot@anthropic.com)"
20.171.207.35 - - [20/Oct/2025:15:03:09 +0300] "GET /?path=//usr/lib64/GraphicsMagick-1.3.38/modules-Q16/filters HTTP/2.0" 200 2624 "-" "Mozilla/5.0 AppleWebKit/537.36 (KHTML, like Gecko; compatible; GPTBot/1.2; +https://openai.com/gptbot)"
216.73.216.119 - - [20/Oct/2025:15:03:09 +0300] "GET /et/wp-json/wp/v2/product/1436?fileloc=%2F%2Fusr%2Flib64%2F.libcrypt.so.1.hmac&path=%2F%2Fusr%2Flib64 HTTP/2.0" 200 2284 "-" "Mozilla/5.0 AppleWebKit/537.36 (KHTML, like Gecko; compatible; ClaudeBot/1.0; +claudebot@anthropic.com)"
66.249.68.36 - - [20/Oct/2025:15:03:10 +0300] "GET /items/1517537254 HTTP/1.1" 200 37889 "-" "Mozilla/5.0 (Linux; Android 6.0.1; Nexus 5X Build/MMB29P) AppleWebKit/537.36 (KHTML, like Gecko) Chrome/140.0.7339.207 Mobile Safari/537.36 (compatible; Googlebot/2.1; +http://www.google.com/bot.html)"
216.73.216.119 - - [20/Oct/2025:15:03:10 +0300] "GET /et/wp-json/wp/v2/product/1382?path=%2F%2Fusr%2Finclude%2Farpa HTTP/2.0" 200 2701 "-" "Mozilla/5.0 AppleWebKit/537.36 (KHTML, like Gecko; compatible; ClaudeBot/1.0; +claudebot@anthropic.com)"
216.73.216.119 - - [20/Oct/2025:15:03:10 +0300] "GET /terms-and-conditions?path=%2Fhome-ssd1%2Fbusines1%2F.wp-cli HTTP/2.0" 200 2533 "-" "Mozilla/5.0 AppleWebKit/537.36 (KHTML, like Gecko; compatible; ClaudeBot/1.0; +claudebot@anthropic.com)"
216.73.216.119 - - [20/Oct/2025:15:03:10 +0300] "GET /et/product/cordoba-ettevotete-andmebaas?fileloc=%2F%2Flib64%2Fpython2.7%2Fcalendar.pyc&path=%2F%2Flib64%2Fpython2.7 HTTP/2.0" 200 10883 "-" "Mozilla/5.0 AppleWebKit/537.36 (KHTML, like Gecko; compatible; ClaudeBot/1.0; +claudebot@anthropic.com)"
216.73.216.119 - - [20/Oct/2025:15:03:11 +0300] "GET /et/andmebaas-linn/al-ain-email-database-et?fileloc=%2F%2Flib64%2Fperl5%2FB.pm&path=%2F%2Flib64%2Fperl5 HTTP/2.0" 200 12827 "-" "Mozilla/5.0 AppleWebKit/537.36 (KHTML, like Gecko; compatible; ClaudeBot/1.0; +claudebot@anthropic.com)"
66.249.68.36 - - [20/Oct/2025:15:03:11 +0300] "GET /items/1517518788 HTTP/1.1" 200 38318 "-" "Mozilla/5.0 (Linux; Android 6.0.1; Nexus 5X Build/MMB29P) AppleWebKit/537.36 (KHTML, like Gecko) Chrome/140.0.7339.207 Mobile Safari/537.36 (compatible; Googlebot/2.1; +http://www.google.com/bot.html)"
216.73.216.119 - - [20/Oct/2025:15:03:11 +0300] "GET /database-city/sao-paulo?fileloc=%2F%2Fsbin%2Fnamed-compilezone&path=%2F%2Fsbin HTTP/2.0" 200 13056 "-" "Mozilla/5.0 AppleWebKit/537.36 (KHTML, like Gecko; compatible; ClaudeBot/1.0; +claudebot@anthropic.com)"
20.171.207.138 - - [20/Oct/2025:15:03:11 +0300] "GET /upload/save_image/product/00/30/20/92/302092_1_360.jpg?path=//proc/1008992/root/proc/1008992/root/proc/1008992/task/1008992/root/proc/2227781/cwd/usr/selector.etc HTTP/2.0" 200 2374 "-" "Mozilla/5.0 AppleWebKit/537.36 (KHTML, like Gecko; compatible; GPTBot/1.2; +https://openai.com/gptbot)"
216.73.216.119 - - [20/Oct/2025:15:03:11 +0300] "GET /et/andmebaas-linn/al-ain-email-database-et?fileloc=%2F%2Fusr%2Flib64%2Flibe2p.so.2&path=%2F%2Fusr%2Flib64 HTTP/2.0" 200 15552 "-" "Mozilla/5.0 AppleWebKit/537.36 (KHTML, like Gecko; compatible; ClaudeBot/1.0; +claudebot@anthropic.com)"
216.73.216.119 - - [20/Oct/2025:15:03:12 +0300] "GET /et/andmebaas-linn/al-ain-email-database-et?fileloc=%2F%2Fusr%2Flib64%2Flibverto.so&path=%2F%2Fusr%2Flib64 HTTP/2.0" 200 11008 "-" "Mozilla/5.0 AppleWebKit/537.36 (KHTML, like Gecko; compatible; ClaudeBot/1.0; +claudebot@anthropic.com)"
216.73.216.119 - - [20/Oct/2025:15:03:12 +0300] "GET /product/uzbekistan-business-database?fileloc=%2F%2Fusr%2Flib64%2Flibmysqlclient_r.so&path=%2F%2Fusr%2Flib64 HTTP/2.0" 200 102406 "-" "Mozilla/5.0 AppleWebKit/537.36 (KHTML, like Gecko; compatible; ClaudeBot/1.0; +claudebot@anthropic.com)"
216.73.216.119 - - [20/Oct/2025:15:03:12 +0300] "GET /et/product/vancouver-ettevotete-andmebaas?path=%2Fhome-ssd1%2Fbusines1%2Fpublic_html%2Fwp-content%2Fplugins%2Fwp-seo-multilingual%2Fclasses%2FTerms HTTP/2.0" 200 2627 "-" "Mozilla/5.0 AppleWebKit/537.36 (KHTML, like Gecko; compatible; ClaudeBot/1.0; +claudebot@anthropic.com)"
216.73.216.119 - - [20/Oct/2025:15:03:12 +0300] "GET /product/uzbekistan-business-database?fileloc=%2F%2Fusr%2Finclude%2Fncurses.h&path=%2F%2Fusr%2Finclude HTTP/2.0" 200 21130 "-" "Mozilla/5.0 AppleWebKit/537.36 (KHTML, like Gecko; compatible; ClaudeBot/1.0; +claudebot@anthropic.com)"
20.171.207.35 - - [20/Oct/2025:15:03:12 +0300] "GET /?path=//usr/local/apache HTTP/2.0" 200 2568 "-" "Mozilla/5.0 AppleWebKit/537.36 (KHTML, like Gecko; compatible; GPTBot/1.2; +https://openai.com/gptbot)"
216.73.216.119 - - [20/Oct/2025:15:03:13 +0300] "GET /et/wp-json/wp/v2/product/1436?fileloc=%2F%2Fusr%2Flib64%2Flibasound.so.2&path=%2F%2Fusr%2Flib64 HTTP/2.0" 200 380189 "-" "Mozilla/5.0 AppleWebKit/537.36 (KHTML, like Gecko; compatible; ClaudeBot/1.0; +claudebot@anthropic.com)"
3.235.215.92 - - [20/Oct/2025:15:03:13 +0300] "GET /product/chisinau-business-database/?fileloc=/home-ssd1/busines1/public_html/robots.txt&path=/home-ssd1/busines1/public_html HTTP/1.1" 200 12780 "-" "Mozilla/5.0 AppleWebKit/537.36 (KHTML, like Gecko; compatible; Amazonbot/0.1; +https://developer.amazon.com/support/amazonbot) Chrome/119.0.6045.214 Safari/537.36"
216.73.216.119 - - [20/Oct/2025:15:03:13 +0300] "GET /database-city/sarpsborg-email-database/feed?fileloc=%2Fhome-ssd1%2Fbusines1%2Fmail%2Fdovecot-quota&path=%2Fhome-ssd1%2Fbusines1%2Fmail HTTP/2.0" 200 2276 "-" "Mozilla/5.0 AppleWebKit/537.36 (KHTML, like Gecko; compatible; ClaudeBot/1.0; +claudebot@anthropic.com)"
216.73.216.119 - - [20/Oct/2025:15:03:14 +0300] "GET /database-city/sao-paulo?path=%2F%2Fetc%2Fcpanel HTTP/2.0" 200 2272 "-" "Mozilla/5.0 AppleWebKit/537.36 (KHTML, like Gecko; compatible; ClaudeBot/1.0; +claudebot@anthropic.com)"
216.73.216.119 - - [20/Oct/2025:15:03:14 +0300] "GET /et/wp-json/wp/v2/product/1543?path=%2Fhome-ssd1%2Fbusines1%2Fpublic_html%2F.well-known%2Fpki-validation HTTP/2.0" 200 2584 "-" "Mozilla/5.0 AppleWebKit/537.36 (KHTML, like Gecko; compatible; ClaudeBot/1.0; +claudebot@anthropic.com)"
20.171.207.138 - - [20/Oct/2025:15:03:14 +0300] "GET /upload/save_image/product/00/30/20/92/302092_1_360.jpg?path=//proc/1008992/root/proc/1008992/root/proc/1008992/task/1008992/root/proc/2227781/cwd/etc/cl.selector HTTP/2.0" 200 2374 "-" "Mozilla/5.0 AppleWebKit/537.36 (KHTML, like Gecko; compatible; GPTBot/1.2; +https://openai.com/gptbot)"
216.73.216.119 - - [20/Oct/2025:15:03:14 +0300] "GET /et/product/cordoba-ettevotete-andmebaas?fileloc=%2F%2Flib64%2Fpython2.7%2Fdbhash.pyc&path=%2F%2Flib64%2Fpython2.7 HTTP/2.0" 200 2706 "-" "Mozilla/5.0 AppleWebKit/537.36 (KHTML, like Gecko; compatible; ClaudeBot/1.0; +claudebot@anthropic.com)"
66.249.68.36 - - [20/Oct/2025:15:03:15 +0300] "GET /fi/database-city/portland-fi/feed HTTP/1.1" 200 38597 "-" "Mozilla/5.0 (Linux; Android 6.0.1; Nexus 5X Build/MMB29P) AppleWebKit/537.36 (KHTML, like Gecko) Chrome/140.0.7339.207 Mobile Safari/537.36 (compatible; Googlebot/2.1; +http://www.google.com/bot.html)"
216.73.216.119 - - [20/Oct/2025:15:03:15 +0300] "GET /et/product/johor-bahru-ettevotete-andmebaas?fileloc=%2F%2Flib64%2Fpython2.7%2Fsymbol.py&path=%2F%2Flib64%2Fpython2.7 HTTP/2.0" 200 3169 "-" "Mozilla/5.0 AppleWebKit/537.36 (KHTML, like Gecko; compatible; ClaudeBot/1.0; +claudebot@anthropic.com)"
216.73.216.119 - - [20/Oct/2025:15:03:15 +0300] "GET /et/product/cordoba-ettevotete-andmebaas?fileloc=%2F%2Flib64%2Fpython3.6%2Ftyping.py&path=%2F%2Flib64%2Fpython3.6 HTTP/2.0" 200 21653 "-" "Mozilla/5.0 AppleWebKit/537.36 (KHTML, like Gecko; compatible; ClaudeBot/1.0; +claudebot@anthropic.com)"
216.73.216.119 - - [20/Oct/2025:15:03:15 +0300] "GET /et/wp-json/wp/v2/product/1436?fileloc=%2F%2Fusr%2Flib64%2Flibxcb-xtest.so.0&path=%2F%2Fusr%2Flib64 HTTP/2.0" 200 5492 "-" "Mozilla/5.0 AppleWebKit/537.36 (KHTML, like Gecko; compatible; ClaudeBot/1.0; +claudebot@anthropic.com)"
216.73.216.119 - - [20/Oct/2025:15:03:15 +0300] "GET /et/andmebaas-linn/al-ain-email-database-et?path=%2F%2Fusr%2Finclude%2Fmtd HTTP/2.0" 200 2658 "-" "Mozilla/5.0 AppleWebKit/537.36 (KHTML, like Gecko; compatible; ClaudeBot/1.0; +claudebot@anthropic.com)"
66.249.68.36 - - [20/Oct/2025:15:03:16 +0300] "GET /items/1003188709 HTTP/1.1" 200 38007 "-" "Mozilla/5.0 (Linux; Android 6.0.1; Nexus 5X Build/MMB29P) AppleWebKit/537.36 (KHTML, like Gecko) Chrome/140.0.7339.207 Mobile Safari/537.36 (compatible; Googlebot/2.1; +http://www.google.com/bot.html)"
20.171.207.35 - - [20/Oct/2025:15:03:16 +0300] "GET /?path=//lib/rpm/platform HTTP/2.0" 200 3604 "-" "Mozilla/5.0 AppleWebKit/537.36 (KHTML, like Gecko; compatible; GPTBot/1.2; +https://openai.com/gptbot)"
216.73.216.119 - - [20/Oct/2025:15:03:16 +0300] "GET /terms-and-conditions?path=%2Fhome-ssd1%2Fbusines1%2Fmail%2F.billing%40businessdatabases_net%2F.Drafts HTTP/2.0" 200 2742 "-" "Mozilla/5.0 AppleWebKit/537.36 (KHTML, like Gecko; compatible; ClaudeBot/1.0; +claudebot@anthropic.com)"
216.73.216.119 - - [20/Oct/2025:15:03:16 +0300] "GET /et/product/johor-bahru-ettevotete-andmebaas?fileloc=%2F%2Flib64%2Fpython2.7%2Ffnmatch.pyc&path=%2F%2Flib64%2Fpython2.7 HTTP/2.0" 200 3877 "-" "Mozilla/5.0 AppleWebKit/537.36 (KHTML, like Gecko; compatible; ClaudeBot/1.0; +claudebot@anthropic.com)"
216.73.216.119 - - [20/Oct/2025:15:03:16 +0300] "GET /et/product/cordoba-ettevotete-andmebaas?fileloc=%2F%2Flib64%2Fpython2.7%2FStringIO.pyo&path=%2F%2Flib64%2Fpython2.7 HTTP/2.0" 200 6661 "-" "Mozilla/5.0 AppleWebKit/537.36 (KHTML, like Gecko; compatible; ClaudeBot/1.0; +claudebot@anthropic.com)"
216.73.216.119 - - [20/Oct/2025:15:03:16 +0300] "GET /et/product/cordoba-ettevotete-andmebaas?fileloc=%2F%2Flib64%2Fpython3.6%2Fpoplib.py&path=%2F%2Flib64%2Fpython3.6 HTTP/2.0" 200 6996 "-" "Mozilla/5.0 AppleWebKit/537.36 (KHTML, like Gecko; compatible; ClaudeBot/1.0; +claudebot@anthropic.com)"
216.73.216.119 - - [20/Oct/2025:15:03:17 +0300] "GET /et/andmebaas-linn/al-ain-email-database-et?fileloc=%2F%2Fusr%2Flib64%2F.libcrypto.so.1.1.hmac&path=%2F%2Fusr%2Flib64 HTTP/2.0" 200 2288 "-" "Mozilla/5.0 AppleWebKit/537.36 (KHTML, like Gecko; compatible; ClaudeBot/1.0; +claudebot@anthropic.com)"
20.171.207.138 - - [20/Oct/2025:15:03:17 +0300] "GET /upload/save_image/product/00/30/20/92/302092_1_360.jpg?path=//proc/1008992/root/proc/1008992/root/proc/1008992/task/1008992/root/proc/2227781/cwd/etc/bash_completion.d HTTP/2.0" 200 2377 "-" "Mozilla/5.0 AppleWebKit/537.36 (KHTML, like Gecko; compatible; GPTBot/1.2; +https://openai.com/gptbot)"
216.73.216.119 - - [20/Oct/2025:15:03:17 +0300] "GET /et/wp-json/wp/v2/product/1436?fileloc=%2F%2Fusr%2Flib64%2Flibtdb.so.1.4.9&path=%2F%2Fusr%2Flib64 HTTP/2.0" 200 40754 "-" "Mozilla/5.0 AppleWebKit/537.36 (KHTML, like Gecko; compatible; ClaudeBot/1.0; +claudebot@anthropic.com)"
216.73.216.119 - - [20/Oct/2025:15:03:18 +0300] "GET /et/wp-json/wp/v2/product/1436?fileloc=%2F%2Fusr%2Flib64%2Flibtiff.so.5.3.0&path=%2F%2Fusr%2Flib64 HTTP/2.0" 200 151435 "-" "Mozilla/5.0 AppleWebKit/537.36 (KHTML, like Gecko; compatible; ClaudeBot/1.0; +claudebot@anthropic.com)"
216.73.216.119 - - [20/Oct/2025:15:03:18 +0300] "GET /et/andmebaas-linn/al-ain-email-database-et?fileloc=%2F%2Fusr%2Flib64%2Flibbrotlidec.so.1&path=%2F%2Fusr%2Flib64 HTTP/2.0" 200 22000 "-" "Mozilla/5.0 AppleWebKit/537.36 (KHTML, like Gecko; compatible; ClaudeBot/1.0; +claudebot@anthropic.com)"
216.73.216.119 - - [20/Oct/2025:15:03:18 +0300] "GET /product/prague-business-database?fileloc=%2F%2Flib64%2Flibboost-plesk-1.74%2Flibboost_regex-plesk.so.1.74.0&path=%2F%2Flib64%2Flibboost-plesk-1.74 HTTP/2.0" 200 285595 "-" "Mozilla/5.0 AppleWebKit/537.36 (KHTML, like Gecko; compatible; ClaudeBot/1.0; +claudebot@anthropic.com)"
34.194.95.99 - - [20/Oct/2025:15:03:18 +0300] "GET /product/nitra-business-database/?fileloc=/home-ssd1/busines1/public_html/wp-includes/class-wp-admin-bar.php&path=/home-ssd1/busines1/public_html/wp-includes HTTP/1.1" 200 33668 "-" "Mozilla/5.0 AppleWebKit/537.36 (KHTML, like Gecko; compatible; Amazonbot/0.1; +https://developer.amazon.com/support/amazonbot) Chrome/119.0.6045.214 Safari/537.36"
66.249.68.36 - - [20/Oct/2025:15:03:19 +0300] "GET /items/1517520423 HTTP/1.1" 200 36548 "-" "Mozilla/5.0 (Linux; Android 6.0.1; Nexus 5X Build/MMB29P) AppleWebKit/537.36 (KHTML, like Gecko) Chrome/140.0.7339.207 Mobile Safari/537.36 (compatible; Googlebot/2.1; +http://www.google.com/bot.html)"
20.171.207.35 - - [20/Oct/2025:15:03:19 +0300] "GET /?path=//proc/sys/fscache HTTP/2.0" 200 2582 "-" "Mozilla/5.0 AppleWebKit/537.36 (KHTML, like Gecko; compatible; GPTBot/1.2; +https://openai.com/gptbot)"
216.73.216.119 - - [20/Oct/2025:15:03:19 +0300] "GET /et/product/delhi-ettevotete-andmebaas?fileloc=%2F%2Flib64%2Fperl5%2Fvendor_perl%2FJSON%2FXS.pm&path=%2F%2Flib64%2Fperl5%2Fvendor_perl%2FJSON HTTP/2.0" 200 25547 "-" "Mozilla/5.0 AppleWebKit/537.36 (KHTML, like Gecko; compatible; ClaudeBot/1.0; +claudebot@anthropic.com)"
