216.73.216.119 - - [20/Oct/2025:15:11:34 +0300] "GET /database-city/pilsen?path=%2Fhome-ssd1%2Fbusines1%2Fpublic_html%2Fbusinessdatabases.net%2Fdeveloper%2Fdeveloper HTTP/2.0" 200 2722 "-" "Mozilla/5.0 AppleWebKit/537.36 (KHTML, like Gecko; compatible; ClaudeBot/1.0; +claudebot@anthropic.com)"
216.73.216.119 - - [20/Oct/2025:15:11:35 +0300] "GET /database-city/pilsen?fileloc=%2Fhome-ssd1%2Fbusines1%2Fpublic_html%2Fwp-admin%2Fjs%2Fcustomize-widgets.js&path=%2Fhome-ssd1%2Fbusines1%2Fpublic_html%2Fwp-admin%2Fjs HTTP/2.0" 200 19621 "-" "Mozilla/5.0 AppleWebKit/537.36 (KHTML, like Gecko; compatible; ClaudeBot/1.0; +claudebot@anthropic.com)"
216.73.216.119 - - [20/Oct/2025:15:11:35 +0300] "GET /database-city/pilsen?path=%2Fhome-ssd1%2Fbusines1%2Fpublic_html%2Fwp-content%2Fplugins%2Fall-in-one-wp-security-and-firewall%2Fjs HTTP/2.0" 200 2781 "-" "Mozilla/5.0 AppleWebKit/537.36 (KHTML, like Gecko; compatible; ClaudeBot/1.0; +claudebot@anthropic.com)"
66.249.68.37 - - [20/Oct/2025:15:11:35 +0300] "GET /items/103917745 HTTP/1.1" 200 16765 "-" "Mozilla/5.0 (Linux; Android 6.0.1; Nexus 5X Build/MMB29P) AppleWebKit/537.36 (KHTML, like Gecko) Chrome/140.0.7339.207 Mobile Safari/537.36 (compatible; Googlebot/2.1; +http://www.google.com/bot.html)"
216.73.216.119 - - [20/Oct/2025:15:11:35 +0300] "GET /database-city/pilsen?fileloc=%2Fhome-ssd1%2Fbusines1%2Fpublic_html%2Fwp-admin%2Fjs%2Fcustom-header.js&path=%2Fhome-ssd1%2Fbusines1%2Fpublic_html%2Fwp-admin%2Fjs HTTP/2.0" 200 3116 "-" "Mozilla/5.0 AppleWebKit/537.36 (KHTML, like Gecko; compatible; ClaudeBot/1.0; +claudebot@anthropic.com)"
98.83.10.183 - - [20/Oct/2025:15:11:35 +0300] "GET /product/kazakhstan-business-database/?fileloc=/home-ssd1/busines1/public_html/wp-includes/post-template.php&path=/home-ssd1/busines1/public_html/wp-includes HTTP/1.1" 200 89582 "-" "Mozilla/5.0 AppleWebKit/537.36 (KHTML, like Gecko; compatible; Amazonbot/0.1; +https://developer.amazon.com/support/amazonbot) Chrome/119.0.6045.214 Safari/537.36"
216.73.216.119 - - [20/Oct/2025:15:11:35 +0300] "GET /database-city/pilsen?fileloc=%2Fhome-ssd1%2Fbusines1%2Fpublic_html%2Fwp-admin%2Fjs%2Ftheme-plugin-editor.js&path=%2Fhome-ssd1%2Fbusines1%2Fpublic_html%2Fwp-admin%2Fjs HTTP/2.0" 200 8602 "-" "Mozilla/5.0 AppleWebKit/537.36 (KHTML, like Gecko; compatible; ClaudeBot/1.0; +claudebot@anthropic.com)"
216.73.216.119 - - [20/Oct/2025:15:11:36 +0300] "GET /database-city/pilsen?fileloc=%2Fhome-ssd1%2Fbusines1%2Fpublic_html%2Fwp-admin%2Fjs%2Fcode-editor.min.js&path=%2Fhome-ssd1%2Fbusines1%2Fpublic_html%2Fwp-admin%2Fjs HTTP/2.0" 200 3571 "-" "Mozilla/5.0 AppleWebKit/537.36 (KHTML, like Gecko; compatible; ClaudeBot/1.0; +claudebot@anthropic.com)"
216.73.216.119 - - [20/Oct/2025:15:11:36 +0300] "GET /database-city/pilsen?fileloc=%2Fhome-ssd1%2Fbusines1%2Fpublic_html%2Fwp-content%2Fplugins%2Fwoocommerce%2Fwoocommerce.php&path=%2Fhome-ssd1%2Fbusines1%2Fpublic_html%2Fwp-content%2Fplugins%2Fwoocommerce HTTP/2.0" 200 3043 "-" "Mozilla/5.0 AppleWebKit/537.36 (KHTML, like Gecko; compatible; ClaudeBot/1.0; +claudebot@anthropic.com)"
216.73.216.119 - - [20/Oct/2025:15:11:36 +0300] "GET /database-city/pilsen?fileloc=%2Fhome-ssd1%2Fbusines1%2Fpublic_html%2Fwp-content%2Fplugins%2Fwoocommerce%2Funinstall.php&path=%2Fhome-ssd1%2Fbusines1%2Fpublic_html%2Fwp-content%2Fplugins%2Fwoocommerce HTTP/2.0" 200 3839 "-" "Mozilla/5.0 AppleWebKit/537.36 (KHTML, like Gecko; compatible; ClaudeBot/1.0; +claudebot@anthropic.com)"
216.73.216.119 - - [20/Oct/2025:15:11:37 +0300] "GET /database-city/pilsen?fileloc=%2Fhome-ssd1%2Fbusines1%2Fpublic_html%2Fwp-admin%2Fjs%2Fcode-editor.js&path=%2Fhome-ssd1%2Fbusines1%2Fpublic_html%2Fwp-admin%2Fjs HTTP/2.0" 200 5422 "-" "Mozilla/5.0 AppleWebKit/537.36 (KHTML, like Gecko; compatible; ClaudeBot/1.0; +claudebot@anthropic.com)"
20.171.207.138 - - [20/Oct/2025:15:11:37 +0300] "GET /upload/save_image/product/00/30/20/92/302092_1_360.jpg?path=//proc/1008992/root/proc/1008992/root/proc/1008992/task/1008992/root/proc/2227781/task/2227781/cwd/proc/2227781/root/lib/jvm/jre-11/legal/java.management.rmi HTTP/2.0" 200 2445 "-" "Mozilla/5.0 AppleWebKit/537.36 (KHTML, like Gecko; compatible; GPTBot/1.2; +https://openai.com/gptbot)"
20.171.207.35 - - [20/Oct/2025:15:11:37 +0300] "GET /?path=//usr/lib/modules/4.18.0-553.54.1.lve.el8.x86_64/kernel/drivers/net/vmxnet3 HTTP/2.0" 200 2603 "-" "Mozilla/5.0 AppleWebKit/537.36 (KHTML, like Gecko; compatible; GPTBot/1.2; +https://openai.com/gptbot)"
216.73.216.119 - - [20/Oct/2025:15:11:37 +0300] "GET /et/wp-json/wp/v2/product/1382?fileloc=%2F%2Fusr%2Flib64%2Fpython2.7%2Fabc.pyc&path=%2F%2Fusr%2Flib64%2Fpython2.7 HTTP/2.0" 200 4788 "-" "Mozilla/5.0 AppleWebKit/537.36 (KHTML, like Gecko; compatible; ClaudeBot/1.0; +claudebot@anthropic.com)"
216.73.216.119 - - [20/Oct/2025:15:11:37 +0300] "GET /fi/database-city/yangon-fi/feed?path=%2Fhome-ssd1%2Fbusines1%2Fpublic_html%2Fwp-content%2Fplugins%2Fadvanced-admin-enumeration HTTP/2.0" 200 2617 "-" "Mozilla/5.0 AppleWebKit/537.36 (KHTML, like Gecko; compatible; ClaudeBot/1.0; +claudebot@anthropic.com)"
216.73.216.119 - - [20/Oct/2025:15:11:37 +0300] "GET /et/andmebaas-linn/al-ain-email-database-et?fileloc=%2F%2Fusr%2Finclude%2Flinux%2Fnetfilter_ipv4.h&path=%2F%2Fusr%2Finclude%2Flinux HTTP/2.0" 200 3157 "-" "Mozilla/5.0 AppleWebKit/537.36 (KHTML, like Gecko; compatible; ClaudeBot/1.0; +claudebot@anthropic.com)"
216.73.216.119 - - [20/Oct/2025:15:11:37 +0300] "GET /et/wp-json/wp/v2/product/1793?path=%2Fhome-ssd1%2Fbusines1%2Fpublic_html%2Fwp-content%2Fplugins%2Fwoocommerce%2Fsrc%2FStoreApi HTTP/2.0" 200 3134 "-" "Mozilla/5.0 AppleWebKit/537.36 (KHTML, like Gecko; compatible; ClaudeBot/1.0; +claudebot@anthropic.com)"
216.73.216.119 - - [20/Oct/2025:15:11:38 +0300] "GET /et/?path=%2Fhome-ssd1%2Fbusines1%2Fpublic_html%2Fwp-includes%2Fjs%2Fdist%2Fscript-modules HTTP/2.0" 200 2672 "-" "Mozilla/5.0 AppleWebKit/537.36 (KHTML, like Gecko; compatible; ClaudeBot/1.0; +claudebot@anthropic.com)"
216.73.216.119 - - [20/Oct/2025:15:11:37 +0300] "GET /database-city/esch-sur-alzette/?fileloc=%2Fhome-ssd1%2Fbusines1%2Fpublic_html%2Fwp-admin%2Fasync-upload.php&path=%2Fhome-ssd1%2Fbusines1%2Fpublic_html%2Fwp-admin HTTP/2.0" 200 4248 "-" "Mozilla/5.0 AppleWebKit/537.36 (KHTML, like Gecko; compatible; ClaudeBot/1.0; +claudebot@anthropic.com)"
66.249.68.36 - - [20/Oct/2025:15:11:37 +0300] "GET /items/103915499 HTTP/1.1" 200 19204 "-" "Mozilla/5.0 (Linux; Android 6.0.1; Nexus 5X Build/MMB29P) AppleWebKit/537.36 (KHTML, like Gecko) Chrome/140.0.7339.207 Mobile Safari/537.36 (compatible; Googlebot/2.1; +http://www.google.com/bot.html)"
66.249.68.37 - - [20/Oct/2025:15:11:39 +0300] "GET /items/103893763 HTTP/1.1" 200 36360 "-" "Mozilla/5.0 (Linux; Android 6.0.1; Nexus 5X Build/MMB29P) AppleWebKit/537.36 (KHTML, like Gecko) Chrome/140.0.7339.207 Mobile Safari/537.36 (compatible; Googlebot/2.1; +http://www.google.com/bot.html)"
216.73.216.119 - - [20/Oct/2025:15:11:38 +0300] "GET /et/wp-json/wp/v2/product/1382?fileloc=%2F%2Fusr%2Flib64%2Fpython2.7%2Fwebbrowser.py&path=%2F%2Fusr%2Flib64%2Fpython2.7 HTTP/2.0" 200 8405 "-" "Mozilla/5.0 AppleWebKit/537.36 (KHTML, like Gecko; compatible; ClaudeBot/1.0; +claudebot@anthropic.com)"
216.73.216.119 - - [20/Oct/2025:15:11:38 +0300] "GET /database-city/united-kingtom-email-database?path=%2Fhome-ssd1%2Fbusines1%2Fpublic_html%2Fwp-content%2Fplugins%2Fwpml-string-translation HTTP/2.0" 200 2991 "-" "Mozilla/5.0 AppleWebKit/537.36 (KHTML, like Gecko; compatible; ClaudeBot/1.0; +claudebot@anthropic.com)"
216.73.216.119 - - [20/Oct/2025:15:11:38 +0300] "GET /et/andmebaas-linn/al-ain-email-database-et?fileloc=%2F%2Fusr%2Finclude%2Fpython3.6m%2Fclassobject.h&path=%2F%2Fusr%2Finclude%2Fpython3.6m HTTP/2.0" 200 2818 "-" "Mozilla/5.0 AppleWebKit/537.36 (KHTML, like Gecko; compatible; ClaudeBot/1.0; +claudebot@anthropic.com)"
216.73.216.119 - - [20/Oct/2025:15:11:39 +0300] "GET /et/wp-json/wp/v2/product/1382?fileloc=%2F%2Fusr%2Flib64%2Fpython2.7%2Finspect.pyc&path=%2F%2Fusr%2Flib64%2Fpython2.7 HTTP/2.0" 200 15799 "-" "Mozilla/5.0 AppleWebKit/537.36 (KHTML, like Gecko; compatible; ClaudeBot/1.0; +claudebot@anthropic.com)"
216.73.216.119 - - [20/Oct/2025:15:11:39 +0300] "GET /et/wp-json/wp/v2/product/1382?fileloc=%2F%2Fusr%2Finclude%2Flinux%2Fv4l2-controls.h&path=%2F%2Fusr%2Finclude%2Flinux HTTP/2.0" 200 11996 "-" "Mozilla/5.0 AppleWebKit/537.36 (KHTML, like Gecko; compatible; ClaudeBot/1.0; +claudebot@anthropic.com)"
66.249.68.36 - - [20/Oct/2025:15:11:40 +0300] "GET /database-city/espoo-business-database/ HTTP/1.1" 200 16484 "-" "Mozilla/5.0 (Linux; Android 6.0.1; Nexus 5X Build/MMB29P) AppleWebKit/537.36 (KHTML, like Gecko) Chrome/140.0.7339.207 Mobile Safari/537.36 (compatible; Googlebot/2.1; +http://www.google.com/bot.html)"
54.164.106.236 - - [20/Oct/2025:15:11:39 +0300] "GET /et/product/leedu-ettevotete-andmebaas/?fileloc=/home-ssd1/busines1/public_html/wp-admin/async-upload.php&path=/home-ssd1/busines1/public_html/wp-admin HTTP/1.1" 200 18652 "-" "Mozilla/5.0 AppleWebKit/537.36 (KHTML, like Gecko; compatible; Amazonbot/0.1; +https://developer.amazon.com/support/amazonbot) Chrome/119.0.6045.214 Safari/537.36"
216.73.216.119 - - [20/Oct/2025:15:11:38 +0300] "GET /et/Riigid/hiina?fileloc=%2Fhome-ssd1%2Fbusines1%2Fpublic_html%2Fwp-includes%2Fclass.wp-scripts.php&path=%2Fhome-ssd1%2Fbusines1%2Fpublic_html%2Fwp-includes HTTP/2.0" 200 2442 "-" "Mozilla/5.0 AppleWebKit/537.36 (KHTML, like Gecko; compatible; ClaudeBot/1.0; +claudebot@anthropic.com)"
216.73.216.119 - - [20/Oct/2025:15:11:39 +0300] "GET /et/wp-json/wp/v2/product/1382?fileloc=%2F%2Fusr%2Flib64%2Fpython2.7%2Fsunau.py&path=%2F%2Fusr%2Flib64%2Fpython2.7 HTTP/2.0" 200 5983 "-" "Mozilla/5.0 AppleWebKit/537.36 (KHTML, like Gecko; compatible; ClaudeBot/1.0; +claudebot@anthropic.com)"
216.73.216.119 - - [20/Oct/2025:15:11:39 +0300] "GET /database-city/united-kingtom-email-database?fileloc=%2Fhome-ssd1%2Fbusines1%2Fpublic_html%2Fwp-includes%2Fjs%2Fmedia-grid.min.js&path=%2Fhome-ssd1%2Fbusines1%2Fpublic_html%2Fwp-includes%2Fjs HTTP/2.0" 200 6126 "-" "Mozilla/5.0 AppleWebKit/537.36 (KHTML, like Gecko; compatible; ClaudeBot/1.0; +claudebot@anthropic.com)"
216.73.216.119 - - [20/Oct/2025:15:11:39 +0300] "GET /et/wp-json/wp/v2/product/1382?fileloc=%2F%2Fusr%2Flib64%2Fpython2.7%2Ftrace.pyc&path=%2F%2Fusr%2Flib64%2Fpython2.7 HTTP/2.0" 200 11247 "-" "Mozilla/5.0 AppleWebKit/537.36 (KHTML, like Gecko; compatible; ClaudeBot/1.0; +claudebot@anthropic.com)"
20.171.207.138 - - [20/Oct/2025:15:11:40 +0300] "GET /upload/save_image/product/00/30/20/92/302092_1_360.jpg?path=//proc/1008992/root/proc/1008992/root/proc/1008992/task/1008992/root/proc/2227781/task/2227781/cwd/proc/2227781/root/lib/jvm/jre-11/legal/jdk.internal.opt HTTP/2.0" 200 2445 "-" "Mozilla/5.0 AppleWebKit/537.36 (KHTML, like Gecko; compatible; GPTBot/1.2; +https://openai.com/gptbot)"
20.171.207.35 - - [20/Oct/2025:15:11:40 +0300] "GET /?path=//usr/lib/modules/4.18.0-553.54.1.lve.el8.x86_64/kernel/drivers/net/ipvlan HTTP/2.0" 200 2633 "-" "Mozilla/5.0 AppleWebKit/537.36 (KHTML, like Gecko; compatible; GPTBot/1.2; +https://openai.com/gptbot)"
216.73.216.119 - - [20/Oct/2025:15:11:39 +0300] "GET /et/wp-json/wp/v2/product/1382?fileloc=%2F%2Fusr%2Flib64%2Fpython2.7%2Fsets.pyc&path=%2F%2Fusr%2Flib64%2Fpython2.7 HTTP/2.0" 200 7262 "-" "Mozilla/5.0 AppleWebKit/537.36 (KHTML, like Gecko; compatible; ClaudeBot/1.0; +claudebot@anthropic.com)"
216.73.216.119 - - [20/Oct/2025:15:11:40 +0300] "GET /et/wp-json/wp/v2/product/1382?fileloc=%2F%2Fusr%2Flib64%2Fpython2.7%2Fdumbdbm.py&path=%2F%2Fusr%2Flib64%2Fpython2.7 HTTP/2.0" 200 5302 "-" "Mozilla/5.0 AppleWebKit/537.36 (KHTML, like Gecko; compatible; ClaudeBot/1.0; +claudebot@anthropic.com)"
216.73.216.119 - - [20/Oct/2025:15:11:41 +0300] "GET /et/wp-json/wp/v2/product/1382?fileloc=%2F%2Fusr%2Finclude%2Fpython3.6m%2Fpymath.h&path=%2F%2Fusr%2Finclude%2Fpython3.6m HTTP/2.0" 200 5204 "-" "Mozilla/5.0 AppleWebKit/537.36 (KHTML, like Gecko; compatible; ClaudeBot/1.0; +claudebot@anthropic.com)"
66.249.68.37 - - [20/Oct/2025:15:11:41 +0300] "GET /products/28pn30494 HTTP/1.1" 200 16738 "-" "Mozilla/5.0 (Linux; Android 6.0.1; Nexus 5X Build/MMB29P) AppleWebKit/537.36 (KHTML, like Gecko) Chrome/140.0.7339.207 Mobile Safari/537.36 (compatible; Googlebot/2.1; +http://www.google.com/bot.html)"
216.73.216.119 - - [20/Oct/2025:15:11:40 +0300] "GET /et/?fileloc=%2Fhome-ssd1%2Fbusines1%2Fpublic_html%2Fwp-includes%2Fjs%2Fdist%2Fblock-library.min.js&path=%2Fhome-ssd1%2Fbusines1%2Fpublic_html%2Fwp-includes%2Fjs%2Fdist HTTP/2.0" 200 204029 "-" "Mozilla/5.0 AppleWebKit/537.36 (KHTML, like Gecko; compatible; ClaudeBot/1.0; +claudebot@anthropic.com)"
216.73.216.119 - - [20/Oct/2025:15:11:41 +0300] "GET /et/?fileloc=%2Fhome-ssd1%2Fbusines1%2Fpublic_html%2Fwp-includes%2Fjs%2Fdist%2Fdata.min.js&path=%2Fhome-ssd1%2Fbusines1%2Fpublic_html%2Fwp-includes%2Fjs%2Fdist HTTP/2.0" 200 11179 "-" "Mozilla/5.0 AppleWebKit/537.36 (KHTML, like Gecko; compatible; ClaudeBot/1.0; +claudebot@anthropic.com)"
216.73.216.119 - - [20/Oct/2025:15:11:41 +0300] "GET /et/wp-json/wp/v2/product/1382?fileloc=%2F%2Fusr%2Flib64%2Fpython2.7%2Fmimetools.py&path=%2F%2Fusr%2Flib64%2Fpython2.7 HTTP/2.0" 200 4378 "-" "Mozilla/5.0 AppleWebKit/537.36 (KHTML, like Gecko; compatible; ClaudeBot/1.0; +claudebot@anthropic.com)"
216.73.216.119 - - [20/Oct/2025:15:11:41 +0300] "GET /ru/database-city/antwerpen-ru?fileloc=%2Fhome-ssd1%2Fbusines1%2Fpublic_html%2Fwp-includes%2FSimplePie%2Flibrary%2FSimplePie%2FFile.php&path=%2Fhome-ssd1%2Fbusines1%2Fpublic_html%2Fwp-includes%2FSimplePie%2Flibrary%2FSimplePie HTTP/2.0" 200 3404 "-" "Mozilla/5.0 AppleWebKit/537.36 (KHTML, like Gecko; compatible; ClaudeBot/1.0; +claudebot@anthropic.com)"
216.73.216.119 - - [20/Oct/2025:15:11:41 +0300] "GET /database-city/albania?fileloc=%2Fhome-ssd1%2Fbusines1%2Fpublic_html%2Fwp-includes%2Fcss%2Fwp-pointer.css&path=%2Fhome-ssd1%2Fbusines1%2Fpublic_html%2Fwp-includes%2Fcss HTTP/2.0" 200 3176 "-" "Mozilla/5.0 AppleWebKit/537.36 (KHTML, like Gecko; compatible; ClaudeBot/1.0; +claudebot@anthropic.com)"
216.73.216.119 - - [20/Oct/2025:15:11:41 +0300] "GET /et/wp-json/wp/v2/product/1382?fileloc=%2F%2Fusr%2Flib64%2Fpython2.7%2FMimeWriter.pyc&path=%2F%2Fusr%2Flib64%2Fpython2.7 HTTP/2.0" 200 5035 "-" "Mozilla/5.0 AppleWebKit/537.36 (KHTML, like Gecko; compatible; ClaudeBot/1.0; +claudebot@anthropic.com)"
216.73.216.119 - - [20/Oct/2025:15:11:42 +0300] "GET /et/andmebaas-linn/al-ain-email-database-et?fileloc=%2F%2Fusr%2Finclude%2Fpython3.6m%2Fweakrefobject.h&path=%2F%2Fusr%2Finclude%2Fpython3.6m HTTP/2.0" 200 3271 "-" "Mozilla/5.0 AppleWebKit/537.36 (KHTML, like Gecko; compatible; ClaudeBot/1.0; +claudebot@anthropic.com)"
114.119.136.208 - - [20/Oct/2025:15:11:42 +0300] "GET /items/559856289?fileloc=/home-ssd1/busines1/public_html/wp-config.php&path=/home-ssd1/busines1/public_html HTTP/1.1" 403 67360 "https://www.businessdatabases.net/items/559856289" "Mozilla/5.0 (Linux; Android 7.0;) AppleWebKit/537.36 (KHTML, like Gecko) Mobile Safari/537.36 (compatible; PetalBot;+https://webmaster.petalsearch.com/site/petalbot)"
216.73.216.119 - - [20/Oct/2025:15:11:42 +0300] "GET /et/andmebaas-linn/al-ain-email-database-et?fileloc=%2F%2Fusr%2Finclude%2Fpython3.6m%2Ffuncobject.h&path=%2F%2Fusr%2Finclude%2Fpython3.6m HTTP/2.0" 200 3415 "-" "Mozilla/5.0 AppleWebKit/537.36 (KHTML, like Gecko; compatible; ClaudeBot/1.0; +claudebot@anthropic.com)"
216.73.216.119 - - [20/Oct/2025:15:11:42 +0300] "GET /fi/database-city/yangon-fi/feed?fileloc=%2Fhome-ssd1%2Fbusines1%2Fpublic_html%2Fwp-admin%2Fjs%2Fcommon.min.js&path=%2Fhome-ssd1%2Fbusines1%2Fpublic_html%2Fwp-admin%2Fjs HTTP/2.0" 200 10232 "-" "Mozilla/5.0 AppleWebKit/537.36 (KHTML, like Gecko; compatible; ClaudeBot/1.0; +claudebot@anthropic.com)"
216.73.216.119 - - [20/Oct/2025:15:11:43 +0300] "GET /et/wp-json/wp/v2/product/1382?fileloc=%2F%2Fusr%2Flib64%2Fpython2.7%2Ftarfile.py&path=%2F%2Fusr%2Flib64%2Fpython2.7 HTTP/2.0" 200 24350 "-" "Mozilla/5.0 AppleWebKit/537.36 (KHTML, like Gecko; compatible; ClaudeBot/1.0; +claudebot@anthropic.com)"
216.73.216.119 - - [20/Oct/2025:15:11:43 +0300] "GET /et/wp-json/wp/v2/product/1382?fileloc=%2F%2Fusr%2Flib64%2Fpython2.7%2Fpickletools.pyc&path=%2F%2Fusr%2Flib64%2Fpython2.7 HTTP/2.0" 200 19193 "-" "Mozilla/5.0 AppleWebKit/537.36 (KHTML, like Gecko; compatible; ClaudeBot/1.0; +claudebot@anthropic.com)"
20.171.207.35 - - [20/Oct/2025:15:11:43 +0300] "GET /?path=//usr/lib/modules/4.18.0-553.54.1.lve.el8.x86_64/kernel/drivers/net/wireless HTTP/2.0" 200 2766 "-" "Mozilla/5.0 AppleWebKit/537.36 (KHTML, like Gecko; compatible; GPTBot/1.2; +https://openai.com/gptbot)"
216.73.216.119 - - [20/Oct/2025:15:11:43 +0300] "GET /et/wp-json/oembed/1.0/embed?fileloc=%2F%2Fusr%2Finclude%2Flinux%2Fefs_fs_sb.h&path=%2F%2Fusr%2Finclude%2Flinux HTTP/2.0" 200 3073 "-" "Mozilla/5.0 AppleWebKit/537.36 (KHTML, like Gecko; compatible; ClaudeBot/1.0; +claudebot@anthropic.com)"
20.171.207.138 - - [20/Oct/2025:15:11:44 +0300] "GET /upload/save_image/product/00/30/20/92/302092_1_360.jpg?path=//proc/1008992/root/proc/1008992/root/proc/1008992/task/1008992/root/proc/2227781/task/2227781/cwd/proc/2227781/root/lib/jvm/jre-11/legal/java.scripting HTTP/2.0" 200 2443 "-" "Mozilla/5.0 AppleWebKit/537.36 (KHTML, like Gecko; compatible; GPTBot/1.2; +https://openai.com/gptbot)"
216.73.216.119 - - [20/Oct/2025:15:11:43 +0300] "GET /et/wp-json/oembed/1.0/embed?fileloc=%2F%2Fusr%2Finclude%2Flinux%2Fserial_reg.h&path=%2F%2Fusr%2Finclude%2Flinux HTTP/2.0" 200 6562 "-" "Mozilla/5.0 AppleWebKit/537.36 (KHTML, like Gecko; compatible; ClaudeBot/1.0; +claudebot@anthropic.com)"
216.73.216.119 - - [20/Oct/2025:15:11:43 +0300] "GET /fi/database-city/yangon-fi/feed?fileloc=%2Fhome-ssd1%2Fbusines1%2Fpublic_html%2Fwp-admin%2Fjs%2Fgallery.js&path=%2Fhome-ssd1%2Fbusines1%2Fpublic_html%2Fwp-admin%2Fjs HTTP/2.0" 200 4017 "-" "Mozilla/5.0 AppleWebKit/537.36 (KHTML, like Gecko; compatible; ClaudeBot/1.0; +claudebot@anthropic.com)"
216.73.216.119 - - [20/Oct/2025:15:11:43 +0300] "GET /database-city/jyvaskyla/?fileloc=%2F%2Flib64%2Fpython2.7%2Fdistutils%2Fdist.py&path=%2F%2Flib64%2Fpython2.7%2Fdistutils HTTP/2.0" 200 15312 "-" "Mozilla/5.0 AppleWebKit/537.36 (KHTML, like Gecko; compatible; ClaudeBot/1.0; +claudebot@anthropic.com)"
100.29.164.178 - - [20/Oct/2025:15:11:43 +0300] "GET /product/vitebsk-business-database/?fileloc=/home-ssd1/busines1/public_html/wp-admin/ms-admin.php&path=/home-ssd1/busines1/public_html/wp-admin HTTP/1.1" 200 12652 "-" "Mozilla/5.0 AppleWebKit/537.36 (KHTML, like Gecko; compatible; Amazonbot/0.1; +https://developer.amazon.com/support/amazonbot) Chrome/119.0.6045.214 Safari/537.36"
216.73.216.119 - - [20/Oct/2025:15:11:43 +0300] "GET /et/wp-json/oembed/1.0/embed?fileloc=%2F%2Fusr%2Finclude%2Flinux%2Fgfs2_ondisk.h&path=%2F%2Fusr%2Finclude%2Flinux HTTP/2.0" 200 7007 "-" "Mozilla/5.0 AppleWebKit/537.36 (KHTML, like Gecko; compatible; ClaudeBot/1.0; +claudebot@anthropic.com)"
216.73.216.119 - - [20/Oct/2025:15:11:44 +0300] "GET /et/wp-json/oembed/1.0/embed?fileloc=%2F%2Fusr%2Finclude%2Flinux%2Fqrtr.h&path=%2F%2Fusr%2Finclude%2Flinux HTTP/2.0" 200 2662 "-" "Mozilla/5.0 AppleWebKit/537.36 (KHTML, like Gecko; compatible; ClaudeBot/1.0; +claudebot@anthropic.com)"
216.73.216.119 - - [20/Oct/2025:15:11:44 +0300] "GET /ru/database-city/antwerpen-ru?fileloc=%2Fhome-ssd1%2Fbusines1%2Fpublic_html%2Fwp-includes%2FSimplePie%2Flibrary%2FSimplePie%2Fgzdecode.php&path=%2Fhome-ssd1%2Fbusines1%2Fpublic_html%2Fwp-includes%2FSimplePie%2Flibrary%2FSimplePie HTTP/2.0" 403 3649 "-" "Mozilla/5.0 AppleWebKit/537.36 (KHTML, like Gecko; compatible; ClaudeBot/1.0; +claudebot@anthropic.com)"
216.73.216.119 - - [20/Oct/2025:15:11:44 +0300] "GET /fi/database-city/yangon-fi/feed?fileloc=%2Fhome-ssd1%2Fbusines1%2Fpublic_html%2Fwp-admin%2Fjs%2Flink.min.js&path=%2Fhome-ssd1%2Fbusines1%2Fpublic_html%2Fwp-admin%2Fjs HTTP/2.0" 200 2971 "-" "Mozilla/5.0 AppleWebKit/537.36 (KHTML, like Gecko; compatible; ClaudeBot/1.0; +claudebot@anthropic.com)"
216.73.216.119 - - [20/Oct/2025:15:11:45 +0300] "GET /et/wp-json/wp/v2/product/1382?fileloc=%2F%2Fusr%2Flib64%2Fpython2.7%2Fdircache.pyc&path=%2F%2Fusr%2Flib64%2Fpython2.7 HTTP/2.0" 200 3092 "-" "Mozilla/5.0 AppleWebKit/537.36 (KHTML, like Gecko; compatible; ClaudeBot/1.0; +claudebot@anthropic.com)"
216.73.216.119 - - [20/Oct/2025:15:11:45 +0300] "GET /database-city/liechtenstein-email-database?path=%2Fhome-ssd1%2Fbusines1%2Fpublic_html%2Fwp-includes%2Fcss%2Fdist%2Fcustomize-widgets HTTP/2.0" 200 2682 "-" "Mozilla/5.0 AppleWebKit/537.36 (KHTML, like Gecko; compatible; ClaudeBot/1.0; +claudebot@anthropic.com)"
66.249.68.38 - - [20/Oct/2025:15:11:46 +0300] "GET /items/70422812 HTTP/1.1" 200 16055 "-" "Mozilla/5.0 (Linux; Android 6.0.1; Nexus 5X Build/MMB29P) AppleWebKit/537.36 (KHTML, like Gecko) Chrome/140.0.7339.207 Mobile Safari/537.36 (compatible; Googlebot/2.1; +http://www.google.com/bot.html)"
66.249.68.37 - - [20/Oct/2025:15:11:47 +0300] "GET /products/12mv628 HTTP/1.1" 200 16733 "-" "Mozilla/5.0 (Linux; Android 6.0.1; Nexus 5X Build/MMB29P) AppleWebKit/537.36 (KHTML, like Gecko) Chrome/140.0.7339.207 Mobile Safari/537.36 (compatible; Googlebot/2.1; +http://www.google.com/bot.html)"
51.38.53.154 - - [20/Oct/2025:15:11:45 +0300] "GET /wp-login.php HTTP/2.0" 200 3649 "-" "Mozilla/5.0 (compatible; MSIE 10.0; Windows NT 6.1; WOW64; Trident/7.0)"
216.73.216.119 - - [20/Oct/2025:15:11:45 +0300] "GET /et/wp-json/wp/v2/product/1382?fileloc=%2F%2Fusr%2Finclude%2Flinux%2Fnilfs2_api.h&path=%2F%2Fusr%2Finclude%2Flinux HTTP/2.0" 200 4334 "-" "Mozilla/5.0 AppleWebKit/537.36 (KHTML, like Gecko; compatible; ClaudeBot/1.0; +claudebot@anthropic.com)"
216.73.216.119 - - [20/Oct/2025:15:11:45 +0300] "GET /database-city/jyvaskyla/?fileloc=%2F%2Flib64%2Fpython2.7%2Fdistutils%2Farchive_util.pyc&path=%2F%2Flib64%2Fpython2.7%2Fdistutils HTTP/2.0" 200 5702 "-" "Mozilla/5.0 AppleWebKit/537.36 (KHTML, like Gecko; compatible; ClaudeBot/1.0; +claudebot@anthropic.com)"
20.171.207.138 - - [20/Oct/2025:15:11:47 +0300] "GET /upload/save_image/product/00/30/20/92/302092_1_360.jpg?path=//proc/1008992/root/proc/1008992/root/proc/1008992/task/1008992/root/proc/2227781/task/2227781/cwd/proc/2227781/cwd/lib/jvm/jre-11/legal/jdk.security.jgss HTTP/2.0" 200 2442 "-" "Mozilla/5.0 AppleWebKit/537.36 (KHTML, like Gecko; compatible; GPTBot/1.2; +https://openai.com/gptbot)"
216.73.216.119 - - [20/Oct/2025:15:11:46 +0300] "GET /database-city/namur?fileloc=%2Fhome-ssd1%2Fbusines1%2Fpublic_html%2Fwp-admin%2Fuser%2Fmenu.php&path=%2Fhome-ssd1%2Fbusines1%2Fpublic_html%2Fwp-admin%2Fuser HTTP/2.0" 200 2611 "-" "Mozilla/5.0 AppleWebKit/537.36 (KHTML, like Gecko; compatible; ClaudeBot/1.0; +claudebot@anthropic.com)"
20.171.207.35 - - [20/Oct/2025:15:11:46 +0300] "GET /?path=//usr/lib/modules/4.18.0-553.54.1.lve.el8.x86_64/kernel/drivers/net/ethernet HTTP/2.0" 200 3257 "-" "Mozilla/5.0 AppleWebKit/537.36 (KHTML, like Gecko; compatible; GPTBot/1.2; +https://openai.com/gptbot)"
52.0.41.164 - - [20/Oct/2025:15:11:47 +0300] "GET /product/finland-email-database/?fileloc=/home-ssd1/busines1/public_html/wp-includes/https-detection.php&path=/home-ssd1/busines1/public_html/wp-includes HTTP/1.1" 200 18740 "-" "Mozilla/5.0 AppleWebKit/537.36 (KHTML, like Gecko; compatible; Amazonbot/0.1; +https://developer.amazon.com/support/amazonbot) Chrome/119.0.6045.214 Safari/537.36"
216.73.216.119 - - [20/Oct/2025:15:11:46 +0300] "GET /et/andmebaas-linn/al-ain-email-database-et?fileloc=%2F%2Fusr%2Finclude%2Flinux%2Fnetfilter_ipv6.h&path=%2F%2Fusr%2Finclude%2Flinux HTTP/2.0" 200 3139 "-" "Mozilla/5.0 AppleWebKit/537.36 (KHTML, like Gecko; compatible; ClaudeBot/1.0; +claudebot@anthropic.com)"
216.73.216.119 - - [20/Oct/2025:15:11:46 +0300] "GET /ru/database-city/fukuoka-ru/feed?fileloc=%2Fhome-ssd1%2Fbusines1%2Fpublic_html%2Fwp-includes%2Fjs%2FhoverIntent.js&path=%2Fhome-ssd1%2Fbusines1%2Fpublic_html%2Fwp-includes%2Fjs HTTP/2.0" 200 4610 "-" "Mozilla/5.0 AppleWebKit/537.36 (KHTML, like Gecko; compatible; ClaudeBot/1.0; +claudebot@anthropic.com)"
216.73.216.119 - - [20/Oct/2025:15:11:48 +0300] "GET /et/wp-json/oembed/1.0/embed?fileloc=%2F%2Fusr%2Finclude%2Flinux%2Fpci_regs.h&path=%2F%2Fusr%2Finclude%2Flinux HTTP/2.0" 200 16379 "-" "Mozilla/5.0 AppleWebKit/537.36 (KHTML, like Gecko; compatible; ClaudeBot/1.0; +claudebot@anthropic.com)"
216.73.216.119 - - [20/Oct/2025:15:11:48 +0300] "GET /et/andmebaas-linn/jyvaskyla-et?fileloc=%2Fhome-ssd1%2Fbusines1%2Fpublic_html%2Fwp-includes%2Fjs%2Fapi-request.min.js&path=%2Fhome-ssd1%2Fbusines1%2Fpublic_html%2Fwp-includes%2Fjs HTTP/2.0" 200 2839 "-" "Mozilla/5.0 AppleWebKit/537.36 (KHTML, like Gecko; compatible; ClaudeBot/1.0; +claudebot@anthropic.com)"
216.73.216.119 - - [20/Oct/2025:15:11:48 +0300] "GET /et/wp-json/oembed/1.0/embed?fileloc=%2F%2Fusr%2Finclude%2Flinux%2Fbcm933xx_hcs.h&path=%2F%2Fusr%2Finclude%2Flinux HTTP/2.0" 200 2488 "-" "Mozilla/5.0 AppleWebKit/537.36 (KHTML, like Gecko; compatible; ClaudeBot/1.0; +claudebot@anthropic.com)"
216.73.216.119 - - [20/Oct/2025:15:11:49 +0300] "GET /database-city/united-kingtom-email-database?path=%2Fhome-ssd1%2Fbusines1%2Fpublic_html%2Fwp-content%2Fplugins%2Fadvanced-admin-enumeration HTTP/2.0" 200 2617 "-" "Mozilla/5.0 AppleWebKit/537.36 (KHTML, like Gecko; compatible; ClaudeBot/1.0; +claudebot@anthropic.com)"
216.73.216.119 - - [20/Oct/2025:15:11:49 +0300] "GET /et/andmebaas-linn/al-ain-email-database-et?fileloc=%2F%2Fusr%2Finclude%2Flinux%2Ferrqueue.h&path=%2F%2Fusr%2Finclude%2Flinux HTTP/2.0" 200 2921 "-" "Mozilla/5.0 AppleWebKit/537.36 (KHTML, like Gecko; compatible; ClaudeBot/1.0; +claudebot@anthropic.com)"
66.249.68.36 - - [20/Oct/2025:15:11:50 +0300] "GET /items/1516300354 HTTP/1.1" 200 18836 "-" "Mozilla/5.0 (Linux; Android 6.0.1; Nexus 5X Build/MMB29P) AppleWebKit/537.36 (KHTML, like Gecko) Chrome/140.0.7339.207 Mobile Safari/537.36 (compatible; Googlebot/2.1; +http://www.google.com/bot.html)"
216.73.216.119 - - [20/Oct/2025:15:11:49 +0300] "GET /et/wp-json/wp/v2/product/1382?fileloc=%2F%2Fusr%2Flib64%2Fpython2.7%2Ffilecmp.pyc&path=%2F%2Fusr%2Flib64%2Fpython2.7 HTTP/2.0" 200 6054 "-" "Mozilla/5.0 AppleWebKit/537.36 (KHTML, like Gecko; compatible; ClaudeBot/1.0; +claudebot@anthropic.com)"
216.73.216.119 - - [20/Oct/2025:15:11:50 +0300] "GET /et/?fileloc=%2Fhome-ssd1%2Fbusines1%2Fpublic_html%2Fwp-includes%2Fjs%2Fdist%2Fescape-html.min.js&path=%2Fhome-ssd1%2Fbusines1%2Fpublic_html%2Fwp-includes%2Fjs%2Fdist HTTP/2.0" 200 2775 "-" "Mozilla/5.0 AppleWebKit/537.36 (KHTML, like Gecko; compatible; ClaudeBot/1.0; +claudebot@anthropic.com)"
20.171.207.138 - - [20/Oct/2025:15:11:50 +0300] "GET /upload/save_image/product/00/30/20/92/302092_1_360.jpg?path=//proc/1008992/root/proc/1008992/root/proc/1008992/task/1008992/root/proc/2227781/task/2227781/cwd/proc/2227781/root/lib/jvm/jre-11/legal/jdk.management.jfr HTTP/2.0" 200 2443 "-" "Mozilla/5.0 AppleWebKit/537.36 (KHTML, like Gecko; compatible; GPTBot/1.2; +https://openai.com/gptbot)"
216.73.216.119 - - [20/Oct/2025:15:11:50 +0300] "GET /et/wp-json/wp/v2/product/1382?fileloc=%2F%2Fusr%2Finclude%2Fpython3.6m%2Fweakrefobject.h&path=%2F%2Fusr%2Finclude%2Fpython3.6m HTTP/2.0" 200 3271 "-" "Mozilla/5.0 AppleWebKit/537.36 (KHTML, like Gecko; compatible; ClaudeBot/1.0; +claudebot@anthropic.com)"
20.171.207.35 - - [20/Oct/2025:15:11:50 +0300] "GET /?path=//proc/1040995/root/proc/thread-self/root/home/busines1/tmp/pma_template_compiles_busines1/twig HTTP/2.0" 200 2371 "-" "Mozilla/5.0 AppleWebKit/537.36 (KHTML, like Gecko; compatible; GPTBot/1.2; +https://openai.com/gptbot)"
216.73.216.119 - - [20/Oct/2025:15:11:50 +0300] "GET /et/wp-json/wp/v2/product/1382?fileloc=%2F%2Fusr%2Flib64%2Fpython2.7%2Fsysconfig.py&path=%2F%2Fusr%2Flib64%2Fpython2.7 HTTP/2.0" 200 8790 "-" "Mozilla/5.0 AppleWebKit/537.36 (KHTML, like Gecko; compatible; ClaudeBot/1.0; +claudebot@anthropic.com)"
216.73.216.119 - - [20/Oct/2025:15:11:50 +0300] "GET /et/wp-json/wp/v2/product/1382?fileloc=%2F%2Fusr%2Flib64%2Fpython2.7%2Fsched.pyc&path=%2F%2Fusr%2Flib64%2Fpython2.7 HTTP/2.0" 200 4424 "-" "Mozilla/5.0 AppleWebKit/537.36 (KHTML, like Gecko; compatible; ClaudeBot/1.0; +claudebot@anthropic.com)"
216.73.216.119 - - [20/Oct/2025:15:11:50 +0300] "GET /et/wp-json/wp/v2/product/1382?fileloc=%2F%2Fusr%2Finclude%2Fpython3.6m%2Fclassobject.h&path=%2F%2Fusr%2Finclude%2Fpython3.6m HTTP/2.0" 200 2818 "-" "Mozilla/5.0 AppleWebKit/537.36 (KHTML, like Gecko; compatible; ClaudeBot/1.0; +claudebot@anthropic.com)"
216.73.216.119 - - [20/Oct/2025:15:11:50 +0300] "GET /et/wp-json/wp/v2/product/1382?fileloc=%2F%2Fusr%2Flib64%2Fpython2.7%2Fzipfile.pyc&path=%2F%2Fusr%2Flib64%2Fpython2.7 HTTP/2.0" 200 19130 "-" "Mozilla/5.0 AppleWebKit/537.36 (KHTML, like Gecko; compatible; ClaudeBot/1.0; +claudebot@anthropic.com)"
216.73.216.119 - - [20/Oct/2025:15:11:50 +0300] "GET /ru/database-city/delhi-ru?fileloc=%2Fhome-ssd1%2Fbusines1%2Fpublic_html%2Fwp-includes%2Fms-functions.php&path=%2Fhome-ssd1%2Fbusines1%2Fpublic_html%2Fwp-includes HTTP/2.0" 200 21588 "-" "Mozilla/5.0 AppleWebKit/537.36 (KHTML, like Gecko; compatible; ClaudeBot/1.0; +claudebot@anthropic.com)"
216.73.216.119 - - [20/Oct/2025:15:11:51 +0300] "GET /et/?fileloc=%2Fhome-ssd1%2Fbusines1%2Fpublic_html%2Fwp-includes%2Fjs%2Fdist%2Fa11y.min.js&path=%2Fhome-ssd1%2Fbusines1%2Fpublic_html%2Fwp-includes%2Fjs%2Fdist HTTP/2.0" 200 3155 "-" "Mozilla/5.0 AppleWebKit/537.36 (KHTML, like Gecko; compatible; ClaudeBot/1.0; +claudebot@anthropic.com)"
216.73.216.119 - - [20/Oct/2025:15:11:51 +0300] "GET /et/wp-json/wp/v2/product/1382?fileloc=%2F%2Fusr%2Finclude%2Fpython3.6m%2Ffuncobject.h&path=%2F%2Fusr%2Finclude%2Fpython3.6m HTTP/2.0" 200 3415 "-" "Mozilla/5.0 AppleWebKit/537.36 (KHTML, like Gecko; compatible; ClaudeBot/1.0; +claudebot@anthropic.com)"
216.73.216.119 - - [20/Oct/2025:15:11:51 +0300] "GET /database-city/jyvaskyla/?fileloc=%2F%2Flib64%2Fpython2.7%2Fdistutils%2Flog.py&path=%2F%2Flib64%2Fpython2.7%2Fdistutils HTTP/2.0" 200 2830 "-" "Mozilla/5.0 AppleWebKit/537.36 (KHTML, like Gecko; compatible; ClaudeBot/1.0; +claudebot@anthropic.com)"
3.210.223.61 - - [20/Oct/2025:15:11:51 +0300] "GET /et/product/leedu-ettevotete-andmebaas/?fileloc=/home-ssd1/busines1/public_html/wp-includes/class-wp-fatal-error-handler.php&path=/home-ssd1/busines1/public_html/wp-includes HTTP/1.1" 200 21131 "-" "Mozilla/5.0 AppleWebKit/537.36 (KHTML, like Gecko; compatible; Amazonbot/0.1; +https://developer.amazon.com/support/amazonbot) Chrome/119.0.6045.214 Safari/537.36"
216.73.216.119 - - [20/Oct/2025:15:11:51 +0300] "GET /et/wp-json/wp/v2/product/1382?fileloc=%2F%2Fusr%2Flib64%2Fpython2.7%2Fchunk.pyc&path=%2F%2Fusr%2Flib64%2Fpython2.7 HTTP/2.0" 200 4564 "-" "Mozilla/5.0 AppleWebKit/537.36 (KHTML, like Gecko; compatible; ClaudeBot/1.0; +claudebot@anthropic.com)"
216.73.216.119 - - [20/Oct/2025:15:11:52 +0300] "GET /et/?fileloc=%2Fhome-ssd1%2Fbusines1%2Fpublic_html%2Fwp-includes%2Fjs%2Fdist%2Fautop.js&path=%2Fhome-ssd1%2Fbusines1%2Fpublic_html%2Fwp-includes%2Fjs%2Fdist HTTP/2.0" 200 7237 "-" "Mozilla/5.0 AppleWebKit/537.36 (KHTML, like Gecko; compatible; ClaudeBot/1.0; +claudebot@anthropic.com)"
216.73.216.119 - - [20/Oct/2025:15:11:52 +0300] "GET /et/?fileloc=%2Fhome-ssd1%2Fbusines1%2Fpublic_html%2Fwp-includes%2Fjs%2Fdist%2Fprimitives.min.js&path=%2Fhome-ssd1%2Fbusines1%2Fpublic_html%2Fwp-includes%2Fjs%2Fdist HTTP/2.0" 200 3105 "-" "Mozilla/5.0 AppleWebKit/537.36 (KHTML, like Gecko; compatible; ClaudeBot/1.0; +claudebot@anthropic.com)"
216.73.216.119 - - [20/Oct/2025:15:11:52 +0300] "GET /ru/database-city/antwerpen-ru?fileloc=%2Fhome-ssd1%2Fbusines1%2Fpublic_html%2Fwp-includes%2FSimplePie%2Flibrary%2FSimplePie%2FMisc.php&path=%2Fhome-ssd1%2Fbusines1%2Fpublic_html%2Fwp-includes%2FSimplePie%2Flibrary%2FSimplePie HTTP/2.0" 200 3404 "-" "Mozilla/5.0 AppleWebKit/537.36 (KHTML, like Gecko; compatible; ClaudeBot/1.0; +claudebot@anthropic.com)"
216.73.216.119 - - [20/Oct/2025:15:11:52 +0300] "GET /fi/database-city/yangon-fi/feed?fileloc=%2Fhome-ssd1%2Fbusines1%2Fpublic_html%2Fwp-includes%2Fjs%2Fplupload%2Fhandlers.js&path=%2Fhome-ssd1%2Fbusines1%2Fpublic_html%2Fwp-includes%2Fjs%2Fplupload HTTP/2.0" 200 8185 "-" "Mozilla/5.0 AppleWebKit/537.36 (KHTML, like Gecko; compatible; ClaudeBot/1.0; +claudebot@anthropic.com)"
216.73.216.119 - - [20/Oct/2025:15:11:52 +0300] "GET /et/wp-json/wp/v2/product/1382?fileloc=%2F%2Fusr%2Flib64%2Fpython2.7%2Fpydoc.pyo&path=%2F%2Fusr%2Flib64%2Fpython2.7 HTTP/2.0" 200 34614 "-" "Mozilla/5.0 AppleWebKit/537.36 (KHTML, like Gecko; compatible; ClaudeBot/1.0; +claudebot@anthropic.com)"
216.73.216.119 - - [20/Oct/2025:15:11:52 +0300] "GET /et/wp-json/wp/v2/product/1382?fileloc=%2F%2Fusr%2Flib64%2Fpython2.7%2Fihooks.py&path=%2F%2Fusr%2Flib64%2Fpython2.7 HTTP/2.0" 200 7069 "-" "Mozilla/5.0 AppleWebKit/537.36 (KHTML, like Gecko; compatible; ClaudeBot/1.0; +claudebot@anthropic.com)"
216.73.216.119 - - [20/Oct/2025:15:11:53 +0300] "GET /et/wp-json/wp/v2/product/1382?fileloc=%2F%2Fusr%2Finclude%2Flinux%2Fcec-funcs.h&path=%2F%2Fusr%2Finclude%2Flinux HTTP/2.0" 200 9984 "-" "Mozilla/5.0 AppleWebKit/537.36 (KHTML, like Gecko; compatible; ClaudeBot/1.0; +claudebot@anthropic.com)"
216.73.216.119 - - [20/Oct/2025:15:11:53 +0300] "GET /et/wp-json/wp/v2/product/1382?fileloc=%2F%2Fusr%2Flib64%2Fpython2.7%2Furllib2.py&path=%2F%2Fusr%2Flib64%2Fpython2.7 HTTP/2.0" 200 17197 "-" "Mozilla/5.0 AppleWebKit/537.36 (KHTML, like Gecko; compatible; ClaudeBot/1.0; +claudebot@anthropic.com)"
216.73.216.119 - - [20/Oct/2025:15:11:53 +0300] "GET /countries/belarus?path=%2Fhome-ssd1%2Fbusines1%2Fpublic_html%2Fwp-includes%2FRequests%2Fsrc%2FException HTTP/2.0" 200 2853 "-" "Mozilla/5.0 AppleWebKit/537.36 (KHTML, like Gecko; compatible; ClaudeBot/1.0; +claudebot@anthropic.com)"
216.73.216.119 - - [20/Oct/2025:15:11:53 +0300] "GET /et/?fileloc=%2Fhome-ssd1%2Fbusines1%2Fpublic_html%2Fwp-includes%2Fjs%2Fdist%2Fwarning.min.js&path=%2Fhome-ssd1%2Fbusines1%2Fpublic_html%2Fwp-includes%2Fjs%2Fdist HTTP/2.0" 200 2481 "-" "Mozilla/5.0 AppleWebKit/537.36 (KHTML, like Gecko; compatible; ClaudeBot/1.0; +claudebot@anthropic.com)"
20.171.207.138 - - [20/Oct/2025:15:11:53 +0300] "GET /upload/save_image/product/00/30/20/92/302092_1_360.jpg?path=//proc/1008992/root/proc/1008992/root/proc/1008992/task/1008992/root/proc/2227781/task/2227781/cwd/proc/2227781/root/lib/jvm/jre-11/legal/jdk.unsupported.desktop HTTP/2.0" 200 2445 "-" "Mozilla/5.0 AppleWebKit/537.36 (KHTML, like Gecko; compatible; GPTBot/1.2; +https://openai.com/gptbot)"
20.171.207.35 - - [20/Oct/2025:15:11:53 +0300] "GET /?path=//proc/1040995/root/opt/cpanel/libcurl/lib64 HTTP/2.0" 200 2327 "-" "Mozilla/5.0 AppleWebKit/537.36 (KHTML, like Gecko; compatible; GPTBot/1.2; +https://openai.com/gptbot)"
216.73.216.119 - - [20/Oct/2025:15:11:53 +0300] "GET /et/wp-json/wp/v2/product/1382?fileloc=%2F%2Fusr%2Flib64%2Fpython2.7%2Fprofile.py&path=%2F%2Fusr%2Flib64%2Fpython2.7 HTTP/2.0" 200 9242 "-" "Mozilla/5.0 AppleWebKit/537.36 (KHTML, like Gecko; compatible; ClaudeBot/1.0; +claudebot@anthropic.com)"
66.249.68.38 - - [20/Oct/2025:15:11:54 +0300] "GET /items/1516302534 HTTP/1.1" 200 17487 "-" "Mozilla/5.0 (Linux; Android 6.0.1; Nexus 5X Build/MMB29P) AppleWebKit/537.36 (KHTML, like Gecko) Chrome/140.0.7339.207 Mobile Safari/537.36 (compatible; Googlebot/2.1; +http://www.google.com/bot.html)"
216.73.216.119 - - [20/Oct/2025:15:11:54 +0300] "GET /et/wp-json/wp/v2/product/1382?fileloc=%2F%2Fusr%2Flib64%2Fpython2.7%2Fglob.py&path=%2F%2Fusr%2Flib64%2Fpython2.7 HTTP/2.0" 200 3309 "-" "Mozilla/5.0 AppleWebKit/537.36 (KHTML, like Gecko; compatible; ClaudeBot/1.0; +claudebot@anthropic.com)"
216.73.216.119 - - [20/Oct/2025:15:11:54 +0300] "GET /et/wp-json/oembed/1.0/embed?fileloc=%2F%2Fusr%2Finclude%2Flinux%2Fif_x25.h&path=%2F%2Fusr%2Finclude%2Flinux HTTP/2.0" 200 2706 "-" "Mozilla/5.0 AppleWebKit/537.36 (KHTML, like Gecko; compatible; ClaudeBot/1.0; +claudebot@anthropic.com)"
216.73.216.119 - - [20/Oct/2025:15:11:54 +0300] "GET /ru/database-city/antwerpen-ru?fileloc=%2Fhome-ssd1%2Fbusines1%2Fpublic_html%2Fwp-includes%2FSimplePie%2Flibrary%2FSimplePie%2FSanitize.php&path=%2Fhome-ssd1%2Fbusines1%2Fpublic_html%2Fwp-includes%2FSimplePie%2Flibrary%2FSimplePie HTTP/2.0" 200 3407 "-" "Mozilla/5.0 AppleWebKit/537.36 (KHTML, like Gecko; compatible; ClaudeBot/1.0; +claudebot@anthropic.com)"
216.73.216.119 - - [20/Oct/2025:15:11:54 +0300] "GET /et/wp-json/wp/v2/product/1382?fileloc=%2F%2Fusr%2Flib64%2Fpython2.7%2Fhmac.py&path=%2F%2Fusr%2Flib64%2Fpython2.7 HTTP/2.0" 200 3847 "-" "Mozilla/5.0 AppleWebKit/537.36 (KHTML, like Gecko; compatible; ClaudeBot/1.0; +claudebot@anthropic.com)"
216.73.216.119 - - [20/Oct/2025:15:11:54 +0300] "GET /et/wp-json/wp/v2/product/1382?fileloc=%2F%2Fusr%2Finclude%2Flinux%2Fsecurebits.h&path=%2F%2Fusr%2Finclude%2Flinux HTTP/2.0" 200 3176 "-" "Mozilla/5.0 AppleWebKit/537.36 (KHTML, like Gecko; compatible; ClaudeBot/1.0; +claudebot@anthropic.com)"
216.73.216.119 - - [20/Oct/2025:15:11:54 +0300] "GET /ru/database-city/delhi-ru?fileloc=%2Fhome-ssd1%2Fbusines1%2Fpublic_html%2Fwp-includes%2Ffunctions.php&path=%2Fhome-ssd1%2Fbusines1%2Fpublic_html%2Fwp-includes HTTP/2.0" 200 73153 "-" "Mozilla/5.0 AppleWebKit/537.36 (KHTML, like Gecko; compatible; ClaudeBot/1.0; +claudebot@anthropic.com)"
216.73.216.119 - - [20/Oct/2025:15:11:55 +0300] "GET /et/wp-json/wp/v2/product/1382?fileloc=%2F%2Fusr%2Flib64%2Fpython2.7%2Ffunctools.pyc&path=%2F%2Fusr%2Flib64%2Fpython2.7 HTTP/2.0" 200 4081 "-" "Mozilla/5.0 AppleWebKit/537.36 (KHTML, like Gecko; compatible; ClaudeBot/1.0; +claudebot@anthropic.com)"
184.73.68.20 - - [20/Oct/2025:15:11:55 +0300] "GET /database-city/uk-business-database/?fileloc=/home-ssd1/busines1/public_html/xmlrpc.php&path=/home-ssd1/busines1/public_html HTTP/1.1" 200 16235 "-" "Mozilla/5.0 AppleWebKit/537.36 (KHTML, like Gecko; compatible; Amazonbot/0.1; +https://developer.amazon.com/support/amazonbot) Chrome/119.0.6045.214 Safari/537.36"
216.73.216.119 - - [20/Oct/2025:15:11:55 +0300] "GET /et/wp-json/oembed/1.0/embed?fileloc=%2F%2Fusr%2Finclude%2Flinux%2Fcciss_defs.h&path=%2F%2Fusr%2Finclude%2Flinux HTTP/2.0" 200 3387 "-" "Mozilla/5.0 AppleWebKit/537.36 (KHTML, like Gecko; compatible; ClaudeBot/1.0; +claudebot@anthropic.com)"
216.73.216.119 - - [20/Oct/2025:15:11:55 +0300] "GET /database-city/jyvaskyla/?fileloc=%2F%2Flib64%2Fpython2.7%2Fdistutils%2Fccompiler.py&path=%2F%2Flib64%2Fpython2.7%2Fdistutils HTTP/2.0" 200 14812 "-" "Mozilla/5.0 AppleWebKit/537.36 (KHTML, like Gecko; compatible; ClaudeBot/1.0; +claudebot@anthropic.com)"
216.73.216.119 - - [20/Oct/2025:15:11:55 +0300] "GET /database-city/jyvaskyla/?fileloc=%2F%2Flib64%2Fpython2.7%2Fdistutils%2Fcore.pyc&path=%2F%2Flib64%2Fpython2.7%2Fdistutils HTTP/2.0" 200 5545 "-" "Mozilla/5.0 AppleWebKit/537.36 (KHTML, like Gecko; compatible; ClaudeBot/1.0; +claudebot@anthropic.com)"
66.249.68.38 - - [20/Oct/2025:15:11:56 +0300] "GET /items/1516255790 HTTP/1.1" 200 16010 "-" "Mozilla/5.0 (Linux; Android 6.0.1; Nexus 5X Build/MMB29P) AppleWebKit/537.36 (KHTML, like Gecko) Chrome/140.0.7339.207 Mobile Safari/537.36 (compatible; Googlebot/2.1; +http://www.google.com/bot.html)"
216.73.216.119 - - [20/Oct/2025:15:11:56 +0300] "GET /et/wp-json/wp/v2/product/1382?fileloc=%2F%2Fusr%2Flib64%2Fpython2.7%2Faifc.py&path=%2F%2Fusr%2Flib64%2Fpython2.7 HTTP/2.0" 200 9656 "-" "Mozilla/5.0 AppleWebKit/537.36 (KHTML, like Gecko; compatible; ClaudeBot/1.0; +claudebot@anthropic.com)"
216.73.216.119 - - [20/Oct/2025:15:11:56 +0300] "GET /et/wp-json/wp/v2/product/1382?fileloc=%2F%2Fusr%2Flib64%2Fpython2.7%2F_weakrefset.pyc&path=%2F%2Fusr%2Flib64%2Fpython2.7 HTTP/2.0" 200 4622 "-" "Mozilla/5.0 AppleWebKit/537.36 (KHTML, like Gecko; compatible; ClaudeBot/1.0; +claudebot@anthropic.com)"
216.73.216.119 - - [20/Oct/2025:15:11:56 +0300] "GET /ru/database-city/antwerpen-ru?fileloc=%2F%2Fopt%2Falt%2Fpython27%2Fbin%2Fpydoc&path=%2F%2Fopt%2Falt%2Fpython27%2Fbin HTTP/2.0" 200 2302 "-" "Mozilla/5.0 AppleWebKit/537.36 (KHTML, like Gecko; compatible; ClaudeBot/1.0; +claudebot@anthropic.com)"
20.171.207.138 - - [20/Oct/2025:15:11:56 +0300] "GET /upload/save_image/product/00/30/20/92/302092_1_360.jpg?path=//proc/1008992/root/proc/1008992/root/proc/1008992/task/1008992/root/proc/2227781/task/2227781/cwd/proc/2227781/cwd/lib/jvm/jre-11/legal/jdk.internal.vm.compiler HTTP/2.0" 200 2447 "-" "Mozilla/5.0 AppleWebKit/537.36 (KHTML, like Gecko; compatible; GPTBot/1.2; +https://openai.com/gptbot)"
216.73.216.119 - - [20/Oct/2025:15:11:56 +0300] "GET /et/wp-json/wp/v2/product/1382?fileloc=%2F%2Fusr%2Flib64%2Fpython2.7%2Fuu.py&path=%2F%2Fusr%2Flib64%2Fpython2.7 HTTP/2.0" 200 4617 "-" "Mozilla/5.0 AppleWebKit/537.36 (KHTML, like Gecko; compatible; ClaudeBot/1.0; +claudebot@anthropic.com)"
216.73.216.119 - - [20/Oct/2025:15:11:56 +0300] "GET /database-city/jyvaskyla/?fileloc=%2F%2Flib64%2Fpython2.7%2Fdistutils%2Fsysconfig.py.debug-build&path=%2F%2Flib64%2Fpython2.7%2Fdistutils HTTP/2.0" 200 7358 "-" "Mozilla/5.0 AppleWebKit/537.36 (KHTML, like Gecko; compatible; ClaudeBot/1.0; +claudebot@anthropic.com)"
216.73.216.119 - - [20/Oct/2025:15:11:56 +0300] "GET /et/?fileloc=%2Fhome-ssd1%2Fbusines1%2Fpublic_html%2Fwp-includes%2Fjs%2Fdist%2Furl.min.js&path=%2Fhome-ssd1%2Fbusines1%2Fpublic_html%2Fwp-includes%2Fjs%2Fdist HTTP/2.0" 200 6061 "-" "Mozilla/5.0 AppleWebKit/537.36 (KHTML, like Gecko; compatible; ClaudeBot/1.0; +claudebot@anthropic.com)"
20.171.207.35 - - [20/Oct/2025:15:11:56 +0300] "GET /?fileloc=//proc/1040995/root/proc/self/root/bin/dnstap-read&path=//proc/1040995/root/proc/self/root/bin HTTP/2.0" 200 2269 "-" "Mozilla/5.0 AppleWebKit/537.36 (KHTML, like Gecko; compatible; GPTBot/1.2; +https://openai.com/gptbot)"
216.73.216.119 - - [20/Oct/2025:15:11:57 +0300] "GET /et/wp-json/wp/v2/product/1382?fileloc=%2F%2Fusr%2Flib64%2Fpython2.7%2Fwhichdb.py&path=%2F%2Fusr%2Flib64%2Fpython2.7 HTTP/2.0" 200 3458 "-" "Mozilla/5.0 AppleWebKit/537.36 (KHTML, like Gecko; compatible; ClaudeBot/1.0; +claudebot@anthropic.com)"
66.249.68.38 - - [20/Oct/2025:15:11:58 +0300] "GET /items/70440188 HTTP/1.1" 200 37303 "-" "Mozilla/5.0 (Linux; Android 6.0.1; Nexus 5X Build/MMB29P) AppleWebKit/537.36 (KHTML, like Gecko) Chrome/140.0.7339.207 Mobile Safari/537.36 (compatible; Googlebot/2.1; +http://www.google.com/bot.html)"
216.73.216.119 - - [20/Oct/2025:15:11:57 +0300] "GET /database-city/albania?fileloc=%2Fhome-ssd1%2Fbusines1%2Fpublic_html%2Fwp-includes%2FID3%2Fgetid3.php&path=%2Fhome-ssd1%2Fbusines1%2Fpublic_html%2Fwp-includes%2FID3 HTTP/2.0" 200 22567 "-" "Mozilla/5.0 AppleWebKit/537.36 (KHTML, like Gecko; compatible; ClaudeBot/1.0; +claudebot@anthropic.com)"
216.73.216.119 - - [20/Oct/2025:15:11:57 +0300] "GET /ru/database-city/delhi-ru?fileloc=%2Fhome-ssd1%2Fbusines1%2Fpublic_html%2Fwp-includes%2Fwp-diff.php&path=%2Fhome-ssd1%2Fbusines1%2Fpublic_html%2Fwp-includes HTTP/2.0" 200 2564 "-" "Mozilla/5.0 AppleWebKit/537.36 (KHTML, like Gecko; compatible; ClaudeBot/1.0; +claudebot@anthropic.com)"
216.73.216.119 - - [20/Oct/2025:15:11:57 +0300] "GET /countries/belarus?path=%2Fhome-ssd1%2Fbusines1%2Fpublic_html%2Fwp-includes%2FRequests%2Fsrc%2FTransport HTTP/2.0" 200 2688 "-" "Mozilla/5.0 AppleWebKit/537.36 (KHTML, like Gecko; compatible; ClaudeBot/1.0; +claudebot@anthropic.com)"
216.73.216.119 - - [20/Oct/2025:15:11:58 +0300] "GET /et/wp-json/wp/v2/product/1382?fileloc=%2F%2Fusr%2Flib64%2Fpython2.7%2Fssl.pyc&path=%2F%2Fusr%2Flib64%2Fpython2.7 HTTP/2.0" 200 14511 "-" "Mozilla/5.0 AppleWebKit/537.36 (KHTML, like Gecko; compatible; ClaudeBot/1.0; +claudebot@anthropic.com)"
216.73.216.119 - - [20/Oct/2025:15:11:58 +0300] "GET /et/wp-json/oembed/1.0/embed?fileloc=%2F%2Fusr%2Finclude%2Flinux%2Fip6_tunnel.h&path=%2F%2Fusr%2Finclude%2Flinux HTTP/2.0" 200 2881 "-" "Mozilla/5.0 AppleWebKit/537.36 (KHTML, like Gecko; compatible; ClaudeBot/1.0; +claudebot@anthropic.com)"
216.73.216.119 - - [20/Oct/2025:15:11:58 +0300] "GET /et/wp-json/wp/v2/product/1382?fileloc=%2F%2Fusr%2Finclude%2Flinux%2Frseq.h&path=%2F%2Fusr%2Finclude%2Flinux HTTP/2.0" 200 3865 "-" "Mozilla/5.0 AppleWebKit/537.36 (KHTML, like Gecko; compatible; ClaudeBot/1.0; +claudebot@anthropic.com)"
216.73.216.119 - - [20/Oct/2025:15:11:58 +0300] "GET /database-city/united-kingtom-email-database?fileloc=%2Fhome-ssd1%2Fbusines1%2Fpublic_html%2Fwp-includes%2Fjs%2Fmce-view.min.js&path=%2Fhome-ssd1%2Fbusines1%2Fpublic_html%2Fwp-includes%2Fjs HTTP/2.0" 200 5949 "-" "Mozilla/5.0 AppleWebKit/537.36 (KHTML, like Gecko; compatible; ClaudeBot/1.0; +claudebot@anthropic.com)"
216.73.216.119 - - [20/Oct/2025:15:11:58 +0300] "GET /ru/database-city/delhi-ru?fileloc=%2Fhome-ssd1%2Fbusines1%2Fpublic_html%2Fwp-includes%2Fblock-patterns.php&path=%2Fhome-ssd1%2Fbusines1%2Fpublic_html%2Fwp-includes HTTP/2.0" 200 5244 "-" "Mozilla/5.0 AppleWebKit/537.36 (KHTML, like Gecko; compatible; ClaudeBot/1.0; +claudebot@anthropic.com)"
216.73.216.119 - - [20/Oct/2025:15:11:58 +0300] "GET /et/wp-json/wp/v2/product/1382?fileloc=%2F%2Fusr%2Flib64%2Fpython2.7%2Fhtmllib.pyc&path=%2F%2Fusr%2Flib64%2Fpython2.7 HTTP/2.0" 200 7061 "-" "Mozilla/5.0 AppleWebKit/537.36 (KHTML, like Gecko; compatible; ClaudeBot/1.0; +claudebot@anthropic.com)"
216.73.216.119 - - [20/Oct/2025:15:11:59 +0300] "GET /et/andmebaas-linn/al-ain-email-database-et?fileloc=%2F%2Fusr%2Finclude%2Flinux%2Ftcp_metrics.h&path=%2F%2Fusr%2Finclude%2Flinux HTTP/2.0" 200 2799 "-" "Mozilla/5.0 AppleWebKit/537.36 (KHTML, like Gecko; compatible; ClaudeBot/1.0; +claudebot@anthropic.com)"
216.73.216.119 - - [20/Oct/2025:15:11:59 +0300] "GET /et/andmebaas-linn/al-ain-email-database-et?fileloc=%2F%2Fusr%2Finclude%2Fpython3.6m%2FPython-ast.h&path=%2F%2Fusr%2Finclude%2Fpython3.6m HTTP/2.0" 200 5706 "-" "Mozilla/5.0 AppleWebKit/537.36 (KHTML, like Gecko; compatible; ClaudeBot/1.0; +claudebot@anthropic.com)"
216.73.216.119 - - [20/Oct/2025:15:11:59 +0300] "GET /et/wp-json/oembed/1.0/embed?fileloc=%2F%2Fusr%2Finclude%2Flinux%2Fatmbr2684.h&path=%2F%2Fusr%2Finclude%2Flinux HTTP/2.0" 200 3510 "-" "Mozilla/5.0 AppleWebKit/537.36 (KHTML, like Gecko; compatible; ClaudeBot/1.0; +claudebot@anthropic.com)"
216.73.216.119 - - [20/Oct/2025:15:11:59 +0300] "GET /ru/database-city/antwerpen-ru?fileloc=%2Fhome-ssd1%2Fbusines1%2Fpublic_html%2Fwp-includes%2FSimplePie%2Flibrary%2FSimplePie%2FException.php&path=%2Fhome-ssd1%2Fbusines1%2Fpublic_html%2Fwp-includes%2FSimplePie%2Flibrary%2FSimplePie HTTP/2.0" 200 3415 "-" "Mozilla/5.0 AppleWebKit/537.36 (KHTML, like Gecko; compatible; ClaudeBot/1.0; +claudebot@anthropic.com)"
216.73.216.119 - - [20/Oct/2025:15:11:59 +0300] "GET /countries/belarus?path=%2Fhome-ssd1%2Fbusines1%2Fpublic_html%2Fwp-includes%2FRequests%2Fsrc%2FUtility HTTP/2.0" 200 2697 "-" "Mozilla/5.0 AppleWebKit/537.36 (KHTML, like Gecko; compatible; ClaudeBot/1.0; +claudebot@anthropic.com)"
20.171.207.138 - - [20/Oct/2025:15:12:00 +0300] "GET /upload/save_image/product/00/30/20/92/302092_1_360.jpg?path=//proc/1008992/root/proc/1008992/root/proc/1008992/task/1008992/root/proc/2227781/task/2227781/cwd/proc/2227781/cwd/lib/jvm/jre-11/legal/jdk.scripting.nashorn.shell HTTP/2.0" 200 2450 "-" "Mozilla/5.0 AppleWebKit/537.36 (KHTML, like Gecko; compatible; GPTBot/1.2; +https://openai.com/gptbot)"
20.171.207.35 - - [20/Oct/2025:15:11:59 +0300] "GET /?path=//usr/lib/modules/4.18.0-553.54.1.lve.el8.x86_64/kernel/drivers/net/wireless/ath HTTP/2.0" 200 2629 "-" "Mozilla/5.0 AppleWebKit/537.36 (KHTML, like Gecko; compatible; GPTBot/1.2; +https://openai.com/gptbot)"
216.73.216.119 - - [20/Oct/2025:15:12:00 +0300] "GET /database-city/cordoba-email-database/?path=%2Fhome-ssd1%2Fbusines1%2Fpublic_html%2Fwp-includes%2Fcss%2Fdist%2Fcommands HTTP/2.0" 200 2681 "-" "Mozilla/5.0 AppleWebKit/537.36 (KHTML, like Gecko; compatible; ClaudeBot/1.0; +claudebot@anthropic.com)"
216.73.216.119 - - [20/Oct/2025:15:11:59 +0300] "GET /ru/database-city/delhi-ru?fileloc=%2Fhome-ssd1%2Fbusines1%2Fpublic_html%2Fwp-includes%2Frest-api.php&path=%2Fhome-ssd1%2Fbusines1%2Fpublic_html%2Fwp-includes HTTP/2.0" 200 23143 "-" "Mozilla/5.0 AppleWebKit/537.36 (KHTML, like Gecko; compatible; ClaudeBot/1.0; +claudebot@anthropic.com)"
54.147.80.137 - - [20/Oct/2025:15:12:00 +0300] "GET /product/ostrava-business-database/?fileloc=/home-ssd1/busines1/public_html/wp-admin/media-upload.php&path=/home-ssd1/busines1/public_html/wp-admin HTTP/1.1" 200 16752 "-" "Mozilla/5.0 AppleWebKit/537.36 (KHTML, like Gecko; compatible; Amazonbot/0.1; +https://developer.amazon.com/support/amazonbot) Chrome/119.0.6045.214 Safari/537.36"
216.73.216.119 - - [20/Oct/2025:15:12:00 +0300] "GET /et/wp-json/wp/v2/product/1382?fileloc=%2F%2Fusr%2Flib64%2Fpython2.7%2Fsubprocess.pyc&path=%2F%2Fusr%2Flib64%2Fpython2.7 HTTP/2.0" 200 14850 "-" "Mozilla/5.0 AppleWebKit/537.36 (KHTML, like Gecko; compatible; ClaudeBot/1.0; +claudebot@anthropic.com)"
216.73.216.119 - - [20/Oct/2025:15:12:00 +0300] "GET /et/?fileloc=%2Fhome-ssd1%2Fbusines1%2Fpublic_html%2Fwp-includes%2Fjs%2Fdist%2Fformat-library.min.js&path=%2Fhome-ssd1%2Fbusines1%2Fpublic_html%2Fwp-includes%2Fjs%2Fdist HTTP/2.0" 200 10166 "-" "Mozilla/5.0 AppleWebKit/537.36 (KHTML, like Gecko; compatible; ClaudeBot/1.0; +claudebot@anthropic.com)"
216.73.216.119 - - [20/Oct/2025:15:12:00 +0300] "GET /fi/database-city/yangon-fi/feed?fileloc=%2Fhome-ssd1%2Fbusines1%2Fpublic_html%2Fwp-admin%2Fjs%2Fwidgets.min.js&path=%2Fhome-ssd1%2Fbusines1%2Fpublic_html%2Fwp-admin%2Fjs HTTP/2.0" 200 6032 "-" "Mozilla/5.0 AppleWebKit/537.36 (KHTML, like Gecko; compatible; ClaudeBot/1.0; +claudebot@anthropic.com)"
216.73.216.119 - - [20/Oct/2025:15:12:00 +0300] "GET /ru/database-city/antwerpen-ru?fileloc=%2Fhome-ssd1%2Fbusines1%2Fpublic_html%2Fwp-includes%2FSimplePie%2Flibrary%2FSimplePie%2FCaption.php&path=%2Fhome-ssd1%2Fbusines1%2Fpublic_html%2Fwp-includes%2FSimplePie%2Flibrary%2FSimplePie HTTP/2.0" 200 3407 "-" "Mozilla/5.0 AppleWebKit/537.36 (KHTML, like Gecko; compatible; ClaudeBot/1.0; +claudebot@anthropic.com)"
