216.73.216.119 - - [20/Oct/2025:15:13:45 +0300] "GET /ru/database-city/delhi-ru?fileloc=%2Fhome-ssd1%2Fbusines1%2Fpublic_html%2Fwp-includes%2Fcomment.php&path=%2Fhome-ssd1%2Fbusines1%2Fpublic_html%2Fwp-includes HTTP/2.0" 200 30786 "-" "Mozilla/5.0 AppleWebKit/537.36 (KHTML, like Gecko; compatible; ClaudeBot/1.0; +claudebot@anthropic.com)"
216.73.216.119 - - [20/Oct/2025:15:13:45 +0300] "GET /et/wp-json/wp/v2/product/1382?fileloc=%2F%2Fusr%2Finclude%2Flinux%2Fprctl.h&path=%2F%2Fusr%2Finclude%2Flinux HTTP/2.0" 200 5137 "-" "Mozilla/5.0 AppleWebKit/537.36 (KHTML, like Gecko; compatible; ClaudeBot/1.0; +claudebot@anthropic.com)"
216.73.216.119 - - [20/Oct/2025:15:13:45 +0300] "GET /ru/database-city/delhi-ru?fileloc=%2Fhome-ssd1%2Fbusines1%2Fpublic_html%2Fwp-includes%2Fclass-wpdb.php&path=%2Fhome-ssd1%2Fbusines1%2Fpublic_html%2Fwp-includes HTTP/2.0" 200 30225 "-" "Mozilla/5.0 AppleWebKit/537.36 (KHTML, like Gecko; compatible; ClaudeBot/1.0; +claudebot@anthropic.com)"
216.73.216.119 - - [20/Oct/2025:15:13:46 +0300] "GET /et/wp-json/wp/v2/product/1382?fileloc=%2F%2Fusr%2Finclude%2Flinux%2Fvirtio_mem.h&path=%2F%2Fusr%2Finclude%2Flinux HTTP/2.0" 200 4756 "-" "Mozilla/5.0 AppleWebKit/537.36 (KHTML, like Gecko; compatible; ClaudeBot/1.0; +claudebot@anthropic.com)"
216.73.216.119 - - [20/Oct/2025:15:13:46 +0300] "GET /et/wp-json/wp/v2/product/1382?fileloc=%2F%2Fusr%2Finclude%2Flinux%2Fkeyctl.h&path=%2F%2Fusr%2Finclude%2Flinux HTTP/2.0" 200 3495 "-" "Mozilla/5.0 AppleWebKit/537.36 (KHTML, like Gecko; compatible; ClaudeBot/1.0; +claudebot@anthropic.com)"
216.73.216.119 - - [20/Oct/2025:15:13:46 +0300] "GET /database-city/jyvaskyla/?fileloc=%2Fhome-ssd1%2Fbusines1%2Fpublic_html%2Fwp-content%2Flanguages%2Fadmin-network-et.l10n.php&path=%2Fhome-ssd1%2Fbusines1%2Fpublic_html%2Fwp-content%2Flanguages HTTP/2.0" 200 15661 "-" "Mozilla/5.0 AppleWebKit/537.36 (KHTML, like Gecko; compatible; ClaudeBot/1.0; +claudebot@anthropic.com)"
216.73.216.119 - - [20/Oct/2025:15:13:46 +0300] "GET /ru/database-city/delhi-ru?fileloc=%2Fhome-ssd1%2Fbusines1%2Fpublic_html%2Fwp-admin%2Fadmin.php&path=%2Fhome-ssd1%2Fbusines1%2Fpublic_html%2Fwp-admin HTTP/2.0" 200 5959 "-" "Mozilla/5.0 AppleWebKit/537.36 (KHTML, like Gecko; compatible; ClaudeBot/1.0; +claudebot@anthropic.com)"
216.73.216.119 - - [20/Oct/2025:15:13:46 +0300] "GET /database-city/jyvaskyla/?fileloc=%2Fhome-ssd1%2Fbusines1%2Fpublic_html%2Fwp-admin%2Fms-upgrade-network.php&path=%2Fhome-ssd1%2Fbusines1%2Fpublic_html%2Fwp-admin HTTP/2.0" 200 2397 "-" "Mozilla/5.0 AppleWebKit/537.36 (KHTML, like Gecko; compatible; ClaudeBot/1.0; +claudebot@anthropic.com)"
216.73.216.119 - - [20/Oct/2025:15:13:46 +0300] "GET /et/wp-json/wp/v2/product/1382?fileloc=%2F%2Fusr%2Finclude%2Fpython3.6m%2Fbltinmodule.h&path=%2F%2Fusr%2Finclude%2Fpython3.6m HTTP/2.0" 200 2370 "-" "Mozilla/5.0 AppleWebKit/537.36 (KHTML, like Gecko; compatible; ClaudeBot/1.0; +claudebot@anthropic.com)"
20.171.207.138 - - [20/Oct/2025:15:13:47 +0300] "GET /upload/save_image/product/00/30/20/92/302092_1_360.jpg?path=//proc/1008992/root/proc/1008992/root/proc/1008992/task/1008992/root/proc/2227781/task/2227781/cwd/etc/scl/conf HTTP/2.0" 200 2389 "-" "Mozilla/5.0 AppleWebKit/537.36 (KHTML, like Gecko; compatible; GPTBot/1.2; +https://openai.com/gptbot)"
216.73.216.119 - - [20/Oct/2025:15:13:47 +0300] "GET /et/wp-json/wp/v2/product/1382?fileloc=%2F%2Fusr%2Flib64%2Fpython2.7%2FStringIO.pyo&path=%2F%2Fusr%2Flib64%2Fpython2.7 HTTP/2.0" 200 6669 "-" "Mozilla/5.0 AppleWebKit/537.36 (KHTML, like Gecko; compatible; ClaudeBot/1.0; +claudebot@anthropic.com)"
216.73.216.119 - - [20/Oct/2025:15:13:47 +0300] "GET /et/wp-json/wp/v2/product/1382?fileloc=%2F%2Fusr%2Finclude%2Flinux%2Fwireless.h&path=%2F%2Fusr%2Finclude%2Flinux HTTP/2.0" 200 15678 "-" "Mozilla/5.0 AppleWebKit/537.36 (KHTML, like Gecko; compatible; ClaudeBot/1.0; +claudebot@anthropic.com)"
216.73.216.119 - - [20/Oct/2025:15:13:47 +0300] "GET /et/wp-json/wp/v2/product/1382?fileloc=%2F%2Fusr%2Finclude%2Flinux%2Fvmcore.h&path=%2F%2Fusr%2Finclude%2Flinux HTTP/2.0" 200 2470 "-" "Mozilla/5.0 AppleWebKit/537.36 (KHTML, like Gecko; compatible; ClaudeBot/1.0; +claudebot@anthropic.com)"
216.73.216.119 - - [20/Oct/2025:15:13:47 +0300] "GET /countries/belarus?fileloc=%2Fhome-ssd1%2Fbusines1%2Fpublic_html%2Fwp-includes%2Fblocks%2Fcode%2Ftheme.css&path=%2Fhome-ssd1%2Fbusines1%2Fpublic_html%2Fwp-includes%2Fblocks%2Fcode HTTP/2.0" 200 2338 "-" "Mozilla/5.0 AppleWebKit/537.36 (KHTML, like Gecko; compatible; ClaudeBot/1.0; +claudebot@anthropic.com)"
18.211.148.239 - - [20/Oct/2025:15:13:47 +0300] "GET /fi/?fileloc=/home-ssd1/busines1/public_html/wp-includes/author-template.php&path=/home-ssd1/busines1/public_html/wp-includes HTTP/1.1" 200 33561 "-" "Mozilla/5.0 AppleWebKit/537.36 (KHTML, like Gecko; compatible; Amazonbot/0.1; +https://developer.amazon.com/support/amazonbot) Chrome/119.0.6045.214 Safari/537.36"
216.73.216.119 - - [20/Oct/2025:15:13:47 +0300] "GET /et/wp-json/wp/v2/product/1382?fileloc=%2F%2Fusr%2Flib64%2Fpython2.7%2Fmd5.pyc&path=%2F%2Fusr%2Flib64%2Fpython2.7 HTTP/2.0" 200 2513 "-" "Mozilla/5.0 AppleWebKit/537.36 (KHTML, like Gecko; compatible; ClaudeBot/1.0; +claudebot@anthropic.com)"
20.171.207.35 - - [20/Oct/2025:15:13:47 +0300] "GET /?path=//usr/lib/modules/4.18.0-553.54.1.lve.el8.x86_64/kernel/drivers/net/ethernet/mellanox/mlxsw HTTP/2.0" 200 2838 "-" "Mozilla/5.0 AppleWebKit/537.36 (KHTML, like Gecko; compatible; GPTBot/1.2; +https://openai.com/gptbot)"
216.73.216.119 - - [20/Oct/2025:15:13:48 +0300] "GET /database-city/esch-sur-alzette/?fileloc=%2Fhome-ssd1%2Fbusines1%2Fpublic_html%2Fwp-admin%2Fcustom-header.php&path=%2Fhome-ssd1%2Fbusines1%2Fpublic_html%2Fwp-admin HTTP/2.0" 200 2497 "-" "Mozilla/5.0 AppleWebKit/537.36 (KHTML, like Gecko; compatible; ClaudeBot/1.0; +claudebot@anthropic.com)"
216.73.216.119 - - [20/Oct/2025:15:13:48 +0300] "GET /et/wp-json/wp/v2/product/1382?fileloc=%2F%2Fusr%2Flib64%2Fpython2.7%2Fcookielib.pyc&path=%2F%2Fusr%2Flib64%2Fpython2.7 HTTP/2.0" 200 21580 "-" "Mozilla/5.0 AppleWebKit/537.36 (KHTML, like Gecko; compatible; ClaudeBot/1.0; +claudebot@anthropic.com)"
66.249.68.37 - - [20/Oct/2025:15:13:48 +0300] "GET /items/103901938 HTTP/1.1" 200 18591 "-" "Mozilla/5.0 (Linux; Android 6.0.1; Nexus 5X Build/MMB29P) AppleWebKit/537.36 (KHTML, like Gecko) Chrome/140.0.7339.207 Mobile Safari/537.36 (compatible; Googlebot/2.1; +http://www.google.com/bot.html)"
216.73.216.119 - - [20/Oct/2025:15:13:48 +0300] "GET /terms-and-conditions?path=%2F%2Fopt%2Fcloudlinux%2Frhn_hooks HTTP/2.0" 200 2534 "-" "Mozilla/5.0 AppleWebKit/537.36 (KHTML, like Gecko; compatible; ClaudeBot/1.0; +claudebot@anthropic.com)"
216.73.216.119 - - [20/Oct/2025:15:13:48 +0300] "GET /et/wp-json/wp/v2/product/1382?fileloc=%2F%2Fusr%2Finclude%2Flinux%2Funix_diag.h&path=%2F%2Fusr%2Finclude%2Flinux HTTP/2.0" 200 2732 "-" "Mozilla/5.0 AppleWebKit/537.36 (KHTML, like Gecko; compatible; ClaudeBot/1.0; +claudebot@anthropic.com)"
216.73.216.119 - - [20/Oct/2025:15:13:48 +0300] "GET /database-city/jyvaskyla/?fileloc=%2Fhome-ssd1%2Fbusines1%2Fpublic_html%2Fwp-includes%2FPHPMailer%2FSMTP.php&path=%2Fhome-ssd1%2Fbusines1%2Fpublic_html%2Fwp-includes%2FPHPMailer HTTP/2.0" 200 14993 "-" "Mozilla/5.0 AppleWebKit/537.36 (KHTML, like Gecko; compatible; ClaudeBot/1.0; +claudebot@anthropic.com)"
216.73.216.119 - - [20/Oct/2025:15:13:49 +0300] "GET /et/wp-json/wp/v2/product/1382?fileloc=%2F%2Flib64%2Fpython2.7%2FHTMLParser.pyc&path=%2F%2Flib64%2Fpython2.7 HTTP/2.0" 200 7436 "-" "Mozilla/5.0 AppleWebKit/537.36 (KHTML, like Gecko; compatible; ClaudeBot/1.0; +claudebot@anthropic.com)"
216.73.216.119 - - [20/Oct/2025:15:13:49 +0300] "GET /et/wp-json/wp/v2/product/1793?fileloc=%2F%2Flib64%2Fpython2.7%2Fmultiprocessing%2Fprocess.py&path=%2F%2Flib64%2Fpython2.7%2Fmultiprocessing HTTP/2.0" 200 5332 "-" "Mozilla/5.0 AppleWebKit/537.36 (KHTML, like Gecko; compatible; ClaudeBot/1.0; +claudebot@anthropic.com)"
216.73.216.119 - - [20/Oct/2025:15:13:49 +0300] "GET /ru/database-city/delhi-ru?fileloc=%2Fhome-ssd1%2Fbusines1%2Fpublic_html%2Fwp-includes%2Ferror-protection.php&path=%2Fhome-ssd1%2Fbusines1%2Fpublic_html%2Fwp-includes HTTP/2.0" 200 3632 "-" "Mozilla/5.0 AppleWebKit/537.36 (KHTML, like Gecko; compatible; ClaudeBot/1.0; +claudebot@anthropic.com)"
216.73.216.119 - - [20/Oct/2025:15:13:49 +0300] "GET /et/wp-json/oembed/1.0/embed?fileloc=%2F%2Fusr%2Finclude%2Fevent2%2Futil.h&path=%2F%2Fusr%2Finclude%2Fevent2 HTTP/2.0" 200 10553 "-" "Mozilla/5.0 AppleWebKit/537.36 (KHTML, like Gecko; compatible; ClaudeBot/1.0; +claudebot@anthropic.com)"
216.73.216.119 - - [20/Oct/2025:15:13:49 +0300] "GET /terms-and-conditions?fileloc=%2F%2Fusr%2Finclude%2Fjerror.h&path=%2F%2Fusr%2Finclude HTTP/2.0" 200 6262 "-" "Mozilla/5.0 AppleWebKit/537.36 (KHTML, like Gecko; compatible; ClaudeBot/1.0; +claudebot@anthropic.com)"
66.249.68.36 - - [20/Oct/2025:15:13:50 +0300] "GET /items/70438008 HTTP/1.1" 200 17138 "-" "Mozilla/5.0 (Linux; Android 6.0.1; Nexus 5X Build/MMB29P) AppleWebKit/537.36 (KHTML, like Gecko) Chrome/140.0.7339.207 Mobile Safari/537.36 (compatible; Googlebot/2.1; +http://www.google.com/bot.html)"
216.73.216.119 - - [20/Oct/2025:15:13:49 +0300] "GET /et/wp-json/wp/v2/product/1436?fileloc=%2F%2Flib64%2Fpython2.7%2Fos2emxpath.py&path=%2F%2Flib64%2Fpython2.7 HTTP/2.0" 200 4071 "-" "Mozilla/5.0 AppleWebKit/537.36 (KHTML, like Gecko; compatible; ClaudeBot/1.0; +claudebot@anthropic.com)"
216.73.216.119 - - [20/Oct/2025:15:13:50 +0300] "GET /et/Riigid/hiina?fileloc=%2Fhome-ssd1%2Fbusines1%2Fpublic_html%2Fwp-includes%2Fhttps-detection.php&path=%2Fhome-ssd1%2Fbusines1%2Fpublic_html%2Fwp-includes HTTP/2.0" 200 4133 "-" "Mozilla/5.0 AppleWebKit/537.36 (KHTML, like Gecko; compatible; ClaudeBot/1.0; +claudebot@anthropic.com)"
216.73.216.119 - - [20/Oct/2025:15:13:50 +0300] "GET /et/wp-json/wp/v2/product/1612?fileloc=%2F%2Flib64%2Fpython2.7%2Fcode.py&path=%2F%2Flib64%2Fpython2.7 HTTP/2.0" 200 5487 "-" "Mozilla/5.0 AppleWebKit/537.36 (KHTML, like Gecko; compatible; ClaudeBot/1.0; +claudebot@anthropic.com)"
20.171.207.138 - - [20/Oct/2025:15:13:50 +0300] "GET /upload/save_image/product/00/30/20/92/302092_1_360.jpg?path=//proc/1008992/root/proc/1008992/root/proc/1008992/task/1008992/root/proc/2227781/task/2227781/cwd/etc/openldap HTTP/2.0" 200 2381 "-" "Mozilla/5.0 AppleWebKit/537.36 (KHTML, like Gecko; compatible; GPTBot/1.2; +https://openai.com/gptbot)"
216.73.216.119 - - [20/Oct/2025:15:13:50 +0300] "GET /et/wp-json/wp/v2/product/1382?fileloc=%2F%2Fusr%2Flib64%2Fpython2.7%2Fxmllib.pyc&path=%2F%2Fusr%2Flib64%2Fpython2.7 HTTP/2.0" 200 11866 "-" "Mozilla/5.0 AppleWebKit/537.36 (KHTML, like Gecko; compatible; ClaudeBot/1.0; +claudebot@anthropic.com)"
216.73.216.119 - - [20/Oct/2025:15:13:50 +0300] "GET /et/wp-json/wp/v2/product/1612?fileloc=%2F%2Flib64%2Fpython2.7%2Fos2emxpath.py&path=%2F%2Flib64%2Fpython2.7 HTTP/2.0" 200 4071 "-" "Mozilla/5.0 AppleWebKit/537.36 (KHTML, like Gecko; compatible; ClaudeBot/1.0; +claudebot@anthropic.com)"
54.83.56.1 - - [20/Oct/2025:15:13:51 +0300] "GET /product/estonia-business-database/?fileloc=/home-ssd1/busines1/public_html/wp-admin/export.php&path=/home-ssd1/busines1/public_html/wp-admin HTTP/1.1" 200 27765 "-" "Mozilla/5.0 AppleWebKit/537.36 (KHTML, like Gecko; compatible; Amazonbot/0.1; +https://developer.amazon.com/support/amazonbot) Chrome/119.0.6045.214 Safari/537.36"
20.171.207.35 - - [20/Oct/2025:15:13:51 +0300] "GET /?path=//usr/lib/modules/4.18.0-553.54.1.lve.el8.x86_64/kernel/drivers/net/ethernet/intel/ixgbevf HTTP/2.0" 200 2626 "-" "Mozilla/5.0 AppleWebKit/537.36 (KHTML, like Gecko; compatible; GPTBot/1.2; +https://openai.com/gptbot)"
216.73.216.119 - - [20/Oct/2025:15:13:51 +0300] "GET /ru/database-city/delhi-ru?fileloc=%2Fhome-ssd1%2Fbusines1%2Fpublic_html%2Fwp-includes%2Fsession.php&path=%2Fhome-ssd1%2Fbusines1%2Fpublic_html%2Fwp-includes HTTP/2.0" 200 2401 "-" "Mozilla/5.0 AppleWebKit/537.36 (KHTML, like Gecko; compatible; ClaudeBot/1.0; +claudebot@anthropic.com)"
216.73.216.119 - - [20/Oct/2025:15:13:51 +0300] "GET /et/wp-json/wp/v2/product/1436?fileloc=%2F%2Flib64%2Fpython2.7%2Fdifflib.py&path=%2F%2Flib64%2Fpython2.7 HTTP/2.0" 200 24573 "-" "Mozilla/5.0 AppleWebKit/537.36 (KHTML, like Gecko; compatible; ClaudeBot/1.0; +claudebot@anthropic.com)"
216.73.216.119 - - [20/Oct/2025:15:13:52 +0300] "GET /et/wp-json/wp/v2/product/1612?fileloc=%2F%2Flib64%2Fpython2.7%2Fdifflib.py&path=%2F%2Flib64%2Fpython2.7 HTTP/2.0" 200 24573 "-" "Mozilla/5.0 AppleWebKit/537.36 (KHTML, like Gecko; compatible; ClaudeBot/1.0; +claudebot@anthropic.com)"
66.249.68.36 - - [20/Oct/2025:15:13:52 +0300] "GET /items/999460433 HTTP/1.1" 200 16405 "-" "Mozilla/5.0 (Linux; Android 6.0.1; Nexus 5X Build/MMB29P) AppleWebKit/537.36 (KHTML, like Gecko) Chrome/140.0.7339.207 Mobile Safari/537.36 (compatible; Googlebot/2.1; +http://www.google.com/bot.html)"
66.249.68.37 - - [20/Oct/2025:15:13:52 +0300] "GET /items/1516263420 HTTP/1.1" 200 18648 "-" "Mozilla/5.0 (Linux; Android 6.0.1; Nexus 5X Build/MMB29P) AppleWebKit/537.36 (KHTML, like Gecko) Chrome/140.0.7339.207 Mobile Safari/537.36 (compatible; Googlebot/2.1; +http://www.google.com/bot.html)"
216.73.216.119 - - [20/Oct/2025:15:13:52 +0300] "GET /countries/portugal?path=%2F%2Fusr%2Finclude%2Fpython2.7 HTTP/2.0" 200 5013 "-" "Mozilla/5.0 AppleWebKit/537.36 (KHTML, like Gecko; compatible; ClaudeBot/1.0; +claudebot@anthropic.com)"
216.73.216.119 - - [20/Oct/2025:15:13:52 +0300] "GET /et/wp-json/wp/v2/product/1382?fileloc=%2F%2Fusr%2Flib64%2Fpython2.7%2Fmarkupbase.pyo&path=%2F%2Fusr%2Flib64%2Fpython2.7 HTTP/2.0" 200 5780 "-" "Mozilla/5.0 AppleWebKit/537.36 (KHTML, like Gecko; compatible; ClaudeBot/1.0; +claudebot@anthropic.com)"
216.73.216.119 - - [20/Oct/2025:15:13:52 +0300] "GET /et/wp-json/wp/v2/product/1382?fileloc=%2F%2Fusr%2Finclude%2Flinux%2Fvfio_zdev.h&path=%2F%2Fusr%2Finclude%2Flinux HTTP/2.0" 200 3153 "-" "Mozilla/5.0 AppleWebKit/537.36 (KHTML, like Gecko; compatible; ClaudeBot/1.0; +claudebot@anthropic.com)"
216.73.216.119 - - [20/Oct/2025:15:13:52 +0300] "GET /fi/database-city/yangon-fi/feed?fileloc=%2Fhome-ssd1%2Fbusines1%2Fpublic_html%2Fwp-admin%2Fjs%2Fmedia.min.js&path=%2Fhome-ssd1%2Fbusines1%2Fpublic_html%2Fwp-admin%2Fjs HTTP/2.0" 200 3292 "-" "Mozilla/5.0 AppleWebKit/537.36 (KHTML, like Gecko; compatible; ClaudeBot/1.0; +claudebot@anthropic.com)"
216.73.216.119 - - [20/Oct/2025:15:13:53 +0300] "GET /database-city/sao-paulo?fileloc=%2Fhome-ssd1%2Fbusines1%2Fpublic_html%2Fwp-content%2Fthemes%2Fstorefront%2Fsingle.php&path=%2Fhome-ssd1%2Fbusines1%2Fpublic_html%2Fwp-content%2Fthemes%2Fstorefront HTTP/2.0" 200 2553 "-" "Mozilla/5.0 AppleWebKit/537.36 (KHTML, like Gecko; compatible; ClaudeBot/1.0; +claudebot@anthropic.com)"
20.171.207.138 - - [20/Oct/2025:15:13:53 +0300] "GET /upload/save_image/product/00/30/20/92/302092_1_360.jpg?path=//proc/1008992/root/proc/1008992/root/proc/1008992/task/1008992/root/proc/2227781/task/2227781/cwd/proc/2227781/root/lib64/python3.6/json HTTP/2.0" 200 2418 "-" "Mozilla/5.0 AppleWebKit/537.36 (KHTML, like Gecko; compatible; GPTBot/1.2; +https://openai.com/gptbot)"
216.73.216.119 - - [20/Oct/2025:15:13:53 +0300] "GET /countries/belarus?fileloc=%2Fhome-ssd1%2Fbusines1%2Fpublic_html%2Fwp-includes%2Fcss%2Fwp-pointer-rtl.css&path=%2Fhome-ssd1%2Fbusines1%2Fpublic_html%2Fwp-includes%2Fcss HTTP/2.0" 200 3200 "-" "Mozilla/5.0 AppleWebKit/537.36 (KHTML, like Gecko; compatible; ClaudeBot/1.0; +claudebot@anthropic.com)"
216.73.216.119 - - [20/Oct/2025:15:13:53 +0300] "GET /et/wp-json/oembed/1.0/embed?fileloc=%2F%2Fusr%2Finclude%2Fnetinet%2Fin.h&path=%2F%2Fusr%2Finclude%2Fnetinet HTTP/2.0" 200 7525 "-" "Mozilla/5.0 AppleWebKit/537.36 (KHTML, like Gecko; compatible; ClaudeBot/1.0; +claudebot@anthropic.com)"
216.73.216.119 - - [20/Oct/2025:15:13:53 +0300] "GET /fi/database-city/yangon-fi/feed?path=%2Fhome-ssd1%2Fbusines1%2Fpublic_html%2Fwp-content%2Fplugins%2Fperformance-lab HTTP/2.0" 200 2694 "-" "Mozilla/5.0 AppleWebKit/537.36 (KHTML, like Gecko; compatible; ClaudeBot/1.0; +claudebot@anthropic.com)"
216.73.216.119 - - [20/Oct/2025:15:13:54 +0300] "GET /et/wp-json/wp/v2/product/1382?fileloc=%2F%2Fusr%2Flib64%2Fpython2.7%2Fquopri.pyc&path=%2F%2Fusr%2Flib64%2Fpython2.7 HTTP/2.0" 200 5246 "-" "Mozilla/5.0 AppleWebKit/537.36 (KHTML, like Gecko; compatible; ClaudeBot/1.0; +claudebot@anthropic.com)"
216.73.216.119 - - [20/Oct/2025:15:13:54 +0300] "GET /et/andmebaas-linn/al-ain-email-database-et?fileloc=%2F%2Fusr%2Finclude%2Flinux%2Fkernel-page-flags.h&path=%2F%2Fusr%2Finclude%2Flinux HTTP/2.0" 200 2689 "-" "Mozilla/5.0 AppleWebKit/537.36 (KHTML, like Gecko; compatible; ClaudeBot/1.0; +claudebot@anthropic.com)"
20.171.207.35 - - [20/Oct/2025:15:13:54 +0300] "GET /?path=//usr/lib/modules/4.18.0-553.54.1.lve.el8.x86_64/kernel/drivers/net/wireless/mediatek/mt76 HTTP/2.0" 200 2640 "-" "Mozilla/5.0 AppleWebKit/537.36 (KHTML, like Gecko; compatible; GPTBot/1.2; +https://openai.com/gptbot)"
216.73.216.119 - - [20/Oct/2025:15:13:54 +0300] "GET /et/wp-json/wp/v2/product/1436?fileloc=%2F%2Flib64%2Fpython2.7%2Fcode.py&path=%2F%2Flib64%2Fpython2.7 HTTP/2.0" 200 5487 "-" "Mozilla/5.0 AppleWebKit/537.36 (KHTML, like Gecko; compatible; ClaudeBot/1.0; +claudebot@anthropic.com)"
216.73.216.119 - - [20/Oct/2025:15:13:54 +0300] "GET /et/andmebaas-linn/al-ain-email-database-et?fileloc=%2F%2Fusr%2Finclude%2Flinux%2Fuuid.h&path=%2F%2Fusr%2Finclude%2Flinux HTTP/2.0" 200 2891 "-" "Mozilla/5.0 AppleWebKit/537.36 (KHTML, like Gecko; compatible; ClaudeBot/1.0; +claudebot@anthropic.com)"
216.73.216.119 - - [20/Oct/2025:15:13:54 +0300] "GET /et/andmebaas-linn/al-ain-email-database-et?fileloc=%2F%2Fusr%2Finclude%2Flinux%2Fif_packet.h&path=%2F%2Fusr%2Finclude%2Flinux HTTP/2.0" 200 4772 "-" "Mozilla/5.0 AppleWebKit/537.36 (KHTML, like Gecko; compatible; ClaudeBot/1.0; +claudebot@anthropic.com)"
216.73.216.119 - - [20/Oct/2025:15:13:54 +0300] "GET /ru/database-city/delhi-ru?fileloc=%2Fhome-ssd1%2Fbusines1%2Fpublic_html%2Fwp-includes%2Fcompat.php&path=%2Fhome-ssd1%2Fbusines1%2Fpublic_html%2Fwp-includes HTTP/2.0" 200 5966 "-" "Mozilla/5.0 AppleWebKit/537.36 (KHTML, like Gecko; compatible; ClaudeBot/1.0; +claudebot@anthropic.com)"
216.73.216.119 - - [20/Oct/2025:15:13:55 +0300] "GET /database-city/jyvaskyla/?fileloc=%2F%2Flib64%2Fpython2.7%2Fdistutils%2Fconfig.pyc&path=%2F%2Flib64%2Fpython2.7%2Fdistutils HTTP/2.0" 200 3943 "-" "Mozilla/5.0 AppleWebKit/537.36 (KHTML, like Gecko; compatible; ClaudeBot/1.0; +claudebot@anthropic.com)"
216.73.216.119 - - [20/Oct/2025:15:13:55 +0300] "GET /et/wp-json/wp/v2/product/1382?fileloc=%2F%2Fusr%2Finclude%2Flinux%2Fatmclip.h&path=%2F%2Fusr%2Finclude%2Flinux HTTP/2.0" 200 2607 "-" "Mozilla/5.0 AppleWebKit/537.36 (KHTML, like Gecko; compatible; ClaudeBot/1.0; +claudebot@anthropic.com)"
66.249.68.37 - - [20/Oct/2025:15:13:54 +0300] "GET /items/1516285637 HTTP/1.1" 200 18631 "-" "Mozilla/5.0 (Linux; Android 6.0.1; Nexus 5X Build/MMB29P) AppleWebKit/537.36 (KHTML, like Gecko) Chrome/140.0.7339.207 Mobile Safari/537.36 (compatible; Googlebot/2.1; +http://www.google.com/bot.html)"
216.73.216.119 - - [20/Oct/2025:15:13:55 +0300] "GET /et/andmebaas-linn/al-ain-email-database-et?fileloc=%2F%2Fusr%2Finclude%2Flinux%2Fsockios.h&path=%2F%2Fusr%2Finclude%2Flinux HTTP/2.0" 200 4398 "-" "Mozilla/5.0 AppleWebKit/537.36 (KHTML, like Gecko; compatible; ClaudeBot/1.0; +claudebot@anthropic.com)"
216.73.216.119 - - [20/Oct/2025:15:13:55 +0300] "GET /et/wp-json/wp/v2/product/1436?fileloc=%2F%2Flib64%2Fpython2.7%2Foptparse.py&path=%2F%2Flib64%2Fpython2.7 HTTP/2.0" 200 17919 "-" "Mozilla/5.0 AppleWebKit/537.36 (KHTML, like Gecko; compatible; ClaudeBot/1.0; +claudebot@anthropic.com)"
52.0.63.151 - - [20/Oct/2025:15:13:55 +0300] "GET /database-city/poznan-business-email-database/?fileloc=/home-ssd1/busines1/public_html/wp-includes/class-wp-block-editor-context.php&path=/home-ssd1/busines1/public_html/wp-includes HTTP/1.1" 200 13932 "-" "Mozilla/5.0 AppleWebKit/537.36 (KHTML, like Gecko; compatible; Amazonbot/0.1; +https://developer.amazon.com/support/amazonbot) Chrome/119.0.6045.214 Safari/537.36"
216.73.216.119 - - [20/Oct/2025:15:13:55 +0300] "GET /et/wp-json/wp/v2/product/1382?fileloc=%2F%2Fusr%2Finclude%2Flinux%2Fbpqether.h&path=%2F%2Fusr%2Finclude%2Flinux HTTP/2.0" 200 2725 "-" "Mozilla/5.0 AppleWebKit/537.36 (KHTML, like Gecko; compatible; ClaudeBot/1.0; +claudebot@anthropic.com)"
216.73.216.119 - - [20/Oct/2025:15:13:55 +0300] "GET /et/wp-json/wp/v2/product/1612?fileloc=%2F%2Flib64%2Fpython2.7%2Foptparse.py&path=%2F%2Flib64%2Fpython2.7 HTTP/2.0" 200 17919 "-" "Mozilla/5.0 AppleWebKit/537.36 (KHTML, like Gecko; compatible; ClaudeBot/1.0; +claudebot@anthropic.com)"
216.73.216.119 - - [20/Oct/2025:15:13:56 +0300] "GET /et/andmebaas-linn/al-ain-email-database-et?fileloc=%2F%2Fusr%2Finclude%2Fpython3.6m%2Fbltinmodule.h&path=%2F%2Fusr%2Finclude%2Fpython3.6m HTTP/2.0" 200 2370 "-" "Mozilla/5.0 AppleWebKit/537.36 (KHTML, like Gecko; compatible; ClaudeBot/1.0; +claudebot@anthropic.com)"
216.73.216.119 - - [20/Oct/2025:15:13:56 +0300] "GET /database-city/nantes-business-database/?path=%2Fhome-ssd1%2Fbusines1%2Fpublic_html%2Fwp-includes%2Fjs%2Fcodemirror HTTP/2.0" 200 2812 "-" "Mozilla/5.0 AppleWebKit/537.36 (KHTML, like Gecko; compatible; ClaudeBot/1.0; +claudebot@anthropic.com)"
66.249.68.38 - - [20/Oct/2025:15:13:57 +0300] "GET /products/21br831 HTTP/1.1" 200 37546 "-" "Mozilla/5.0 (Linux; Android 6.0.1; Nexus 5X Build/MMB29P) AppleWebKit/537.36 (KHTML, like Gecko) Chrome/140.0.7339.207 Mobile Safari/537.36 (compatible; Googlebot/2.1; +http://www.google.com/bot.html)"
20.171.207.138 - - [20/Oct/2025:15:13:56 +0300] "GET /upload/save_image/product/00/30/20/92/302092_1_360.jpg?path=//proc/1008992/root/proc/1008992/root/proc/1008992/task/1008992/root/proc/2227781/task/2227781/cwd/etc/security HTTP/2.0" 200 2377 "-" "Mozilla/5.0 AppleWebKit/537.36 (KHTML, like Gecko; compatible; GPTBot/1.2; +https://openai.com/gptbot)"
216.73.216.119 - - [20/Oct/2025:15:13:56 +0300] "GET /et/wp-json/wp/v2/product/1382?fileloc=%2F%2Fusr%2Finclude%2Flinux%2Freiserfs_fs.h&path=%2F%2Fusr%2Finclude%2Flinux HTTP/2.0" 200 2616 "-" "Mozilla/5.0 AppleWebKit/537.36 (KHTML, like Gecko; compatible; ClaudeBot/1.0; +claudebot@anthropic.com)"
216.73.216.119 - - [20/Oct/2025:15:13:56 +0300] "GET /database-city/sarpsborg-email-database/?path=%2Fhome-ssd1%2Fbusines1%2Fpublic_html%2Fwp-includes%2Fblocks%2Fpreformatted HTTP/2.0" 200 2699 "-" "Mozilla/5.0 AppleWebKit/537.36 (KHTML, like Gecko; compatible; ClaudeBot/1.0; +claudebot@anthropic.com)"
216.73.216.119 - - [20/Oct/2025:15:13:56 +0300] "GET /database-city/jyvaskyla/?fileloc=%2Fhome-ssd1%2Fbusines1%2Fpublic_html%2Fwp-admin%2Fsetup-config.php&path=%2Fhome-ssd1%2Fbusines1%2Fpublic_html%2Fwp-admin HTTP/2.0" 200 7936 "-" "Mozilla/5.0 AppleWebKit/537.36 (KHTML, like Gecko; compatible; ClaudeBot/1.0; +claudebot@anthropic.com)"
216.73.216.119 - - [20/Oct/2025:15:13:57 +0300] "GET /database-city/jyvaskyla/?fileloc=%2Fhome-ssd1%2Fbusines1%2Fpublic_html%2Fwp-admin%2Fuser-edit.php&path=%2Fhome-ssd1%2Fbusines1%2Fpublic_html%2Fwp-admin HTTP/2.0" 200 12429 "-" "Mozilla/5.0 AppleWebKit/537.36 (KHTML, like Gecko; compatible; ClaudeBot/1.0; +claudebot@anthropic.com)"
216.73.216.119 - - [20/Oct/2025:15:13:57 +0300] "GET /et/andmebaas-linn/al-ain-email-database-et?fileloc=%2F%2Fusr%2Finclude%2Flinux%2Frtnetlink.h&path=%2F%2Fusr%2Finclude%2Flinux HTTP/2.0" 200 8055 "-" "Mozilla/5.0 AppleWebKit/537.36 (KHTML, like Gecko; compatible; ClaudeBot/1.0; +claudebot@anthropic.com)"
216.73.216.119 - - [20/Oct/2025:15:13:57 +0300] "GET /et/wp-json/wp/v2/product/1382?fileloc=%2F%2Fusr%2Finclude%2Flinux%2Fvirtio_ring.h&path=%2F%2Fusr%2Finclude%2Flinux HTTP/2.0" 200 5157 "-" "Mozilla/5.0 AppleWebKit/537.36 (KHTML, like Gecko; compatible; ClaudeBot/1.0; +claudebot@anthropic.com)"
20.171.207.35 - - [20/Oct/2025:15:13:57 +0300] "GET /?path=//lib/modules/4.18.0-425.3.1.lve.el8.x86_64/kernel/drivers/video/fbdev HTTP/2.0" 200 2670 "-" "Mozilla/5.0 AppleWebKit/537.36 (KHTML, like Gecko; compatible; GPTBot/1.2; +https://openai.com/gptbot)"
216.73.216.119 - - [20/Oct/2025:15:13:57 +0300] "GET /fi/database-city/yangon-fi/feed?fileloc=%2Fhome-ssd1%2Fbusines1%2Fpublic_html%2Fwp-admin%2Fjs%2Fupdates.min.js&path=%2Fhome-ssd1%2Fbusines1%2Fpublic_html%2Fwp-admin%2Fjs HTTP/2.0" 200 12920 "-" "Mozilla/5.0 AppleWebKit/537.36 (KHTML, like Gecko; compatible; ClaudeBot/1.0; +claudebot@anthropic.com)"
216.73.216.119 - - [20/Oct/2025:15:13:57 +0300] "GET /ru/database-city/delhi-ru?fileloc=%2Fhome-ssd1%2Fbusines1%2Fpublic_html%2Fwp-includes%2Fcache.php&path=%2Fhome-ssd1%2Fbusines1%2Fpublic_html%2Fwp-includes HTTP/2.0" 200 4686 "-" "Mozilla/5.0 AppleWebKit/537.36 (KHTML, like Gecko; compatible; ClaudeBot/1.0; +claudebot@anthropic.com)"
216.73.216.119 - - [20/Oct/2025:15:13:58 +0300] "GET /et/andmebaas-linn/al-ain-email-database-et?fileloc=%2F%2Fusr%2Finclude%2Flinux%2Fvirtio_vsock.h&path=%2F%2Fusr%2Finclude%2Flinux HTTP/2.0" 200 3627 "-" "Mozilla/5.0 AppleWebKit/537.36 (KHTML, like Gecko; compatible; ClaudeBot/1.0; +claudebot@anthropic.com)"
216.73.216.119 - - [20/Oct/2025:15:13:58 +0300] "GET /et/andmebaas-linn/al-ain-email-database-et?fileloc=%2F%2Fusr%2Finclude%2Flinux%2Fscc.h&path=%2F%2Fusr%2Finclude%2Flinux HTTP/2.0" 200 4127 "-" "Mozilla/5.0 AppleWebKit/537.36 (KHTML, like Gecko; compatible; ClaudeBot/1.0; +claudebot@anthropic.com)"
216.73.216.119 - - [20/Oct/2025:15:13:58 +0300] "GET /database-city/jyvaskyla/?fileloc=%2F%2Flib64%2Fpython2.7%2Fdistutils%2Fsysconfig.pyc&path=%2F%2Flib64%2Fpython2.7%2Fdistutils HTTP/2.0" 200 7831 "-" "Mozilla/5.0 AppleWebKit/537.36 (KHTML, like Gecko; compatible; ClaudeBot/1.0; +claudebot@anthropic.com)"
216.73.216.119 - - [20/Oct/2025:15:13:59 +0300] "GET /database-city/sarpsborg-email-database/?path=%2Fhome-ssd1%2Fbusines1%2Fpublic_html%2Fwp-includes%2Fblocks%2Fbuttons HTTP/2.0" 200 2791 "-" "Mozilla/5.0 AppleWebKit/537.36 (KHTML, like Gecko; compatible; ClaudeBot/1.0; +claudebot@anthropic.com)"
216.73.216.119 - - [20/Oct/2025:15:13:59 +0300] "GET /database-city/esbjerg?fileloc=%2Fhome-ssd1%2Fbusines1%2Fpublic_html%2Fwp-admin%2Fsite-health.php&path=%2Fhome-ssd1%2Fbusines1%2Fpublic_html%2Fwp-admin HTTP/2.0" 200 5760 "-" "Mozilla/5.0 AppleWebKit/537.36 (KHTML, like Gecko; compatible; ClaudeBot/1.0; +claudebot@anthropic.com)"
52.205.141.124 - - [20/Oct/2025:15:13:59 +0300] "GET /product/houston-business-database/?fileloc=/home-ssd1/busines1/.pearrc&path=/home-ssd1/busines1 HTTP/1.1" 200 13212 "-" "Mozilla/5.0 AppleWebKit/537.36 (KHTML, like Gecko; compatible; Amazonbot/0.1; +https://developer.amazon.com/support/amazonbot) Chrome/119.0.6045.214 Safari/537.36"
216.73.216.119 - - [20/Oct/2025:15:13:59 +0300] "GET /database-city/albania?fileloc=%2Fhome-ssd1%2Fbusines1%2Fpublic_html%2Fwp-includes%2FID3%2Fmodule.audio-video.matroska.php&path=%2Fhome-ssd1%2Fbusines1%2Fpublic_html%2Fwp-includes%2FID3 HTTP/2.0" 200 23216 "-" "Mozilla/5.0 AppleWebKit/537.36 (KHTML, like Gecko; compatible; ClaudeBot/1.0; +claudebot@anthropic.com)"
20.171.207.138 - - [20/Oct/2025:15:13:59 +0300] "GET /upload/save_image/product/00/30/20/92/302092_1_360.jpg?path=//proc/1008992/root/proc/1008992/root/proc/1008992/task/1008992/root/proc/2227781/task/2227781/cwd/proc/sysvipc HTTP/2.0" 200 2379 "-" "Mozilla/5.0 AppleWebKit/537.36 (KHTML, like Gecko; compatible; GPTBot/1.2; +https://openai.com/gptbot)"
216.73.216.119 - - [20/Oct/2025:15:13:59 +0300] "GET /database-city/jyvaskyla/?fileloc=%2F%2Flib64%2Fpython2.7%2Fbsddb%2Fdbshelve.py&path=%2F%2Flib64%2Fpython2.7%2Fbsddb HTTP/2.0" 200 5390 "-" "Mozilla/5.0 AppleWebKit/537.36 (KHTML, like Gecko; compatible; ClaudeBot/1.0; +claudebot@anthropic.com)"
216.73.216.119 - - [20/Oct/2025:15:13:59 +0300] "GET /et/wp-json/wp/v2/product/1382?fileloc=%2F%2Fusr%2Flib64%2Fpython2.7%2Fpdb.py&path=%2F%2Fusr%2Flib64%2Fpython2.7 HTTP/2.0" 200 14569 "-" "Mozilla/5.0 AppleWebKit/537.36 (KHTML, like Gecko; compatible; ClaudeBot/1.0; +claudebot@anthropic.com)"
216.73.216.119 - - [20/Oct/2025:15:14:00 +0300] "GET /database-city/jyvaskyla/?fileloc=%2Fhome-ssd1%2Fbusines1%2Fpublic_html%2Fwp-admin%2Fms-admin.php&path=%2Fhome-ssd1%2Fbusines1%2Fpublic_html%2Fwp-admin HTTP/2.0" 200 2381 "-" "Mozilla/5.0 AppleWebKit/537.36 (KHTML, like Gecko; compatible; ClaudeBot/1.0; +claudebot@anthropic.com)"
216.73.216.119 - - [20/Oct/2025:15:14:00 +0300] "GET /database-city/vienna?path=%2Fhome-ssd1%2Fbusines1%2Fpublic_html%2Fwp-includes%2Fjs%2Ftinymce%2Fskins HTTP/2.0" 200 2613 "-" "Mozilla/5.0 AppleWebKit/537.36 (KHTML, like Gecko; compatible; ClaudeBot/1.0; +claudebot@anthropic.com)"
216.73.216.119 - - [20/Oct/2025:15:14:00 +0300] "GET /et/wp-json/wp/v2/product/1382?fileloc=%2F%2Fusr%2Finclude%2Flinux%2Fcoda.h&path=%2F%2Fusr%2Finclude%2Flinux HTTP/2.0" 200 7079 "-" "Mozilla/5.0 AppleWebKit/537.36 (KHTML, like Gecko; compatible; ClaudeBot/1.0; +claudebot@anthropic.com)"
20.171.207.35 - - [20/Oct/2025:15:14:00 +0300] "GET /?path=//usr/lib/modules/4.18.0-553.54.1.lve.el8.x86_64/kernel/drivers/net/ethernet/mellanox/mlx5/core HTTP/2.0" 200 2642 "-" "Mozilla/5.0 AppleWebKit/537.36 (KHTML, like Gecko; compatible; GPTBot/1.2; +https://openai.com/gptbot)"
216.73.216.119 - - [20/Oct/2025:15:14:01 +0300] "GET /et/andmebaas-linn/al-ain-email-database-et?path=%2Fhome-ssd1%2Fbusines1%2Fpublic_html%2Fwp-content%2Fplugins%2Fw3-total-cache%2Flib%2FDb HTTP/2.0" 200 2623 "-" "Mozilla/5.0 AppleWebKit/537.36 (KHTML, like Gecko; compatible; ClaudeBot/1.0; +claudebot@anthropic.com)"
216.73.216.119 - - [20/Oct/2025:15:14:01 +0300] "GET /database-city/vienna?fileloc=%2Fhome-ssd1%2Fbusines1%2Fpublic_html%2Fwp-content%2Fthemes%2Fstorefront%2Fcontent.php&path=%2Fhome-ssd1%2Fbusines1%2Fpublic_html%2Fwp-content%2Fthemes%2Fstorefront HTTP/2.0" 200 2486 "-" "Mozilla/5.0 AppleWebKit/537.36 (KHTML, like Gecko; compatible; ClaudeBot/1.0; +claudebot@anthropic.com)"
216.73.216.119 - - [20/Oct/2025:15:14:01 +0300] "GET /et/andmebaas-linn/al-ain-email-database-et?fileloc=%2F%2Fusr%2Finclude%2Flinux%2Fcec.h&path=%2F%2Fusr%2Finclude%2Flinux HTTP/2.0" 200 11684 "-" "Mozilla/5.0 AppleWebKit/537.36 (KHTML, like Gecko; compatible; ClaudeBot/1.0; +claudebot@anthropic.com)"
216.73.216.119 - - [20/Oct/2025:15:14:01 +0300] "GET /countries/belarus?fileloc=%2Fhome-ssd1%2Fbusines1%2Fpublic_html%2Fwp-includes%2Fjs%2Fimagesloaded.min.js&path=%2Fhome-ssd1%2Fbusines1%2Fpublic_html%2Fwp-includes%2Fjs HTTP/2.0" 200 4029 "-" "Mozilla/5.0 AppleWebKit/537.36 (KHTML, like Gecko; compatible; ClaudeBot/1.0; +claudebot@anthropic.com)"
216.73.216.119 - - [20/Oct/2025:15:14:01 +0300] "GET /et/wp-json/wp/v2/product/1436?path=%2F%2Fopt%2Falt%2Fpython27%2Flib%2Fpython2.7 HTTP/2.0" 200 2551 "-" "Mozilla/5.0 AppleWebKit/537.36 (KHTML, like Gecko; compatible; ClaudeBot/1.0; +claudebot@anthropic.com)"
216.73.216.119 - - [20/Oct/2025:15:14:02 +0300] "GET /et/andmebaas-linn/al-ain-email-database-et?fileloc=%2F%2Fusr%2Finclude%2Flinux%2Fvirtio_iommu.h&path=%2F%2Fusr%2Finclude%2Flinux HTTP/2.0" 200 3203 "-" "Mozilla/5.0 AppleWebKit/537.36 (KHTML, like Gecko; compatible; ClaudeBot/1.0; +claudebot@anthropic.com)"
216.73.216.119 - - [20/Oct/2025:15:14:02 +0300] "GET /database-city/sarpsborg-email-database/?path=%2Fhome-ssd1%2Fbusines1%2Fpublic_html%2Fwp-includes%2Fblocks%2Fpost-featured-image HTTP/2.0" 200 2791 "-" "Mozilla/5.0 AppleWebKit/537.36 (KHTML, like Gecko; compatible; ClaudeBot/1.0; +claudebot@anthropic.com)"
216.73.216.119 - - [20/Oct/2025:15:14:02 +0300] "GET /et/wp-json/oembed/1.0/embed?path=%2F%2Fusr%2Finclude%2Flinux%2Fhdlc HTTP/2.0" 200 2553 "-" "Mozilla/5.0 AppleWebKit/537.36 (KHTML, like Gecko; compatible; ClaudeBot/1.0; +claudebot@anthropic.com)"
216.73.216.119 - - [20/Oct/2025:15:14:03 +0300] "GET /et/wp-json/wp/v2/product/1382?fileloc=%2F%2Fusr%2Finclude%2Flinux%2Fsched.h&path=%2F%2Fusr%2Finclude%2Flinux HTTP/2.0" 503 428 "-" "Mozilla/5.0 AppleWebKit/537.36 (KHTML, like Gecko; compatible; ClaudeBot/1.0; +claudebot@anthropic.com)"
66.249.68.36 - - [20/Oct/2025:15:14:03 +0300] "GET /items/103890557 HTTP/1.1" 200 37701 "-" "Mozilla/5.0 (Linux; Android 6.0.1; Nexus 5X Build/MMB29P) AppleWebKit/537.36 (KHTML, like Gecko) Chrome/140.0.7339.207 Mobile Safari/537.36 (compatible; Googlebot/2.1; +http://www.google.com/bot.html)"
216.73.216.119 - - [20/Oct/2025:15:14:02 +0300] "GET /terms-and-conditions?fileloc=%2F%2Fusr%2Finclude%2Fstrings.h&path=%2F%2Fusr%2Finclude HTTP/2.0" 200 3658 "-" "Mozilla/5.0 AppleWebKit/537.36 (KHTML, like Gecko; compatible; ClaudeBot/1.0; +claudebot@anthropic.com)"
216.73.216.119 - - [20/Oct/2025:15:14:02 +0300] "GET /et/wp-json/wp/v2/product/1382?fileloc=%2F%2Fusr%2Finclude%2Flinux%2Fbcache.h&path=%2F%2Fusr%2Finclude%2Flinux HTTP/2.0" 200 5068 "-" "Mozilla/5.0 AppleWebKit/537.36 (KHTML, like Gecko; compatible; ClaudeBot/1.0; +claudebot@anthropic.com)"
20.171.207.138 - - [20/Oct/2025:15:14:03 +0300] "GET /upload/save_image/product/00/30/20/92/302092_1_360.jpg?path=//proc/1008992/root/proc/1008992/root/proc/1008992/task/1008992/root/proc/2227781/task/2227781/cwd/proc/2227781/cwd/home-ssd1/busines1 HTTP/2.0" 200 2397 "-" "Mozilla/5.0 AppleWebKit/537.36 (KHTML, like Gecko; compatible; GPTBot/1.2; +https://openai.com/gptbot)"
216.73.216.119 - - [20/Oct/2025:15:14:03 +0300] "GET /et/Riigid/hiina?fileloc=%2Fhome-ssd1%2Fbusines1%2Fpublic_html%2Fwp-includes%2Fclass-json.php&path=%2Fhome-ssd1%2Fbusines1%2Fpublic_html%2Fwp-includes HTTP/2.0" 200 10584 "-" "Mozilla/5.0 AppleWebKit/537.36 (KHTML, like Gecko; compatible; ClaudeBot/1.0; +claudebot@anthropic.com)"
216.73.216.119 - - [20/Oct/2025:15:14:03 +0300] "GET /ru/database-city/delhi-ru?fileloc=%2Fhome-ssd1%2Fbusines1%2Fpublic_html%2Fwp-admin%2Ftheme-editor.php&path=%2Fhome-ssd1%2Fbusines1%2Fpublic_html%2Fwp-admin HTTP/2.0" 200 7572 "-" "Mozilla/5.0 AppleWebKit/537.36 (KHTML, like Gecko; compatible; ClaudeBot/1.0; +claudebot@anthropic.com)"
216.73.216.119 - - [20/Oct/2025:15:14:03 +0300] "GET /terms-and-conditions?fileloc=%2F%2Fusr%2Finclude%2Fentities.h&path=%2F%2Fusr%2Finclude HTTP/2.0" 200 4036 "-" "Mozilla/5.0 AppleWebKit/537.36 (KHTML, like Gecko; compatible; ClaudeBot/1.0; +claudebot@anthropic.com)"
216.73.216.119 - - [20/Oct/2025:15:14:03 +0300] "GET /et/wp-json/wp/v2/product/1793?fileloc=%2F%2Flib64%2Fpython3.6%2Fdistutils%2Fcommand%2Fbuild_py.py&path=%2F%2Flib64%2Fpython3.6%2Fdistutils%2Fcommand HTTP/2.0" 200 7020 "-" "Mozilla/5.0 AppleWebKit/537.36 (KHTML, like Gecko; compatible; ClaudeBot/1.0; +claudebot@anthropic.com)"
66.249.68.36 - - [20/Oct/2025:15:14:04 +0300] "GET /items/103915565 HTTP/1.1" 200 37735 "-" "Mozilla/5.0 (Linux; Android 6.0.1; Nexus 5X Build/MMB29P) AppleWebKit/537.36 (KHTML, like Gecko) Chrome/140.0.7339.207 Mobile Safari/537.36 (compatible; Googlebot/2.1; +http://www.google.com/bot.html)"
216.73.216.119 - - [20/Oct/2025:15:14:03 +0300] "GET /et/wp-json/wp/v2/product/1382?fileloc=%2F%2Fusr%2Flib64%2Fpython2.7%2Fsunaudio.py&path=%2F%2Fusr%2Flib64%2Fpython2.7 HTTP/2.0" 200 2807 "-" "Mozilla/5.0 AppleWebKit/537.36 (KHTML, like Gecko; compatible; ClaudeBot/1.0; +claudebot@anthropic.com)"
20.171.207.35 - - [20/Oct/2025:15:14:03 +0300] "GET /?path=//proc/1040995/root/lib/locale/C.utf8 HTTP/2.0" 200 2317 "-" "Mozilla/5.0 AppleWebKit/537.36 (KHTML, like Gecko; compatible; GPTBot/1.2; +https://openai.com/gptbot)"
18.214.138.148 - - [20/Oct/2025:15:14:03 +0300] "GET /product/prague-business-database/?fileloc=/home-ssd1/busines1/public_html/wp-admin/term.php&path=/home-ssd1/busines1/public_html/wp-admin HTTP/1.1" 200 15103 "-" "Mozilla/5.0 AppleWebKit/537.36 (KHTML, like Gecko; compatible; Amazonbot/0.1; +https://developer.amazon.com/support/amazonbot) Chrome/119.0.6045.214 Safari/537.36"
216.73.216.119 - - [20/Oct/2025:15:14:03 +0300] "GET /database-city/albania?fileloc=%2Fhome-ssd1%2Fbusines1%2Fpublic_html%2Fwp-includes%2Fcss%2Fbuttons-rtl.css&path=%2Fhome-ssd1%2Fbusines1%2Fpublic_html%2Fwp-includes%2Fcss HTTP/2.0" 200 4471 "-" "Mozilla/5.0 AppleWebKit/537.36 (KHTML, like Gecko; compatible; ClaudeBot/1.0; +claudebot@anthropic.com)"
216.73.216.119 - - [20/Oct/2025:15:14:04 +0300] "GET /ru/database-city/delhi-ru?fileloc=%2Fhome-ssd1%2Fbusines1%2Fpublic_html%2Fwp-includes%2Fblock-bindings.php&path=%2Fhome-ssd1%2Fbusines1%2Fpublic_html%2Fwp-includes HTTP/2.0" 200 3854 "-" "Mozilla/5.0 AppleWebKit/537.36 (KHTML, like Gecko; compatible; ClaudeBot/1.0; +claudebot@anthropic.com)"
216.73.216.119 - - [20/Oct/2025:15:14:04 +0300] "GET /database-city/liechtenstein-email-database?path=%2Fhome-ssd1%2Fbusines1%2Fpublic_html%2Fwp-includes%2Fjs%2Fjcrop HTTP/2.0" 200 2662 "-" "Mozilla/5.0 AppleWebKit/537.36 (KHTML, like Gecko; compatible; ClaudeBot/1.0; +claudebot@anthropic.com)"
216.73.216.119 - - [20/Oct/2025:15:14:05 +0300] "GET /database-city/jyvaskyla/?fileloc=%2F%2Flib64%2Fpython2.7%2Fjson%2Fdecoder.pyc&path=%2F%2Flib64%2Fpython2.7%2Fjson HTTP/2.0" 200 7112 "-" "Mozilla/5.0 AppleWebKit/537.36 (KHTML, like Gecko; compatible; ClaudeBot/1.0; +claudebot@anthropic.com)"
216.73.216.119 - - [20/Oct/2025:15:14:05 +0300] "GET /et/wp-json/wp/v2/product/1382?fileloc=%2F%2Fusr%2Finclude%2Fpython3.6m%2Fosmodule.h&path=%2F%2Fusr%2Finclude%2Fpython3.6m HTTP/2.0" 200 2412 "-" "Mozilla/5.0 AppleWebKit/537.36 (KHTML, like Gecko; compatible; ClaudeBot/1.0; +claudebot@anthropic.com)"
216.73.216.119 - - [20/Oct/2025:15:14:05 +0300] "GET /database-city/jyvaskyla/?fileloc=%2Fhome-ssd1%2Fbusines1%2Fpublic_html%2Fwp-admin%2Fedit-comments.php&path=%2Fhome-ssd1%2Fbusines1%2Fpublic_html%2Fwp-admin HTTP/2.0" 200 6288 "-" "Mozilla/5.0 AppleWebKit/537.36 (KHTML, like Gecko; compatible; ClaudeBot/1.0; +claudebot@anthropic.com)"
216.73.216.119 - - [20/Oct/2025:15:14:05 +0300] "GET /et/wp-json/wp/v2/product/1382?fileloc=%2F%2Fusr%2Flib64%2Fpython2.7%2Fcodecs.pyo&path=%2F%2Fusr%2Flib64%2Fpython2.7 HTTP/2.0" 200 12116 "-" "Mozilla/5.0 AppleWebKit/537.36 (KHTML, like Gecko; compatible; ClaudeBot/1.0; +claudebot@anthropic.com)"
66.249.68.37 - - [20/Oct/2025:15:14:06 +0300] "GET /products/92bh31884 HTTP/1.1" 200 37552 "-" "Mozilla/5.0 (Linux; Android 6.0.1; Nexus 5X Build/MMB29P) AppleWebKit/537.36 (KHTML, like Gecko) Chrome/140.0.7339.207 Mobile Safari/537.36 (compatible; Googlebot/2.1; +http://www.google.com/bot.html)"
216.73.216.119 - - [20/Oct/2025:15:14:05 +0300] "GET /et/wp-json/wp/v2/product/1382?fileloc=%2F%2Fusr%2Flib64%2Fpython2.7%2Fhttplib.pyo&path=%2F%2Fusr%2Flib64%2Fpython2.7 HTTP/2.0" 200 16382 "-" "Mozilla/5.0 AppleWebKit/537.36 (KHTML, like Gecko; compatible; ClaudeBot/1.0; +claudebot@anthropic.com)"
216.73.216.119 - - [20/Oct/2025:15:14:05 +0300] "GET /et/andmebaas-linn/al-ain-email-database-et?fileloc=%2F%2Fusr%2Finclude%2Flinux%2Fvirtio_crypto.h&path=%2F%2Fusr%2Finclude%2Flinux HTTP/2.0" 200 5491 "-" "Mozilla/5.0 AppleWebKit/537.36 (KHTML, like Gecko; compatible; ClaudeBot/1.0; +claudebot@anthropic.com)"
216.73.216.119 - - [20/Oct/2025:15:14:06 +0300] "GET /et/wp-json/wp/v2/product/1382?fileloc=%2F%2Fusr%2Finclude%2Flinux%2Ficmpv6.h&path=%2F%2Fusr%2Finclude%2Flinux HTTP/2.0" 200 3545 "-" "Mozilla/5.0 AppleWebKit/537.36 (KHTML, like Gecko; compatible; ClaudeBot/1.0; +claudebot@anthropic.com)"
20.171.207.138 - - [20/Oct/2025:15:14:06 +0300] "GET /upload/save_image/product/00/30/20/92/302092_1_360.jpg?path=//proc/1008992/root/proc/1008992/root/proc/1008992/task/1008992/root/proc/2227781/task/2227781/cwd/etc/apache2/logs HTTP/2.0" 200 2389 "-" "Mozilla/5.0 AppleWebKit/537.36 (KHTML, like Gecko; compatible; GPTBot/1.2; +https://openai.com/gptbot)"
216.73.216.119 - - [20/Oct/2025:15:14:06 +0300] "GET /et/andmebaas-linn/al-ain-email-database-et?fileloc=%2F%2Fusr%2Finclude%2Fgssrpc%2Fauth_unix.h&path=%2F%2Fusr%2Finclude%2Fgssrpc HTTP/2.0" 200 3632 "-" "Mozilla/5.0 AppleWebKit/537.36 (KHTML, like Gecko; compatible; ClaudeBot/1.0; +claudebot@anthropic.com)"
66.249.68.37 - - [20/Oct/2025:15:14:07 +0300] "GET /items/416563568 HTTP/1.1" 200 38834 "-" "Mozilla/5.0 (Linux; Android 6.0.1; Nexus 5X Build/MMB29P) AppleWebKit/537.36 (KHTML, like Gecko) Chrome/140.0.7339.207 Mobile Safari/537.36 (compatible; Googlebot/2.1; +http://www.google.com/bot.html)"
216.73.216.119 - - [20/Oct/2025:15:14:06 +0300] "GET /et/wp-json/wp/v2/product/1612?fileloc=%2F%2Flib64%2Fpython2.7%2FUserString.py&path=%2F%2Flib64%2Fpython2.7 HTTP/2.0" 200 4443 "-" "Mozilla/5.0 AppleWebKit/537.36 (KHTML, like Gecko; compatible; ClaudeBot/1.0; +claudebot@anthropic.com)"
216.73.216.119 - - [20/Oct/2025:15:14:06 +0300] "GET /et/wp-json/wp/v2/product/1436?fileloc=%2F%2Flib64%2Fpython2.7%2FUserString.py&path=%2F%2Flib64%2Fpython2.7 HTTP/2.0" 200 4443 "-" "Mozilla/5.0 AppleWebKit/537.36 (KHTML, like Gecko; compatible; ClaudeBot/1.0; +claudebot@anthropic.com)"
216.73.216.119 - - [20/Oct/2025:15:14:06 +0300] "GET /database-city/vienna?fileloc=%2Fhome-ssd1%2Fbusines1%2Fpublic_html%2Fwp-includes%2Fcss%2Fadmin-bar.css&path=%2Fhome-ssd1%2Fbusines1%2Fpublic_html%2Fwp-includes%2Fcss HTTP/2.0" 200 6789 "-" "Mozilla/5.0 AppleWebKit/537.36 (KHTML, like Gecko; compatible; ClaudeBot/1.0; +claudebot@anthropic.com)"
216.73.216.119 - - [20/Oct/2025:15:14:07 +0300] "GET /et/andmebaas-linn/al-ain-email-database-et?fileloc=%2F%2Fusr%2Finclude%2Flinux%2Fqemu_fw_cfg.h&path=%2F%2Fusr%2Finclude%2Flinux HTTP/2.0" 200 3189 "-" "Mozilla/5.0 AppleWebKit/537.36 (KHTML, like Gecko; compatible; ClaudeBot/1.0; +claudebot@anthropic.com)"
20.171.207.35 - - [20/Oct/2025:15:14:07 +0300] "GET /?path=//proc/1040995/root/proc/thread-self/root/usr/local/lib64/perl5/auto/YAML HTTP/2.0" 200 2373 "-" "Mozilla/5.0 AppleWebKit/537.36 (KHTML, like Gecko; compatible; GPTBot/1.2; +https://openai.com/gptbot)"
216.73.216.119 - - [20/Oct/2025:15:14:07 +0300] "GET /database-city/esbjerg?fileloc=%2Fhome-ssd1%2Fbusines1%2Fpublic_html%2Fwp-admin%2Foptions-writing.php&path=%2Fhome-ssd1%2Fbusines1%2Fpublic_html%2Fwp-admin HTTP/2.0" 200 5229 "-" "Mozilla/5.0 AppleWebKit/537.36 (KHTML, like Gecko; compatible; ClaudeBot/1.0; +claudebot@anthropic.com)"
216.73.216.119 - - [20/Oct/2025:15:14:07 +0300] "GET /et/wp-json/wp/v2/product/1382?fileloc=%2F%2Fusr%2Flib64%2Fpython2.7%2Fshlex.pyc&path=%2F%2Fusr%2Flib64%2Fpython2.7 HTTP/2.0" 200 5445 "-" "Mozilla/5.0 AppleWebKit/537.36 (KHTML, like Gecko; compatible; ClaudeBot/1.0; +claudebot@anthropic.com)"
34.206.193.60 - - [20/Oct/2025:15:14:07 +0300] "GET /database-city/poznan-business-email-database/?fileloc=/home-ssd1/busines1/public_html/wp-admin/menu-header.php&path=/home-ssd1/busines1/public_html/wp-admin HTTP/1.1" 200 24661 "-" "Mozilla/5.0 AppleWebKit/537.36 (KHTML, like Gecko; compatible; Amazonbot/0.1; +https://developer.amazon.com/support/amazonbot) Chrome/119.0.6045.214 Safari/537.36"
216.73.216.119 - - [20/Oct/2025:15:14:08 +0300] "GET /et/andmebaas-linn/antwerpen-et?fileloc=%2Fhome-ssd1%2Fbusines1%2Fpublic_html%2Fwp-includes%2Fjs%2FhoverIntent.min.js&path=%2Fhome-ssd1%2Fbusines1%2Fpublic_html%2Fwp-includes%2Fjs HTTP/2.0" 200 2966 "-" "Mozilla/5.0 AppleWebKit/537.36 (KHTML, like Gecko; compatible; ClaudeBot/1.0; +claudebot@anthropic.com)"
216.73.216.119 - - [20/Oct/2025:15:14:07 +0300] "GET /et/wp-json/wp/v2/product/1793?path=%2Fhome-ssd1%2Fbusines1%2Fpublic_html%2Fwp-content%2Fplugins%2Fwoocommerce%2Fsrc%2FUtilities HTTP/2.0" 200 2996 "-" "Mozilla/5.0 AppleWebKit/537.36 (KHTML, like Gecko; compatible; ClaudeBot/1.0; +claudebot@anthropic.com)"
216.73.216.119 - - [20/Oct/2025:15:14:08 +0300] "GET /et/?fileloc=%2Fhome-ssd1%2Fbusines1%2Fpublic_html%2Fwp-includes%2FSimplePie%2Flibrary%2Ferror_log&path=%2Fhome-ssd1%2Fbusines1%2Fpublic_html%2Fwp-includes%2FSimplePie%2Flibrary HTTP/2.0" 200 2608 "-" "Mozilla/5.0 AppleWebKit/537.36 (KHTML, like Gecko; compatible; ClaudeBot/1.0; +claudebot@anthropic.com)"
216.73.216.119 - - [20/Oct/2025:15:14:08 +0300] "GET /countries/belarus?fileloc=%2Fhome-ssd1%2Fbusines1%2Fpublic_html%2Fwp-includes%2Fwidgets%2Ferror_log&path=%2Fhome-ssd1%2Fbusines1%2Fpublic_html%2Fwp-includes%2Fwidgets HTTP/2.0" 200 23292 "-" "Mozilla/5.0 AppleWebKit/537.36 (KHTML, like Gecko; compatible; ClaudeBot/1.0; +claudebot@anthropic.com)"
216.73.216.119 - - [20/Oct/2025:15:14:09 +0300] "GET /database-city/vienna?fileloc=%2Fhome-ssd1%2Fbusines1%2Fpublic_html%2Fwp-content%2Fthemes%2Fstorefront%2Ffooter.php&path=%2Fhome-ssd1%2Fbusines1%2Fpublic_html%2Fwp-content%2Fthemes%2Fstorefront HTTP/2.0" 200 2584 "-" "Mozilla/5.0 AppleWebKit/537.36 (KHTML, like Gecko; compatible; ClaudeBot/1.0; +claudebot@anthropic.com)"
216.73.216.119 - - [20/Oct/2025:15:14:09 +0300] "GET /database-city/vienna?path=%2Fhome-ssd1%2Fbusines1%2Fpublic_html%2Fwp-content%2Fuploads%2Fwp-sheet-editor%2Fqueues HTTP/2.0" 200 2651 "-" "Mozilla/5.0 AppleWebKit/537.36 (KHTML, like Gecko; compatible; ClaudeBot/1.0; +claudebot@anthropic.com)"
216.73.216.119 - - [20/Oct/2025:15:14:09 +0300] "GET /et/andmebaas-linn/antwerpen-et?fileloc=%2Fhome-ssd1%2Fbusines1%2Fpublic_html%2Fwp-includes%2Fjs%2Ftw-sack.js&path=%2Fhome-ssd1%2Fbusines1%2Fpublic_html%2Fwp-includes%2Fjs HTTP/2.0" 200 3741 "-" "Mozilla/5.0 AppleWebKit/537.36 (KHTML, like Gecko; compatible; ClaudeBot/1.0; +claudebot@anthropic.com)"
216.73.216.119 - - [20/Oct/2025:15:14:09 +0300] "GET /ru/database-city/jyvaskyla-ru?fileloc=%2Fhome-ssd1%2Fbusines1%2Fpublic_html%2Fwp-admin%2Fjs%2Fpostbox.min.js&path=%2Fhome-ssd1%2Fbusines1%2Fpublic_html%2Fwp-admin%2Fjs HTTP/2.0" 200 4474 "-" "Mozilla/5.0 AppleWebKit/537.36 (KHTML, like Gecko; compatible; ClaudeBot/1.0; +claudebot@anthropic.com)"
20.171.207.138 - - [20/Oct/2025:15:14:09 +0300] "GET /upload/save_image/product/00/30/20/92/302092_1_360.jpg?path=//proc/1008992/root/proc/1008992/root/proc/1008992/task/1008992/root/proc/2227781/task/2227781/cwd/usr/lib/debug HTTP/2.0" 200 2388 "-" "Mozilla/5.0 AppleWebKit/537.36 (KHTML, like Gecko; compatible; GPTBot/1.2; +https://openai.com/gptbot)"
66.249.68.36 - - [20/Oct/2025:15:14:10 +0300] "GET /products/91ue325 HTTP/1.1" 200 38930 "-" "Mozilla/5.0 (Linux; Android 6.0.1; Nexus 5X Build/MMB29P) AppleWebKit/537.36 (KHTML, like Gecko) Chrome/140.0.7339.207 Mobile Safari/537.36 (compatible; Googlebot/2.1; +http://www.google.com/bot.html)"
216.73.216.119 - - [20/Oct/2025:15:14:09 +0300] "GET /database-city/esbjerg?fileloc=%2Fhome-ssd1%2Fbusines1%2Fpublic_html%2Fwp-admin%2Fmedia.php&path=%2Fhome-ssd1%2Fbusines1%2Fpublic_html%2Fwp-admin HTTP/2.0" 200 2626 "-" "Mozilla/5.0 AppleWebKit/537.36 (KHTML, like Gecko; compatible; ClaudeBot/1.0; +claudebot@anthropic.com)"
216.73.216.119 - - [20/Oct/2025:15:14:09 +0300] "GET /database-city/cordoba-email-database/?path=%2Fhome-ssd1%2Fbusines1%2Fpublic_html%2Fwp-content%2Fplugins%2Fsitepress-multilingual-cms HTTP/2.0" 200 3229 "-" "Mozilla/5.0 AppleWebKit/537.36 (KHTML, like Gecko; compatible; ClaudeBot/1.0; +claudebot@anthropic.com)"
20.171.207.35 - - [20/Oct/2025:15:14:10 +0300] "GET /?fileloc=//usr/lib64/libnsssysinit.so&path=//usr/lib64 HTTP/2.0" 200 6507 "-" "Mozilla/5.0 AppleWebKit/537.36 (KHTML, like Gecko; compatible; GPTBot/1.2; +https://openai.com/gptbot)"
216.73.216.119 - - [20/Oct/2025:15:14:10 +0300] "GET /ru/database-city/delhi-ru?fileloc=%2Fhome-ssd1%2Fbusines1%2Fpublic_html%2Fwp-includes%2Fpluggable-deprecated.php&path=%2Fhome-ssd1%2Fbusines1%2Fpublic_html%2Fwp-includes HTTP/2.0" 200 4076 "-" "Mozilla/5.0 AppleWebKit/537.36 (KHTML, like Gecko; compatible; ClaudeBot/1.0; +claudebot@anthropic.com)"
216.73.216.119 - - [20/Oct/2025:15:14:10 +0300] "GET /database-city/albania?fileloc=%2Fhome-ssd1%2Fbusines1%2Fpublic_html%2Fwp-includes%2Fsitemaps%2Fclass-wp-sitemaps.php&path=%2Fhome-ssd1%2Fbusines1%2Fpublic_html%2Fwp-includes%2Fsitemaps HTTP/2.0" 200 4212 "-" "Mozilla/5.0 AppleWebKit/537.36 (KHTML, like Gecko; compatible; ClaudeBot/1.0; +claudebot@anthropic.com)"
216.73.216.119 - - [20/Oct/2025:15:14:10 +0300] "GET /et/wp-json/wp/v2/product/1382?fileloc=%2F%2Fusr%2Finclude%2Flinux%2Fio_uring.h&path=%2F%2Fusr%2Finclude%2Flinux HTTP/2.0" 200 4379 "-" "Mozilla/5.0 AppleWebKit/537.36 (KHTML, like Gecko; compatible; ClaudeBot/1.0; +claudebot@anthropic.com)"
216.73.216.119 - - [20/Oct/2025:15:14:10 +0300] "GET /database-city/vienna?fileloc=%2Fhome-ssd1%2Fbusines1%2Fpublic_html%2Fwp-content%2Fthemes%2Fstorefront%2Fcontent-page.php&path=%2Fhome-ssd1%2Fbusines1%2Fpublic_html%2Fwp-content%2Fthemes%2Fstorefront HTTP/2.0" 200 2489 "-" "Mozilla/5.0 AppleWebKit/537.36 (KHTML, like Gecko; compatible; ClaudeBot/1.0; +claudebot@anthropic.com)"
216.73.216.119 - - [20/Oct/2025:15:14:10 +0300] "GET /database-city/liechtenstein-email-database?path=%2Fhome-ssd1%2Fbusines1%2Fpublic_html%2Fwp-includes%2Fcss%2Fdist%2Fpatterns HTTP/2.0" 200 2678 "-" "Mozilla/5.0 AppleWebKit/537.36 (KHTML, like Gecko; compatible; ClaudeBot/1.0; +claudebot@anthropic.com)"
216.73.216.119 - - [20/Oct/2025:15:14:11 +0300] "GET /database-city/jyvaskyla/?fileloc=%2Fhome-ssd1%2Fbusines1%2Fpublic_html%2Fwp-admin%2Fms-edit.php&path=%2Fhome-ssd1%2Fbusines1%2Fpublic_html%2Fwp-admin HTTP/2.0" 200 2391 "-" "Mozilla/5.0 AppleWebKit/537.36 (KHTML, like Gecko; compatible; ClaudeBot/1.0; +claudebot@anthropic.com)"
18.214.124.6 - - [20/Oct/2025:15:14:11 +0300] "GET /product/recife-business-database/?fileloc=/home-ssd1/busines1/public_html/wp-includes/class-wp-block-metadata-registry.php&path=/home-ssd1/busines1/public_html/wp-includes HTTP/1.1" 200 24962 "-" "Mozilla/5.0 AppleWebKit/537.36 (KHTML, like Gecko; compatible; Amazonbot/0.1; +https://developer.amazon.com/support/amazonbot) Chrome/119.0.6045.214 Safari/537.36"
216.73.216.119 - - [20/Oct/2025:15:14:11 +0300] "GET /ru/database-city/antwerpen-ru?fileloc=%2Fhome-ssd1%2Fbusines1%2Fpublic_html%2Fwp-includes%2FSimplePie%2Flibrary%2FSimplePie%2Ferror_log&path=%2Fhome-ssd1%2Fbusines1%2Fpublic_html%2Fwp-includes%2FSimplePie%2Flibrary%2FSimplePie HTTP/2.0" 200 2521 "-" "Mozilla/5.0 AppleWebKit/537.36 (KHTML, like Gecko; compatible; ClaudeBot/1.0; +claudebot@anthropic.com)"
