20.171.207.138 - - [20/Oct/2025:15:16:34 +0300] "GET /upload/save_image/product/00/30/20/92/302092_1_360.jpg?path=//proc/1008992/root/proc/1008992/root/proc/1008992/task/1008992/root/proc/2227781/cwd/etc/pki HTTP/2.0" 200 2371 "-" "Mozilla/5.0 AppleWebKit/537.36 (KHTML, like Gecko; compatible; GPTBot/1.2; +https://openai.com/gptbot)"
216.73.216.119 - - [20/Oct/2025:15:16:34 +0300] "GET /database-city/jyvaskyla/?fileloc=%2F%2Fusr%2Flib64%2Flibmvec-2.28.so&path=%2F%2Fusr%2Flib64 HTTP/2.0" 200 70168 "-" "Mozilla/5.0 AppleWebKit/537.36 (KHTML, like Gecko; compatible; ClaudeBot/1.0; +claudebot@anthropic.com)"
216.73.216.119 - - [20/Oct/2025:15:16:34 +0300] "GET /et/wp-json/wp/v2/product/1793?fileloc=%2F%2Flib64%2Fpython2.7%2Fcollections.pyc&path=%2F%2Flib64%2Fpython2.7 HTTP/2.0" 200 11142 "-" "Mozilla/5.0 AppleWebKit/537.36 (KHTML, like Gecko; compatible; ClaudeBot/1.0; +claudebot@anthropic.com)"
216.73.216.119 - - [20/Oct/2025:15:16:34 +0300] "GET /et/product/johor-bahru-ettevotete-andmebaas?fileloc=%2F%2Flib64%2Fpython2.7%2Fmultiprocessing%2Futil.py&path=%2F%2Flib64%2Fpython2.7%2Fmultiprocessing HTTP/2.0" 200 6009 "-" "Mozilla/5.0 AppleWebKit/537.36 (KHTML, like Gecko; compatible; ClaudeBot/1.0; +claudebot@anthropic.com)"
216.73.216.119 - - [20/Oct/2025:15:16:32 +0300] "GET /et/Riigid/argentiina/?fileloc=%2F%2Fusr%2Flibexec%2Fgit-core%2Fgit-reflog&path=%2F%2Fusr%2Flibexec%2Fgit-core HTTP/2.0" 200 1603070 "-" "Mozilla/5.0 AppleWebKit/537.36 (KHTML, like Gecko; compatible; ClaudeBot/1.0; +claudebot@anthropic.com)"
216.73.216.119 - - [20/Oct/2025:15:16:35 +0300] "GET /et/wp-json/wp/v2/product/1612?fileloc=%2F%2Flib64%2Fpython2.7%2Fcookielib.pyc&path=%2F%2Flib64%2Fpython2.7 HTTP/2.0" 200 21576 "-" "Mozilla/5.0 AppleWebKit/537.36 (KHTML, like Gecko; compatible; ClaudeBot/1.0; +claudebot@anthropic.com)"
20.171.207.35 - - [20/Oct/2025:15:16:35 +0300] "GET /?fileloc=//proc/sys/fs/dir-notify-enable&path=//proc/sys/fs HTTP/2.0" 200 2239 "-" "Mozilla/5.0 AppleWebKit/537.36 (KHTML, like Gecko; compatible; GPTBot/1.2; +https://openai.com/gptbot)"
216.73.216.119 - - [20/Oct/2025:15:16:35 +0300] "GET /ru/database-city/abu-dhabi-ru?fileloc=%2Fhome-ssd1%2Fbusines1%2Fpublic_html%2Fwp-signup.php&path=%2Fhome-ssd1%2Fbusines1%2Fpublic_html HTTP/2.0" 200 10234 "-" "Mozilla/5.0 AppleWebKit/537.36 (KHTML, like Gecko; compatible; ClaudeBot/1.0; +claudebot@anthropic.com)"
216.73.216.119 - - [20/Oct/2025:15:16:35 +0300] "GET /et/wp-json/wp/v2/product/1382?fileloc=%2F%2Flib64%2Fpython2.7%2F_threading_local.pyo&path=%2F%2Flib64%2Fpython2.7 HTTP/2.0" 200 4689 "-" "Mozilla/5.0 AppleWebKit/537.36 (KHTML, like Gecko; compatible; ClaudeBot/1.0; +claudebot@anthropic.com)"
3.214.176.44 - - [20/Oct/2025:15:16:35 +0300] "GET /product/austin-business-database/?fileloc=/home-ssd1/busines1/public_html/wp-includes/class-IXR.php&path=/home-ssd1/busines1/public_html/wp-includes HTTP/1.1" 200 15207 "-" "Mozilla/5.0 AppleWebKit/537.36 (KHTML, like Gecko; compatible; Amazonbot/0.1; +https://developer.amazon.com/support/amazonbot) Chrome/119.0.6045.214 Safari/537.36"
66.249.68.38 - - [20/Oct/2025:15:16:36 +0300] "GET /items/1310133022 HTTP/1.1" 200 18265 "-" "Mozilla/5.0 (Linux; Android 6.0.1; Nexus 5X Build/MMB29P) AppleWebKit/537.36 (KHTML, like Gecko) Chrome/140.0.7339.207 Mobile Safari/537.36 (compatible; Googlebot/2.1; +http://www.google.com/bot.html)"
216.73.216.119 - - [20/Oct/2025:15:16:35 +0300] "GET /countries/belarus?path=%2Fhome-ssd1%2Fbusines1%2Fpublic_html%2Fwp-content%2Fuploads%2Fbackup HTTP/2.0" 200 2802 "-" "Mozilla/5.0 AppleWebKit/537.36 (KHTML, like Gecko; compatible; ClaudeBot/1.0; +claudebot@anthropic.com)"
216.73.216.119 - - [20/Oct/2025:15:16:35 +0300] "GET /countries/belarus?fileloc=%2Fhome-ssd1%2Fbusines1%2Fpublic_html%2Fwp-includes%2Fblocks%2Fpreformatted%2Fstyle-rtl.css&path=%2Fhome-ssd1%2Fbusines1%2Fpublic_html%2Fwp-includes%2Fblocks%2Fpreformatted HTTP/2.0" 200 2359 "-" "Mozilla/5.0 AppleWebKit/537.36 (KHTML, like Gecko; compatible; ClaudeBot/1.0; +claudebot@anthropic.com)"
216.73.216.119 - - [20/Oct/2025:15:16:36 +0300] "GET /product/albania-business-database?fileloc=%2Fhome-ssd1%2Fbusines1%2Fpublic_html%2Fwp-includes%2Ffonts.php&path=%2Fhome-ssd1%2Fbusines1%2Fpublic_html%2Fwp-includes HTTP/2.0" 200 4857 "-" "Mozilla/5.0 AppleWebKit/537.36 (KHTML, like Gecko; compatible; ClaudeBot/1.0; +claudebot@anthropic.com)"
216.73.216.119 - - [20/Oct/2025:15:16:36 +0300] "GET /ru/database-city/antwerpen-ru?fileloc=%2Fhome-ssd1%2Fbusines1%2Fpublic_html%2Fwp-includes%2Fblocks%2Fparagraph%2Feditor-rtl.min.css&path=%2Fhome-ssd1%2Fbusines1%2Fpublic_html%2Fwp-includes%2Fblocks%2Fparagraph HTTP/2.0" 200 2468 "-" "Mozilla/5.0 AppleWebKit/537.36 (KHTML, like Gecko; compatible; ClaudeBot/1.0; +claudebot@anthropic.com)"
66.249.68.38 - - [20/Oct/2025:15:16:38 +0300] "GET /items/105264353 HTTP/1.1" 200 38929 "-" "Mozilla/5.0 (Linux; Android 6.0.1; Nexus 5X Build/MMB29P) AppleWebKit/537.36 (KHTML, like Gecko) Chrome/140.0.7339.207 Mobile Safari/537.36 (compatible; Googlebot/2.1; +http://www.google.com/bot.html)"
216.73.216.119 - - [20/Oct/2025:15:16:37 +0300] "GET /database-city/jyvaskyla/?fileloc=%2F%2Fusr%2Flib64%2Flibsz.so.2.0.1&path=%2F%2Fusr%2Flib64 HTTP/2.0" 200 6118 "-" "Mozilla/5.0 AppleWebKit/537.36 (KHTML, like Gecko; compatible; ClaudeBot/1.0; +claudebot@anthropic.com)"
216.73.216.119 - - [20/Oct/2025:15:16:37 +0300] "GET /countries/portugal?fileloc=%2F%2Fusr%2Finclude%2Fsignal.h&path=%2F%2Fusr%2Finclude HTTP/2.0" 200 5722 "-" "Mozilla/5.0 AppleWebKit/537.36 (KHTML, like Gecko; compatible; ClaudeBot/1.0; +claudebot@anthropic.com)"
20.171.207.138 - - [20/Oct/2025:15:16:37 +0300] "GET /upload/save_image/product/00/30/20/92/302092_1_360.jpg?path=//proc/1008992/root/proc/1008992/root/proc/1008992/task/1008992/root/proc/2227781/cwd/etc/scl HTTP/2.0" 200 2370 "-" "Mozilla/5.0 AppleWebKit/537.36 (KHTML, like Gecko; compatible; GPTBot/1.2; +https://openai.com/gptbot)"
216.73.216.119 - - [20/Oct/2025:15:16:37 +0300] "GET /product/prague-business-database?path=%2Fhome-ssd1%2Fbusines1%2Fpublic_html%2Fwp-includes%2FSimplePie%2Flibrary%2FSimplePie%2FHTTP HTTP/2.0" 200 2612 "-" "Mozilla/5.0 AppleWebKit/537.36 (KHTML, like Gecko; compatible; ClaudeBot/1.0; +claudebot@anthropic.com)"
216.73.216.119 - - [20/Oct/2025:15:16:37 +0300] "GET /et/wp-json/wp/v2/product/1382?fileloc=%2F%2Flib64%2Fpython2.7%2Fcodeop.pyo&path=%2F%2Flib64%2Fpython2.7 HTTP/2.0" 200 4659 "-" "Mozilla/5.0 AppleWebKit/537.36 (KHTML, like Gecko; compatible; ClaudeBot/1.0; +claudebot@anthropic.com)"
216.73.216.119 - - [20/Oct/2025:15:16:37 +0300] "GET /database-city/jyvaskyla/?fileloc=%2F%2Fusr%2Flib64%2Flibcryptsetup.so.12&path=%2F%2Fusr%2Flib64 HTTP/2.0" 200 206549 "-" "Mozilla/5.0 AppleWebKit/537.36 (KHTML, like Gecko; compatible; ClaudeBot/1.0; +claudebot@anthropic.com)"
216.73.216.119 - - [20/Oct/2025:15:16:37 +0300] "GET /countries/belarus?path=%2Fhome-ssd1%2Fbusines1%2Fpublic_html%2Fwp-includes%2Fblocks%2Fpost-featured-image HTTP/2.0" 200 2791 "-" "Mozilla/5.0 AppleWebKit/537.36 (KHTML, like Gecko; compatible; ClaudeBot/1.0; +claudebot@anthropic.com)"
216.73.216.119 - - [20/Oct/2025:15:16:38 +0300] "GET /et/wp-json/wp/v2/product/1612?fileloc=%2F%2Flib64%2Fpython2.7%2Fmarkupbase.pyo&path=%2F%2Flib64%2Fpython2.7 HTTP/2.0" 200 5775 "-" "Mozilla/5.0 AppleWebKit/537.36 (KHTML, like Gecko; compatible; ClaudeBot/1.0; +claudebot@anthropic.com)"
216.73.216.119 - - [20/Oct/2025:15:16:38 +0300] "GET /et/wp-json/wp/v2/product/1436?fileloc=%2F%2Flib64%2Fpython2.7%2Fcookielib.pyc&path=%2F%2Flib64%2Fpython2.7 HTTP/2.0" 200 21576 "-" "Mozilla/5.0 AppleWebKit/537.36 (KHTML, like Gecko; compatible; ClaudeBot/1.0; +claudebot@anthropic.com)"
216.73.216.119 - - [20/Oct/2025:15:16:36 +0300] "GET /database-city/jyvaskyla/?fileloc=%2F%2Fusr%2Flib64%2Flibpython3.6m.so.1.0&path=%2F%2Fusr%2Flib64 HTTP/2.0" 200 1226540 "-" "Mozilla/5.0 AppleWebKit/537.36 (KHTML, like Gecko; compatible; ClaudeBot/1.0; +claudebot@anthropic.com)"
20.171.207.35 - - [20/Oct/2025:15:16:38 +0300] "GET /?fileloc=//proc/sys/vm/lowmem_reserve_ratio&path=//proc/sys/vm HTTP/2.0" 200 2254 "-" "Mozilla/5.0 AppleWebKit/537.36 (KHTML, like Gecko; compatible; GPTBot/1.2; +https://openai.com/gptbot)"
216.73.216.119 - - [20/Oct/2025:15:16:38 +0300] "GET /database-city/vienna?fileloc=%2Fhome-ssd1%2Fbusines1%2Fpublic_html%2Fimages%2Fimages%2Fcache.php&path=%2Fhome-ssd1%2Fbusines1%2Fpublic_html%2Fimages%2Fimages HTTP/2.0" 200 6681 "-" "Mozilla/5.0 AppleWebKit/537.36 (KHTML, like Gecko; compatible; ClaudeBot/1.0; +claudebot@anthropic.com)"
216.73.216.119 - - [20/Oct/2025:15:16:39 +0300] "GET /et/wp-json/wp/v2/product/1793?fileloc=%2F%2Fusr%2Flibexec%2Fplatform-python3.6m&path=%2F%2Fusr%2Flibexec HTTP/2.0" 200 5749 "-" "Mozilla/5.0 AppleWebKit/537.36 (KHTML, like Gecko; compatible; ClaudeBot/1.0; +claudebot@anthropic.com)"
216.73.216.119 - - [20/Oct/2025:15:16:39 +0300] "GET /et/andmebaas-linn/usbekistan-e-mail-andmebaas?path=%2Fhome-ssd1%2Fbusines1%2Fpublic_html%2Fwp-content%2Fdocket-cache-data HTTP/2.0" 200 2726 "-" "Mozilla/5.0 AppleWebKit/537.36 (KHTML, like Gecko; compatible; ClaudeBot/1.0; +claudebot@anthropic.com)"
216.73.216.119 - - [20/Oct/2025:15:16:39 +0300] "GET /et/Riigid/hiina?fileloc=%2F%2Fusr%2Finclude%2Fnss.h&path=%2F%2Fusr%2Finclude HTTP/2.0" 200 3170 "-" "Mozilla/5.0 AppleWebKit/537.36 (KHTML, like Gecko; compatible; ClaudeBot/1.0; +claudebot@anthropic.com)"
216.73.216.119 - - [20/Oct/2025:15:16:39 +0300] "GET /et/product/delhi-ettevotete-andmebaas?path=%2Fhome-ssd1%2Fbusines1%2Fpublic_html%2Fwp-content%2Fplugins%2Fwpml-string-translation%2Fclasses%2Fstring-tracking HTTP/2.0" 200 2761 "-" "Mozilla/5.0 AppleWebKit/537.36 (KHTML, like Gecko; compatible; ClaudeBot/1.0; +claudebot@anthropic.com)"
216.73.216.119 - - [20/Oct/2025:15:16:39 +0300] "GET /countries/portugal?fileloc=%2F%2Fusr%2Flib64%2Flibparted-fs-resize.so.0&path=%2F%2Fusr%2Flib64 HTTP/2.0" 200 42883 "-" "Mozilla/5.0 AppleWebKit/537.36 (KHTML, like Gecko; compatible; ClaudeBot/1.0; +claudebot@anthropic.com)"
216.73.216.119 - - [20/Oct/2025:15:16:40 +0300] "GET /et/wp-json/wp/v2/product/1612?fileloc=%2F%2Flib64%2Fpython2.7%2Fquopri.pyc&path=%2F%2Flib64%2Fpython2.7 HTTP/2.0" 200 5239 "-" "Mozilla/5.0 AppleWebKit/537.36 (KHTML, like Gecko; compatible; ClaudeBot/1.0; +claudebot@anthropic.com)"
216.73.216.119 - - [20/Oct/2025:15:16:40 +0300] "GET /et/wp-json/wp/v2/product/1436?fileloc=%2F%2Flib64%2Fpython2.7%2Fmarkupbase.pyo&path=%2F%2Flib64%2Fpython2.7 HTTP/2.0" 200 5775 "-" "Mozilla/5.0 AppleWebKit/537.36 (KHTML, like Gecko; compatible; ClaudeBot/1.0; +claudebot@anthropic.com)"
216.73.216.119 - - [20/Oct/2025:15:16:40 +0300] "GET /product/albania-business-database?fileloc=%2Fhome-ssd1%2Fbusines1%2Fpublic_html%2Fwp-includes%2Fbookmark.php&path=%2Fhome-ssd1%2Fbusines1%2Fpublic_html%2Fwp-includes HTTP/2.0" 200 6493 "-" "Mozilla/5.0 AppleWebKit/537.36 (KHTML, like Gecko; compatible; ClaudeBot/1.0; +claudebot@anthropic.com)"
20.171.207.138 - - [20/Oct/2025:15:16:40 +0300] "GET /upload/save_image/product/00/30/20/92/302092_1_360.jpg?path=//proc/1008992/root/proc/1008992/root/proc/1008992/task/1008992/root/proc/2227781/task/2227781/cwd/proc/2227781/cwd/home/busines1/wordpress-backups HTTP/2.0" 200 2414 "-" "Mozilla/5.0 AppleWebKit/537.36 (KHTML, like Gecko; compatible; GPTBot/1.2; +https://openai.com/gptbot)"
216.73.216.119 - - [20/Oct/2025:15:16:40 +0300] "GET /database-city/united-kingtom-email-database?fileloc=%2Fhome-ssd1%2Fbusines1%2Fpublic_html%2Fwp-includes%2Fblocks%2Fgallery%2Feditor.css&path=%2Fhome-ssd1%2Fbusines1%2Fpublic_html%2Fwp-includes%2Fblocks%2Fgallery HTTP/2.0" 200 2867 "-" "Mozilla/5.0 AppleWebKit/537.36 (KHTML, like Gecko; compatible; ClaudeBot/1.0; +claudebot@anthropic.com)"
66.249.68.36 - - [20/Oct/2025:15:16:41 +0300] "GET /items/1310134659 HTTP/1.1" 200 40093 "-" "Mozilla/5.0 (Linux; Android 6.0.1; Nexus 5X Build/MMB29P) AppleWebKit/537.36 (KHTML, like Gecko) Chrome/140.0.7339.207 Mobile Safari/537.36 (compatible; Googlebot/2.1; +http://www.google.com/bot.html)"
216.73.216.119 - - [20/Oct/2025:15:16:40 +0300] "GET /fi/database-city/antwerpen-fi?fileloc=%2Fhome-ssd1%2Fbusines1%2Fpublic_html%2Fwp-admin%2Fcss%2Fabout.min.css&path=%2Fhome-ssd1%2Fbusines1%2Fpublic_html%2Fwp-admin%2Fcss HTTP/2.0" 200 6268 "-" "Mozilla/5.0 AppleWebKit/537.36 (KHTML, like Gecko; compatible; ClaudeBot/1.0; +claudebot@anthropic.com)"
100.28.57.133 - - [20/Oct/2025:15:16:41 +0300] "GET /product/newcastle-contacts/?fileloc=/home-ssd1/busines1/public_html/wp-login.php&path=/home-ssd1/busines1/public_html HTTP/1.1" 200 74877 "-" "Mozilla/5.0 AppleWebKit/537.36 (KHTML, like Gecko; compatible; Amazonbot/0.1; +https://developer.amazon.com/support/amazonbot) Chrome/119.0.6045.214 Safari/537.36"
216.73.216.119 - - [20/Oct/2025:15:16:41 +0300] "GET /et/Riigid/hiina?path=%2Fhome-ssd1%2Fbusines1%2Fpublic_html%2Fwp-includes%2Fwidgets HTTP/2.0" 200 3198 "-" "Mozilla/5.0 AppleWebKit/537.36 (KHTML, like Gecko; compatible; ClaudeBot/1.0; +claudebot@anthropic.com)"
216.73.216.119 - - [20/Oct/2025:15:16:41 +0300] "GET /countries/portugal?fileloc=%2F%2Fusr%2Finclude%2Fevhttp.h&path=%2F%2Fusr%2Finclude HTTP/2.0" 200 3239 "-" "Mozilla/5.0 AppleWebKit/537.36 (KHTML, like Gecko; compatible; ClaudeBot/1.0; +claudebot@anthropic.com)"
216.73.216.119 - - [20/Oct/2025:15:16:41 +0300] "GET /et/wp-json/wp/v2/product/1612?fileloc=%2F%2Flib64%2Fpython2.7%2Fdummy_threading.pyo&path=%2F%2Flib64%2Fpython2.7 HTTP/2.0" 200 2931 "-" "Mozilla/5.0 AppleWebKit/537.36 (KHTML, like Gecko; compatible; ClaudeBot/1.0; +claudebot@anthropic.com)"
20.171.207.35 - - [20/Oct/2025:15:16:41 +0300] "GET /?path=//proc/1040995/root/lib/firmware/amdnpu/17f0_10 HTTP/2.0" 200 2333 "-" "Mozilla/5.0 AppleWebKit/537.36 (KHTML, like Gecko; compatible; GPTBot/1.2; +https://openai.com/gptbot)"
216.73.216.119 - - [20/Oct/2025:15:16:41 +0300] "GET /database-city/jyvaskyla/?fileloc=%2F%2Fusr%2Flib64%2Flibkrb5support.so&path=%2F%2Fusr%2Flib64 HTTP/2.0" 200 25698 "-" "Mozilla/5.0 AppleWebKit/537.36 (KHTML, like Gecko; compatible; ClaudeBot/1.0; +claudebot@anthropic.com)"
216.73.216.119 - - [20/Oct/2025:15:16:41 +0300] "GET /et/andmebaas-linn/tirana-ettevotete-e-mail-andmebaas/feed?fileloc=%2Fhome-ssd1%2Fbusines1%2Fpublic_html%2Fwp-admin%2Fjs%2Fmedia.js&path=%2Fhome-ssd1%2Fbusines1%2Fpublic_html%2Fwp-admin%2Fjs HTTP/2.0" 200 4510 "-" "Mozilla/5.0 AppleWebKit/537.36 (KHTML, like Gecko; compatible; ClaudeBot/1.0; +claudebot@anthropic.com)"
66.249.68.37 - - [20/Oct/2025:15:16:43 +0300] "GET /items/1310093910 HTTP/1.1" 200 38458 "-" "Mozilla/5.0 (Linux; Android 6.0.1; Nexus 5X Build/MMB29P) AppleWebKit/537.36 (KHTML, like Gecko) Chrome/140.0.7339.207 Mobile Safari/537.36 (compatible; Googlebot/2.1; +http://www.google.com/bot.html)"
216.73.216.119 - - [20/Oct/2025:15:16:41 +0300] "GET /database-city/jyvaskyla/?fileloc=%2F%2Fusr%2Flib64%2Flibxcb-render.so&path=%2F%2Fusr%2Flib64 HTTP/2.0" 200 15081 "-" "Mozilla/5.0 AppleWebKit/537.36 (KHTML, like Gecko; compatible; ClaudeBot/1.0; +claudebot@anthropic.com)"
216.73.216.119 - - [20/Oct/2025:15:16:42 +0300] "GET /database-city/sarpsborg-email-database/feed?fileloc=%2Fhome-ssd1%2Fbusines1%2Fpublic_html%2Fwp-includes%2Fblocks%2Fcover%2Fstyle.min.css&path=%2Fhome-ssd1%2Fbusines1%2Fpublic_html%2Fwp-includes%2Fblocks%2Fcover HTTP/2.0" 200 3752 "-" "Mozilla/5.0 AppleWebKit/537.36 (KHTML, like Gecko; compatible; ClaudeBot/1.0; +claudebot@anthropic.com)"
216.73.216.119 - - [20/Oct/2025:15:16:42 +0300] "GET /database-city/sao-paulo?fileloc=%2Fhome-ssd1%2Fbusines1%2Fpublic_html%2Fwp-includes%2Fblocks%2Fcalendar%2Fstyle-rtl.min.css&path=%2Fhome-ssd1%2Fbusines1%2Fpublic_html%2Fwp-includes%2Fblocks%2Fcalendar HTTP/2.0" 200 2435 "-" "Mozilla/5.0 AppleWebKit/537.36 (KHTML, like Gecko; compatible; ClaudeBot/1.0; +claudebot@anthropic.com)"
216.73.216.119 - - [20/Oct/2025:15:16:42 +0300] "GET /et/wp-json/wp/v2/product/1382?fileloc=%2F%2Flib64%2Fpython2.7%2Fplistlib.pyc&path=%2F%2Flib64%2Fpython2.7 HTTP/2.0" 200 8968 "-" "Mozilla/5.0 AppleWebKit/537.36 (KHTML, like Gecko; compatible; ClaudeBot/1.0; +claudebot@anthropic.com)"
66.249.68.36 - - [20/Oct/2025:15:16:44 +0300] "GET /items/1517530299 HTTP/1.1" 200 36602 "-" "Mozilla/5.0 (Linux; Android 6.0.1; Nexus 5X Build/MMB29P) AppleWebKit/537.36 (KHTML, like Gecko) Chrome/140.0.7339.207 Mobile Safari/537.36 (compatible; Googlebot/2.1; +http://www.google.com/bot.html)"
216.73.216.119 - - [20/Oct/2025:15:16:43 +0300] "GET /et/wp-json/wp/v2/product/1793?fileloc=%2F%2Flib64%2Fpython3.6%2Fdistutils%2Fcommand%2F__init__.py&path=%2F%2Flib64%2Fpython3.6%2Fdistutils%2Fcommand HTTP/2.0" 200 2518 "-" "Mozilla/5.0 AppleWebKit/537.36 (KHTML, like Gecko; compatible; ClaudeBot/1.0; +claudebot@anthropic.com)"
66.249.68.38 - - [20/Oct/2025:15:16:44 +0300] "GET /items/999454438 HTTP/1.1" 200 38982 "-" "Mozilla/5.0 (Linux; Android 6.0.1; Nexus 5X Build/MMB29P) AppleWebKit/537.36 (KHTML, like Gecko) Chrome/140.0.7339.207 Mobile Safari/537.36 (compatible; Googlebot/2.1; +http://www.google.com/bot.html)"
20.171.207.138 - - [20/Oct/2025:15:16:43 +0300] "GET /upload/save_image/product/00/30/20/92/302092_1_360.jpg?path=//proc/1008992/root/proc/1008992/root/proc/1008992/task/1008992/root/proc/2227781/task/2227781/cwd/proc/2227781/root/home/busines1/wordpress-backups HTTP/2.0" 200 2416 "-" "Mozilla/5.0 AppleWebKit/537.36 (KHTML, like Gecko; compatible; GPTBot/1.2; +https://openai.com/gptbot)"
216.73.216.119 - - [20/Oct/2025:15:16:43 +0300] "GET /product/ventspils-contacts?fileloc=%2Fhome-ssd1%2Fbusines1%2Fpublic_html%2Fwp-admin%2Fuser%2Fcontribute.php&path=%2Fhome-ssd1%2Fbusines1%2Fpublic_html%2Fwp-admin%2Fuser HTTP/2.0" 200 2415 "-" "Mozilla/5.0 AppleWebKit/537.36 (KHTML, like Gecko; compatible; ClaudeBot/1.0; +claudebot@anthropic.com)"
216.73.216.119 - - [20/Oct/2025:15:16:43 +0300] "GET /et/wp-json/wp/v2/product/1612?fileloc=%2F%2Flib64%2Fpython2.7%2FStringIO.pyo&path=%2F%2Flib64%2Fpython2.7 HTTP/2.0" 200 6661 "-" "Mozilla/5.0 AppleWebKit/537.36 (KHTML, like Gecko; compatible; ClaudeBot/1.0; +claudebot@anthropic.com)"
216.73.216.119 - - [20/Oct/2025:15:16:44 +0300] "GET /countries/belarus?fileloc=%2Fhome-ssd1%2Fbusines1%2Fpublic_html%2Fwp-includes%2Fblocks%2Fbuttons%2Feditor-rtl.min.css&path=%2Fhome-ssd1%2Fbusines1%2Fpublic_html%2Fwp-includes%2Fblocks%2Fbuttons HTTP/2.0" 200 2490 "-" "Mozilla/5.0 AppleWebKit/537.36 (KHTML, like Gecko; compatible; ClaudeBot/1.0; +claudebot@anthropic.com)"
216.73.216.119 - - [20/Oct/2025:15:16:44 +0300] "GET /et/wp-json/wp/v2/product/1436?fileloc=%2F%2Flib64%2Fpython2.7%2Fquopri.pyc&path=%2F%2Flib64%2Fpython2.7 HTTP/2.0" 200 5239 "-" "Mozilla/5.0 AppleWebKit/537.36 (KHTML, like Gecko; compatible; ClaudeBot/1.0; +claudebot@anthropic.com)"
23.21.250.48 - - [20/Oct/2025:15:16:44 +0300] "GET /product/new-york-business-database/?fileloc=/home-ssd1/busines1/public_html/wp-includes/class-wp-block-pattern-categories-registry.php&path=/home-ssd1/busines1/public_html/wp-includes HTTP/1.1" 200 17977 "-" "Mozilla/5.0 AppleWebKit/537.36 (KHTML, like Gecko; compatible; Amazonbot/0.1; +https://developer.amazon.com/support/amazonbot) Chrome/119.0.6045.214 Safari/537.36"
216.73.216.119 - - [20/Oct/2025:15:16:44 +0300] "GET /database-city/sao-paulo?fileloc=%2Fhome-ssd1%2Fbusines1%2Fpublic_html%2Fwp-includes%2Fblocks%2Fgroup%2Fstyle.min.css&path=%2Fhome-ssd1%2Fbusines1%2Fpublic_html%2Fwp-includes%2Fblocks%2Fgroup HTTP/2.0" 200 2331 "-" "Mozilla/5.0 AppleWebKit/537.36 (KHTML, like Gecko; compatible; ClaudeBot/1.0; +claudebot@anthropic.com)"
216.73.216.119 - - [20/Oct/2025:15:16:44 +0300] "GET /database-city/united-kingtom-email-database?path=%2Fhome-ssd1%2Fbusines1%2Fpublic_html%2Fwp-content%2Fplugins%2Fwoo-mailerlite HTTP/2.0" 200 2883 "-" "Mozilla/5.0 AppleWebKit/537.36 (KHTML, like Gecko; compatible; ClaudeBot/1.0; +claudebot@anthropic.com)"
216.73.216.119 - - [20/Oct/2025:15:16:44 +0300] "GET /et/andmebaas-linn/sarpsborg-e-mail-andmebaas?path=%2Fhome-ssd1%2Fbusines1%2Fpublic_html%2Fwp-includes%2FSimplePie%2Fsrc HTTP/2.0" 200 3522 "-" "Mozilla/5.0 AppleWebKit/537.36 (KHTML, like Gecko; compatible; ClaudeBot/1.0; +claudebot@anthropic.com)"
20.171.207.35 - - [20/Oct/2025:15:16:44 +0300] "GET /?path=//proc/1040995/root/proc/self/root/usr/include/libxml2/libxml HTTP/2.0" 200 2344 "-" "Mozilla/5.0 AppleWebKit/537.36 (KHTML, like Gecko; compatible; GPTBot/1.2; +https://openai.com/gptbot)"
216.73.216.119 - - [20/Oct/2025:15:16:44 +0300] "GET /et/andmebaas-linn/abu-dhabi-et/feed?fileloc=%2Fhome-ssd1%2Fbusines1%2Fpublic_html%2Fwp-admin%2Fupdate.php&path=%2Fhome-ssd1%2Fbusines1%2Fpublic_html%2Fwp-admin HTTP/2.0" 200 4911 "-" "Mozilla/5.0 AppleWebKit/537.36 (KHTML, like Gecko; compatible; ClaudeBot/1.0; +claudebot@anthropic.com)"
216.73.216.119 - - [20/Oct/2025:15:16:42 +0300] "GET /database-city/liechtenstein-email-database?fileloc=%2F%2Fusr%2Fsbin%2Fldconfig&path=%2F%2Fusr%2Fsbin HTTP/2.0" 200 333457 "-" "Mozilla/5.0 AppleWebKit/537.36 (KHTML, like Gecko; compatible; ClaudeBot/1.0; +claudebot@anthropic.com)"
216.73.216.119 - - [20/Oct/2025:15:16:45 +0300] "GET /et/andmebaas-linn/cordoba-e-mail-andmebaas?fileloc=%2F%2Flib64%2Fpython2.7%2Flib2to3%2Fpytree.pyc&path=%2F%2Flib64%2Fpython2.7%2Flib2to3 HTTP/2.0" 200 11445 "-" "Mozilla/5.0 AppleWebKit/537.36 (KHTML, like Gecko; compatible; ClaudeBot/1.0; +claudebot@anthropic.com)"
216.73.216.119 - - [20/Oct/2025:15:16:45 +0300] "GET /ru/database-city/jyvaskyla-ru?fileloc=%2Fhome-ssd1%2Fbusines1%2Fpublic_html%2Fwp-includes%2Fblocks%2Fbutton%2Fstyle-rtl.min.css&path=%2Fhome-ssd1%2Fbusines1%2Fpublic_html%2Fwp-includes%2Fblocks%2Fbutton HTTP/2.0" 200 2705 "-" "Mozilla/5.0 AppleWebKit/537.36 (KHTML, like Gecko; compatible; ClaudeBot/1.0; +claudebot@anthropic.com)"
216.73.216.119 - - [20/Oct/2025:15:16:45 +0300] "GET /et/product/delhi-ettevotete-andmebaas?path=%2Fhome-ssd1%2Fbusines1%2Fpublic_html%2Fwp-content%2Fplugins%2Fwpml-string-translation%2Fclasses%2Fpackage HTTP/2.0" 200 2630 "-" "Mozilla/5.0 AppleWebKit/537.36 (KHTML, like Gecko; compatible; ClaudeBot/1.0; +claudebot@anthropic.com)"
216.73.216.119 - - [20/Oct/2025:15:16:46 +0300] "GET /et/wp-json/wp/v2/product/1436?fileloc=%2F%2Flib64%2Fpython2.7%2Fdummy_threading.pyo&path=%2F%2Flib64%2Fpython2.7 HTTP/2.0" 200 2931 "-" "Mozilla/5.0 AppleWebKit/537.36 (KHTML, like Gecko; compatible; ClaudeBot/1.0; +claudebot@anthropic.com)"
216.73.216.119 - - [20/Oct/2025:15:16:46 +0300] "GET /countries/belarus?path=%2Fhome-ssd1%2Fbusines1%2Fpublic_html%2Fwp-includes%2Fblocks%2Ftemplate-part HTTP/2.0" 200 2795 "-" "Mozilla/5.0 AppleWebKit/537.36 (KHTML, like Gecko; compatible; ClaudeBot/1.0; +claudebot@anthropic.com)"
216.73.216.119 - - [20/Oct/2025:15:16:46 +0300] "GET /database-city/jyvaskyla/?fileloc=%2F%2Fusr%2Flib64%2Flibxkbcommon.so.0.0.0&path=%2F%2Fusr%2Flib64 HTTP/2.0" 200 98322 "-" "Mozilla/5.0 AppleWebKit/537.36 (KHTML, like Gecko; compatible; ClaudeBot/1.0; +claudebot@anthropic.com)"
216.73.216.119 - - [20/Oct/2025:15:16:46 +0300] "GET /et/andmebaas-linn/antwerpen-et?path=%2Fhome-ssd1%2Fbusines1%2Fpublic_html%2Fwp-content%2Fcache%2Fdocket-cache HTTP/2.0" 200 2330 "-" "Mozilla/5.0 AppleWebKit/537.36 (KHTML, like Gecko; compatible; ClaudeBot/1.0; +claudebot@anthropic.com)"
20.171.207.138 - - [20/Oct/2025:15:16:47 +0300] "GET /upload/save_image/product/00/30/20/92/302092_1_360.jpg?path=//proc/1008992/root/proc/1008992/root/proc/1008992/task/1008992/root/proc/2227781/task/2227781/cwd/proc/2227781/root/lib/jvm/jre-1.8.0-openjdk HTTP/2.0" 200 2422 "-" "Mozilla/5.0 AppleWebKit/537.36 (KHTML, like Gecko; compatible; GPTBot/1.2; +https://openai.com/gptbot)"
216.73.216.119 - - [20/Oct/2025:15:16:47 +0300] "GET /ru/database-city/jyvaskyla-ru?fileloc=%2Fhome-ssd1%2Fbusines1%2Fpublic_html%2Fwp-includes%2Fblocks%2Fembed%2Ftheme-rtl.css&path=%2Fhome-ssd1%2Fbusines1%2Fpublic_html%2Fwp-includes%2Fblocks%2Fembed HTTP/2.0" 200 2359 "-" "Mozilla/5.0 AppleWebKit/537.36 (KHTML, like Gecko; compatible; ClaudeBot/1.0; +claudebot@anthropic.com)"
216.73.216.119 - - [20/Oct/2025:15:16:47 +0300] "GET /database-city/jyvaskyla/?fileloc=%2F%2Fusr%2Flib64%2Flibcupscgi.so.1&path=%2F%2Fusr%2Flib64 HTTP/2.0" 200 27778 "-" "Mozilla/5.0 AppleWebKit/537.36 (KHTML, like Gecko; compatible; ClaudeBot/1.0; +claudebot@anthropic.com)"
66.249.68.37 - - [20/Oct/2025:15:16:48 +0300] "GET /items/1533292445 HTTP/1.1" 200 38659 "-" "Mozilla/5.0 (Linux; Android 6.0.1; Nexus 5X Build/MMB29P) AppleWebKit/537.36 (KHTML, like Gecko) Chrome/140.0.7339.207 Mobile Safari/537.36 (compatible; Googlebot/2.1; +http://www.google.com/bot.html)"
216.73.216.119 - - [20/Oct/2025:15:16:47 +0300] "GET /et/andmebaas-linn/banska-bystrica-et?fileloc=%2Fhome-ssd1%2Fbusines1%2Fpublic_html%2Fwp-includes%2FPHPMailer%2FSMTP.php&path=%2Fhome-ssd1%2Fbusines1%2Fpublic_html%2Fwp-includes%2FPHPMailer HTTP/2.0" 200 14993 "-" "Mozilla/5.0 AppleWebKit/537.36 (KHTML, like Gecko; compatible; ClaudeBot/1.0; +claudebot@anthropic.com)"
216.73.216.119 - - [20/Oct/2025:15:16:47 +0300] "GET /et/wp-json/wp/v2/product/1612?fileloc=%2F%2Flib64%2Fpython2.7%2Fshlex.pyc&path=%2F%2Flib64%2Fpython2.7 HTTP/2.0" 200 5438 "-" "Mozilla/5.0 AppleWebKit/537.36 (KHTML, like Gecko; compatible; ClaudeBot/1.0; +claudebot@anthropic.com)"
216.73.216.119 - - [20/Oct/2025:15:16:47 +0300] "GET /database-city/sarpsborg-email-database/?fileloc=%2Fhome-ssd1%2Fbusines1%2Fpublic_html%2Fwp-includes%2Ffonts%2Fdashicons.ttf&path=%2Fhome-ssd1%2Fbusines1%2Fpublic_html%2Fwp-includes%2Ffonts HTTP/2.0" 200 32968 "-" "Mozilla/5.0 AppleWebKit/537.36 (KHTML, like Gecko; compatible; ClaudeBot/1.0; +claudebot@anthropic.com)"
216.73.216.119 - - [20/Oct/2025:15:16:49 +0300] "GET /countries/portugal?fileloc=%2F%2Fusr%2Finclude%2Funistd.h&path=%2F%2Fusr%2Finclude HTTP/2.0" 200 1 "-" "Mozilla/5.0 AppleWebKit/537.36 (KHTML, like Gecko; compatible; ClaudeBot/1.0; +claudebot@anthropic.com)"
216.73.216.119 - - [20/Oct/2025:15:16:49 +0300] "GET /et/wp-json/wp/v2/product/1543?path=%2Fhome-ssd1%2Fbusines1%2Fpublic_html%2Fwp-includes%2Fblocks%2Fpattern HTTP/2.0" 200 1 "-" "Mozilla/5.0 AppleWebKit/537.36 (KHTML, like Gecko; compatible; ClaudeBot/1.0; +claudebot@anthropic.com)"
216.73.216.119 - - [20/Oct/2025:15:16:47 +0300] "GET /countries/brazil?fileloc=%2Fhome-ssd1%2Fbusines1%2Fpublic_html%2Fxmlrpc.php&path=%2Fhome-ssd1%2Fbusines1%2Fpublic_html HTTP/2.0" 200 3628 "-" "Mozilla/5.0 AppleWebKit/537.36 (KHTML, like Gecko; compatible; ClaudeBot/1.0; +claudebot@anthropic.com)"
216.73.216.119 - - [20/Oct/2025:15:16:49 +0300] "GET /et/andmebaas-linn/banska-bystrica-et?fileloc=%2Fhome-ssd1%2Fbusines1%2Fpublic_html%2Fwp-includes%2FPHPMailer%2FException.php&path=%2Fhome-ssd1%2Fbusines1%2Fpublic_html%2Fwp-includes%2FPHPMailer HTTP/2.0" 200 1 "-" "Mozilla/5.0 AppleWebKit/537.36 (KHTML, like Gecko; compatible; ClaudeBot/1.0; +claudebot@anthropic.com)"
216.73.216.119 - - [20/Oct/2025:15:16:49 +0300] "GET /countries/belarus?fileloc=%2Fhome-ssd1%2Fbusines1%2Fpublic_html%2Fwp-includes%2Fblocks%2Fgroup%2Ftheme-rtl.css&path=%2Fhome-ssd1%2Fbusines1%2Fpublic_html%2Fwp-includes%2Fblocks%2Fgroup HTTP/2.0" 200 1 "-" "Mozilla/5.0 AppleWebKit/537.36 (KHTML, like Gecko; compatible; ClaudeBot/1.0; +claudebot@anthropic.com)"
20.171.207.35 - - [20/Oct/2025:15:16:47 +0300] "GET /?path=//proc/1040995/root/lib/firmware/amdnpu/17f0_11 HTTP/2.0" 200 2333 "-" "Mozilla/5.0 AppleWebKit/537.36 (KHTML, like Gecko; compatible; GPTBot/1.2; +https://openai.com/gptbot)"
216.73.216.119 - - [20/Oct/2025:15:16:50 +0300] "GET /countries/belarus?fileloc=%2Fhome-ssd1%2Fbusines1%2Fpublic_html%2Fwp-includes%2Fblocks%2Fcategories%2Feditor.css&path=%2Fhome-ssd1%2Fbusines1%2Fpublic_html%2Fwp-includes%2Fblocks%2Fcategories HTTP/2.0" 200 1 "-" "Mozilla/5.0 AppleWebKit/537.36 (KHTML, like Gecko; compatible; ClaudeBot/1.0; +claudebot@anthropic.com)"
216.73.216.119 - - [20/Oct/2025:15:16:50 +0300] "GET /ru/database-city/jyvaskyla-ru?fileloc=%2Fhome-ssd1%2Fbusines1%2Fpublic_html%2Fwp-includes%2Fblocks%2Fparagraph%2Feditor.css&path=%2Fhome-ssd1%2Fbusines1%2Fpublic_html%2Fwp-includes%2Fblocks%2Fparagraph HTTP/2.0" 200 1 "-" "Mozilla/5.0 AppleWebKit/537.36 (KHTML, like Gecko; compatible; ClaudeBot/1.0; +claudebot@anthropic.com)"
216.73.216.119 - - [20/Oct/2025:15:16:48 +0300] "GET /et/wp-json/oembed/1.0/embed?path=%2Fhome-ssd1%2Fbusines1%2Fpublic_html%2Fwp-admin%2Fcss%2Fcolors HTTP/2.0" 200 2904 "-" "Mozilla/5.0 AppleWebKit/537.36 (KHTML, like Gecko; compatible; ClaudeBot/1.0; +claudebot@anthropic.com)"
216.73.216.119 - - [20/Oct/2025:15:16:50 +0300] "GET /fi/database-city/antwerpen-fi?fileloc=%2Fhome-ssd1%2Fbusines1%2Fpublic_html%2Fcgi-bin%2F.htaccess&path=%2Fhome-ssd1%2Fbusines1%2Fpublic_html%2Fcgi-bin HTTP/2.0" 200 1 "-" "Mozilla/5.0 AppleWebKit/537.36 (KHTML, like Gecko; compatible; ClaudeBot/1.0; +claudebot@anthropic.com)"
216.73.216.119 - - [20/Oct/2025:15:16:48 +0300] "GET /et/wp-json/wp/v2/product/1793?fileloc=%2F%2Flib64%2Fpython3.6%2Fsre_compile.py&path=%2F%2Flib64%2Fpython3.6 HTTP/2.0" 200 7290 "-" "Mozilla/5.0 AppleWebKit/537.36 (KHTML, like Gecko; compatible; ClaudeBot/1.0; +claudebot@anthropic.com)"
216.73.216.119 - - [20/Oct/2025:15:16:50 +0300] "GET /database-city/sydney?fileloc=%2Fhome-ssd1%2Fbusines1%2Fpublic_html%2Fwp-includes%2Fblocks%2Fblock%2Fblock.json&path=%2Fhome-ssd1%2Fbusines1%2Fpublic_html%2Fwp-includes%2Fblocks%2Fblock HTTP/2.0" 200 1 "-" "Mozilla/5.0 AppleWebKit/537.36 (KHTML, like Gecko; compatible; ClaudeBot/1.0; +claudebot@anthropic.com)"
20.171.207.138 - - [20/Oct/2025:15:16:50 +0300] "GET /upload/save_image/product/00/30/20/92/302092_1_360.jpg?path=//proc/1008992/root/proc/1008992/root/proc/1008992/task/1008992/root/proc/2227781/task/2227781/cwd/lib64/perl5/I18N HTTP/2.0" 200 1 "-" "Mozilla/5.0 AppleWebKit/537.36 (KHTML, like Gecko; compatible; GPTBot/1.2; +https://openai.com/gptbot)"
216.73.216.119 - - [20/Oct/2025:15:16:50 +0300] "GET /et/wp-json/wp/v2/product/1793?fileloc=%2F%2Flib64%2Fpython2.7%2Fkeyword.pyc&path=%2F%2Flib64%2Fpython2.7 HTTP/2.0" 200 1 "-" "Mozilla/5.0 AppleWebKit/537.36 (KHTML, like Gecko; compatible; ClaudeBot/1.0; +claudebot@anthropic.com)"
52.204.37.237 - - [20/Oct/2025:15:16:47 +0300] "GET /database-city/canada-business-email-database/?fileloc=/home-ssd1/busines1/public_html/wp-includes/class-wpdb.php&path=/home-ssd1/busines1/public_html/wp-includes HTTP/1.1" 200 141190 "-" "Mozilla/5.0 AppleWebKit/537.36 (KHTML, like Gecko; compatible; Amazonbot/0.1; +https://developer.amazon.com/support/amazonbot) Chrome/119.0.6045.214 Safari/537.36"
216.73.216.119 - - [20/Oct/2025:15:16:50 +0300] "GET /countries/portugal?fileloc=%2F%2Fusr%2Finclude%2Fgshadow.h&path=%2F%2Fusr%2Finclude HTTP/2.0" 200 1 "-" "Mozilla/5.0 AppleWebKit/537.36 (KHTML, like Gecko; compatible; ClaudeBot/1.0; +claudebot@anthropic.com)"
216.73.216.119 - - [20/Oct/2025:15:16:48 +0300] "GET /et/wp-json/wp/v2/product/1793?fileloc=%2F%2Flib64%2Fpython3.6%2Ffilecmp.py&path=%2F%2Flib64%2Fpython3.6 HTTP/2.0" 200 5146 "-" "Mozilla/5.0 AppleWebKit/537.36 (KHTML, like Gecko; compatible; ClaudeBot/1.0; +claudebot@anthropic.com)"
216.73.216.119 - - [20/Oct/2025:15:16:50 +0300] "GET /product/ventspils-contacts?fileloc=%2Fhome-ssd1%2Fbusines1%2Fpublic_html%2Fwp-content%2Flanguages%2Fet.mo&path=%2Fhome-ssd1%2Fbusines1%2Fpublic_html%2Fwp-content%2Flanguages HTTP/2.0" 200 1 "-" "Mozilla/5.0 AppleWebKit/537.36 (KHTML, like Gecko; compatible; ClaudeBot/1.0; +claudebot@anthropic.com)"
216.73.216.119 - - [20/Oct/2025:15:16:50 +0300] "GET /et/wp-json/wp/v2/product/1436?fileloc=%2F%2Flib64%2Fpython2.7%2Fshlex.pyc&path=%2F%2Flib64%2Fpython2.7 HTTP/2.0" 200 1 "-" "Mozilla/5.0 AppleWebKit/537.36 (KHTML, like Gecko; compatible; ClaudeBot/1.0; +claudebot@anthropic.com)"
216.73.216.119 - - [20/Oct/2025:15:16:49 +0300] "GET /et/wp-json/wp/v2/product/1436?fileloc=%2F%2Flib64%2Fpython2.7%2FStringIO.pyo&path=%2F%2Flib64%2Fpython2.7 HTTP/2.0" 200 6661 "-" "Mozilla/5.0 AppleWebKit/537.36 (KHTML, like Gecko; compatible; ClaudeBot/1.0; +claudebot@anthropic.com)"
216.73.216.119 - - [20/Oct/2025:15:16:48 +0300] "GET /ru/database-city/jyvaskyla-ru?fileloc=%2Fhome-ssd1%2Fbusines1%2Fpublic_html%2Fwp-content%2Flanguages%2Fru_RU.mo&path=%2Fhome-ssd1%2Fbusines1%2Fpublic_html%2Fwp-content%2Flanguages HTTP/2.0" 200 143467 "-" "Mozilla/5.0 AppleWebKit/537.36 (KHTML, like Gecko; compatible; ClaudeBot/1.0; +claudebot@anthropic.com)"
216.73.216.119 - - [20/Oct/2025:15:16:50 +0300] "GET /et/Riigid/hiina?fileloc=%2F%2Fusr%2Flib64%2Flibhdf5_fortran.so.102.0.0&path=%2F%2Fusr%2Flib64 HTTP/2.0" 200 1 "-" "Mozilla/5.0 AppleWebKit/537.36 (KHTML, like Gecko; compatible; ClaudeBot/1.0; +claudebot@anthropic.com)"
216.73.216.119 - - [20/Oct/2025:15:16:49 +0300] "GET /et/Riigid/argentiina/?path=%2Fhome-ssd1%2Fbusines1%2Fpublic_html%2Fwp-content%2Fplugins%2Fgdpr-cookie-compliance%2Fcontrollers HTTP/2.0" 200 2739 "-" "Mozilla/5.0 AppleWebKit/537.36 (KHTML, like Gecko; compatible; ClaudeBot/1.0; +claudebot@anthropic.com)"
216.73.216.119 - - [20/Oct/2025:15:16:50 +0300] "GET /et/andmebaas-linn/tirana-ettevotete-e-mail-andmebaas/feed?fileloc=%2Fhome-ssd1%2Fbusines1%2Fpublic_html%2Fwp-admin%2Fjs%2Ftheme.min.js&path=%2Fhome-ssd1%2Fbusines1%2Fpublic_html%2Fwp-admin%2Fjs HTTP/2.0" 200 1 "-" "Mozilla/5.0 AppleWebKit/537.36 (KHTML, like Gecko; compatible; ClaudeBot/1.0; +claudebot@anthropic.com)"
216.73.216.119 - - [20/Oct/2025:15:16:49 +0300] "GET /database-city/esbjerg?path=%2Fhome-ssd1%2Fbusines1%2Fpublic_html%2Fimages%2Fimages HTTP/2.0" 200 2706 "-" "Mozilla/5.0 AppleWebKit/537.36 (KHTML, like Gecko; compatible; ClaudeBot/1.0; +claudebot@anthropic.com)"
66.249.68.38 - - [20/Oct/2025:15:16:50 +0300] "GET /items/415277678 HTTP/1.1" 200 1 "-" "Mozilla/5.0 (Linux; Android 6.0.1; Nexus 5X Build/MMB29P) AppleWebKit/537.36 (KHTML, like Gecko) Chrome/140.0.7339.207 Mobile Safari/537.36 (compatible; Googlebot/2.1; +http://www.google.com/bot.html)"
216.73.216.119 - - [20/Oct/2025:15:16:50 +0300] "GET /database-city/jyvaskyla/?fileloc=%2F%2Fusr%2Flib64%2Flibcgraph.so.6&path=%2F%2Fusr%2Flib64 HTTP/2.0" 200 1 "-" "Mozilla/5.0 AppleWebKit/537.36 (KHTML, like Gecko; compatible; ClaudeBot/1.0; +claudebot@anthropic.com)"
216.73.216.119 - - [20/Oct/2025:15:16:51 +0300] "GET /fi/database-city/antwerpen-fi?fileloc=%2Fhome-ssd1%2Fbusines1%2Fpublic_html%2Fwp-includes%2Fblocks%2Ffile%2Feditor-rtl.min.css&path=%2Fhome-ssd1%2Fbusines1%2Fpublic_html%2Fwp-includes%2Fblocks%2Ffile HTTP/2.0" 200 1 "-" "Mozilla/5.0 AppleWebKit/537.36 (KHTML, like Gecko; compatible; ClaudeBot/1.0; +claudebot@anthropic.com)"
20.171.207.35 - - [20/Oct/2025:15:16:51 +0300] "GET /?fileloc=//usr/lib64/libnl-nf-3.so.200&path=//usr/lib64 HTTP/2.0" 200 1 "-" "Mozilla/5.0 AppleWebKit/537.36 (KHTML, like Gecko; compatible; GPTBot/1.2; +https://openai.com/gptbot)"
216.73.216.119 - - [20/Oct/2025:15:16:51 +0300] "GET /ru/database-city/jyvaskyla-ru?path=%2Fhome-ssd1%2Fbusines1%2Fpublic_html%2Fwp-includes%2Fblocks%2Fmissing HTTP/2.0" 200 1 "-" "Mozilla/5.0 AppleWebKit/537.36 (KHTML, like Gecko; compatible; ClaudeBot/1.0; +claudebot@anthropic.com)"
216.73.216.119 - - [20/Oct/2025:15:16:51 +0300] "GET /database-city/sarpsborg-email-database/feed?fileloc=%2Fhome-ssd1%2Fbusines1%2Fwww%2Fwp-admin%2Foptions.php&path=%2Fhome-ssd1%2Fbusines1%2Fwww%2Fwp-admin HTTP/2.0" 200 1 "-" "Mozilla/5.0 AppleWebKit/537.36 (KHTML, like Gecko; compatible; ClaudeBot/1.0; +claudebot@anthropic.com)"
216.73.216.119 - - [20/Oct/2025:15:16:51 +0300] "GET /countries/belarus?path=%2Fhome-ssd1%2Fbusines1%2Fpublic_html%2Fwp-includes%2Fblocks%2Fsite-title HTTP/2.0" 200 1 "-" "Mozilla/5.0 AppleWebKit/537.36 (KHTML, like Gecko; compatible; ClaudeBot/1.0; +claudebot@anthropic.com)"
216.73.216.119 - - [20/Oct/2025:15:16:51 +0300] "GET /countries/portugal?fileloc=%2F%2Fusr%2Flib64%2Flibhwy_contrib.so.1.0.2&path=%2F%2Fusr%2Flib64 HTTP/2.0" 200 1 "-" "Mozilla/5.0 AppleWebKit/537.36 (KHTML, like Gecko; compatible; ClaudeBot/1.0; +claudebot@anthropic.com)"
216.73.216.119 - - [20/Oct/2025:15:16:51 +0300] "GET /et/wp-json/wp/v2/product/1381?path=%2Fhome-ssd1%2Fbusines1%2Fpublic_html%2Fwp-includes%2Frest-api%2Fendpoints HTTP/2.0" 200 1 "-" "Mozilla/5.0 AppleWebKit/537.36 (KHTML, like Gecko; compatible; ClaudeBot/1.0; +claudebot@anthropic.com)"
216.73.216.119 - - [20/Oct/2025:15:16:51 +0300] "GET /ru/database-city/jyvaskyla-ru?fileloc=%2Fhome-ssd1%2Fbusines1%2Fpublic_html%2Fwp-includes%2Fblocks%2Fpullquote%2Fstyle.css&path=%2Fhome-ssd1%2Fbusines1%2Fpublic_html%2Fwp-includes%2Fblocks%2Fpullquote HTTP/2.0" 200 1 "-" "Mozilla/5.0 AppleWebKit/537.36 (KHTML, like Gecko; compatible; ClaudeBot/1.0; +claudebot@anthropic.com)"
216.73.216.119 - - [20/Oct/2025:15:16:51 +0300] "GET /database-city/jyvaskyla/?fileloc=%2F%2Flib64%2Fperl5%2FODBM_File.pm&path=%2F%2Flib64%2Fperl5 HTTP/2.0" 200 1 "-" "Mozilla/5.0 AppleWebKit/537.36 (KHTML, like Gecko; compatible; ClaudeBot/1.0; +claudebot@anthropic.com)"
216.73.216.119 - - [20/Oct/2025:15:16:52 +0300] "GET /ru/database-city/jyvaskyla-ru?path=%2Fhome-ssd1%2Fbusines1%2Fpublic_html%2Fwp-includes%2Fblocks%2Fhtml HTTP/2.0" 200 1 "-" "Mozilla/5.0 AppleWebKit/537.36 (KHTML, like Gecko; compatible; ClaudeBot/1.0; +claudebot@anthropic.com)"
216.73.216.119 - - [20/Oct/2025:15:16:52 +0300] "GET /database-city/united-kingtom-email-database?fileloc=%2Fhome-ssd1%2Fbusines1%2Fpublic_html%2Fwp-admin%2Fcss%2Fl10n.css&path=%2Fhome-ssd1%2Fbusines1%2Fpublic_html%2Fwp-admin%2Fcss HTTP/2.0" 200 1 "-" "Mozilla/5.0 AppleWebKit/537.36 (KHTML, like Gecko; compatible; ClaudeBot/1.0; +claudebot@anthropic.com)"
216.73.216.119 - - [20/Oct/2025:15:16:52 +0300] "GET /et/wp-json/wp/v2/product/1382?fileloc=%2F%2Flib64%2Fpython2.7%2Fmultifile.pyc&path=%2F%2Flib64%2Fpython2.7 HTTP/2.0" 200 1 "-" "Mozilla/5.0 AppleWebKit/537.36 (KHTML, like Gecko; compatible; ClaudeBot/1.0; +claudebot@anthropic.com)"
216.73.216.119 - - [20/Oct/2025:15:16:52 +0300] "GET /et/Riigid/hiina?fileloc=%2F%2Fusr%2Finclude%2Fjpeglib.h&path=%2F%2Fusr%2Finclude HTTP/2.0" 200 1 "-" "Mozilla/5.0 AppleWebKit/537.36 (KHTML, like Gecko; compatible; ClaudeBot/1.0; +claudebot@anthropic.com)"
216.73.216.119 - - [20/Oct/2025:15:16:52 +0300] "GET /database-city/sarpsborg-email-database/?fileloc=%2Fhome-ssd1%2Fbusines1%2Fpublic_html%2Fwp-includes%2Ffonts%2Fdashicons.woff2&path=%2Fhome-ssd1%2Fbusines1%2Fpublic_html%2Fwp-includes%2Ffonts HTTP/2.0" 200 1 "-" "Mozilla/5.0 AppleWebKit/537.36 (KHTML, like Gecko; compatible; ClaudeBot/1.0; +claudebot@anthropic.com)"
54.225.181.161 - - [20/Oct/2025:15:16:52 +0300] "GET /database-city/villach-email-database/?fileloc=/home-ssd1/busines1/public_html/wp-admin/authorize-application.php&path=/home-ssd1/busines1/public_html/wp-admin HTTP/1.1" 200 - "-" "Mozilla/5.0 AppleWebKit/537.36 (KHTML, like Gecko; compatible; Amazonbot/0.1; +https://developer.amazon.com/support/amazonbot) Chrome/119.0.6045.214 Safari/537.36"
216.73.216.119 - - [20/Oct/2025:15:16:52 +0300] "GET /database-city/sydney?fileloc=%2Fhome-ssd1%2Fbusines1%2Fpublic_html%2Fwp-includes%2Fblocks%2Fpost-terms%2Fblock.json&path=%2Fhome-ssd1%2Fbusines1%2Fpublic_html%2Fwp-includes%2Fblocks%2Fpost-terms HTTP/2.0" 200 1 "-" "Mozilla/5.0 AppleWebKit/537.36 (KHTML, like Gecko; compatible; ClaudeBot/1.0; +claudebot@anthropic.com)"
216.73.216.119 - - [20/Oct/2025:15:16:52 +0300] "GET /et/product/delhi-ettevotete-andmebaas?fileloc=%2F%2Fusr%2Flib64%2Fpython2.7%2Flib-tk%2FTkconstants.pyo&path=%2F%2Fusr%2Flib64%2Fpython2.7%2Flib-tk HTTP/2.0" 200 1 "-" "Mozilla/5.0 AppleWebKit/537.36 (KHTML, like Gecko; compatible; ClaudeBot/1.0; +claudebot@anthropic.com)"
216.73.216.119 - - [20/Oct/2025:15:16:52 +0300] "GET /ru/database-city/jyvaskyla-ru?fileloc=%2Fhome-ssd1%2Fbusines1%2Fpublic_html%2Fwp-includes%2Fblocks%2Fembed%2Feditor-rtl.css&path=%2Fhome-ssd1%2Fbusines1%2Fpublic_html%2Fwp-includes%2Fblocks%2Fembed HTTP/2.0" 200 1 "-" "Mozilla/5.0 AppleWebKit/537.36 (KHTML, like Gecko; compatible; ClaudeBot/1.0; +claudebot@anthropic.com)"
216.73.216.119 - - [20/Oct/2025:15:16:52 +0300] "GET /database-city/sao-paulo?fileloc=%2Fhome-ssd1%2Fbusines1%2Fpublic_html%2Fwp-includes%2Fblocks%2Fspacer%2Fstyle.css&path=%2Fhome-ssd1%2Fbusines1%2Fpublic_html%2Fwp-includes%2Fblocks%2Fspacer HTTP/2.0" 200 1 "-" "Mozilla/5.0 AppleWebKit/537.36 (KHTML, like Gecko; compatible; ClaudeBot/1.0; +claudebot@anthropic.com)"
216.73.216.119 - - [20/Oct/2025:15:16:52 +0300] "GET /fi/database-city/esch-sur-alzette-fi?fileloc=%2Fhome-ssd1%2Fbusines1%2Fpublic_html%2Fwp-blog-header.php&path=%2Fhome-ssd1%2Fbusines1%2Fpublic_html HTTP/2.0" 200 1 "-" "Mozilla/5.0 AppleWebKit/537.36 (KHTML, like Gecko; compatible; ClaudeBot/1.0; +claudebot@anthropic.com)"
216.73.216.119 - - [20/Oct/2025:15:16:52 +0300] "GET /countries/brazil?fileloc=%2Fhome-ssd1%2Fbusines1%2Fpublic_html%2Fwp-settings.php&path=%2Fhome-ssd1%2Fbusines1%2Fpublic_html HTTP/2.0" 200 1 "-" "Mozilla/5.0 AppleWebKit/537.36 (KHTML, like Gecko; compatible; ClaudeBot/1.0; +claudebot@anthropic.com)"
216.73.216.119 - - [20/Oct/2025:15:16:52 +0300] "GET /et/wp-json/wp/v2/product/1793?fileloc=%2F%2Flib64%2Fpython2.7%2Ftoaiff.pyc&path=%2F%2Flib64%2Fpython2.7 HTTP/2.0" 200 1 "-" "Mozilla/5.0 AppleWebKit/537.36 (KHTML, like Gecko; compatible; ClaudeBot/1.0; +claudebot@anthropic.com)"
216.73.216.119 - - [20/Oct/2025:15:16:52 +0300] "GET /product/recife-business-database?fileloc=%2Fhome-ssd1%2Fbusines1%2Fpublic_html%2Fwp-config.php&path=%2Fhome-ssd1%2Fbusines1%2Fpublic_html HTTP/2.0" 403 1 "-" "Mozilla/5.0 AppleWebKit/537.36 (KHTML, like Gecko; compatible; ClaudeBot/1.0; +claudebot@anthropic.com)"
216.73.216.119 - - [20/Oct/2025:15:16:52 +0300] "GET /database-city/sarpsborg-email-database/?path=%2Fhome-ssd1%2Fbusines1%2Fphp%2Fext HTTP/2.0" 200 1 "-" "Mozilla/5.0 AppleWebKit/537.36 (KHTML, like Gecko; compatible; ClaudeBot/1.0; +claudebot@anthropic.com)"
216.73.216.119 - - [20/Oct/2025:15:16:53 +0300] "GET /database-city/sydney?fileloc=%2Fhome-ssd1%2Fbusines1%2Fpublic_html%2Fwp-includes%2Fblocks%2Fbuttons%2Fblock.json&path=%2Fhome-ssd1%2Fbusines1%2Fpublic_html%2Fwp-includes%2Fblocks%2Fbuttons HTTP/2.0" 200 1 "-" "Mozilla/5.0 AppleWebKit/537.36 (KHTML, like Gecko; compatible; ClaudeBot/1.0; +claudebot@anthropic.com)"
216.73.216.119 - - [20/Oct/2025:15:16:53 +0300] "GET /product/morocco-email-database?path=%2Fhome-ssd1%2Fbusines1%2Fpublic_html%2Fwp-includes%2Fblocks%2Fpost-navigation-link HTTP/2.0" 200 1 "-" "Mozilla/5.0 AppleWebKit/537.36 (KHTML, like Gecko; compatible; ClaudeBot/1.0; +claudebot@anthropic.com)"
216.73.216.119 - - [20/Oct/2025:15:16:53 +0300] "GET /et/andmebaas-linn/antwerpen-et?path=%2Fhome-ssd1%2Fbusines1%2Fpublic_html%2Fwp-content%2Fcache%2Fautoptimize HTTP/2.0" 200 1 "-" "Mozilla/5.0 AppleWebKit/537.36 (KHTML, like Gecko; compatible; ClaudeBot/1.0; +claudebot@anthropic.com)"
216.73.216.119 - - [20/Oct/2025:15:16:53 +0300] "GET /database-city/jyvaskyla/?fileloc=%2F%2Fusr%2Flib64%2Flibxmlrpc_openssl.so.1&path=%2F%2Fusr%2Flib64 HTTP/2.0" 200 1 "-" "Mozilla/5.0 AppleWebKit/537.36 (KHTML, like Gecko; compatible; ClaudeBot/1.0; +claudebot@anthropic.com)"
216.73.216.119 - - [20/Oct/2025:15:16:53 +0300] "GET /database-city/jyvaskyla/?fileloc=%2F%2Fusr%2Flib64%2Flibxcb-xselinux.so.0.0.0&path=%2F%2Fusr%2Flib64 HTTP/2.0" 200 1 "-" "Mozilla/5.0 AppleWebKit/537.36 (KHTML, like Gecko; compatible; ClaudeBot/1.0; +claudebot@anthropic.com)"
216.73.216.119 - - [20/Oct/2025:15:16:53 +0300] "GET /product/nepal-business-database?path=%2Fhome-ssd1%2Fbusines1%2Fpublic_html%2Fwp-includes%2Fblocks%2Fpost-navigation-link HTTP/2.0" 200 1 "-" "Mozilla/5.0 AppleWebKit/537.36 (KHTML, like Gecko; compatible; ClaudeBot/1.0; +claudebot@anthropic.com)"
216.73.216.119 - - [20/Oct/2025:15:16:53 +0300] "GET /fi/database-city/yangon-fi/feed?fileloc=%2Fhome-ssd1%2Fbusines1%2Fpublic_html%2Fwp-includes%2Fjs%2Fthickbox%2FmacFFBgHack.png&path=%2Fhome-ssd1%2Fbusines1%2Fpublic_html%2Fwp-includes%2Fjs%2Fthickbox HTTP/2.0" 200 1 "-" "Mozilla/5.0 AppleWebKit/537.36 (KHTML, like Gecko; compatible; ClaudeBot/1.0; +claudebot@anthropic.com)"
216.73.216.119 - - [20/Oct/2025:15:16:53 +0300] "GET /product/prague-business-database?path=%2Fhome-ssd1%2Fbusines1%2Fpublic_html%2Fwp-content%2Flanguages%2Fplugins HTTP/2.0" 200 1 "-" "Mozilla/5.0 AppleWebKit/537.36 (KHTML, like Gecko; compatible; ClaudeBot/1.0; +claudebot@anthropic.com)"
216.73.216.119 - - [20/Oct/2025:15:16:53 +0300] "GET /database-city/vienna?fileloc=%2F%2Flib64%2Fpython3.6%2Flib2to3%2F__pycache__%2Fpygram.cpython-36.opt-2.pyc&path=%2F%2Flib64%2Fpython3.6%2Flib2to3%2F__pycache__ HTTP/2.0" 200 1 "-" "Mozilla/5.0 AppleWebKit/537.36 (KHTML, like Gecko; compatible; ClaudeBot/1.0; +claudebot@anthropic.com)"
20.171.207.138 - - [20/Oct/2025:15:16:53 +0300] "GET /upload/save_image/product/00/30/20/92/302092_1_360.jpg?path=//proc/1008992/root/proc/1008992/root/proc/1008992/task/1008992/root/proc/2227781/task/2227781/cwd/lib64/perl5/IO HTTP/2.0" 200 1 "-" "Mozilla/5.0 AppleWebKit/537.36 (KHTML, like Gecko; compatible; GPTBot/1.2; +https://openai.com/gptbot)"
216.73.216.119 - - [20/Oct/2025:15:16:53 +0300] "GET /shop?fileloc=%2Fhome-ssd1%2Fbusines1%2Fpublic_html%2Fwp-comments-post.php&path=%2Fhome-ssd1%2Fbusines1%2Fpublic_html HTTP/2.0" 200 1 "-" "Mozilla/5.0 AppleWebKit/537.36 (KHTML, like Gecko; compatible; ClaudeBot/1.0; +claudebot@anthropic.com)"
216.73.216.119 - - [20/Oct/2025:15:16:53 +0300] "GET /database-city/jyvaskyla/?fileloc=%2F%2Fusr%2Flib64%2Flibsecureio.so.0&path=%2F%2Fusr%2Flib64 HTTP/2.0" 200 1 "-" "Mozilla/5.0 AppleWebKit/537.36 (KHTML, like Gecko; compatible; ClaudeBot/1.0; +claudebot@anthropic.com)"
216.73.216.119 - - [20/Oct/2025:15:16:54 +0300] "GET /product/hungary-business-database?path=%2Fhome-ssd1%2Fbusines1%2Fpublic_html%2Fwp-content%2Fcache%2Fautoptimize HTTP/2.0" 200 1 "-" "Mozilla/5.0 AppleWebKit/537.36 (KHTML, like Gecko; compatible; ClaudeBot/1.0; +claudebot@anthropic.com)"
216.73.216.119 - - [20/Oct/2025:15:16:54 +0300] "GET /database-city/sao-paulo?fileloc=%2Fhome-ssd1%2Fbusines1%2Fpublic_html%2Fwp-includes%2Fblocks%2Faudio%2Fstyle.min.css&path=%2Fhome-ssd1%2Fbusines1%2Fpublic_html%2Fwp-includes%2Fblocks%2Faudio HTTP/2.0" 200 1 "-" "Mozilla/5.0 AppleWebKit/537.36 (KHTML, like Gecko; compatible; ClaudeBot/1.0; +claudebot@anthropic.com)"
216.73.216.119 - - [20/Oct/2025:15:16:54 +0300] "GET /database-city/sarpsborg-email-database/feed?fileloc=%2Fhome-ssd1%2Fbusines1%2Fwww%2Fwp-admin%2Fedit-link-form.php&path=%2Fhome-ssd1%2Fbusines1%2Fwww%2Fwp-admin HTTP/2.0" 200 1 "-" "Mozilla/5.0 AppleWebKit/537.36 (KHTML, like Gecko; compatible; ClaudeBot/1.0; +claudebot@anthropic.com)"
20.171.207.35 - - [20/Oct/2025:15:16:54 +0300] "GET /?path=//lib/modules/4.18.0-553.54.1.lve.el8.x86_64/kernel/drivers/crypto/qat/qat_4xxx HTTP/2.0" 200 1 "-" "Mozilla/5.0 AppleWebKit/537.36 (KHTML, like Gecko; compatible; GPTBot/1.2; +https://openai.com/gptbot)"
216.73.216.119 - - [20/Oct/2025:15:16:54 +0300] "GET /database-city/jyvaskyla/?fileloc=%2F%2Fusr%2Flib64%2Flibtevent.so.0&path=%2F%2Fusr%2Flib64 HTTP/2.0" 200 1 "-" "Mozilla/5.0 AppleWebKit/537.36 (KHTML, like Gecko; compatible; ClaudeBot/1.0; +claudebot@anthropic.com)"
216.73.216.119 - - [20/Oct/2025:15:16:54 +0300] "GET /database-city/united-kingtom-email-database?fileloc=%2Fhome-ssd1%2Fbusines1%2Fpublic_html%2Fwp-includes%2Fblocks%2Fspacer%2Feditor.css&path=%2Fhome-ssd1%2Fbusines1%2Fpublic_html%2Fwp-includes%2Fblocks%2Fspacer HTTP/2.0" 200 1 "-" "Mozilla/5.0 AppleWebKit/537.36 (KHTML, like Gecko; compatible; ClaudeBot/1.0; +claudebot@anthropic.com)"
216.73.216.119 - - [20/Oct/2025:15:16:54 +0300] "GET /database-city/jyvaskyla/?fileloc=%2F%2Fusr%2Flib64%2Flibyaz.so.5&path=%2F%2Fusr%2Flib64 HTTP/2.0" 200 1 "-" "Mozilla/5.0 AppleWebKit/537.36 (KHTML, like Gecko; compatible; ClaudeBot/1.0; +claudebot@anthropic.com)"
216.73.216.119 - - [20/Oct/2025:15:16:54 +0300] "GET /countries/belarus?fileloc=%2Fhome-ssd1%2Fbusines1%2Fpublic_html%2Fwp-includes%2Fblocks%2Fcomment-date%2Fstyle.min.css&path=%2Fhome-ssd1%2Fbusines1%2Fpublic_html%2Fwp-includes%2Fblocks%2Fcomment-date HTTP/2.0" 200 1 "-" "Mozilla/5.0 AppleWebKit/537.36 (KHTML, like Gecko; compatible; ClaudeBot/1.0; +claudebot@anthropic.com)"
216.73.216.119 - - [20/Oct/2025:15:16:54 +0300] "GET /et/wp-json/wp/v2/product/1382?fileloc=%2F%2Flib%2Frpm%2Fpythondeps.sh&path=%2F%2Flib%2Frpm HTTP/2.0" 200 1 "-" "Mozilla/5.0 AppleWebKit/537.36 (KHTML, like Gecko; compatible; ClaudeBot/1.0; +claudebot@anthropic.com)"
216.73.216.119 - - [20/Oct/2025:15:16:54 +0300] "GET /et/wp-json/wp/v2/product/1793?fileloc=%2F%2Flib64%2Fpython3.6%2Fsre_constants.py&path=%2F%2Flib64%2Fpython3.6 HTTP/2.0" 200 1 "-" "Mozilla/5.0 AppleWebKit/537.36 (KHTML, like Gecko; compatible; ClaudeBot/1.0; +claudebot@anthropic.com)"
216.73.216.119 - - [20/Oct/2025:15:16:55 +0300] "GET /database-city/vienna?fileloc=%2F%2Flib64%2Fpython3.6%2Flib2to3%2F__pycache__%2Fpygram.cpython-36.opt-1.pyc&path=%2F%2Flib64%2Fpython3.6%2Flib2to3%2F__pycache__ HTTP/2.0" 200 1 "-" "Mozilla/5.0 AppleWebKit/537.36 (KHTML, like Gecko; compatible; ClaudeBot/1.0; +claudebot@anthropic.com)"
216.73.216.119 - - [20/Oct/2025:15:16:55 +0300] "GET /et/andmebaas-linn/cordoba-e-mail-andmebaas?fileloc=%2F%2Flib64%2Fpython2.7%2Flib-tk%2FtkSimpleDialog.pyo&path=%2F%2Flib64%2Fpython2.7%2Flib-tk HTTP/2.0" 200 1 "-" "Mozilla/5.0 AppleWebKit/537.36 (KHTML, like Gecko; compatible; ClaudeBot/1.0; +claudebot@anthropic.com)"
66.249.68.36 - - [20/Oct/2025:15:16:55 +0300] "GET /items/1310138474 HTTP/1.1" 200 1 "-" "Mozilla/5.0 (Linux; Android 6.0.1; Nexus 5X Build/MMB29P) AppleWebKit/537.36 (KHTML, like Gecko) Chrome/140.0.7339.207 Mobile Safari/537.36 (compatible; Googlebot/2.1; +http://www.google.com/bot.html)"
216.73.216.119 - - [20/Oct/2025:15:16:55 +0300] "GET /et/Riigid/hiina?fileloc=%2Fhome-ssd1%2Fbusines1%2Fpublic_html%2Fwp-activate.php&path=%2Fhome-ssd1%2Fbusines1%2Fpublic_html HTTP/2.0" 200 1 "-" "Mozilla/5.0 AppleWebKit/537.36 (KHTML, like Gecko; compatible; ClaudeBot/1.0; +claudebot@anthropic.com)"
