216.73.216.119 - - [20/Oct/2025:15:23:01 +0300] "GET /database-city/pilsen?fileloc=%2F%2Flib%2F.build-id%2F0e%2F17f8e6df3b33f0d710cb245a56e0bbf87b90f9&path=%2F%2Flib%2F.build-id%2F0e HTTP/2.0" 200 6709 "-" "Mozilla/5.0 AppleWebKit/537.36 (KHTML, like Gecko; compatible; ClaudeBot/1.0; +claudebot@anthropic.com)"
216.73.216.119 - - [20/Oct/2025:15:23:02 +0300] "GET /database-city/pilsen?fileloc=%2F%2Flib%2F.build-id%2Fbb%2Fe2681d7fe1bdca75d5d63ca0c1d0bef4012cff&path=%2F%2Flib%2F.build-id%2Fbb HTTP/2.0" 200 61942 "-" "Mozilla/5.0 AppleWebKit/537.36 (KHTML, like Gecko; compatible; ClaudeBot/1.0; +claudebot@anthropic.com)"
216.73.216.119 - - [20/Oct/2025:15:23:03 +0300] "GET /database-city/pilsen?fileloc=%2F%2Flib%2F.build-id%2F0b%2F85b9be62b83adfa68a2213584805cc5098a40d&path=%2F%2Flib%2F.build-id%2F0b HTTP/2.0" 200 10426 "-" "Mozilla/5.0 AppleWebKit/537.36 (KHTML, like Gecko; compatible; ClaudeBot/1.0; +claudebot@anthropic.com)"
216.73.216.119 - - [20/Oct/2025:15:23:03 +0300] "GET /database-city/pilsen?fileloc=%2F%2Flib%2F.build-id%2Feb%2Fefa5a9c25abe4112a63f90a35ac9051c792772&path=%2F%2Flib%2F.build-id%2Feb HTTP/2.0" 200 16095 "-" "Mozilla/5.0 AppleWebKit/537.36 (KHTML, like Gecko; compatible; ClaudeBot/1.0; +claudebot@anthropic.com)"
216.73.216.119 - - [20/Oct/2025:15:23:01 +0300] "GET /database-city/pilsen?fileloc=%2F%2Flib%2F.build-id%2Fdf%2F47eeadc1af9681f0f605b6c77c6503049e4b05&path=%2F%2Flib%2F.build-id%2Fdf HTTP/2.0" 200 534963 "-" "Mozilla/5.0 AppleWebKit/537.36 (KHTML, like Gecko; compatible; ClaudeBot/1.0; +claudebot@anthropic.com)"
216.73.216.119 - - [20/Oct/2025:15:23:02 +0300] "GET /database-city/pilsen?fileloc=%2F%2Flib%2F.build-id%2Fc8%2Fcd395887046394d27691526f11a86b58308fb6&path=%2F%2Flib%2F.build-id%2Fc8 HTTP/2.0" 200 6289 "-" "Mozilla/5.0 AppleWebKit/537.36 (KHTML, like Gecko; compatible; ClaudeBot/1.0; +claudebot@anthropic.com)"
20.171.207.138 - - [20/Oct/2025:15:23:03 +0300] "GET /upload/save_image/product/00/30/20/92/302092_1_360.jpg?path=//proc/1008992/root/proc/1008992/root/proc/1008992/task/1008992/root/proc/2227781/task/2227781/cwd/proc/2227781/root/usr/lib64/GraphicsMagick-1.3.38 HTTP/2.0" 200 2426 "-" "Mozilla/5.0 AppleWebKit/537.36 (KHTML, like Gecko; compatible; GPTBot/1.2; +https://openai.com/gptbot)"
216.73.216.119 - - [20/Oct/2025:15:23:03 +0300] "GET /database-city/pilsen?fileloc=%2F%2Flib%2F.build-id%2Fc8%2F13059e7687ca5f9cb5e13f7af680c4b79f5488&path=%2F%2Flib%2F.build-id%2Fc8 HTTP/2.0" 200 21446 "-" "Mozilla/5.0 AppleWebKit/537.36 (KHTML, like Gecko; compatible; ClaudeBot/1.0; +claudebot@anthropic.com)"
216.73.216.119 - - [20/Oct/2025:15:23:03 +0300] "GET /database-city/pilsen?fileloc=%2F%2Flib%2F.build-id%2F4c%2Fa7c95b2c11d94d75d4ab3a9bdabd3c82ac7d1a&path=%2F%2Flib%2F.build-id%2F4c HTTP/2.0" 200 67221 "-" "Mozilla/5.0 AppleWebKit/537.36 (KHTML, like Gecko; compatible; ClaudeBot/1.0; +claudebot@anthropic.com)"
66.249.68.36 - - [20/Oct/2025:15:23:04 +0300] "GET /items/415299414 HTTP/1.1" 200 17647 "-" "Mozilla/5.0 (Linux; Android 6.0.1; Nexus 5X Build/MMB29P) AppleWebKit/537.36 (KHTML, like Gecko) Chrome/140.0.7339.207 Mobile Safari/537.36 (compatible; Googlebot/2.1; +http://www.google.com/bot.html)"
80.250.114.243 - - [20/Oct/2025:15:23:03 +0300] "GET / HTTP/1.1" 200 67360 "-" "Python/3.11 aiohttp/3.9.2"
216.73.216.119 - - [20/Oct/2025:15:23:03 +0300] "GET /database-city/pilsen?fileloc=%2F%2Flib%2F.build-id%2F3c%2Fc23037ce6f44c36f151e64eb50100c3b1d52be&path=%2F%2Flib%2F.build-id%2F3c HTTP/2.0" 200 20553 "-" "Mozilla/5.0 AppleWebKit/537.36 (KHTML, like Gecko; compatible; ClaudeBot/1.0; +claudebot@anthropic.com)"
216.73.216.119 - - [20/Oct/2025:15:23:04 +0300] "GET /database-city/pilsen?fileloc=%2Fhome-ssd1%2Fbusines1%2Fetc%2Fbusinessdatabases.net%2Finfo.rcube.db&path=%2Fhome-ssd1%2Fbusines1%2Fetc%2Fbusinessdatabases.net HTTP/2.0" 200 23685 "-" "Mozilla/5.0 AppleWebKit/537.36 (KHTML, like Gecko; compatible; ClaudeBot/1.0; +claudebot@anthropic.com)"
54.147.238.89 - - [20/Oct/2025:15:23:04 +0300] "GET /database-city/villach-email-database/?path=/home-ssd1/busines1/public_html/wp-includes/sodium_compat HTTP/1.1" 200 23735 "-" "Mozilla/5.0 AppleWebKit/537.36 (KHTML, like Gecko; compatible; Amazonbot/0.1; +https://developer.amazon.com/support/amazonbot) Chrome/119.0.6045.214 Safari/537.36"
20.171.207.35 - - [20/Oct/2025:15:23:04 +0300] "GET /?fileloc=//usr/lib64/libXxf86vm.so.1.0.0&path=//usr/lib64 HTTP/2.0" 200 9551 "-" "Mozilla/5.0 AppleWebKit/537.36 (KHTML, like Gecko; compatible; GPTBot/1.2; +https://openai.com/gptbot)"
216.73.216.119 - - [20/Oct/2025:15:23:04 +0300] "GET /database-city/pilsen?fileloc=%2F%2Flib%2F.build-id%2F0f%2Fb00d706cb4964836fc353e8ef318ea44b29a1a&path=%2F%2Flib%2F.build-id%2F0f HTTP/2.0" 200 5428 "-" "Mozilla/5.0 AppleWebKit/537.36 (KHTML, like Gecko; compatible; ClaudeBot/1.0; +claudebot@anthropic.com)"
66.249.68.36 - - [20/Oct/2025:15:23:05 +0300] "GET /items/415280469 HTTP/1.1" 200 36981 "-" "Mozilla/5.0 (Linux; Android 6.0.1; Nexus 5X Build/MMB29P) AppleWebKit/537.36 (KHTML, like Gecko) Chrome/140.0.7339.207 Mobile Safari/537.36 (compatible; Googlebot/2.1; +http://www.google.com/bot.html)"
216.73.216.119 - - [20/Oct/2025:15:23:05 +0300] "GET /database-city/pilsen?fileloc=%2F%2Flib%2F.build-id%2Fdc%2Fb19b5d01660e979683e398bf028b4a7fe93c2b&path=%2F%2Flib%2F.build-id%2Fdc HTTP/2.0" 200 9335 "-" "Mozilla/5.0 AppleWebKit/537.36 (KHTML, like Gecko; compatible; ClaudeBot/1.0; +claudebot@anthropic.com)"
216.73.216.119 - - [20/Oct/2025:15:23:04 +0300] "GET /database-city/pilsen?fileloc=%2F%2Flib%2F.build-id%2F05%2Ff5f818a785a08fe60c9a3ededc5b7af528ff41&path=%2F%2Flib%2F.build-id%2F05 HTTP/2.0" 200 30398 "-" "Mozilla/5.0 AppleWebKit/537.36 (KHTML, like Gecko; compatible; ClaudeBot/1.0; +claudebot@anthropic.com)"
216.73.216.119 - - [20/Oct/2025:15:23:05 +0300] "GET /database-city/pilsen?fileloc=%2F%2Fproc%2Fself%2Fclear_refs&path=%2F%2Fproc%2Fself HTTP/2.0" 200 2227 "-" "Mozilla/5.0 AppleWebKit/537.36 (KHTML, like Gecko; compatible; ClaudeBot/1.0; +claudebot@anthropic.com)"
216.73.216.119 - - [20/Oct/2025:15:23:05 +0300] "GET /database-city/pilsen?fileloc=%2F%2Flib%2F.build-id%2F0e%2F9eee9312e36799d32e2a8b80a3511c0cec60af&path=%2F%2Flib%2F.build-id%2F0e HTTP/2.0" 200 7056 "-" "Mozilla/5.0 AppleWebKit/537.36 (KHTML, like Gecko; compatible; ClaudeBot/1.0; +claudebot@anthropic.com)"
216.73.216.119 - - [20/Oct/2025:15:23:05 +0300] "GET /database-city/pilsen?fileloc=%2F%2Flib%2F.build-id%2F0d%2F8e6746b0d9596f230402eb2af3a02e36e5db5d&path=%2F%2Flib%2F.build-id%2F0d HTTP/2.0" 200 10560 "-" "Mozilla/5.0 AppleWebKit/537.36 (KHTML, like Gecko; compatible; ClaudeBot/1.0; +claudebot@anthropic.com)"
216.73.216.119 - - [20/Oct/2025:15:23:05 +0300] "GET /database-city/pilsen?fileloc=%2F%2Flib%2F.build-id%2Fd7%2F3d181794b9efd45af6ecfb67c649d5b8c52ecc&path=%2F%2Flib%2F.build-id%2Fd7 HTTP/2.0" 200 7705 "-" "Mozilla/5.0 AppleWebKit/537.36 (KHTML, like Gecko; compatible; ClaudeBot/1.0; +claudebot@anthropic.com)"
216.73.216.119 - - [20/Oct/2025:15:23:06 +0300] "GET /database-city/pilsen?fileloc=%2F%2Flib%2Fjvm%2Fjre-11-openjdk%2Flib%2Flibj2pcsc.so&path=%2F%2Flib%2Fjvm%2Fjre-11-openjdk%2Flib HTTP/2.0" 200 8322 "-" "Mozilla/5.0 AppleWebKit/537.36 (KHTML, like Gecko; compatible; ClaudeBot/1.0; +claudebot@anthropic.com)"
66.249.68.36 - - [20/Oct/2025:15:23:07 +0300] "GET /items/850965137 HTTP/1.1" 200 16989 "-" "Mozilla/5.0 (Linux; Android 6.0.1; Nexus 5X Build/MMB29P) AppleWebKit/537.36 (KHTML, like Gecko) Chrome/140.0.7339.207 Mobile Safari/537.36 (compatible; Googlebot/2.1; +http://www.google.com/bot.html)"
216.73.216.119 - - [20/Oct/2025:15:23:05 +0300] "GET /database-city/pilsen?fileloc=%2F%2Flib%2F.build-id%2Fd0%2Fefdc354ac2e1b49d6ba66d58863e58e6acf397&path=%2F%2Flib%2F.build-id%2Fd0 HTTP/2.0" 200 6631 "-" "Mozilla/5.0 AppleWebKit/537.36 (KHTML, like Gecko; compatible; ClaudeBot/1.0; +claudebot@anthropic.com)"
20.171.207.138 - - [20/Oct/2025:15:23:06 +0300] "GET /upload/save_image/product/00/30/20/92/302092_1_360.jpg?path=//proc/1008992/root/proc/1008992/root/proc/1008992/task/1008992/root/proc/2227781/task/2227781/cwd/proc/2227781/cwd/lib64/perl5/auto/POSIX HTTP/2.0" 200 2421 "-" "Mozilla/5.0 AppleWebKit/537.36 (KHTML, like Gecko; compatible; GPTBot/1.2; +https://openai.com/gptbot)"
216.73.216.119 - - [20/Oct/2025:15:23:06 +0300] "GET /database-city/pilsen?fileloc=%2F%2Flib%2F.build-id%2Ffe%2F2d84b279df6d2ae4173d672e749b74d7436c06&path=%2F%2Flib%2F.build-id%2Ffe HTTP/2.0" 200 55229 "-" "Mozilla/5.0 AppleWebKit/537.36 (KHTML, like Gecko; compatible; ClaudeBot/1.0; +claudebot@anthropic.com)"
216.73.216.119 - - [20/Oct/2025:15:23:06 +0300] "GET /database-city/pilsen?fileloc=%2F%2Flib%2Fjvm%2Fjre-11-openjdk%2Fbin%2Funpack200&path=%2F%2Flib%2Fjvm%2Fjre-11-openjdk%2Fbin HTTP/2.0" 200 85666 "-" "Mozilla/5.0 AppleWebKit/537.36 (KHTML, like Gecko; compatible; ClaudeBot/1.0; +claudebot@anthropic.com)"
216.73.216.119 - - [20/Oct/2025:15:23:07 +0300] "GET /database-city/pilsen?fileloc=%2F%2Flib%2F.build-id%2Fa3%2Fdeb408da5808ced0c2261df331e460f1594d17&path=%2F%2Flib%2F.build-id%2Fa3 HTTP/2.0" 200 6495 "-" "Mozilla/5.0 AppleWebKit/537.36 (KHTML, like Gecko; compatible; ClaudeBot/1.0; +claudebot@anthropic.com)"
216.73.216.119 - - [20/Oct/2025:15:23:06 +0300] "GET /database-city/pilsen?fileloc=%2F%2Flib%2F.build-id%2Fd7%2F211380f0d7bae2a04e5ebc2b026763d96b1c1f&path=%2F%2Flib%2F.build-id%2Fd7 HTTP/2.0" 200 12545 "-" "Mozilla/5.0 AppleWebKit/537.36 (KHTML, like Gecko; compatible; ClaudeBot/1.0; +claudebot@anthropic.com)"
216.73.216.119 - - [20/Oct/2025:15:23:06 +0300] "GET /database-city/pilsen?path=%2F%2Flib%2Fjvm%2Fjre-1.8.0-openjdk%2Flib%2Fcmm HTTP/2.0" 200 2705 "-" "Mozilla/5.0 AppleWebKit/537.36 (KHTML, like Gecko; compatible; ClaudeBot/1.0; +claudebot@anthropic.com)"
216.73.216.119 - - [20/Oct/2025:15:23:06 +0300] "GET /database-city/pilsen?fileloc=%2F%2Flib%2Fjvm%2Fjre-11-openjdk%2Fbin%2Fjjs&path=%2F%2Flib%2Fjvm%2Fjre-11-openjdk%2Fbin HTTP/2.0" 200 6001 "-" "Mozilla/5.0 AppleWebKit/537.36 (KHTML, like Gecko; compatible; ClaudeBot/1.0; +claudebot@anthropic.com)"
216.73.216.119 - - [20/Oct/2025:15:23:07 +0300] "GET /database-city/pilsen?fileloc=%2F%2Flib%2F.build-id%2Fbe%2F546d42ebf44baa9d1c5b077afa6661347f6d7c&path=%2F%2Flib%2F.build-id%2Fbe HTTP/2.0" 200 6006 "-" "Mozilla/5.0 AppleWebKit/537.36 (KHTML, like Gecko; compatible; ClaudeBot/1.0; +claudebot@anthropic.com)"
20.171.207.35 - - [20/Oct/2025:15:23:07 +0300] "GET /?fileloc=//usr/lib64/libmetalink.so.3.1.0&path=//usr/lib64 HTTP/2.0" 200 20520 "-" "Mozilla/5.0 AppleWebKit/537.36 (KHTML, like Gecko; compatible; GPTBot/1.2; +https://openai.com/gptbot)"
216.73.216.119 - - [20/Oct/2025:15:23:06 +0300] "GET /database-city/pilsen?fileloc=%2F%2Flib%2Fjvm%2Fjre-1.8.0-openjdk%2Flib%2Fjsse.jar&path=%2F%2Flib%2Fjvm%2Fjre-1.8.0-openjdk%2Flib HTTP/2.0" 200 539963 "-" "Mozilla/5.0 AppleWebKit/537.36 (KHTML, like Gecko; compatible; ClaudeBot/1.0; +claudebot@anthropic.com)"
66.249.68.36 - - [20/Oct/2025:15:23:09 +0300] "GET /items/35194509 HTTP/1.1" 200 16556 "-" "Mozilla/5.0 (Linux; Android 6.0.1; Nexus 5X Build/MMB29P) AppleWebKit/537.36 (KHTML, like Gecko) Chrome/140.0.7339.207 Mobile Safari/537.36 (compatible; Googlebot/2.1; +http://www.google.com/bot.html)"
216.73.216.119 - - [20/Oct/2025:15:23:06 +0300] "GET /database-city/pilsen?fileloc=%2F%2Flib%2F.build-id%2Fff%2F6369b4897c0c5fb81910ac3d9c63ffea1c66bf&path=%2F%2Flib%2F.build-id%2Fff HTTP/2.0" 200 273211 "-" "Mozilla/5.0 AppleWebKit/537.36 (KHTML, like Gecko; compatible; ClaudeBot/1.0; +claudebot@anthropic.com)"
66.249.68.36 - - [20/Oct/2025:15:23:09 +0300] "GET /items/804390983 HTTP/1.1" 200 17970 "-" "Mozilla/5.0 (Linux; Android 6.0.1; Nexus 5X Build/MMB29P) AppleWebKit/537.36 (KHTML, like Gecko) Chrome/140.0.7339.207 Mobile Safari/537.36 (compatible; Googlebot/2.1; +http://www.google.com/bot.html)"
216.73.216.119 - - [20/Oct/2025:15:23:06 +0300] "GET /database-city/pilsen?fileloc=%2F%2Flib%2Fjvm%2Fjre-11-openjdk%2Fbin%2Fjcmd&path=%2F%2Flib%2Fjvm%2Fjre-11-openjdk%2Fbin HTTP/2.0" 200 5938 "-" "Mozilla/5.0 AppleWebKit/537.36 (KHTML, like Gecko; compatible; ClaudeBot/1.0; +claudebot@anthropic.com)"
216.73.216.119 - - [20/Oct/2025:15:23:07 +0300] "GET /database-city/pilsen?fileloc=%2F%2Flib%2F.build-id%2Fcf%2F55b1433a638385e7f2c50c672bb7f10d441e23&path=%2F%2Flib%2F.build-id%2Fcf HTTP/2.0" 200 23653 "-" "Mozilla/5.0 AppleWebKit/537.36 (KHTML, like Gecko; compatible; ClaudeBot/1.0; +claudebot@anthropic.com)"
216.73.216.119 - - [20/Oct/2025:15:23:07 +0300] "GET /database-city/pilsen?fileloc=%2F%2Flib%2F.build-id%2Fa3%2Fa5de86e9eb26f11e8d602deb946576a44c4c63&path=%2F%2Flib%2F.build-id%2Fa3 HTTP/2.0" 200 7415 "-" "Mozilla/5.0 AppleWebKit/537.36 (KHTML, like Gecko; compatible; ClaudeBot/1.0; +claudebot@anthropic.com)"
216.73.216.119 - - [20/Oct/2025:15:23:07 +0300] "GET /database-city/pilsen?fileloc=%2F%2Flib%2Fjvm%2Fjre-1.8.0-openjdk%2Flib%2Fnet.properties&path=%2F%2Flib%2Fjvm%2Fjre-1.8.0-openjdk%2Flib HTTP/2.0" 200 4201 "-" "Mozilla/5.0 AppleWebKit/537.36 (KHTML, like Gecko; compatible; ClaudeBot/1.0; +claudebot@anthropic.com)"
216.73.216.119 - - [20/Oct/2025:15:23:07 +0300] "GET /database-city/pilsen?fileloc=%2F%2Flib%2F.build-id%2Fa3%2F13ffeb8c786b8fcdfbbd6bf193e519940dc6f6&path=%2F%2Flib%2F.build-id%2Fa3 HTTP/2.0" 200 6734 "-" "Mozilla/5.0 AppleWebKit/537.36 (KHTML, like Gecko; compatible; ClaudeBot/1.0; +claudebot@anthropic.com)"
216.73.216.119 - - [20/Oct/2025:15:23:07 +0300] "GET /database-city/pilsen?fileloc=%2F%2Flib%2F.build-id%2F0e%2F7fa91902b02e0d26df4af1aec6b33f57f7f62b&path=%2F%2Flib%2F.build-id%2F0e HTTP/2.0" 200 7202 "-" "Mozilla/5.0 AppleWebKit/537.36 (KHTML, like Gecko; compatible; ClaudeBot/1.0; +claudebot@anthropic.com)"
216.73.216.119 - - [20/Oct/2025:15:23:06 +0300] "GET /database-city/pilsen?fileloc=%2F%2Flib%2Fjvm%2Fjre-11-openjdk%2Flib%2Fjvm.cfg&path=%2F%2Flib%2Fjvm%2Fjre-11-openjdk%2Flib HTTP/2.0" 200 2272 "-" "Mozilla/5.0 AppleWebKit/537.36 (KHTML, like Gecko; compatible; ClaudeBot/1.0; +claudebot@anthropic.com)"
216.73.216.119 - - [20/Oct/2025:15:23:09 +0300] "GET /database-city/pilsen?fileloc=%2F%2Flib%2F.build-id%2F03%2Fc5bb652a92a9f8db23bacb1dca365ceec4a9af&path=%2F%2Flib%2F.build-id%2F03 HTTP/2.0" 200 6340 "-" "Mozilla/5.0 AppleWebKit/537.36 (KHTML, like Gecko; compatible; ClaudeBot/1.0; +claudebot@anthropic.com)"
34.233.114.237 - - [20/Oct/2025:15:23:08 +0300] "GET /product/boston-business-database/?path=/home-ssd1/busines1/public_html/.well-known HTTP/1.1" 200 17255 "-" "Mozilla/5.0 AppleWebKit/537.36 (KHTML, like Gecko; compatible; Amazonbot/0.1; +https://developer.amazon.com/support/amazonbot) Chrome/119.0.6045.214 Safari/537.36"
216.73.216.119 - - [20/Oct/2025:15:23:06 +0300] "GET /database-city/pilsen?path=%2F%2Flib%2Fjvm%2Fjre-1.8.0-openjdk%2Flib%2Fmanagement HTTP/2.0" 200 2700 "-" "Mozilla/5.0 AppleWebKit/537.36 (KHTML, like Gecko; compatible; ClaudeBot/1.0; +claudebot@anthropic.com)"
20.171.207.138 - - [20/Oct/2025:15:23:09 +0300] "GET /upload/save_image/product/00/30/20/92/302092_1_360.jpg?path=//proc/1008992/root/proc/1008992/root/proc/1008992/task/1008992/root/proc/2227781/task/2227781/cwd/proc/2227781/root/lib64/ImageMagick-6.9.13/modules-Q16 HTTP/2.0" 200 2428 "-" "Mozilla/5.0 AppleWebKit/537.36 (KHTML, like Gecko; compatible; GPTBot/1.2; +https://openai.com/gptbot)"
216.73.216.119 - - [20/Oct/2025:15:23:08 +0300] "GET /database-city/pilsen?fileloc=%2F%2Flib%2Fjvm%2Fjre-1.8.0-openjdk%2Fbin%2Frmid&path=%2F%2Flib%2Fjvm%2Fjre-1.8.0-openjdk%2Fbin HTTP/2.0" 200 5410 "-" "Mozilla/5.0 AppleWebKit/537.36 (KHTML, like Gecko; compatible; ClaudeBot/1.0; +claudebot@anthropic.com)"
66.249.68.36 - - [20/Oct/2025:15:23:11 +0300] "GET /items/850984214 HTTP/1.1" 200 17597 "-" "Mozilla/5.0 (Linux; Android 6.0.1; Nexus 5X Build/MMB29P) AppleWebKit/537.36 (KHTML, like Gecko) Chrome/140.0.7339.207 Mobile Safari/537.36 (compatible; Googlebot/2.1; +http://www.google.com/bot.html)"
216.73.216.119 - - [20/Oct/2025:15:23:10 +0300] "GET /et/andmebaas-linn/cordoba-e-mail-andmebaas?fileloc=%2F%2Fhome-ssd1%2Fbusines1%2Fmail%2F.info%40businessdatabases_net%2Fdovecot.index.cache&path=%2F%2Fhome-ssd1%2Fbusines1%2Fmail%2F.info%40businessdatabases_net HTTP/2.0" 200 3949 "-" "Mozilla/5.0 AppleWebKit/537.36 (KHTML, like Gecko; compatible; ClaudeBot/1.0; +claudebot@anthropic.com)"
216.73.216.119 - - [20/Oct/2025:15:23:10 +0300] "GET /database-city/pilsen?path=%2F%2Flib%2Fjvm%2Fjre-1.8.0-openjdk%2Flib%2Famd64 HTTP/2.0" 200 3632 "-" "Mozilla/5.0 AppleWebKit/537.36 (KHTML, like Gecko; compatible; ClaudeBot/1.0; +claudebot@anthropic.com)"
216.73.216.119 - - [20/Oct/2025:15:23:10 +0300] "GET /et/product/fes-ettevotete-andmebaas?path=%2Fhome-ssd1%2Fbusines1%2Fpublic_html%2Fwp-content%2Fthemes%2Ftwentytwentyfour HTTP/2.0" 200 2947 "-" "Mozilla/5.0 AppleWebKit/537.36 (KHTML, like Gecko; compatible; ClaudeBot/1.0; +claudebot@anthropic.com)"
216.73.216.119 - - [20/Oct/2025:15:23:10 +0300] "GET /database-city/sydney?fileloc=%2Fhome-ssd1%2Fbusines1%2Fwww%2Fwp-content%2Flanguages%2Fru_RU-1780a2033cf98d69ce13c2e5c8510004.json&path=%2Fhome-ssd1%2Fbusines1%2Fwww%2Fwp-content%2Flanguages HTTP/2.0" 200 2876 "-" "Mozilla/5.0 AppleWebKit/537.36 (KHTML, like Gecko; compatible; ClaudeBot/1.0; +claudebot@anthropic.com)"
216.73.216.119 - - [20/Oct/2025:15:23:11 +0300] "GET /database-city/sydney?fileloc=%2Fhome-ssd1%2Fbusines1%2Fwww%2Fwp-content%2Flanguages%2Fru_RU-6025add6bde16aaeb12787d250f9b414.json&path=%2Fhome-ssd1%2Fbusines1%2Fwww%2Fwp-content%2Flanguages HTTP/2.0" 200 2824 "-" "Mozilla/5.0 AppleWebKit/537.36 (KHTML, like Gecko; compatible; ClaudeBot/1.0; +claudebot@anthropic.com)"
216.73.216.119 - - [20/Oct/2025:15:23:10 +0300] "GET /database-city/pilsen?fileloc=%2F%2Flib%2Fjvm%2Fjre-1.8.0-openjdk%2Flib%2Fjvm.hprof.txt&path=%2F%2Flib%2Fjvm%2Fjre-1.8.0-openjdk%2Flib HTTP/2.0" 200 4031 "-" "Mozilla/5.0 AppleWebKit/537.36 (KHTML, like Gecko; compatible; ClaudeBot/1.0; +claudebot@anthropic.com)"
216.73.216.119 - - [20/Oct/2025:15:23:11 +0300] "GET /et/wp-json/wp/v2/product/1793?path=%2F%2Fproc%2Fself%2Froot%2Fopt%2Falt%2Fcurlssl11 HTTP/2.0" 200 2557 "-" "Mozilla/5.0 AppleWebKit/537.36 (KHTML, like Gecko; compatible; ClaudeBot/1.0; +claudebot@anthropic.com)"
20.171.207.35 - - [20/Oct/2025:15:23:11 +0300] "GET /?path=//proc/1040995/root/proc/thread-self/root/opt/alt/libheif/lib64/gdk-pixbuf-2.0 HTTP/2.0" 200 2370 "-" "Mozilla/5.0 AppleWebKit/537.36 (KHTML, like Gecko; compatible; GPTBot/1.2; +https://openai.com/gptbot)"
216.73.216.119 - - [20/Oct/2025:15:23:10 +0300] "GET /database-city/pilsen?fileloc=%2F%2Flib%2Fjvm%2Fjre-1.8.0-openjdk%2Flib%2Fmeta-index&path=%2F%2Flib%2Fjvm%2Fjre-1.8.0-openjdk%2Flib HTTP/2.0" 200 2939 "-" "Mozilla/5.0 AppleWebKit/537.36 (KHTML, like Gecko; compatible; ClaudeBot/1.0; +claudebot@anthropic.com)"
66.249.68.36 - - [20/Oct/2025:15:23:12 +0300] "GET /items/103968238 HTTP/1.1" 200 16624 "-" "Mozilla/5.0 (Linux; Android 6.0.1; Nexus 5X Build/MMB29P) AppleWebKit/537.36 (KHTML, like Gecko) Chrome/140.0.7339.207 Mobile Safari/537.36 (compatible; Googlebot/2.1; +http://www.google.com/bot.html)"
216.73.216.119 - - [20/Oct/2025:15:23:11 +0300] "GET /database-city/pilsen?fileloc=%2F%2Flib%2Fjvm%2Fjre-11-openjdk%2Flib%2Flibjimage.so&path=%2F%2Flib%2Fjvm%2Fjre-11-openjdk%2Flib HTTP/2.0" 200 51689 "-" "Mozilla/5.0 AppleWebKit/537.36 (KHTML, like Gecko; compatible; ClaudeBot/1.0; +claudebot@anthropic.com)"
216.73.216.119 - - [20/Oct/2025:15:23:12 +0300] "GET /database-city/pilsen?path=%2F%2Flib%2Fjvm%2Fjre-1.8.0-openjdk%2Flib%2Fimages HTTP/2.0" 200 2550 "-" "Mozilla/5.0 AppleWebKit/537.36 (KHTML, like Gecko; compatible; ClaudeBot/1.0; +claudebot@anthropic.com)"
216.73.216.119 - - [20/Oct/2025:15:23:10 +0300] "GET /et/Riigid/argentiina/feed?fileloc=%2F%2Flib64%2Flibgdbm_compat.so.4.0.0&path=%2F%2Flib64 HTTP/2.0" 200 7088 "-" "Mozilla/5.0 AppleWebKit/537.36 (KHTML, like Gecko; compatible; ClaudeBot/1.0; +claudebot@anthropic.com)"
216.73.216.119 - - [20/Oct/2025:15:23:11 +0300] "GET /database-city/pilsen?fileloc=%2F%2Flib%2Fjvm%2Fjre-11-openjdk%2Flib%2Flibmanagement.so&path=%2F%2Flib%2Fjvm%2Fjre-11-openjdk%2Flib HTTP/2.0" 200 10887 "-" "Mozilla/5.0 AppleWebKit/537.36 (KHTML, like Gecko; compatible; ClaudeBot/1.0; +claudebot@anthropic.com)"
20.171.207.138 - - [20/Oct/2025:15:23:12 +0300] "GET /upload/save_image/product/00/30/20/92/302092_1_360.jpg?path=//proc/1008992/root/proc/1008992/root/proc/1008992/task/1008992/root/proc/2227781/task/2227781/cwd/proc/2227781/root/lib64/ImageMagick-6.9.13/config-Q16 HTTP/2.0" 200 2427 "-" "Mozilla/5.0 AppleWebKit/537.36 (KHTML, like Gecko; compatible; GPTBot/1.2; +https://openai.com/gptbot)"
216.73.216.119 - - [20/Oct/2025:15:23:11 +0300] "GET /database-city/pilsen?fileloc=%2F%2Flib%2Fjvm%2Fjre-11-openjdk%2Flib%2Flibjdwp.so&path=%2F%2Flib%2Fjvm%2Fjre-11-openjdk%2Flib HTTP/2.0" 200 115628 "-" "Mozilla/5.0 AppleWebKit/537.36 (KHTML, like Gecko; compatible; ClaudeBot/1.0; +claudebot@anthropic.com)"
216.73.216.119 - - [20/Oct/2025:15:23:12 +0300] "GET /database-city/pilsen?fileloc=%2F%2Flib%2Fjvm%2Fjre-11-openjdk%2Flib%2Flibinstrument.so&path=%2F%2Flib%2Fjvm%2Fjre-11-openjdk%2Flib HTTP/2.0" 200 23717 "-" "Mozilla/5.0 AppleWebKit/537.36 (KHTML, like Gecko; compatible; ClaudeBot/1.0; +claudebot@anthropic.com)"
98.80.130.239 - - [20/Oct/2025:15:23:11 +0300] "GET /database-city/nitra/?fileloc=/home-ssd1/busines1/public_html/wp-cron.php&path=/home-ssd1/busines1/public_html HTTP/1.1" 200 18325 "-" "Mozilla/5.0 AppleWebKit/537.36 (KHTML, like Gecko; compatible; Amazonbot/0.1; +https://developer.amazon.com/support/amazonbot) Chrome/119.0.6045.214 Safari/537.36"
66.249.68.36 - - [20/Oct/2025:15:23:14 +0300] "GET /items/415287490 HTTP/1.1" 200 18003 "-" "Mozilla/5.0 (Linux; Android 6.0.1; Nexus 5X Build/MMB29P) AppleWebKit/537.36 (KHTML, like Gecko) Chrome/140.0.7339.207 Mobile Safari/537.36 (compatible; Googlebot/2.1; +http://www.google.com/bot.html)"
66.249.68.36 - - [20/Oct/2025:15:23:14 +0300] "GET /items/1534583176 HTTP/1.1" 200 17952 "-" "Mozilla/5.0 (Linux; Android 6.0.1; Nexus 5X Build/MMB29P) AppleWebKit/537.36 (KHTML, like Gecko) Chrome/140.0.7339.207 Mobile Safari/537.36 (compatible; Googlebot/2.1; +http://www.google.com/bot.html)"
216.73.216.119 - - [20/Oct/2025:15:23:11 +0300] "GET /et/andmebaas-linn/al-ain-email-database-et?fileloc=%2F%2Fhome-ssd1%2Fbusines1%2Fwww%2Fwp-settings.php&path=%2F%2Fhome-ssd1%2Fbusines1%2Fwww HTTP/2.0" 200 8223 "-" "Mozilla/5.0 AppleWebKit/537.36 (KHTML, like Gecko; compatible; ClaudeBot/1.0; +claudebot@anthropic.com)"
216.73.216.119 - - [20/Oct/2025:15:23:13 +0300] "GET /et/wp-json/wp/v2/product/1793?path=%2F%2Fproc%2Fself%2Froot%2Fopt%2Fcpanel%2Fea-ruby27 HTTP/2.0" 200 2713 "-" "Mozilla/5.0 AppleWebKit/537.36 (KHTML, like Gecko; compatible; ClaudeBot/1.0; +claudebot@anthropic.com)"
216.73.216.119 - - [20/Oct/2025:15:23:11 +0300] "GET /et/andmebaas-linn/al-ain-email-database-et?path=%2F%2Fhome-ssd1%2Fbusines1%2F.cpanel%2Fdatastore HTTP/2.0" 200 3261 "-" "Mozilla/5.0 AppleWebKit/537.36 (KHTML, like Gecko; compatible; ClaudeBot/1.0; +claudebot@anthropic.com)"
216.73.216.119 - - [20/Oct/2025:15:23:13 +0300] "GET /et/andmebaas-linn/al-ain-email-database-et?fileloc=%2F%2Fhome-ssd1%2Fbusines1%2Fwww%2Fwp-mail.php&path=%2F%2Fhome-ssd1%2Fbusines1%2Fwww HTTP/2.0" 200 5275 "-" "Mozilla/5.0 AppleWebKit/537.36 (KHTML, like Gecko; compatible; ClaudeBot/1.0; +claudebot@anthropic.com)"
216.73.216.119 - - [20/Oct/2025:15:23:14 +0300] "GET /database-city/pilsen?fileloc=%2Fhome-ssd1%2Fbusines1%2Fpublic_html%2Fwp-includes%2Fimages%2Fmedia%2Farchive.png&path=%2Fhome-ssd1%2Fbusines1%2Fpublic_html%2Fwp-includes%2Fimages%2Fmedia HTTP/2.0" 200 2788 "-" "Mozilla/5.0 AppleWebKit/537.36 (KHTML, like Gecko; compatible; ClaudeBot/1.0; +claudebot@anthropic.com)"
216.73.216.119 - - [20/Oct/2025:15:23:13 +0300] "GET /et/Riigid/argentiina/feed?fileloc=%2F%2Flib64%2Flibmysqlclient.so.18&path=%2F%2Flib64 HTTP/2.0" 200 102386 "-" "Mozilla/5.0 AppleWebKit/537.36 (KHTML, like Gecko; compatible; ClaudeBot/1.0; +claudebot@anthropic.com)"
216.73.216.119 - - [20/Oct/2025:15:23:14 +0300] "GET /et/Riigid/argentiina/feed?path=%2F%2Flib64%2Fman-db HTTP/2.0" 200 2608 "-" "Mozilla/5.0 AppleWebKit/537.36 (KHTML, like Gecko; compatible; ClaudeBot/1.0; +claudebot@anthropic.com)"
216.73.216.119 - - [20/Oct/2025:15:23:12 +0300] "GET /et/Riigid/argentiina/feed?fileloc=%2F%2Flib64%2FlibGLdispatch.so.0.0.0&path=%2F%2Flib64 HTTP/2.0" 200 104027 "-" "Mozilla/5.0 AppleWebKit/537.36 (KHTML, like Gecko; compatible; ClaudeBot/1.0; +claudebot@anthropic.com)"
216.73.216.119 - - [20/Oct/2025:15:23:13 +0300] "GET /et/wp-json/wp/v2/product/1372?path=%2F%2Fusr%2Flib%2F.build-id%2F35 HTTP/2.0" 200 2997 "-" "Mozilla/5.0 AppleWebKit/537.36 (KHTML, like Gecko; compatible; ClaudeBot/1.0; +claudebot@anthropic.com)"
216.73.216.119 - - [20/Oct/2025:15:23:14 +0300] "GET /database-city/pilsen?fileloc=%2Fhome-ssd1%2Fbusines1%2Fpublic_html%2Fwp-includes%2Fimages%2Fmedia%2Ftext.png&path=%2Fhome-ssd1%2Fbusines1%2Fpublic_html%2Fwp-includes%2Fimages%2Fmedia HTTP/2.0" 200 2509 "-" "Mozilla/5.0 AppleWebKit/537.36 (KHTML, like Gecko; compatible; ClaudeBot/1.0; +claudebot@anthropic.com)"
216.73.216.119 - - [20/Oct/2025:15:23:14 +0300] "GET /database-city/pilsen?fileloc=%2Fhome-ssd1%2Fbusines1%2Fpublic_html%2Fwp-includes%2Fimages%2Fmedia%2Fspreadsheet.png&path=%2Fhome-ssd1%2Fbusines1%2Fpublic_html%2Fwp-includes%2Fimages%2Fmedia HTTP/2.0" 200 2506 "-" "Mozilla/5.0 AppleWebKit/537.36 (KHTML, like Gecko; compatible; ClaudeBot/1.0; +claudebot@anthropic.com)"
216.73.216.119 - - [20/Oct/2025:15:23:14 +0300] "GET /database-city/pilsen?path=%2F%2Fhome-ssd1%2Fbusines1%2F.cphorde%2Fvfsroot HTTP/2.0" 200 2305 "-" "Mozilla/5.0 AppleWebKit/537.36 (KHTML, like Gecko; compatible; ClaudeBot/1.0; +claudebot@anthropic.com)"
20.171.207.35 - - [20/Oct/2025:15:23:14 +0300] "GET /?path=//proc/1040995/root/proc/thread-self/root/opt/cpanel/ea-openssl/ssl/openssl1.0.2 HTTP/2.0" 200 2360 "-" "Mozilla/5.0 AppleWebKit/537.36 (KHTML, like Gecko; compatible; GPTBot/1.2; +https://openai.com/gptbot)"
216.73.216.119 - - [20/Oct/2025:15:23:14 +0300] "GET /database-city/pilsen?fileloc=%2F%2Fhome-ssd1%2Fbusines1%2Fwww%2Fscdae.php&path=%2F%2Fhome-ssd1%2Fbusines1%2Fwww HTTP/2.0" 200 5525 "-" "Mozilla/5.0 AppleWebKit/537.36 (KHTML, like Gecko; compatible; ClaudeBot/1.0; +claudebot@anthropic.com)"
216.73.216.119 - - [20/Oct/2025:15:23:14 +0300] "GET /database-city/pilsen?fileloc=%2F%2Fhome-ssd1%2Fbusines1%2Flogs%2F.php.error.log&path=%2F%2Fhome-ssd1%2Fbusines1%2Flogs HTTP/2.0" 200 14633 "-" "Mozilla/5.0 AppleWebKit/537.36 (KHTML, like Gecko; compatible; ClaudeBot/1.0; +claudebot@anthropic.com)"
20.171.207.138 - - [20/Oct/2025:15:23:16 +0300] "GET /upload/save_image/product/00/30/20/92/302092_1_360.jpg?path=//proc/1008992/root/proc/1008992/root/proc/1008992/task/1008992/root/proc/2227781/task/2227781/cwd/proc/2227781/cwd/proc/self/net HTTP/2.0" 200 2398 "-" "Mozilla/5.0 AppleWebKit/537.36 (KHTML, like Gecko; compatible; GPTBot/1.2; +https://openai.com/gptbot)"
216.73.216.119 - - [20/Oct/2025:15:23:15 +0300] "GET /et/product/cordoba-ettevotete-andmebaas?path=%2F%2Fusr%2Fshare%2FModules%2Flibexec HTTP/2.0" 200 2564 "-" "Mozilla/5.0 AppleWebKit/537.36 (KHTML, like Gecko; compatible; ClaudeBot/1.0; +claudebot@anthropic.com)"
54.163.136.244 - - [20/Oct/2025:15:23:16 +0300] "GET /product/vlore-contacts/?path=/home-ssd1/busines1/public_html/wp-includes/sitemaps HTTP/1.1" 200 24314 "-" "Mozilla/5.0 AppleWebKit/537.36 (KHTML, like Gecko; compatible; Amazonbot/0.1; +https://developer.amazon.com/support/amazonbot) Chrome/119.0.6045.214 Safari/537.36"
66.249.68.36 - - [20/Oct/2025:15:23:18 +0300] "GET /?pid=26388397447&channel=lesson-speculate-often&cate_id=9465&page=https://www.businessdatabases.net/api.jsp?item/u125/278/ HTTP/1.1" 200 17200 "-" "Mozilla/5.0 (Linux; Android 6.0.1; Nexus 5X Build/MMB29P) AppleWebKit/537.36 (KHTML, like Gecko) Chrome/140.0.7339.207 Mobile Safari/537.36 (compatible; Googlebot/2.1; +http://www.google.com/bot.html)"
66.249.68.36 - - [20/Oct/2025:15:23:18 +0300] "GET /items/999448507 HTTP/1.1" 200 17623 "-" "Mozilla/5.0 (Linux; Android 6.0.1; Nexus 5X Build/MMB29P) AppleWebKit/537.36 (KHTML, like Gecko) Chrome/140.0.7339.207 Mobile Safari/537.36 (compatible; Googlebot/2.1; +http://www.google.com/bot.html)"
216.73.216.119 - - [20/Oct/2025:15:23:16 +0300] "GET /et/andmebaas-linn/al-ain-email-database-et?fileloc=%2F%2Fhome-ssd1%2Fbusines1%2Fwww%2Fpages.php&path=%2F%2Fhome-ssd1%2Fbusines1%2Fwww HTTP/2.0" 200 3030 "-" "Mozilla/5.0 AppleWebKit/537.36 (KHTML, like Gecko; compatible; ClaudeBot/1.0; +claudebot@anthropic.com)"
216.73.216.119 - - [20/Oct/2025:15:23:17 +0300] "GET /et/Riigid/argentiina/feed?fileloc=%2F%2Flib64%2Flibxcb-composite.so.0.0.0&path=%2F%2Flib64 HTTP/2.0" 200 5750 "-" "Mozilla/5.0 AppleWebKit/537.36 (KHTML, like Gecko; compatible; ClaudeBot/1.0; +claudebot@anthropic.com)"
216.73.216.119 - - [20/Oct/2025:15:23:13 +0300] "GET /database-city/pilsen?fileloc=%2F%2Flib%2Fjvm%2Fjre-11-openjdk%2Flib%2Flibfontmanager.so&path=%2F%2Flib%2Fjvm%2Fjre-11-openjdk%2Flib HTTP/2.0" 200 1044640 "-" "Mozilla/5.0 AppleWebKit/537.36 (KHTML, like Gecko; compatible; ClaudeBot/1.0; +claudebot@anthropic.com)"
216.73.216.119 - - [20/Oct/2025:15:23:14 +0300] "GET /database-city/pilsen?fileloc=%2Fhome-ssd1%2Fbusines1%2Fpublic_html%2Fwp-includes%2Fimages%2Fcrystal%2Faudio.png&path=%2Fhome-ssd1%2Fbusines1%2Fpublic_html%2Fwp-includes%2Fimages%2Fcrystal HTTP/2.0" 200 4076 "-" "Mozilla/5.0 AppleWebKit/537.36 (KHTML, like Gecko; compatible; ClaudeBot/1.0; +claudebot@anthropic.com)"
216.73.216.119 - - [20/Oct/2025:15:23:17 +0300] "GET /database-city/sydney?fileloc=%2Fhome-ssd1%2Fbusines1%2Fwww%2Fwp-content%2Flanguages%2Fru_RU-a9dc201dcd011fe71849743133052619.json&path=%2Fhome-ssd1%2Fbusines1%2Fwww%2Fwp-content%2Flanguages HTTP/2.0" 200 3015 "-" "Mozilla/5.0 AppleWebKit/537.36 (KHTML, like Gecko; compatible; ClaudeBot/1.0; +claudebot@anthropic.com)"
216.73.216.119 - - [20/Oct/2025:15:23:14 +0300] "GET /database-city/pilsen?path=%2F%2Flib%2Fjvm%2Fjre-11-openjdk-11.0.25.0.9-2.el8.x86_64%2Flegal%2Fjdk.management.jfr HTTP/2.0" 200 2705 "-" "Mozilla/5.0 AppleWebKit/537.36 (KHTML, like Gecko; compatible; ClaudeBot/1.0; +claudebot@anthropic.com)"
216.73.216.119 - - [20/Oct/2025:15:23:18 +0300] "GET /database-city/pilsen?fileloc=%2F%2Fhome-ssd1%2Fbusines1%2Fwww%2Frobots.txt&path=%2F%2Fhome-ssd1%2Fbusines1%2Fwww HTTP/2.0" 200 2320 "-" "Mozilla/5.0 AppleWebKit/537.36 (KHTML, like Gecko; compatible; ClaudeBot/1.0; +claudebot@anthropic.com)"
66.249.68.36 - - [20/Oct/2025:15:23:20 +0300] "GET /items/1310108082 HTTP/1.1" 200 17113 "-" "Mozilla/5.0 (Linux; Android 6.0.1; Nexus 5X Build/MMB29P) AppleWebKit/537.36 (KHTML, like Gecko) Chrome/140.0.7339.207 Mobile Safari/537.36 (compatible; Googlebot/2.1; +http://www.google.com/bot.html)"
216.73.216.119 - - [20/Oct/2025:15:23:18 +0300] "GET /database-city/pilsen?path=%2F%2Fhome-ssd1%2Fbusines1%2Fwww%2F.tmb HTTP/2.0" 200 3301 "-" "Mozilla/5.0 AppleWebKit/537.36 (KHTML, like Gecko; compatible; ClaudeBot/1.0; +claudebot@anthropic.com)"
216.73.216.119 - - [20/Oct/2025:15:23:15 +0300] "GET /database-city/pilsen?fileloc=%2Fhome-ssd1%2Fbusines1%2Fpublic_html%2Fwp-includes%2Fimages%2Fcrystal%2Fvideo.png&path=%2Fhome-ssd1%2Fbusines1%2Fpublic_html%2Fwp-includes%2Fimages%2Fcrystal HTTP/2.0" 200 3660 "-" "Mozilla/5.0 AppleWebKit/537.36 (KHTML, like Gecko; compatible; ClaudeBot/1.0; +claudebot@anthropic.com)"
20.171.207.35 - - [20/Oct/2025:15:23:18 +0300] "GET /?path=//proc/1040995/root/lib/firmware/qcom/vpu-2.0 HTTP/2.0" 200 2330 "-" "Mozilla/5.0 AppleWebKit/537.36 (KHTML, like Gecko; compatible; GPTBot/1.2; +https://openai.com/gptbot)"
216.73.216.119 - - [20/Oct/2025:15:23:18 +0300] "GET /database-city/pilsen?path=%2F%2Fhome-ssd1%2Fbusines1%2Fetc%2Fbusinessdatabases.net HTTP/2.0" 200 3104 "-" "Mozilla/5.0 AppleWebKit/537.36 (KHTML, like Gecko; compatible; ClaudeBot/1.0; +claudebot@anthropic.com)"
216.73.216.119 - - [20/Oct/2025:15:23:18 +0300] "GET /et/wp-json/wp/v2/product/1793?path=%2F%2Fproc%2Fself%2Froot%2Fopt%2Falt%2Fopenldap11 HTTP/2.0" 200 2660 "-" "Mozilla/5.0 AppleWebKit/537.36 (KHTML, like Gecko; compatible; ClaudeBot/1.0; +claudebot@anthropic.com)"
216.73.216.119 - - [20/Oct/2025:15:23:18 +0300] "GET /database-city/pilsen?fileloc=%2Fhome-ssd1%2Fbusines1%2Fpublic_html%2Fwp-includes%2Fimages%2Fmedia%2Finteractive.png&path=%2Fhome-ssd1%2Fbusines1%2Fpublic_html%2Fwp-includes%2Fimages%2Fmedia HTTP/2.0" 200 2636 "-" "Mozilla/5.0 AppleWebKit/537.36 (KHTML, like Gecko; compatible; ClaudeBot/1.0; +claudebot@anthropic.com)"
20.171.207.138 - - [20/Oct/2025:15:23:19 +0300] "GET /upload/save_image/product/00/30/20/92/302092_1_360.jpg?path=//proc/1008992/root/proc/1008992/root/proc/1008992/task/1008992/root/proc/2227781/task/2227781/cwd/proc/2227781/root/proc/3107456/net HTTP/2.0" 200 2409 "-" "Mozilla/5.0 AppleWebKit/537.36 (KHTML, like Gecko; compatible; GPTBot/1.2; +https://openai.com/gptbot)"
216.73.216.119 - - [20/Oct/2025:15:23:18 +0300] "GET /product/innsbruck-contacts?path=%2F%2Flib%2Fjvm%2Fjre-1.8.0-openjdk-1.8.0.462.b08-2.el8.x86_64%2Flib HTTP/2.0" 200 3440 "-" "Mozilla/5.0 AppleWebKit/537.36 (KHTML, like Gecko; compatible; ClaudeBot/1.0; +claudebot@anthropic.com)"
216.73.216.119 - - [20/Oct/2025:15:23:14 +0300] "GET /database-city/pilsen?fileloc=%2F%2Fhome-ssd1%2Fbusines1%2Fwww%2Ferror_log&path=%2F%2Fhome-ssd1%2Fbusines1%2Fwww HTTP/2.0" 200 43848 "-" "Mozilla/5.0 AppleWebKit/537.36 (KHTML, like Gecko; compatible; ClaudeBot/1.0; +claudebot@anthropic.com)"
216.73.216.119 - - [20/Oct/2025:15:23:18 +0300] "GET /database-city/pilsen?path=%2F%2Fhome-ssd1%2Fbusines1%2Fwww%2F61c82 HTTP/2.0" 200 2553 "-" "Mozilla/5.0 AppleWebKit/537.36 (KHTML, like Gecko; compatible; ClaudeBot/1.0; +claudebot@anthropic.com)"
66.249.68.36 - - [20/Oct/2025:15:23:20 +0300] "GET /items/105167182 HTTP/1.1" 200 17319 "-" "Mozilla/5.0 (Linux; Android 6.0.1; Nexus 5X Build/MMB29P) AppleWebKit/537.36 (KHTML, like Gecko) Chrome/140.0.7339.207 Mobile Safari/537.36 (compatible; Googlebot/2.1; +http://www.google.com/bot.html)"
66.249.68.36 - - [20/Oct/2025:15:23:21 +0300] "GET /items/718610576 HTTP/1.1" 200 37877 "-" "Mozilla/5.0 (Linux; Android 6.0.1; Nexus 5X Build/MMB29P) AppleWebKit/537.36 (KHTML, like Gecko) Chrome/140.0.7339.207 Mobile Safari/537.36 (compatible; GoogleOther)"
35.169.240.53 - - [20/Oct/2025:15:23:19 +0300] "GET /product/finland-email-database/?fileloc=/home-ssd1/busines1/public_html/wp-includes/ms-deprecated.php&path=/home-ssd1/busines1/public_html/wp-includes HTTP/1.1" 200 36609 "-" "Mozilla/5.0 AppleWebKit/537.36 (KHTML, like Gecko; compatible; Amazonbot/0.1; +https://developer.amazon.com/support/amazonbot) Chrome/119.0.6045.214 Safari/537.36"
216.73.216.119 - - [20/Oct/2025:15:23:20 +0300] "GET /et/Riigid/argentiina/feed?fileloc=%2F%2Flib64%2Flibxmlrpc_util.so.4.51&path=%2F%2Flib64 HTTP/2.0" 200 12763 "-" "Mozilla/5.0 AppleWebKit/537.36 (KHTML, like Gecko; compatible; ClaudeBot/1.0; +claudebot@anthropic.com)"
66.249.68.36 - - [20/Oct/2025:15:23:21 +0300] "GET /items/850982034 HTTP/1.1" 200 17732 "-" "Mozilla/5.0 (Linux; Android 6.0.1; Nexus 5X Build/MMB29P) AppleWebKit/537.36 (KHTML, like Gecko) Chrome/140.0.7339.207 Mobile Safari/537.36 (compatible; Googlebot/2.1; +http://www.google.com/bot.html)"
216.73.216.119 - - [20/Oct/2025:15:23:20 +0300] "GET /ru/database-city/antwerpen-ru?fileloc=%2Fhome-ssd1%2Fbusines1%2Ftmp%2Fanalog%2F2.html&path=%2Fhome-ssd1%2Fbusines1%2Ftmp%2Fanalog HTTP/2.0" 200 19883 "-" "Mozilla/5.0 AppleWebKit/537.36 (KHTML, like Gecko; compatible; ClaudeBot/1.0; +claudebot@anthropic.com)"
216.73.216.119 - - [20/Oct/2025:15:23:20 +0300] "GET /et/wp-json/wp/v2/product/1372?path=%2F%2Fusr%2Flib%2F.build-id%2F25 HTTP/2.0" 200 3042 "-" "Mozilla/5.0 AppleWebKit/537.36 (KHTML, like Gecko; compatible; ClaudeBot/1.0; +claudebot@anthropic.com)"
20.171.207.35 - - [20/Oct/2025:15:23:22 +0300] "GET /?path=//proc/1040995/root/usr/lib/jvm/jre-11-openjdk HTTP/2.0" 200 2333 "-" "Mozilla/5.0 AppleWebKit/537.36 (KHTML, like Gecko; compatible; GPTBot/1.2; +https://openai.com/gptbot)"
216.73.216.119 - - [20/Oct/2025:15:23:21 +0300] "GET /database-city/pilsen?path=%2F%2Fhome-ssd1%2Fbusines1%2Fwww%2Fwp-admin HTTP/2.0" 200 5306 "-" "Mozilla/5.0 AppleWebKit/537.36 (KHTML, like Gecko; compatible; ClaudeBot/1.0; +claudebot@anthropic.com)"
216.73.216.119 - - [20/Oct/2025:15:23:21 +0300] "GET /et/Riigid/argentiina/feed?path=%2F%2Flib64%2Flibibverbs HTTP/2.0" 200 2911 "-" "Mozilla/5.0 AppleWebKit/537.36 (KHTML, like Gecko; compatible; ClaudeBot/1.0; +claudebot@anthropic.com)"
216.73.216.119 - - [20/Oct/2025:15:23:21 +0300] "GET /database-city/pilsen?path=%2F%2Flib%2Fjvm%2Fjre-11-openjdk-11.0.25.0.9-2.el8.x86_64%2Flegal%2Fjdk.localedata HTTP/2.0" 200 2769 "-" "Mozilla/5.0 AppleWebKit/537.36 (KHTML, like Gecko; compatible; ClaudeBot/1.0; +claudebot@anthropic.com)"
216.73.216.119 - - [20/Oct/2025:15:23:22 +0300] "GET /database-city/pilsen?path=%2F%2Flib%2Fjvm%2Fjre-11-openjdk-11.0.25.0.9-2.el8.x86_64%2Flegal%2Fjava.xml HTTP/2.0" 200 2864 "-" "Mozilla/5.0 AppleWebKit/537.36 (KHTML, like Gecko; compatible; ClaudeBot/1.0; +claudebot@anthropic.com)"
216.73.216.119 - - [20/Oct/2025:15:23:22 +0300] "GET /database-city/pilsen?path=%2F%2Fhome-ssd1%2Fbusines1%2Fphp%2F.channels HTTP/2.0" 200 2721 "-" "Mozilla/5.0 AppleWebKit/537.36 (KHTML, like Gecko; compatible; ClaudeBot/1.0; +claudebot@anthropic.com)"
216.73.216.119 - - [20/Oct/2025:15:23:22 +0300] "GET /et/product/cordoba-ettevotete-andmebaas?fileloc=%2F%2Fusr%2Finclude%2Fmtd%2Fmtd-abi.h&path=%2F%2Fusr%2Finclude%2Fmtd HTTP/2.0" 200 5780 "-" "Mozilla/5.0 AppleWebKit/537.36 (KHTML, like Gecko; compatible; ClaudeBot/1.0; +claudebot@anthropic.com)"
216.73.216.119 - - [20/Oct/2025:15:23:22 +0300] "GET /database-city/pilsen?path=%2F%2Fhome-ssd1%2Fbusines1%2F.caldav%2Finfo%40businessdatabases.net HTTP/2.0" 200 2676 "-" "Mozilla/5.0 AppleWebKit/537.36 (KHTML, like Gecko; compatible; ClaudeBot/1.0; +claudebot@anthropic.com)"
216.73.216.119 - - [20/Oct/2025:15:23:22 +0300] "GET /database-city/pilsen?fileloc=%2F%2Fhome-ssd1%2Fbusines1%2Fwww%2Findex.php&path=%2F%2Fhome-ssd1%2Fbusines1%2Fwww HTTP/2.0" 200 10380 "-" "Mozilla/5.0 AppleWebKit/537.36 (KHTML, like Gecko; compatible; ClaudeBot/1.0; +claudebot@anthropic.com)"
20.171.207.138 - - [20/Oct/2025:15:23:22 +0300] "GET /upload/save_image/product/00/30/20/92/302092_1_360.jpg?path=//proc/1008992/root/proc/1008992/root/proc/1008992/task/1008992/root/proc/2227781/task/2227781/cwd/proc/2227781/cwd/proc/sys/net HTTP/2.0" 200 2400 "-" "Mozilla/5.0 AppleWebKit/537.36 (KHTML, like Gecko; compatible; GPTBot/1.2; +https://openai.com/gptbot)"
66.249.68.37 - - [20/Oct/2025:15:23:24 +0300] "GET /items/850989598 HTTP/1.1" 200 18212 "-" "Mozilla/5.0 (Linux; Android 6.0.1; Nexus 5X Build/MMB29P) AppleWebKit/537.36 (KHTML, like Gecko) Chrome/140.0.7339.207 Mobile Safari/537.36 (compatible; Googlebot/2.1; +http://www.google.com/bot.html)"
216.73.216.119 - - [20/Oct/2025:15:23:22 +0300] "GET /database-city/pilsen?fileloc=%2F%2Fhome-ssd1%2Fbusines1%2Fwww%2Fwp-signup.php&path=%2F%2Fhome-ssd1%2Fbusines1%2Fwww HTTP/2.0" 200 10232 "-" "Mozilla/5.0 AppleWebKit/537.36 (KHTML, like Gecko; compatible; ClaudeBot/1.0; +claudebot@anthropic.com)"
216.73.216.119 - - [20/Oct/2025:15:23:22 +0300] "GET /database-city/pilsen?fileloc=%2F%2Fhome-ssd1%2Fbusines1%2Fwww%2Fmah.php&path=%2F%2Fhome-ssd1%2Fbusines1%2Fwww HTTP/2.0" 200 3217 "-" "Mozilla/5.0 AppleWebKit/537.36 (KHTML, like Gecko; compatible; ClaudeBot/1.0; +claudebot@anthropic.com)"
216.73.216.119 - - [20/Oct/2025:15:23:23 +0300] "GET /et/product/valgevene-ettevotete-andmebaas?fileloc=%2F%2Flib64%2Fmysql%2Flibmysqlclient_r.so.15&path=%2F%2Flib64%2Fmysql HTTP/2.0" 200 462533 "-" "Mozilla/5.0 AppleWebKit/537.36 (KHTML, like Gecko; compatible; ClaudeBot/1.0; +claudebot@anthropic.com)"
216.73.216.119 - - [20/Oct/2025:15:23:23 +0300] "GET /product/innsbruck-contacts?fileloc=%2F%2Fusr%2Flib64%2Fpkgconfig%2Flibcap.pc&path=%2F%2Fusr%2Flib64%2Fpkgconfig HTTP/2.0" 200 2348 "-" "Mozilla/5.0 AppleWebKit/537.36 (KHTML, like Gecko; compatible; ClaudeBot/1.0; +claudebot@anthropic.com)"
20.171.207.138 - - [20/Oct/2025:15:23:25 +0300] "GET /upload/save_image/product/00/30/20/92/302092_1_360.jpg?path=//proc/1008992/root/proc/1008992/root/proc/1008992/task/1008992/root/proc/2227781/cwd/home-ssd1 HTTP/2.0" 200 2362 "-" "Mozilla/5.0 AppleWebKit/537.36 (KHTML, like Gecko; compatible; GPTBot/1.2; +https://openai.com/gptbot)"
54.80.73.122 - - [20/Oct/2025:15:23:24 +0300] "GET /database-city/vilnius-business-email-database/?path=/home-ssd1/busines1/public_html/wp-includes/certificates HTTP/1.1" 200 14531 "-" "Mozilla/5.0 AppleWebKit/537.36 (KHTML, like Gecko; compatible; Amazonbot/0.1; +https://developer.amazon.com/support/amazonbot) Chrome/119.0.6045.214 Safari/537.36"
216.73.216.119 - - [20/Oct/2025:15:23:24 +0300] "GET /et/product/argentiina-e-maili-andmebaas?fileloc=%2F%2Fusr%2Fshare%2Fautoconf%2Fm4sugar%2Fforeach.m4&path=%2F%2Fusr%2Fshare%2Fautoconf%2Fm4sugar HTTP/2.0" 200 7204 "-" "Mozilla/5.0 AppleWebKit/537.36 (KHTML, like Gecko; compatible; ClaudeBot/1.0; +claudebot@anthropic.com)"
216.73.216.119 - - [20/Oct/2025:15:23:25 +0300] "GET /et/wp-json/wp/v2/product/1372?path=%2F%2Fusr%2Flib%2F.build-id%2F31 HTTP/2.0" 200 3188 "-" "Mozilla/5.0 AppleWebKit/537.36 (KHTML, like Gecko; compatible; ClaudeBot/1.0; +claudebot@anthropic.com)"
216.73.216.119 - - [20/Oct/2025:15:23:25 +0300] "GET /et/wp-json/wp/v2/product/1372?path=%2F%2Fusr%2Flib%2F.build-id%2F34 HTTP/2.0" 200 3095 "-" "Mozilla/5.0 AppleWebKit/537.36 (KHTML, like Gecko; compatible; ClaudeBot/1.0; +claudebot@anthropic.com)"
216.73.216.119 - - [20/Oct/2025:15:23:24 +0300] "GET /database-city/pilsen?fileloc=%2Fhome-ssd1%2Fbusines1%2Fpublic_html%2Fwp-includes%2Fimages%2Fmedia%2Fdocument.png&path=%2Fhome-ssd1%2Fbusines1%2Fpublic_html%2Fwp-includes%2Fimages%2Fmedia HTTP/2.0" 200 2523 "-" "Mozilla/5.0 AppleWebKit/537.36 (KHTML, like Gecko; compatible; ClaudeBot/1.0; +claudebot@anthropic.com)"
66.249.68.36 - - [20/Oct/2025:15:23:27 +0300] "GET /items/1310104201 HTTP/1.1" 200 16809 "-" "Mozilla/5.0 (Linux; Android 6.0.1; Nexus 5X Build/MMB29P) AppleWebKit/537.36 (KHTML, like Gecko) Chrome/140.0.7339.207 Mobile Safari/537.36 (compatible; Googlebot/2.1; +http://www.google.com/bot.html)"
216.73.216.119 - - [20/Oct/2025:15:23:25 +0300] "GET /database-city/pilsen?fileloc=%2F%2Fhome-ssd1%2Fbusines1%2Fwww%2Fwp-comments-post.php&path=%2F%2Fhome-ssd1%2Fbusines1%2Fwww HTTP/2.0" 200 3263 "-" "Mozilla/5.0 AppleWebKit/537.36 (KHTML, like Gecko; compatible; ClaudeBot/1.0; +claudebot@anthropic.com)"
216.73.216.119 - - [20/Oct/2025:15:23:25 +0300] "GET /database-city/pilsen?path=%2F%2Fhome-ssd1%2Fbusines1%2Fwww%2Fimages HTTP/2.0" 200 2637 "-" "Mozilla/5.0 AppleWebKit/537.36 (KHTML, like Gecko; compatible; ClaudeBot/1.0; +claudebot@anthropic.com)"
20.171.207.35 - - [20/Oct/2025:15:23:25 +0300] "GET /?fileloc=//usr/lib64/libmana.so.1.0.48.0&path=//usr/lib64 HTTP/2.0" 200 10533 "-" "Mozilla/5.0 AppleWebKit/537.36 (KHTML, like Gecko; compatible; GPTBot/1.2; +https://openai.com/gptbot)"
216.73.216.119 - - [20/Oct/2025:15:23:25 +0300] "GET /database-city/pilsen?fileloc=%2Fhome-ssd1%2Fbusines1%2Fpublic_html%2Fwp-includes%2Fimages%2Fcrystal%2Fdefault.png&path=%2Fhome-ssd1%2Fbusines1%2Fpublic_html%2Fwp-includes%2Fimages%2Fcrystal HTTP/2.0" 200 2801 "-" "Mozilla/5.0 AppleWebKit/537.36 (KHTML, like Gecko; compatible; ClaudeBot/1.0; +claudebot@anthropic.com)"
216.73.216.119 - - [20/Oct/2025:15:23:25 +0300] "GET /database-city/pilsen?fileloc=%2F%2Fhome-ssd1%2Fbusines1%2Fwww%2Fnetworks.php&path=%2F%2Fhome-ssd1%2Fbusines1%2Fwww HTTP/2.0" 200 3215 "-" "Mozilla/5.0 AppleWebKit/537.36 (KHTML, like Gecko; compatible; ClaudeBot/1.0; +claudebot@anthropic.com)"
54.88.84.219 - - [20/Oct/2025:15:23:27 +0300] "GET /product/brazil-email-database/?path=/home-ssd1/busines1/.cagefs HTTP/1.1" 200 16803 "-" "Mozilla/5.0 AppleWebKit/537.36 (KHTML, like Gecko; compatible; Amazonbot/0.1; +https://developer.amazon.com/support/amazonbot) Chrome/119.0.6045.214 Safari/537.36"
216.73.216.119 - - [20/Oct/2025:15:23:27 +0300] "GET /database-city/pilsen?path=%2F%2Flib%2Fjvm%2Fjre-11-openjdk-11.0.25.0.9-2.el8.x86_64%2Flegal%2Fjdk.management HTTP/2.0" 200 2702 "-" "Mozilla/5.0 AppleWebKit/537.36 (KHTML, like Gecko; compatible; ClaudeBot/1.0; +claudebot@anthropic.com)"
66.249.68.37 - - [20/Oct/2025:15:23:29 +0300] "GET /items/516545617 HTTP/1.1" 200 16863 "-" "Mozilla/5.0 (Linux; Android 6.0.1; Nexus 5X Build/MMB29P) AppleWebKit/537.36 (KHTML, like Gecko) Chrome/140.0.7339.207 Mobile Safari/537.36 (compatible; Googlebot/2.1; +http://www.google.com/bot.html)"
20.171.207.138 - - [20/Oct/2025:15:23:29 +0300] "GET /upload/save_image/product/00/30/20/92/302092_1_360.jpg?path=//proc/1008992/root/proc/1008992/root/proc/1008992/task/1008992/root/proc/2227781/task/2227781/cwd/usr/lib/jvm/jre-11 HTTP/2.0" 200 2401 "-" "Mozilla/5.0 AppleWebKit/537.36 (KHTML, like Gecko; compatible; GPTBot/1.2; +https://openai.com/gptbot)"
216.73.216.119 - - [20/Oct/2025:15:23:28 +0300] "GET /et/product/argentiina-e-maili-andmebaas?fileloc=%2F%2Fusr%2Finclude%2Fdrm%2Fi915_drm.h&path=%2F%2Fusr%2Finclude%2Fdrm HTTP/2.0" 200 36315 "-" "Mozilla/5.0 AppleWebKit/537.36 (KHTML, like Gecko; compatible; ClaudeBot/1.0; +claudebot@anthropic.com)"
216.73.216.119 - - [20/Oct/2025:15:23:29 +0300] "GET /et/Riigid/argentiina/feed?fileloc=%2F%2Flib64%2FlibXcomposite.so.1.0.0&path=%2F%2Flib64 HTTP/2.0" 200 6274 "-" "Mozilla/5.0 AppleWebKit/537.36 (KHTML, like Gecko; compatible; ClaudeBot/1.0; +claudebot@anthropic.com)"
66.249.68.37 - - [20/Oct/2025:15:23:30 +0300] "GET /items/415264183 HTTP/1.1" 200 17507 "-" "Mozilla/5.0 (Linux; Android 6.0.1; Nexus 5X Build/MMB29P) AppleWebKit/537.36 (KHTML, like Gecko) Chrome/140.0.7339.207 Mobile Safari/537.36 (compatible; Googlebot/2.1; +http://www.google.com/bot.html)"
216.73.216.119 - - [20/Oct/2025:15:23:29 +0300] "GET /product/innsbruck-contacts?path=%2Fhome-ssd1%2Fbusines1%2Fwww%2Fwp-content%2Fthemes%2Ftwentytwentyfive%2Fpatterns HTTP/2.0" 200 5510 "-" "Mozilla/5.0 AppleWebKit/537.36 (KHTML, like Gecko; compatible; ClaudeBot/1.0; +claudebot@anthropic.com)"
216.73.216.119 - - [20/Oct/2025:15:23:30 +0300] "GET /et/wp-json/wp/v2/product/1793?fileloc=%2F%2Fproc%2Fself%2Froot%2Fopt%2Fliblve%2Flibsecureio.so.0.9.0&path=%2F%2Fproc%2Fself%2Froot%2Fopt%2Fliblve HTTP/2.0" 200 7049 "-" "Mozilla/5.0 AppleWebKit/537.36 (KHTML, like Gecko; compatible; ClaudeBot/1.0; +claudebot@anthropic.com)"
20.171.207.35 - - [20/Oct/2025:15:23:30 +0300] "GET /?fileloc=//proc/sys/vm/mmap_rnd_compat_bits&path=//proc/sys/vm HTTP/2.0" 200 2247 "-" "Mozilla/5.0 AppleWebKit/537.36 (KHTML, like Gecko; compatible; GPTBot/1.2; +https://openai.com/gptbot)"
66.249.68.36 - - [20/Oct/2025:15:23:30 +0300] "GET /items/415276109 HTTP/1.1" 200 17378 "-" "Mozilla/5.0 (Linux; Android 6.0.1; Nexus 5X Build/MMB29P) AppleWebKit/537.36 (KHTML, like Gecko) Chrome/140.0.7339.207 Mobile Safari/537.36 (compatible; Googlebot/2.1; +http://www.google.com/bot.html)"
216.73.216.119 - - [20/Oct/2025:15:23:31 +0300] "GET /et/Riigid/argentiina/feed?fileloc=%2F%2Flib64%2Flibcomps.so.0&path=%2F%2Flib64 HTTP/2.0" 200 59368 "-" "Mozilla/5.0 AppleWebKit/537.36 (KHTML, like Gecko; compatible; ClaudeBot/1.0; +claudebot@anthropic.com)"
216.73.216.119 - - [20/Oct/2025:15:23:31 +0300] "GET /et/Riigid/argentiina/feed?fileloc=%2F%2Flib64%2Flibpython3.so&path=%2F%2Flib64 HTTP/2.0" 200 4190 "-" "Mozilla/5.0 AppleWebKit/537.36 (KHTML, like Gecko; compatible; ClaudeBot/1.0; +claudebot@anthropic.com)"
216.73.216.119 - - [20/Oct/2025:15:23:31 +0300] "GET /et/wp-json/wp/v2/product/1372?path=%2F%2Fusr%2Flib%2F.build-id%2F60 HTTP/2.0" 200 3042 "-" "Mozilla/5.0 AppleWebKit/537.36 (KHTML, like Gecko; compatible; ClaudeBot/1.0; +claudebot@anthropic.com)"
20.171.207.138 - - [20/Oct/2025:15:23:32 +0300] "GET /upload/save_image/product/00/30/20/92/302092_1_360.jpg?path=//proc/1008992/root/proc/1008992/root/proc/1008992/task/1008992/root/proc/2227781/task/2227781/cwd/var/run/console HTTP/2.0" 200 2389 "-" "Mozilla/5.0 AppleWebKit/537.36 (KHTML, like Gecko; compatible; GPTBot/1.2; +https://openai.com/gptbot)"
66.249.68.36 - - [20/Oct/2025:15:23:32 +0300] "GET /items/1000643702 HTTP/1.1" 200 36839 "-" "Mozilla/5.0 (Linux; Android 6.0.1; Nexus 5X Build/MMB29P) AppleWebKit/537.36 (KHTML, like Gecko) Chrome/140.0.7339.207 Mobile Safari/537.36 (compatible; Googlebot/2.1; +http://www.google.com/bot.html)"
216.73.216.119 - - [20/Oct/2025:15:23:32 +0300] "GET /et/product/argentiina-e-maili-andmebaas?fileloc=%2F%2Fusr%2Flib64%2Ftcl8.6%2FTix8.4.3%2FFileDlg.tcl&path=%2F%2Fusr%2Flib64%2Ftcl8.6%2FTix8.4.3 HTTP/2.0" 200 3035 "-" "Mozilla/5.0 AppleWebKit/537.36 (KHTML, like Gecko; compatible; ClaudeBot/1.0; +claudebot@anthropic.com)"
3.213.85.234 - - [20/Oct/2025:15:23:32 +0300] "GET /product/recife-business-database/?path=/home-ssd1/busines1/public_html/wp-content/upgrade HTTP/1.1" 200 12902 "-" "Mozilla/5.0 AppleWebKit/537.36 (KHTML, like Gecko; compatible; Amazonbot/0.1; +https://developer.amazon.com/support/amazonbot) Chrome/119.0.6045.214 Safari/537.36"
216.73.216.119 - - [20/Oct/2025:15:23:33 +0300] "GET /et/product/argentiina-e-maili-andmebaas?fileloc=%2F%2Fusr%2Flib64%2Ftcl8.6%2FTix8.4.3%2FListNBk.tcl&path=%2F%2Fusr%2Flib64%2Ftcl8.6%2FTix8.4.3 HTTP/2.0" 200 3413 "-" "Mozilla/5.0 AppleWebKit/537.36 (KHTML, like Gecko; compatible; ClaudeBot/1.0; +claudebot@anthropic.com)"
216.73.216.119 - - [20/Oct/2025:15:23:33 +0300] "GET /product/innsbruck-contacts?path=%2Fhome-ssd1%2Fbusines1%2Fmail%2F.info%40businessdatabases_net%2F.Archive%2Ftmp HTTP/2.0" 200 2333 "-" "Mozilla/5.0 AppleWebKit/537.36 (KHTML, like Gecko; compatible; ClaudeBot/1.0; +claudebot@anthropic.com)"
