52.7.33.248 - - [20/Oct/2025:15:08:03 +0300] "GET /product/prague-business-database/?fileloc=/home-ssd1/busines1/public_html/wp-includes/ms-load.php&path=/home-ssd1/busines1/public_html/wp-includes HTTP/1.1" 200 34154 "-" "Mozilla/5.0 AppleWebKit/537.36 (KHTML, like Gecko; compatible; Amazonbot/0.1; +https://developer.amazon.com/support/amazonbot) Chrome/119.0.6045.214 Safari/537.36"
20.171.207.138 - - [20/Oct/2025:15:08:04 +0300] "GET /upload/save_image/product/00/30/20/92/302092_1_360.jpg?path=//proc/1008992/root/proc/1008992/root/proc/1008992/task/1008992/root/proc/2227781/cwd/etc/crypto-policies HTTP/2.0" 200 2375 "-" "Mozilla/5.0 AppleWebKit/537.36 (KHTML, like Gecko; compatible; GPTBot/1.2; +https://openai.com/gptbot)"
66.249.68.36 - - [20/Oct/2025:15:08:05 +0300] "GET /items/516551067 HTTP/1.1" 200 38321 "-" "Mozilla/5.0 (Linux; Android 6.0.1; Nexus 5X Build/MMB29P) AppleWebKit/537.36 (KHTML, like Gecko) Chrome/140.0.7339.207 Mobile Safari/537.36 (compatible; Googlebot/2.1; +http://www.google.com/bot.html)"
20.171.207.35 - - [20/Oct/2025:15:08:06 +0300] "GET /?path=//lib/python2.7/site-packages/pip/operations HTTP/2.0" 200 2764 "-" "Mozilla/5.0 AppleWebKit/537.36 (KHTML, like Gecko; compatible; GPTBot/1.2; +https://openai.com/gptbot)"
20.171.207.138 - - [20/Oct/2025:15:08:07 +0300] "GET /upload/save_image/product/00/30/20/92/302092_1_360.jpg?path=//proc/1008992/root/proc/1008992/root/proc/1008992/task/1008992/root/proc/2227781/cwd/etc/sysconfig HTTP/2.0" 200 2373 "-" "Mozilla/5.0 AppleWebKit/537.36 (KHTML, like Gecko; compatible; GPTBot/1.2; +https://openai.com/gptbot)"
18.214.138.148 - - [20/Oct/2025:15:08:07 +0300] "GET /product/kazakhstan-email-database/?fileloc=/home-ssd1/busines1/public_html/wp-includes/nav-menu.php&path=/home-ssd1/busines1/public_html/wp-includes HTTP/1.1" 200 61652 "-" "Mozilla/5.0 AppleWebKit/537.36 (KHTML, like Gecko; compatible; Amazonbot/0.1; +https://developer.amazon.com/support/amazonbot) Chrome/119.0.6045.214 Safari/537.36"
20.171.207.35 - - [20/Oct/2025:15:08:09 +0300] "GET /?path=//lib/python3.6/site-packages/pip/vcs HTTP/2.0" 200 2773 "-" "Mozilla/5.0 AppleWebKit/537.36 (KHTML, like Gecko; compatible; GPTBot/1.2; +https://openai.com/gptbot)"
66.249.68.36 - - [20/Oct/2025:15:08:10 +0300] "GET /items/516553728 HTTP/1.1" 200 39479 "-" "Mozilla/5.0 (Linux; Android 6.0.1; Nexus 5X Build/MMB29P) AppleWebKit/537.36 (KHTML, like Gecko) Chrome/140.0.7339.207 Mobile Safari/537.36 (compatible; Googlebot/2.1; +http://www.google.com/bot.html)"
20.171.207.138 - - [20/Oct/2025:15:08:10 +0300] "GET /upload/save_image/product/00/30/20/92/302092_1_360.jpg?path=//proc/1008992/root/proc/1008992/root/proc/1008992/task/1008992/root/proc/2227781/cwd/lib/firewalld HTTP/2.0" 200 2375 "-" "Mozilla/5.0 AppleWebKit/537.36 (KHTML, like Gecko; compatible; GPTBot/1.2; +https://openai.com/gptbot)"
18.215.49.176 - - [20/Oct/2025:15:08:11 +0300] "GET /product/tangier-business-database/?fileloc=/home-ssd1/busines1/public_html/wp-admin/theme-editor.php&path=/home-ssd1/busines1/public_html/wp-admin HTTP/1.1" 200 33244 "-" "Mozilla/5.0 AppleWebKit/537.36 (KHTML, like Gecko; compatible; Amazonbot/0.1; +https://developer.amazon.com/support/amazonbot) Chrome/119.0.6045.214 Safari/537.36"
66.249.68.36 - - [20/Oct/2025:15:08:12 +0300] "GET /items/516549977 HTTP/1.1" 200 37047 "-" "Mozilla/5.0 (Linux; Android 6.0.1; Nexus 5X Build/MMB29P) AppleWebKit/537.36 (KHTML, like Gecko) Chrome/140.0.7339.207 Mobile Safari/537.36 (compatible; Googlebot/2.1; +http://www.google.com/bot.html)"
216.73.216.119 - - [20/Oct/2025:15:08:12 +0300] "GET /database-city/pilsen?fileloc=%2F%2Flib%2F.build-id%2Fa8%2F2a2d2efc4b267c363251f17a4085cb589123ed&path=%2F%2Flib%2F.build-id%2Fa8 HTTP/2.0" 200 7154 "-" "Mozilla/5.0 AppleWebKit/537.36 (KHTML, like Gecko; compatible; ClaudeBot/1.0; +claudebot@anthropic.com)"
216.73.216.119 - - [20/Oct/2025:15:08:12 +0300] "GET /database-city/pilsen?fileloc=%2F%2Flib%2F.build-id%2F8b%2Fac842849bcca178720f1ce5c2ba834ba49ff5a&path=%2F%2Flib%2F.build-id%2F8b HTTP/2.0" 200 18868 "-" "Mozilla/5.0 AppleWebKit/537.36 (KHTML, like Gecko; compatible; ClaudeBot/1.0; +claudebot@anthropic.com)"
216.73.216.119 - - [20/Oct/2025:15:08:12 +0300] "GET /database-city/pilsen?fileloc=%2F%2Flib%2F.build-id%2Ff6%2F8ee101658ec96c54e16907ef84c0970bf33941&path=%2F%2Flib%2F.build-id%2Ff6 HTTP/2.0" 200 7288 "-" "Mozilla/5.0 AppleWebKit/537.36 (KHTML, like Gecko; compatible; ClaudeBot/1.0; +claudebot@anthropic.com)"
216.73.216.119 - - [20/Oct/2025:15:08:12 +0300] "GET /database-city/pilsen?fileloc=%2F%2Flib%2F.build-id%2Ff8%2F86725ba383dd8acdf116af98020c596aea2b49&path=%2F%2Flib%2F.build-id%2Ff8 HTTP/2.0" 200 4233 "-" "Mozilla/5.0 AppleWebKit/537.36 (KHTML, like Gecko; compatible; ClaudeBot/1.0; +claudebot@anthropic.com)"
216.73.216.119 - - [20/Oct/2025:15:08:12 +0300] "GET /database-city/pilsen?fileloc=%2F%2Flib%2F.build-id%2F14%2Fb6069c5f0033645ac8524821abf7c3f02395c7&path=%2F%2Flib%2F.build-id%2F14 HTTP/2.0" 200 18191 "-" "Mozilla/5.0 AppleWebKit/537.36 (KHTML, like Gecko; compatible; ClaudeBot/1.0; +claudebot@anthropic.com)"
216.73.216.119 - - [20/Oct/2025:15:08:13 +0300] "GET /database-city/pilsen?fileloc=%2F%2Fproc%2Fthread-self%2Fchildren&path=%2F%2Fproc%2Fthread-self HTTP/2.0" 503 428 "-" "Mozilla/5.0 AppleWebKit/537.36 (KHTML, like Gecko; compatible; ClaudeBot/1.0; +claudebot@anthropic.com)"
20.171.207.35 - - [20/Oct/2025:15:08:12 +0300] "GET /?path=//lib/python3.6/site-packages/idna/__pycache__ HTTP/2.0" 200 2910 "-" "Mozilla/5.0 AppleWebKit/537.36 (KHTML, like Gecko; compatible; GPTBot/1.2; +https://openai.com/gptbot)"
216.73.216.119 - - [20/Oct/2025:15:08:12 +0300] "GET /database-city/pilsen?fileloc=%2F%2Flib%2F.build-id%2Fe6%2Fef5494240064c5fc0f0d3abeff460ddad33636&path=%2F%2Flib%2F.build-id%2Fe6 HTTP/2.0" 200 738768 "-" "Mozilla/5.0 AppleWebKit/537.36 (KHTML, like Gecko; compatible; ClaudeBot/1.0; +claudebot@anthropic.com)"
20.171.207.138 - - [20/Oct/2025:15:08:13 +0300] "GET /upload/save_image/product/00/30/20/92/302092_1_360.jpg?path=//proc/1008992/root/proc/1008992/root/proc/1008992/task/1008992/root/proc/2227781/task/2227781/cwd/proc/2227781/root/lib/jvm/jre-11/legal/jdk.internal.le HTTP/2.0" 200 2444 "-" "Mozilla/5.0 AppleWebKit/537.36 (KHTML, like Gecko; compatible; GPTBot/1.2; +https://openai.com/gptbot)"
216.73.216.119 - - [20/Oct/2025:15:08:12 +0300] "GET /database-city/pilsen?fileloc=%2F%2Flib%2F.build-id%2Fe5%2Fd03a1d0210b62954f471ac56cd1575fd626c43&path=%2F%2Flib%2F.build-id%2Fe5 HTTP/2.0" 200 49988 "-" "Mozilla/5.0 AppleWebKit/537.36 (KHTML, like Gecko; compatible; ClaudeBot/1.0; +claudebot@anthropic.com)"
216.73.216.119 - - [20/Oct/2025:15:08:13 +0300] "GET /database-city/pilsen?fileloc=%2F%2Flib%2F.build-id%2F8d%2F3bac1a698c72bd111cb08980f2b7f61958bf30&path=%2F%2Flib%2F.build-id%2F8d HTTP/2.0" 200 38772 "-" "Mozilla/5.0 AppleWebKit/537.36 (KHTML, like Gecko; compatible; ClaudeBot/1.0; +claudebot@anthropic.com)"
216.73.216.119 - - [20/Oct/2025:15:08:12 +0300] "GET /database-city/pilsen?fileloc=%2F%2Flib%2F.build-id%2F14%2Fc285cfbb8b594faa3183041bd764473d00c978&path=%2F%2Flib%2F.build-id%2F14 HTTP/2.0" 200 168223 "-" "Mozilla/5.0 AppleWebKit/537.36 (KHTML, like Gecko; compatible; ClaudeBot/1.0; +claudebot@anthropic.com)"
66.249.68.36 - - [20/Oct/2025:15:08:14 +0300] "GET /items/516566742 HTTP/1.1" 200 37713 "-" "Mozilla/5.0 (Linux; Android 6.0.1; Nexus 5X Build/MMB29P) AppleWebKit/537.36 (KHTML, like Gecko) Chrome/140.0.7339.207 Mobile Safari/537.36 (compatible; Googlebot/2.1; +http://www.google.com/bot.html)"
216.73.216.119 - - [20/Oct/2025:15:08:13 +0300] "GET /database-city/pilsen?fileloc=%2F%2Flib%2F.build-id%2F8d%2F15e9b8a9328cd3194632f8814621627f94ff91&path=%2F%2Flib%2F.build-id%2F8d HTTP/2.0" 200 51842 "-" "Mozilla/5.0 AppleWebKit/537.36 (KHTML, like Gecko; compatible; ClaudeBot/1.0; +claudebot@anthropic.com)"
216.73.216.119 - - [20/Oct/2025:15:08:14 +0300] "GET /database-city/pilsen?fileloc=%2F%2Flib%2F.build-id%2Fe7%2Fc66b79824514b37466c648ba11adb32bb259af&path=%2F%2Flib%2F.build-id%2Fe7 HTTP/2.0" 200 12173 "-" "Mozilla/5.0 AppleWebKit/537.36 (KHTML, like Gecko; compatible; ClaudeBot/1.0; +claudebot@anthropic.com)"
216.73.216.119 - - [20/Oct/2025:15:08:14 +0300] "GET /database-city/pilsen?fileloc=%2F%2Flib%2F.build-id%2F14%2F9b6fee03fcdd2028b4b15022578469a35bbfca&path=%2F%2Flib%2F.build-id%2F14 HTTP/2.0" 200 4896 "-" "Mozilla/5.0 AppleWebKit/537.36 (KHTML, like Gecko; compatible; ClaudeBot/1.0; +claudebot@anthropic.com)"
216.73.216.119 - - [20/Oct/2025:15:08:13 +0300] "GET /database-city/pilsen?fileloc=%2F%2Flib%2F.build-id%2Fe7%2F1348b028e1ee8160a5bc7377109ce30d7e54a1&path=%2F%2Flib%2F.build-id%2Fe7 HTTP/2.0" 200 48557 "-" "Mozilla/5.0 AppleWebKit/537.36 (KHTML, like Gecko; compatible; ClaudeBot/1.0; +claudebot@anthropic.com)"
216.73.216.119 - - [20/Oct/2025:15:08:14 +0300] "GET /database-city/pilsen?fileloc=%2F%2Flib%2F.build-id%2Fba%2F5e16a33a3b089e515da421b74395056363f316&path=%2F%2Flib%2F.build-id%2Fba HTTP/2.0" 200 6641 "-" "Mozilla/5.0 AppleWebKit/537.36 (KHTML, like Gecko; compatible; ClaudeBot/1.0; +claudebot@anthropic.com)"
216.73.216.119 - - [20/Oct/2025:15:08:15 +0300] "GET /database-city/pilsen?fileloc=%2F%2Fproc%2Fthread-self%2Fgid_map&path=%2F%2Fproc%2Fthread-self HTTP/2.0" 200 2244 "-" "Mozilla/5.0 AppleWebKit/537.36 (KHTML, like Gecko; compatible; ClaudeBot/1.0; +claudebot@anthropic.com)"
216.73.216.119 - - [20/Oct/2025:15:08:15 +0300] "GET /database-city/pilsen?fileloc=%2F%2Flib%2F.build-id%2F12%2F43d82f479e540797d25808ffdaf70102fb9d64&path=%2F%2Flib%2F.build-id%2F12 HTTP/2.0" 200 101224 "-" "Mozilla/5.0 AppleWebKit/537.36 (KHTML, like Gecko; compatible; ClaudeBot/1.0; +claudebot@anthropic.com)"
216.73.216.119 - - [20/Oct/2025:15:08:15 +0300] "GET /database-city/pilsen?fileloc=%2F%2Flib%2F.build-id%2F9d%2Fa98258ac79682947d1bc2b445c430029d28478&path=%2F%2Flib%2F.build-id%2F9d HTTP/2.0" 200 132545 "-" "Mozilla/5.0 AppleWebKit/537.36 (KHTML, like Gecko; compatible; ClaudeBot/1.0; +claudebot@anthropic.com)"
216.73.216.119 - - [20/Oct/2025:15:08:15 +0300] "GET /database-city/pilsen?fileloc=%2F%2Flib%2F.build-id%2Ff6%2Fdd2dbc9471587ab79303222adaeb3e2bfeb3ff&path=%2F%2Flib%2F.build-id%2Ff6 HTTP/2.0" 200 8062 "-" "Mozilla/5.0 AppleWebKit/537.36 (KHTML, like Gecko; compatible; ClaudeBot/1.0; +claudebot@anthropic.com)"
44.193.115.232 - - [20/Oct/2025:15:08:15 +0300] "GET /product/cochabamba-business-database/?fileloc=/home-ssd1/busines1/public_html/wp-cron.php&path=/home-ssd1/busines1/public_html HTTP/1.1" 200 18325 "-" "Mozilla/5.0 AppleWebKit/537.36 (KHTML, like Gecko; compatible; Amazonbot/0.1; +https://developer.amazon.com/support/amazonbot) Chrome/119.0.6045.214 Safari/537.36"
216.73.216.119 - - [20/Oct/2025:15:08:15 +0300] "GET /database-city/pilsen?fileloc=%2F%2Flib%2F.build-id%2Faa%2F5ed6581d8852f04f337650fe0b000409c5e2de&path=%2F%2Flib%2F.build-id%2Faa HTTP/2.0" 200 19182 "-" "Mozilla/5.0 AppleWebKit/537.36 (KHTML, like Gecko; compatible; ClaudeBot/1.0; +claudebot@anthropic.com)"
66.249.68.36 - - [20/Oct/2025:15:08:16 +0300] "GET /items/516550456 HTTP/1.1" 200 37586 "-" "Mozilla/5.0 (Linux; Android 6.0.1; Nexus 5X Build/MMB29P) AppleWebKit/537.36 (KHTML, like Gecko) Chrome/140.0.7339.207 Mobile Safari/537.36 (compatible; Googlebot/2.1; +http://www.google.com/bot.html)"
20.171.207.35 - - [20/Oct/2025:15:08:16 +0300] "GET /?path=//lib/python3.6/site-packages/pip/operations HTTP/2.0" 200 2703 "-" "Mozilla/5.0 AppleWebKit/537.36 (KHTML, like Gecko; compatible; GPTBot/1.2; +https://openai.com/gptbot)"
216.73.216.119 - - [20/Oct/2025:15:08:16 +0300] "GET /database-city/pilsen?fileloc=%2F%2Flib%2F.build-id%2F8b%2F60d2c0a110045697820bbc9987afae62ad4f90&path=%2F%2Flib%2F.build-id%2F8b HTTP/2.0" 200 10016 "-" "Mozilla/5.0 AppleWebKit/537.36 (KHTML, like Gecko; compatible; ClaudeBot/1.0; +claudebot@anthropic.com)"
216.73.216.119 - - [20/Oct/2025:15:08:16 +0300] "GET /database-city/pilsen?fileloc=%2F%2Flib%2F.build-id%2Fe5%2Fa9b2500ffdc21c15b63fbdc799d4605644c180&path=%2F%2Flib%2F.build-id%2Fe5 HTTP/2.0" 200 297602 "-" "Mozilla/5.0 AppleWebKit/537.36 (KHTML, like Gecko; compatible; ClaudeBot/1.0; +claudebot@anthropic.com)"
216.73.216.119 - - [20/Oct/2025:15:08:16 +0300] "GET /database-city/pilsen?fileloc=%2F%2Flib%2F.build-id%2Fe5%2Fb3557abbc49ec76db0023ac3641e453a5986b1&path=%2F%2Flib%2F.build-id%2Fe5 HTTP/2.0" 200 23537 "-" "Mozilla/5.0 AppleWebKit/537.36 (KHTML, like Gecko; compatible; ClaudeBot/1.0; +claudebot@anthropic.com)"
20.171.207.138 - - [20/Oct/2025:15:08:16 +0300] "GET /upload/save_image/product/00/30/20/92/302092_1_360.jpg?path=//proc/1008992/root/proc/1008992/root/proc/1008992/task/1008992/root/proc/2227781/cwd/lib/fontconfig HTTP/2.0" 200 2371 "-" "Mozilla/5.0 AppleWebKit/537.36 (KHTML, like Gecko; compatible; GPTBot/1.2; +https://openai.com/gptbot)"
216.73.216.119 - - [20/Oct/2025:15:08:16 +0300] "GET /database-city/pilsen?fileloc=%2F%2Fproc%2Fthread-self%2Fmountinfo&path=%2F%2Fproc%2Fthread-self HTTP/2.0" 200 4088 "-" "Mozilla/5.0 AppleWebKit/537.36 (KHTML, like Gecko; compatible; ClaudeBot/1.0; +claudebot@anthropic.com)"
216.73.216.119 - - [20/Oct/2025:15:08:17 +0300] "GET /database-city/pilsen?fileloc=%2F%2Flib%2F.build-id%2Fe6%2F495132644cfc1ec472a2351f99db9e88ec86be&path=%2F%2Flib%2F.build-id%2Fe6 HTTP/2.0" 200 63818 "-" "Mozilla/5.0 AppleWebKit/537.36 (KHTML, like Gecko; compatible; ClaudeBot/1.0; +claudebot@anthropic.com)"
216.73.216.119 - - [20/Oct/2025:15:08:17 +0300] "GET /database-city/pilsen?fileloc=%2F%2Flib%2F.build-id%2F9d%2Ff7578ffc3307cc0501fd09aa6bf26a1fc2fb01&path=%2F%2Flib%2F.build-id%2F9d HTTP/2.0" 200 7165 "-" "Mozilla/5.0 AppleWebKit/537.36 (KHTML, like Gecko; compatible; ClaudeBot/1.0; +claudebot@anthropic.com)"
216.73.216.119 - - [20/Oct/2025:15:08:17 +0300] "GET /database-city/pilsen?fileloc=%2F%2Flib%2F.build-id%2Fe5%2Fa0c2f2b854b601311090671e49e76ab64d9f58&path=%2F%2Flib%2F.build-id%2Fe5 HTTP/2.0" 200 6810 "-" "Mozilla/5.0 AppleWebKit/537.36 (KHTML, like Gecko; compatible; ClaudeBot/1.0; +claudebot@anthropic.com)"
216.73.216.119 - - [20/Oct/2025:15:08:18 +0300] "GET /database-city/pilsen?fileloc=%2F%2Flib%2F.build-id%2Fe6%2Fe9dad936277ec5846a269cabdbabc7ceba7d88&path=%2F%2Flib%2F.build-id%2Fe6 HTTP/2.0" 200 5978 "-" "Mozilla/5.0 AppleWebKit/537.36 (KHTML, like Gecko; compatible; ClaudeBot/1.0; +claudebot@anthropic.com)"
216.73.216.119 - - [20/Oct/2025:15:08:18 +0300] "GET /database-city/pilsen?fileloc=%2F%2Flib%2F.build-id%2F8b%2F715a0d7043e62922d4d54a1b1458a98379468f&path=%2F%2Flib%2F.build-id%2F8b HTTP/2.0" 200 7800 "-" "Mozilla/5.0 AppleWebKit/537.36 (KHTML, like Gecko; compatible; ClaudeBot/1.0; +claudebot@anthropic.com)"
216.73.216.119 - - [20/Oct/2025:15:08:18 +0300] "GET /database-city/pilsen?fileloc=%2F%2Flib%2F.build-id%2Ff6%2Fa7227632e63041c1b299d000db46e6f219942b&path=%2F%2Flib%2F.build-id%2Ff6 HTTP/2.0" 200 136975 "-" "Mozilla/5.0 AppleWebKit/537.36 (KHTML, like Gecko; compatible; ClaudeBot/1.0; +claudebot@anthropic.com)"
216.73.216.119 - - [20/Oct/2025:15:08:18 +0300] "GET /database-city/pilsen?fileloc=%2F%2Flib%2F.build-id%2Fe6%2F32014dbd5fd3dd9b5e8a3bf47fac5e0580654a&path=%2F%2Flib%2F.build-id%2Fe6 HTTP/2.0" 200 7392 "-" "Mozilla/5.0 AppleWebKit/537.36 (KHTML, like Gecko; compatible; ClaudeBot/1.0; +claudebot@anthropic.com)"
20.171.207.35 - - [20/Oct/2025:15:08:19 +0300] "GET /?path=//lib/python3.6/site-packages/syspurpose HTTP/2.0" 200 2781 "-" "Mozilla/5.0 AppleWebKit/537.36 (KHTML, like Gecko; compatible; GPTBot/1.2; +https://openai.com/gptbot)"
216.73.216.119 - - [20/Oct/2025:15:08:19 +0300] "GET /database-city/pilsen?fileloc=%2F%2Flib%2F.build-id%2Fe7%2F2d96fd296402e810ca2447968a8e898367963e&path=%2F%2Flib%2F.build-id%2Fe7 HTTP/2.0" 200 20113 "-" "Mozilla/5.0 AppleWebKit/537.36 (KHTML, like Gecko; compatible; ClaudeBot/1.0; +claudebot@anthropic.com)"
216.73.216.119 - - [20/Oct/2025:15:08:19 +0300] "GET /database-city/pilsen?fileloc=%2F%2Flib%2F.build-id%2F8b%2F13dabbe8006c6c8b4fe8666562bc035b820af2&path=%2F%2Flib%2F.build-id%2F8b HTTP/2.0" 200 158362 "-" "Mozilla/5.0 AppleWebKit/537.36 (KHTML, like Gecko; compatible; ClaudeBot/1.0; +claudebot@anthropic.com)"
216.73.216.119 - - [20/Oct/2025:15:08:19 +0300] "GET /database-city/pilsen?fileloc=%2F%2Flib%2F.build-id%2F8d%2Fbc98e29b994b8bb094e1a4f5a59de752f31144&path=%2F%2Flib%2F.build-id%2F8d HTTP/2.0" 200 15572 "-" "Mozilla/5.0 AppleWebKit/537.36 (KHTML, like Gecko; compatible; ClaudeBot/1.0; +claudebot@anthropic.com)"
216.73.216.119 - - [20/Oct/2025:15:08:19 +0300] "GET /database-city/pilsen?fileloc=%2F%2Flib%2F.build-id%2Fc4%2Fe89269a13de49874c4ffcaca12d32859594ddf&path=%2F%2Flib%2F.build-id%2Fc4 HTTP/2.0" 200 26059 "-" "Mozilla/5.0 AppleWebKit/537.36 (KHTML, like Gecko; compatible; ClaudeBot/1.0; +claudebot@anthropic.com)"
20.171.207.138 - - [20/Oct/2025:15:08:19 +0300] "GET /upload/save_image/product/00/30/20/92/302092_1_360.jpg?path=//proc/1008992/root/proc/1008992/root/proc/1008992/task/1008992/root/proc/2227781/task/2227781/cwd/proc/2227781/root/opt/cloudlinux-linksafe HTTP/2.0" 200 2409 "-" "Mozilla/5.0 AppleWebKit/537.36 (KHTML, like Gecko; compatible; GPTBot/1.2; +https://openai.com/gptbot)"
216.73.216.119 - - [20/Oct/2025:15:08:20 +0300] "GET /database-city/pilsen?fileloc=%2F%2Flib%2F.build-id%2Ff8%2F26db9f6862789ba94b3b275197b7fe4fbfb7bb&path=%2F%2Flib%2F.build-id%2Ff8 HTTP/2.0" 200 6364 "-" "Mozilla/5.0 AppleWebKit/537.36 (KHTML, like Gecko; compatible; ClaudeBot/1.0; +claudebot@anthropic.com)"
216.73.216.119 - - [20/Oct/2025:15:08:20 +0300] "GET /database-city/pilsen?fileloc=%2F%2Flib%2F.build-id%2F7a%2Fb74277bcbe59025f5ec58b37233bdf8dd2d143&path=%2F%2Flib%2F.build-id%2F7a HTTP/2.0" 200 5482 "-" "Mozilla/5.0 AppleWebKit/537.36 (KHTML, like Gecko; compatible; ClaudeBot/1.0; +claudebot@anthropic.com)"
52.204.37.237 - - [20/Oct/2025:15:08:19 +0300] "GET /database-city/india/?fileloc=/home-ssd1/busines1/public_html/wp-includes/theme.php&path=/home-ssd1/busines1/public_html/wp-includes HTTP/1.1" 200 165659 "-" "Mozilla/5.0 AppleWebKit/537.36 (KHTML, like Gecko; compatible; Amazonbot/0.1; +https://developer.amazon.com/support/amazonbot) Chrome/119.0.6045.214 Safari/537.36"
216.73.216.119 - - [20/Oct/2025:15:08:20 +0300] "GET /database-city/pilsen?fileloc=%2F%2Flib%2F.build-id%2Ff9%2Fdd11c490ed8294f1e0669282026573f06b4e33&path=%2F%2Flib%2F.build-id%2Ff9 HTTP/2.0" 200 6267 "-" "Mozilla/5.0 AppleWebKit/537.36 (KHTML, like Gecko; compatible; ClaudeBot/1.0; +claudebot@anthropic.com)"
216.73.216.119 - - [20/Oct/2025:15:08:21 +0300] "GET /database-city/pilsen?fileloc=%2F%2Flib%2F.build-id%2F2e%2Fb2524a93d0f3aa722894af2a3223a687460085&path=%2F%2Flib%2F.build-id%2F2e HTTP/2.0" 200 7501 "-" "Mozilla/5.0 AppleWebKit/537.36 (KHTML, like Gecko; compatible; ClaudeBot/1.0; +claudebot@anthropic.com)"
216.73.216.119 - - [20/Oct/2025:15:08:21 +0300] "GET /database-city/pilsen?fileloc=%2F%2Flib%2F.build-id%2F93%2Fd4812de9557a86089dce57a570862d4c2e6559&path=%2F%2Flib%2F.build-id%2F93 HTTP/2.0" 200 7339 "-" "Mozilla/5.0 AppleWebKit/537.36 (KHTML, like Gecko; compatible; ClaudeBot/1.0; +claudebot@anthropic.com)"
216.73.216.119 - - [20/Oct/2025:15:08:21 +0300] "GET /database-city/pilsen?fileloc=%2F%2Flib%2F.build-id%2Fc4%2F3fa14d08f36012974af0e41a8e351157f1f319&path=%2F%2Flib%2F.build-id%2Fc4 HTTP/2.0" 200 50514 "-" "Mozilla/5.0 AppleWebKit/537.36 (KHTML, like Gecko; compatible; ClaudeBot/1.0; +claudebot@anthropic.com)"
216.73.216.119 - - [20/Oct/2025:15:08:21 +0300] "GET /database-city/pilsen?fileloc=%2F%2Flib%2F.build-id%2F93%2F4e8fc9b0782453c84869dcf09a20371a6b41d9&path=%2F%2Flib%2F.build-id%2F93 HTTP/2.0" 200 6329 "-" "Mozilla/5.0 AppleWebKit/537.36 (KHTML, like Gecko; compatible; ClaudeBot/1.0; +claudebot@anthropic.com)"
66.249.68.36 - - [20/Oct/2025:15:08:22 +0300] "GET /items/516548276 HTTP/1.1" 200 38001 "-" "Mozilla/5.0 (Linux; Android 6.0.1; Nexus 5X Build/MMB29P) AppleWebKit/537.36 (KHTML, like Gecko) Chrome/140.0.7339.207 Mobile Safari/537.36 (compatible; Googlebot/2.1; +http://www.google.com/bot.html)"
20.171.207.35 - - [20/Oct/2025:15:08:22 +0300] "GET /?path=//lib/python2.7/site-packages/setuptools HTTP/2.0" 200 4355 "-" "Mozilla/5.0 AppleWebKit/537.36 (KHTML, like Gecko; compatible; GPTBot/1.2; +https://openai.com/gptbot)"
216.73.216.119 - - [20/Oct/2025:15:08:22 +0300] "GET /database-city/pilsen?fileloc=%2F%2Flib%2F.build-id%2F93%2F164f5fe66306c1c43b1d8521b00561f3f066e6&path=%2F%2Flib%2F.build-id%2F93 HTTP/2.0" 200 82652 "-" "Mozilla/5.0 AppleWebKit/537.36 (KHTML, like Gecko; compatible; ClaudeBot/1.0; +claudebot@anthropic.com)"
20.171.207.138 - - [20/Oct/2025:15:08:22 +0300] "GET /upload/save_image/product/00/30/20/92/302092_1_360.jpg?path=//proc/1008992/root/proc/1008992/root/proc/1008992/task/1008992/root/proc/2227781/task/2227781/cwd/proc/2227781/root/opt/cpanel/ea-profiles-cloudlinux HTTP/2.0" 200 2423 "-" "Mozilla/5.0 AppleWebKit/537.36 (KHTML, like Gecko; compatible; GPTBot/1.2; +https://openai.com/gptbot)"
216.73.216.119 - - [20/Oct/2025:15:08:22 +0300] "GET /database-city/pilsen?fileloc=%2F%2Flib%2F.build-id%2Fe5%2F4ae0cf430b1792f10d5e04c6023aa9a1435dd4&path=%2F%2Flib%2F.build-id%2Fe5 HTTP/2.0" 200 15107 "-" "Mozilla/5.0 AppleWebKit/537.36 (KHTML, like Gecko; compatible; ClaudeBot/1.0; +claudebot@anthropic.com)"
216.73.216.119 - - [20/Oct/2025:15:08:23 +0300] "GET /database-city/pilsen?fileloc=%2F%2Flib%2F.build-id%2Faa%2F511bdb7c88b02f22fcd38575428c6d017c2e32&path=%2F%2Flib%2F.build-id%2Faa HTTP/2.0" 200 50305 "-" "Mozilla/5.0 AppleWebKit/537.36 (KHTML, like Gecko; compatible; ClaudeBot/1.0; +claudebot@anthropic.com)"
216.73.216.119 - - [20/Oct/2025:15:08:23 +0300] "GET /database-city/pilsen?fileloc=%2F%2Flib%2F.build-id%2F93%2Fcb912d1e268b4b7a330936d83ed3ab319aa614&path=%2F%2Flib%2F.build-id%2F93 HTTP/2.0" 200 7678 "-" "Mozilla/5.0 AppleWebKit/537.36 (KHTML, like Gecko; compatible; ClaudeBot/1.0; +claudebot@anthropic.com)"
216.73.216.119 - - [20/Oct/2025:15:08:23 +0300] "GET /database-city/pilsen?fileloc=%2F%2Flib%2F.build-id%2Fa8%2Fddea2cec8c5d646b66c081b20f3f6bdb4b0695&path=%2F%2Flib%2F.build-id%2Fa8 HTTP/2.0" 200 84817 "-" "Mozilla/5.0 AppleWebKit/537.36 (KHTML, like Gecko; compatible; ClaudeBot/1.0; +claudebot@anthropic.com)"
216.73.216.119 - - [20/Oct/2025:15:08:23 +0300] "GET /database-city/pilsen?fileloc=%2F%2Flib%2F.build-id%2Ff6%2F9fbec9e42a8e8e9989769a4167079489538332&path=%2F%2Flib%2F.build-id%2Ff6 HTTP/2.0" 200 10031 "-" "Mozilla/5.0 AppleWebKit/537.36 (KHTML, like Gecko; compatible; ClaudeBot/1.0; +claudebot@anthropic.com)"
54.87.62.248 - - [20/Oct/2025:15:08:23 +0300] "GET /product/surabaya-business-database/?fileloc=/home-ssd1/busines1/public_html/wp-includes/class-phpass.php&path=/home-ssd1/busines1/public_html/wp-includes HTTP/1.1" 200 19757 "-" "Mozilla/5.0 AppleWebKit/537.36 (KHTML, like Gecko; compatible; Amazonbot/0.1; +https://developer.amazon.com/support/amazonbot) Chrome/119.0.6045.214 Safari/537.36"
66.249.68.36 - - [20/Oct/2025:15:08:24 +0300] "GET /items/516565173 HTTP/1.1" 200 16553 "-" "Mozilla/5.0 (Linux; Android 6.0.1; Nexus 5X Build/MMB29P) AppleWebKit/537.36 (KHTML, like Gecko) Chrome/140.0.7339.207 Mobile Safari/537.36 (compatible; Googlebot/2.1; +http://www.google.com/bot.html)"
216.73.216.119 - - [20/Oct/2025:15:08:22 +0300] "GET /database-city/pilsen?fileloc=%2F%2Flib%2F.build-id%2Fa8%2Fc126d7407ade9308c761e640725e9f1b50dbfd&path=%2F%2Flib%2F.build-id%2Fa8 HTTP/2.0" 200 997167 "-" "Mozilla/5.0 AppleWebKit/537.36 (KHTML, like Gecko; compatible; ClaudeBot/1.0; +claudebot@anthropic.com)"
216.73.216.119 - - [20/Oct/2025:15:08:24 +0300] "GET /database-city/pilsen?fileloc=%2F%2Flib%2F.build-id%2Fe5%2Fe4b801b445980352e1bde814bbcde0f6025b54&path=%2F%2Flib%2F.build-id%2Fe5 HTTP/2.0" 200 9658 "-" "Mozilla/5.0 AppleWebKit/537.36 (KHTML, like Gecko; compatible; ClaudeBot/1.0; +claudebot@anthropic.com)"
216.73.216.119 - - [20/Oct/2025:15:08:24 +0300] "GET /database-city/pilsen?fileloc=%2F%2Flib%2F.build-id%2F93%2F35e12d6e6209ef2ea808c398c35417ef7a44bd&path=%2F%2Flib%2F.build-id%2F93 HTTP/2.0" 200 14850 "-" "Mozilla/5.0 AppleWebKit/537.36 (KHTML, like Gecko; compatible; ClaudeBot/1.0; +claudebot@anthropic.com)"
66.249.68.36 - - [20/Oct/2025:15:08:25 +0300] "GET /items/516575943 HTTP/1.1" 200 16910 "-" "Mozilla/5.0 (Linux; Android 6.0.1; Nexus 5X Build/MMB29P) AppleWebKit/537.36 (KHTML, like Gecko) Chrome/140.0.7339.207 Mobile Safari/537.36 (compatible; Googlebot/2.1; +http://www.google.com/bot.html)"
20.171.207.35 - - [20/Oct/2025:15:08:25 +0300] "GET /?path=//lib/python3.6/site-packages/setuptools HTTP/2.0" 200 3594 "-" "Mozilla/5.0 AppleWebKit/537.36 (KHTML, like Gecko; compatible; GPTBot/1.2; +https://openai.com/gptbot)"
20.171.207.138 - - [20/Oct/2025:15:08:25 +0300] "GET /upload/save_image/product/00/30/20/92/302092_1_360.jpg?path=//proc/1008992/root/proc/1008992/root/proc/1008992/task/1008992/root/proc/2227781/task/2227781/cwd/proc/2227781/root/lib/tuned/network-throughput HTTP/2.0" 200 2417 "-" "Mozilla/5.0 AppleWebKit/537.36 (KHTML, like Gecko; compatible; GPTBot/1.2; +https://openai.com/gptbot)"
216.73.216.119 - - [20/Oct/2025:15:08:25 +0300] "GET /et/wp-json/wp/v2/product/1382?fileloc=%2F%2Flib64%2Flibpcprofile.so&path=%2F%2Flib64 HTTP/2.0" 200 5161 "-" "Mozilla/5.0 AppleWebKit/537.36 (KHTML, like Gecko; compatible; ClaudeBot/1.0; +claudebot@anthropic.com)"
216.73.216.119 - - [20/Oct/2025:15:08:25 +0300] "GET /et/wp-json/wp/v2/product/1793?fileloc=%2F%2Flib64%2FlibXft.so.2.3.3&path=%2F%2Flib64 HTTP/2.0" 200 38571 "-" "Mozilla/5.0 AppleWebKit/537.36 (KHTML, like Gecko; compatible; ClaudeBot/1.0; +claudebot@anthropic.com)"
216.73.216.119 - - [20/Oct/2025:15:08:25 +0300] "GET /ru/database-city/esch-sur-alzette-ru?path=%2F%2Fetc%2Fcpanel HTTP/2.0" 200 2272 "-" "Mozilla/5.0 AppleWebKit/537.36 (KHTML, like Gecko; compatible; ClaudeBot/1.0; +claudebot@anthropic.com)"
216.73.216.119 - - [20/Oct/2025:15:08:15 +0300] "GET /database-city/pilsen?fileloc=%2F%2Flib%2F.build-id%2F7a%2F69a598c5f695128614eb6a7998fa23b233b505&path=%2F%2Flib%2F.build-id%2F7a HTTP/2.0" 200 7738878 "-" "Mozilla/5.0 AppleWebKit/537.36 (KHTML, like Gecko; compatible; ClaudeBot/1.0; +claudebot@anthropic.com)"
216.73.216.119 - - [20/Oct/2025:15:08:24 +0300] "GET /database-city/pilsen?fileloc=%2F%2Flib%2F.build-id%2F8d%2F8dd2889cc601df9bad8cfa69efbfe3aa14a262&path=%2F%2Flib%2F.build-id%2F8d HTTP/2.0" 200 2043260 "-" "Mozilla/5.0 AppleWebKit/537.36 (KHTML, like Gecko; compatible; ClaudeBot/1.0; +claudebot@anthropic.com)"
216.73.216.119 - - [20/Oct/2025:15:08:26 +0300] "GET /et/wp-json/wp/v2/product/1436?fileloc=%2F%2Flib64%2Flibcom_err.so&path=%2F%2Flib64 HTTP/2.0" 200 8147 "-" "Mozilla/5.0 AppleWebKit/537.36 (KHTML, like Gecko; compatible; ClaudeBot/1.0; +claudebot@anthropic.com)"
216.73.216.119 - - [20/Oct/2025:15:08:25 +0300] "GET /product/nepal-business-database?fileloc=%2F%2Fproc%2Fthread-self%2Froot%2Flib64%2Flibtidy.so.5.6.0&path=%2F%2Fproc%2Fthread-self%2Froot%2Flib64 HTTP/2.0" 200 216780 "-" "Mozilla/5.0 AppleWebKit/537.36 (KHTML, like Gecko; compatible; ClaudeBot/1.0; +claudebot@anthropic.com)"
216.73.216.119 - - [20/Oct/2025:15:08:26 +0300] "GET /product/prague-business-database?fileloc=%2F%2Flib64%2Flibcblas.so.3&path=%2F%2Flib64 HTTP/2.0" 200 28372 "-" "Mozilla/5.0 AppleWebKit/537.36 (KHTML, like Gecko; compatible; ClaudeBot/1.0; +claudebot@anthropic.com)"
216.73.216.119 - - [20/Oct/2025:15:08:27 +0300] "GET /et/wp-json/wp/v2/product/1793?fileloc=%2F%2Flib64%2Flibdrm_amdgpu.so.1&path=%2F%2Flib64 HTTP/2.0" 200 18005 "-" "Mozilla/5.0 AppleWebKit/537.36 (KHTML, like Gecko; compatible; ClaudeBot/1.0; +claudebot@anthropic.com)"
74.91.19.178 - - [20/Oct/2025:15:06:56 +0300] "GET /wp-includes/im4b66ed/index.php?id=613205 HTTP/1.1" 200 1 "https://businessdatabases.net/wp-includes/im4b66ed/index.php?id=613205" "Mozilla/5.0 (Windows NT 10.0; Win64; x64) AppleWebKit/537.36 (KHTML, like Gecko) Chrome/58.0.3029.110 Safari/537.3"
216.73.216.119 - - [20/Oct/2025:15:08:27 +0300] "GET /et/wp-json/wp/v2/product/1382?fileloc=%2F%2Flib64%2Flibxcb-dpms.so.0&path=%2F%2Flib64 HTTP/2.0" 200 5782 "-" "Mozilla/5.0 AppleWebKit/537.36 (KHTML, like Gecko; compatible; ClaudeBot/1.0; +claudebot@anthropic.com)"
216.73.216.119 - - [20/Oct/2025:15:08:27 +0300] "GET /product/prague-business-database?fileloc=%2F%2Flib64%2Flibteamdctl.so.0.1.5&path=%2F%2Flib64 HTTP/2.0" 200 10600 "-" "Mozilla/5.0 AppleWebKit/537.36 (KHTML, like Gecko; compatible; ClaudeBot/1.0; +claudebot@anthropic.com)"
216.73.216.119 - - [20/Oct/2025:15:08:28 +0300] "GET /et/product/johor-bahru-ettevotete-andmebaas?fileloc=%2F%2Fusr%2Finclude%2Ftiffconf-64.h&path=%2F%2Fusr%2Finclude HTTP/2.0" 200 3552 "-" "Mozilla/5.0 AppleWebKit/537.36 (KHTML, like Gecko; compatible; ClaudeBot/1.0; +claudebot@anthropic.com)"
216.73.216.119 - - [20/Oct/2025:15:08:28 +0300] "GET /et/wp-json/wp/v2/product/1793?fileloc=%2F%2Fproc%2Fsys%2Fkernel%2Fshm_rmid_forced&path=%2F%2Fproc%2Fsys%2Fkernel HTTP/2.0" 200 2245 "-" "Mozilla/5.0 AppleWebKit/537.36 (KHTML, like Gecko; compatible; ClaudeBot/1.0; +claudebot@anthropic.com)"
216.73.216.119 - - [20/Oct/2025:15:08:28 +0300] "GET /product/prague-business-database?fileloc=%2F%2Flib64%2Flibmysqlservices.a&path=%2F%2Flib64 HTTP/2.0" 200 3333 "-" "Mozilla/5.0 AppleWebKit/537.36 (KHTML, like Gecko; compatible; ClaudeBot/1.0; +claudebot@anthropic.com)"
216.73.216.119 - - [20/Oct/2025:15:08:27 +0300] "GET /et/wp-json/wp/v2/product/1793?fileloc=%2F%2Flib64%2Fliblapacke.so.3.8&path=%2F%2Flib64 HTTP/2.0" 200 713128 "-" "Mozilla/5.0 AppleWebKit/537.36 (KHTML, like Gecko; compatible; ClaudeBot/1.0; +claudebot@anthropic.com)"
20.171.207.35 - - [20/Oct/2025:15:08:28 +0300] "GET /?fileloc=//lib/python3.6/site-packages/pip/operations/freeze.py&path=//lib/python3.6/site-packages/pip/operations HTTP/2.0" 200 3645 "-" "Mozilla/5.0 AppleWebKit/537.36 (KHTML, like Gecko; compatible; GPTBot/1.2; +https://openai.com/gptbot)"
20.171.207.138 - - [20/Oct/2025:15:08:29 +0300] "GET /upload/save_image/product/00/30/20/92/302092_1_360.jpg?path=//proc/1008992/root/proc/1008992/root/proc/1008992/task/1008992/root/proc/2227781/task/2227781/cwd/proc/2227781/root/lib/systemd/system-generators HTTP/2.0" 200 2415 "-" "Mozilla/5.0 AppleWebKit/537.36 (KHTML, like Gecko; compatible; GPTBot/1.2; +https://openai.com/gptbot)"
216.73.216.119 - - [20/Oct/2025:15:08:28 +0300] "GET /et/wp-json/wp/v2/product/1436?fileloc=%2F%2Flib64%2Flibcrypt.so.1&path=%2F%2Flib64 HTTP/2.0" 200 38030 "-" "Mozilla/5.0 AppleWebKit/537.36 (KHTML, like Gecko; compatible; ClaudeBot/1.0; +claudebot@anthropic.com)"
216.73.216.119 - - [20/Oct/2025:15:08:28 +0300] "GET /et/wp-json/wp/v2/product/1382?fileloc=%2F%2Flib64%2Flibnettle.so.6.5&path=%2F%2Flib64 HTTP/2.0" 200 89546 "-" "Mozilla/5.0 AppleWebKit/537.36 (KHTML, like Gecko; compatible; ClaudeBot/1.0; +claudebot@anthropic.com)"
66.249.68.37 - - [20/Oct/2025:15:08:29 +0300] "GET /svg/common/icon-star-fill.svg HTTP/1.1" 200 17039 "https://www.businessdatabases.net/items/105169841" "Mozilla/5.0 (Linux; Android 6.0.1; Nexus 5X Build/MMB29P) AppleWebKit/537.36 (KHTML, like Gecko) Chrome/140.0.7339.207 Mobile Safari/537.36 (compatible; Googlebot/2.1; +http://www.google.com/bot.html)"
216.73.216.119 - - [20/Oct/2025:15:08:29 +0300] "GET /et/product/argentiina-e-maili-andmebaas?path=%2F%2Fusr%2Flib64%2Fdovecot%2Fdict HTTP/2.0" 200 2566 "-" "Mozilla/5.0 AppleWebKit/537.36 (KHTML, like Gecko; compatible; ClaudeBot/1.0; +claudebot@anthropic.com)"
216.73.216.119 - - [20/Oct/2025:15:08:29 +0300] "GET /ru/database-city/antwerpen-ru?fileloc=%2F%2Fbin%2Fsha256sum&path=%2F%2Fbin HTTP/2.0" 200 19298 "-" "Mozilla/5.0 AppleWebKit/537.36 (KHTML, like Gecko; compatible; ClaudeBot/1.0; +claudebot@anthropic.com)"
216.73.216.119 - - [20/Oct/2025:15:08:29 +0300] "GET /et/wp-json/wp/v2/product/1793?path=%2F%2Fetc%2Fcl.selector HTTP/2.0" 200 2687 "-" "Mozilla/5.0 AppleWebKit/537.36 (KHTML, like Gecko; compatible; ClaudeBot/1.0; +claudebot@anthropic.com)"
216.73.216.119 - - [20/Oct/2025:15:08:29 +0300] "GET /product/leuven-business-database?fileloc=%2F%2Flib64%2Flibxdot.so.4.0.0&path=%2F%2Flib64 HTTP/2.0" 200 10468 "-" "Mozilla/5.0 AppleWebKit/537.36 (KHTML, like Gecko; compatible; ClaudeBot/1.0; +claudebot@anthropic.com)"
216.73.216.119 - - [20/Oct/2025:15:08:30 +0300] "GET /product/nepal-business-database?fileloc=%2F%2Fproc%2Fthread-self%2Froot%2Flib64%2Flibdatrie.so.1&path=%2F%2Fproc%2Fthread-self%2Froot%2Flib64 HTTP/2.0" 200 14532 "-" "Mozilla/5.0 AppleWebKit/537.36 (KHTML, like Gecko; compatible; ClaudeBot/1.0; +claudebot@anthropic.com)"
20.171.207.35 - - [20/Oct/2025:15:08:31 +0300] "GET /?path=//lib/python3.6/site-packages/pip/operations/__pycache__ HTTP/2.0" 200 2732 "-" "Mozilla/5.0 AppleWebKit/537.36 (KHTML, like Gecko; compatible; GPTBot/1.2; +https://openai.com/gptbot)"
216.73.216.119 - - [20/Oct/2025:15:08:31 +0300] "GET /et/andmebaas-linn/al-ain-email-database-et?fileloc=%2F%2Flib64%2Flibpamc.so.0&path=%2F%2Flib64 HTTP/2.0" 200 8065 "-" "Mozilla/5.0 AppleWebKit/537.36 (KHTML, like Gecko; compatible; ClaudeBot/1.0; +claudebot@anthropic.com)"
216.73.216.119 - - [20/Oct/2025:15:08:31 +0300] "GET /product/leuven-business-database?fileloc=%2F%2Flib64%2Flibgcc_s.so.1&path=%2F%2Flib64 HTTP/2.0" 200 39471 "-" "Mozilla/5.0 AppleWebKit/537.36 (KHTML, like Gecko; compatible; ClaudeBot/1.0; +claudebot@anthropic.com)"
216.73.216.119 - - [20/Oct/2025:15:08:32 +0300] "GET /product/prague-business-database?fileloc=%2F%2Flib64%2FlibXxf86misc.so.1.1.0&path=%2F%2Flib64 HTTP/2.0" 200 7535 "-" "Mozilla/5.0 AppleWebKit/537.36 (KHTML, like Gecko; compatible; ClaudeBot/1.0; +claudebot@anthropic.com)"
66.249.68.36 - - [20/Oct/2025:15:08:32 +0300] "GET /items/516552636 HTTP/1.1" 200 17203 "-" "Mozilla/5.0 (Linux; Android 6.0.1; Nexus 5X Build/MMB29P) AppleWebKit/537.36 (KHTML, like Gecko) Chrome/140.0.7339.207 Mobile Safari/537.36 (compatible; Googlebot/2.1; +http://www.google.com/bot.html)"
66.249.68.37 - - [20/Oct/2025:15:08:31 +0300] "GET /items/516546707 HTTP/1.1" 200 17663 "-" "Mozilla/5.0 (Linux; Android 6.0.1; Nexus 5X Build/MMB29P) AppleWebKit/537.36 (KHTML, like Gecko) Chrome/140.0.7339.207 Mobile Safari/537.36 (compatible; Googlebot/2.1; +http://www.google.com/bot.html)"
216.73.216.119 - - [20/Oct/2025:15:08:32 +0300] "GET /et/wp-json/wp/v2/product/1793?fileloc=%2F%2Flib64%2Flibwebpdemux.so.2.0.4&path=%2F%2Flib64 HTTP/2.0" 200 10099 "-" "Mozilla/5.0 AppleWebKit/537.36 (KHTML, like Gecko; compatible; ClaudeBot/1.0; +claudebot@anthropic.com)"
20.171.207.138 - - [20/Oct/2025:15:08:32 +0300] "GET /upload/save_image/product/00/30/20/92/302092_1_360.jpg?path=//proc/1008992/root/proc/1008992/root/proc/1008992/task/1008992/root/proc/2227781/task/2227781/cwd/proc/2227781/cwd/lib/tuned/accelerator-performance HTTP/2.0" 200 2419 "-" "Mozilla/5.0 AppleWebKit/537.36 (KHTML, like Gecko; compatible; GPTBot/1.2; +https://openai.com/gptbot)"
54.84.250.51 - - [20/Oct/2025:15:08:32 +0300] "GET /product/austin-business-database/?fileloc=/home-ssd1/busines1/public_html/wp-includes/block-editor.php&path=/home-ssd1/busines1/public_html/wp-includes HTTP/1.1" 200 45474 "-" "Mozilla/5.0 AppleWebKit/537.36 (KHTML, like Gecko; compatible; Amazonbot/0.1; +https://developer.amazon.com/support/amazonbot) Chrome/119.0.6045.214 Safari/537.36"
216.73.216.119 - - [20/Oct/2025:15:08:32 +0300] "GET /et/product/johor-bahru-ettevotete-andmebaas?path=%2F%2Fopt%2Falt%2Fpython311 HTTP/2.0" 200 2644 "-" "Mozilla/5.0 AppleWebKit/537.36 (KHTML, like Gecko; compatible; ClaudeBot/1.0; +claudebot@anthropic.com)"
216.73.216.119 - - [20/Oct/2025:15:08:32 +0300] "GET /et/wp-json/wp/v2/product/1436?fileloc=%2F%2Flib64%2Flibpcre.so&path=%2F%2Flib64 HTTP/2.0" 200 158310 "-" "Mozilla/5.0 AppleWebKit/537.36 (KHTML, like Gecko; compatible; ClaudeBot/1.0; +claudebot@anthropic.com)"
216.73.216.119 - - [20/Oct/2025:15:08:32 +0300] "GET /product/nepal-business-database?fileloc=%2F%2Fproc%2Fthread-self%2Froot%2Flib64%2Flibyaz.so.5&path=%2F%2Fproc%2Fthread-self%2Froot%2Flib64 HTTP/2.0" 200 394130 "-" "Mozilla/5.0 AppleWebKit/537.36 (KHTML, like Gecko; compatible; ClaudeBot/1.0; +claudebot@anthropic.com)"
216.73.216.119 - - [20/Oct/2025:15:08:33 +0300] "GET /product/nepal-business-database?fileloc=%2F%2Fproc%2Fthread-self%2Froot%2Flib64%2Flibsmartcols.so.1.1.0&path=%2F%2Fproc%2Fthread-self%2Froot%2Flib64 HTTP/2.0" 200 83885 "-" "Mozilla/5.0 AppleWebKit/537.36 (KHTML, like Gecko; compatible; ClaudeBot/1.0; +claudebot@anthropic.com)"
216.73.216.119 - - [20/Oct/2025:15:08:33 +0300] "GET /product/prague-business-database?fileloc=%2F%2Flib64%2Flibtevent.so.0.16.0&path=%2F%2Flib64 HTTP/2.0" 200 36165 "-" "Mozilla/5.0 AppleWebKit/537.36 (KHTML, like Gecko; compatible; ClaudeBot/1.0; +claudebot@anthropic.com)"
216.73.216.119 - - [20/Oct/2025:15:08:33 +0300] "GET /countries/belarus?fileloc=%2Fhome-ssd1%2Fbusines1%2Fphp%2F.channels%2F__uri.reg&path=%2Fhome-ssd1%2Fbusines1%2Fphp%2F.channels HTTP/2.0" 200 2424 "-" "Mozilla/5.0 AppleWebKit/537.36 (KHTML, like Gecko; compatible; ClaudeBot/1.0; +claudebot@anthropic.com)"
66.249.68.37 - - [20/Oct/2025:15:08:33 +0300] "GET /items/516542892 HTTP/1.1" 200 17280 "-" "Mozilla/5.0 (Linux; Android 6.0.1; Nexus 5X Build/MMB29P) AppleWebKit/537.36 (KHTML, like Gecko) Chrome/140.0.7339.207 Mobile Safari/537.36 (compatible; Googlebot/2.1; +http://www.google.com/bot.html)"
216.73.216.119 - - [20/Oct/2025:15:08:34 +0300] "GET /ru/database-city/jyvaskyla-ru?fileloc=%2Fhome-ssd1%2Fbusines1%2F.subaccounts%2Fstorage.sqlite&path=%2Fhome-ssd1%2Fbusines1%2F.subaccounts HTTP/2.0" 200 2621 "-" "Mozilla/5.0 AppleWebKit/537.36 (KHTML, like Gecko; compatible; ClaudeBot/1.0; +claudebot@anthropic.com)"
18.211.39.188 - - [20/Oct/2025:15:08:34 +0300] "GET /product/montreal-business-database/?fileloc=/home-ssd1/busines1/public_html/wp-cron.php&path=/home-ssd1/busines1/public_html HTTP/1.1" 200 18325 "-" "Mozilla/5.0 AppleWebKit/537.36 (KHTML, like Gecko; compatible; Amazonbot/0.1; +https://developer.amazon.com/support/amazonbot) Chrome/119.0.6045.214 Safari/537.36"
216.73.216.119 - - [20/Oct/2025:15:08:34 +0300] "GET /et/andmebaas-linn/tirana-ettevotete-e-mail-andmebaas/feed?path=%2F%2Flib%2Fjvm%2Fjre-11 HTTP/2.0" 200 2660 "-" "Mozilla/5.0 AppleWebKit/537.36 (KHTML, like Gecko; compatible; ClaudeBot/1.0; +claudebot@anthropic.com)"
216.73.216.119 - - [20/Oct/2025:15:08:34 +0300] "GET /et/andmebaas-linn/esch-sur-alzette-et?path=%2Fhome-ssd1%2Fbusines1%2Fpublic_html%2F.well-known HTTP/2.0" 200 2670 "-" "Mozilla/5.0 AppleWebKit/537.36 (KHTML, like Gecko; compatible; ClaudeBot/1.0; +claudebot@anthropic.com)"
20.171.207.35 - - [20/Oct/2025:15:08:34 +0300] "GET /?path=//lib/python2.7/site-packages/pip/req HTTP/2.0" 200 2895 "-" "Mozilla/5.0 AppleWebKit/537.36 (KHTML, like Gecko; compatible; GPTBot/1.2; +https://openai.com/gptbot)"
216.73.216.119 - - [20/Oct/2025:15:08:34 +0300] "GET /et/product/delhi-ettevotete-andmebaas?fileloc=%2F%2Flib64%2Fperl5%2Fbits%2Fwaitstatus.ph&path=%2F%2Flib64%2Fperl5%2Fbits HTTP/2.0" 200 2720 "-" "Mozilla/5.0 AppleWebKit/537.36 (KHTML, like Gecko; compatible; ClaudeBot/1.0; +claudebot@anthropic.com)"
216.73.216.119 - - [20/Oct/2025:15:08:34 +0300] "GET /et/andmebaas-linn/tirana-ettevotete-e-mail-andmebaas/feed?fileloc=%2F%2Flib%2Flocale%2Fen_IE%40euro%2FLC_NAME&path=%2F%2Flib%2Flocale%2Fen_IE%40euro HTTP/2.0" 200 2307 "-" "Mozilla/5.0 AppleWebKit/537.36 (KHTML, like Gecko; compatible; ClaudeBot/1.0; +claudebot@anthropic.com)"
66.249.68.37 - - [20/Oct/2025:15:08:35 +0300] "GET /items/516564562 HTTP/1.1" 200 37835 "-" "Mozilla/5.0 (Linux; Android 6.0.1; Nexus 5X Build/MMB29P) AppleWebKit/537.36 (KHTML, like Gecko) Chrome/140.0.7339.207 Mobile Safari/537.36 (compatible; Googlebot/2.1; +http://www.google.com/bot.html)"
216.73.216.119 - - [20/Oct/2025:15:08:35 +0300] "GET /et/wp-json/wp/v2/product/1436?fileloc=%2F%2Flib64%2Flibcap-ng.so.0&path=%2F%2Flib64 HTTP/2.0" 200 10890 "-" "Mozilla/5.0 AppleWebKit/537.36 (KHTML, like Gecko; compatible; ClaudeBot/1.0; +claudebot@anthropic.com)"
20.171.207.138 - - [20/Oct/2025:15:08:35 +0300] "GET /upload/save_image/product/00/30/20/92/302092_1_360.jpg?path=//proc/1008992/root/proc/1008992/root/proc/1008992/task/1008992/root/proc/2227781/task/2227781/cwd/proc/2227781/root/lib/tuned/throughput-performance HTTP/2.0" 200 2418 "-" "Mozilla/5.0 AppleWebKit/537.36 (KHTML, like Gecko; compatible; GPTBot/1.2; +https://openai.com/gptbot)"
3.93.211.16 - - [20/Oct/2025:15:08:35 +0300] "GET /product/surabaya-business-database/?fileloc=/home-ssd1/busines1/public_html/wp-includes/default-constants.php&path=/home-ssd1/busines1/public_html/wp-includes HTTP/1.1" 200 25449 "-" "Mozilla/5.0 AppleWebKit/537.36 (KHTML, like Gecko; compatible; Amazonbot/0.1; +https://developer.amazon.com/support/amazonbot) Chrome/119.0.6045.214 Safari/537.36"
216.73.216.119 - - [20/Oct/2025:15:08:36 +0300] "GET /ru/database-city/antwerpen-ru?fileloc=%2F%2Flib64%2Flibxcb-xinerama.so&path=%2F%2Flib64 HTTP/2.0" 200 5847 "-" "Mozilla/5.0 AppleWebKit/537.36 (KHTML, like Gecko; compatible; ClaudeBot/1.0; +claudebot@anthropic.com)"
216.73.216.119 - - [20/Oct/2025:15:08:36 +0300] "GET /et/andmebaas-linn/al-ain-email-database-et?fileloc=%2F%2Flib64%2Flibext2fs.so.2&path=%2F%2Flib64 HTTP/2.0" 200 172374 "-" "Mozilla/5.0 AppleWebKit/537.36 (KHTML, like Gecko; compatible; ClaudeBot/1.0; +claudebot@anthropic.com)"
216.73.216.119 - - [20/Oct/2025:15:08:33 +0300] "GET /product/nepal-business-database?fileloc=%2F%2Fproc%2Fthread-self%2Froot%2Flib64%2Fliblapack.so.3.8.0&path=%2F%2Fproc%2Fthread-self%2Froot%2Flib64 HTTP/2.0" 200 2653692 "-" "Mozilla/5.0 AppleWebKit/537.36 (KHTML, like Gecko; compatible; ClaudeBot/1.0; +claudebot@anthropic.com)"
216.73.216.119 - - [20/Oct/2025:15:08:36 +0300] "GET /product/nepal-business-database?fileloc=%2F%2Fproc%2Fthread-self%2Froot%2Flib64%2Flibatopology.so.2.0.0&path=%2F%2Fproc%2Fthread-self%2Froot%2Flib64 HTTP/2.0" 200 49982 "-" "Mozilla/5.0 AppleWebKit/537.36 (KHTML, like Gecko; compatible; ClaudeBot/1.0; +claudebot@anthropic.com)"
216.73.216.119 - - [20/Oct/2025:15:08:36 +0300] "GET /et/wp-json/wp/v2/product/1372?fileloc=%2F%2Flib64%2Flibusb-1.0.so.0&path=%2F%2Flib64 HTTP/2.0" 200 45416 "-" "Mozilla/5.0 AppleWebKit/537.36 (KHTML, like Gecko; compatible; ClaudeBot/1.0; +claudebot@anthropic.com)"
216.73.216.119 - - [20/Oct/2025:15:08:37 +0300] "GET /et/wp-json/wp/v2/product/1663?path=%2Fhome-ssd1%2Fbusines1%2Fetc HTTP/2.0" 200 2652 "-" "Mozilla/5.0 AppleWebKit/537.36 (KHTML, like Gecko; compatible; ClaudeBot/1.0; +claudebot@anthropic.com)"
216.73.216.119 - - [20/Oct/2025:15:08:37 +0300] "GET /product/nepal-business-database?fileloc=%2F%2Fproc%2Fthread-self%2Froot%2Flib64%2Flibxcb-present.so.0.0.0&path=%2F%2Fproc%2Fthread-self%2Froot%2Flib64 HTTP/2.0" 200 6228 "-" "Mozilla/5.0 AppleWebKit/537.36 (KHTML, like Gecko; compatible; ClaudeBot/1.0; +claudebot@anthropic.com)"
20.171.207.35 - - [20/Oct/2025:15:08:38 +0300] "GET /?path=//lib/python3.6/site-packages/pip/req HTTP/2.0" 200 2766 "-" "Mozilla/5.0 AppleWebKit/537.36 (KHTML, like Gecko; compatible; GPTBot/1.2; +https://openai.com/gptbot)"
216.73.216.119 - - [20/Oct/2025:15:08:37 +0300] "GET /et/andmebaas-linn/al-ain-email-database-et?fileloc=%2F%2Flib64%2Flibgudev-1.0.so.0.2.0&path=%2F%2Flib64 HTTP/2.0" 200 13758 "-" "Mozilla/5.0 AppleWebKit/537.36 (KHTML, like Gecko; compatible; ClaudeBot/1.0; +claudebot@anthropic.com)"
216.73.216.119 - - [20/Oct/2025:15:08:38 +0300] "GET /et/wp-json/wp/v2/product/1793?fileloc=%2F%2Flib%2Ffirmware%2Fi915%2Fskl_dmc_ver1.bin&path=%2F%2Flib%2Ffirmware%2Fi915 HTTP/2.0" 200 4945 "-" "Mozilla/5.0 AppleWebKit/537.36 (KHTML, like Gecko; compatible; ClaudeBot/1.0; +claudebot@anthropic.com)"
20.171.207.138 - - [20/Oct/2025:15:08:38 +0300] "GET /upload/save_image/product/00/30/20/92/302092_1_360.jpg?path=//proc/1008992/root/proc/1008992/root/proc/1008992/task/1008992/root/proc/2227781/task/2227781/cwd/proc/2227781/cwd/etc/environment-modules HTTP/2.0" 200 2399 "-" "Mozilla/5.0 AppleWebKit/537.36 (KHTML, like Gecko; compatible; GPTBot/1.2; +https://openai.com/gptbot)"
216.73.216.119 - - [20/Oct/2025:15:08:38 +0300] "GET /et/product/johor-bahru-ettevotete-andmebaas?path=%2F%2Fopt%2Fcloudlinux%2Fvenv%2Fbin HTTP/2.0" 200 3981 "-" "Mozilla/5.0 AppleWebKit/537.36 (KHTML, like Gecko; compatible; ClaudeBot/1.0; +claudebot@anthropic.com)"
216.73.216.119 - - [20/Oct/2025:15:08:38 +0300] "GET /product/nepal-business-database?fileloc=%2F%2Fproc%2Fthread-self%2Froot%2Flib64%2Flibfontenc.so.1.0.0&path=%2F%2Fproc%2Fthread-self%2Froot%2Flib64 HTTP/2.0" 200 12212 "-" "Mozilla/5.0 AppleWebKit/537.36 (KHTML, like Gecko; compatible; ClaudeBot/1.0; +claudebot@anthropic.com)"
216.73.216.119 - - [20/Oct/2025:15:08:39 +0300] "GET /et/wp-json/wp/v2/product/1453?path=%2F%2Ftmp HTTP/2.0" 200 2507 "-" "Mozilla/5.0 AppleWebKit/537.36 (KHTML, like Gecko; compatible; ClaudeBot/1.0; +claudebot@anthropic.com)"
52.45.92.83 - - [20/Oct/2025:15:08:39 +0300] "GET /database-city/greece/?fileloc=/home-ssd1/busines1/public_html/wp-includes/ms-load.php&path=/home-ssd1/busines1/public_html/wp-includes HTTP/1.1" 200 34154 "-" "Mozilla/5.0 AppleWebKit/537.36 (KHTML, like Gecko; compatible; Amazonbot/0.1; +https://developer.amazon.com/support/amazonbot) Chrome/119.0.6045.214 Safari/537.36"
216.73.216.119 - - [20/Oct/2025:15:08:39 +0300] "GET /shop?path=%2Fhome-ssd1%2Fbusines1%2Fmail HTTP/2.0" 200 3303 "-" "Mozilla/5.0 AppleWebKit/537.36 (KHTML, like Gecko; compatible; ClaudeBot/1.0; +claudebot@anthropic.com)"
216.73.216.119 - - [20/Oct/2025:15:08:38 +0300] "GET /et/wp-json/wp/v2/product/1436?fileloc=%2F%2Flib64%2Flibcfitsio.so.7&path=%2F%2Flib64 HTTP/2.0" 200 481985 "-" "Mozilla/5.0 AppleWebKit/537.36 (KHTML, like Gecko; compatible; ClaudeBot/1.0; +claudebot@anthropic.com)"
216.73.216.119 - - [20/Oct/2025:15:08:40 +0300] "GET /et/wp-json/wp/v2/product/1793?fileloc=%2F%2Flib64%2Flibcriu.so&path=%2F%2Flib64 HTTP/2.0" 200 20628 "-" "Mozilla/5.0 AppleWebKit/537.36 (KHTML, like Gecko; compatible; ClaudeBot/1.0; +claudebot@anthropic.com)"
216.73.216.119 - - [20/Oct/2025:15:08:40 +0300] "GET /et/andmebaas-linn/sarpsborg-e-mail-andmebaas?path=%2F%2Flib%2F.build-id%2F6c HTTP/2.0" 200 3228 "-" "Mozilla/5.0 AppleWebKit/537.36 (KHTML, like Gecko; compatible; ClaudeBot/1.0; +claudebot@anthropic.com)"
216.73.216.119 - - [20/Oct/2025:15:08:40 +0300] "GET /et/andmebaas-linn/al-ain-email-database-et?fileloc=%2F%2Flib64%2FlibodbctxtS.so.2&path=%2F%2Flib64 HTTP/2.0" 200 5248 "-" "Mozilla/5.0 AppleWebKit/537.36 (KHTML, like Gecko; compatible; ClaudeBot/1.0; +claudebot@anthropic.com)"
216.73.216.119 - - [20/Oct/2025:15:08:41 +0300] "GET /et/product/argentiina-e-maili-andmebaas?fileloc=%2Fhome-ssd1%2Fbusines1%2F.cpanel%2Fnvdata%2Fbilling%40businessdatabases.net_default_webmail_app&path=%2Fhome-ssd1%2Fbusines1%2F.cpanel%2Fnvdata HTTP/2.0" 200 2287 "-" "Mozilla/5.0 AppleWebKit/537.36 (KHTML, like Gecko; compatible; ClaudeBot/1.0; +claudebot@anthropic.com)"
20.171.207.35 - - [20/Oct/2025:15:08:41 +0300] "GET /?path=//lib/python2.7/site-packages/setuptools/_vendor HTTP/2.0" 200 2838 "-" "Mozilla/5.0 AppleWebKit/537.36 (KHTML, like Gecko; compatible; GPTBot/1.2; +https://openai.com/gptbot)"
66.249.68.37 - - [20/Oct/2025:15:08:41 +0300] "GET /items/516568443 HTTP/1.1" 200 36651 "-" "Mozilla/5.0 (Linux; Android 6.0.1; Nexus 5X Build/MMB29P) AppleWebKit/537.36 (KHTML, like Gecko) Chrome/140.0.7339.207 Mobile Safari/537.36 (compatible; Googlebot/2.1; +http://www.google.com/bot.html)"
216.73.216.119 - - [20/Oct/2025:15:08:41 +0300] "GET /?fileloc=%2F%2Fbin%2Fsetterm&path=%2F%2Fbin HTTP/2.0" 200 17765 "-" "Mozilla/5.0 AppleWebKit/537.36 (KHTML, like Gecko; compatible; ClaudeBot/1.0; +claudebot@anthropic.com)"
20.171.207.138 - - [20/Oct/2025:15:08:41 +0300] "GET /upload/save_image/product/00/30/20/92/302092_1_360.jpg?path=//proc/1008992/root/proc/1008992/root/proc/1008992/task/1008992/root/proc/2227781/task/2227781/cwd/proc/2227781/cwd/usr/lib/tuned/accelerator-performance HTTP/2.0" 200 2431 "-" "Mozilla/5.0 AppleWebKit/537.36 (KHTML, like Gecko; compatible; GPTBot/1.2; +https://openai.com/gptbot)"
216.73.216.119 - - [20/Oct/2025:15:08:41 +0300] "GET /et/wp-json/wp/v2/product/1793?fileloc=%2F%2Fproc%2Fself%2Froot%2Flib64%2Fliblcms2.so.2.0.8&path=%2F%2Fproc%2Fself%2Froot%2Flib64 HTTP/2.0" 200 143022 "-" "Mozilla/5.0 AppleWebKit/537.36 (KHTML, like Gecko; compatible; ClaudeBot/1.0; +claudebot@anthropic.com)"
216.73.216.119 - - [20/Oct/2025:15:08:41 +0300] "GET /et/wp-json/wp/v2/product/1372?fileloc=%2Fhome-ssd1%2Fbusines1%2Ftmp%2Fawstats%2Fawstats112022.businessdatabases.net.txt&path=%2Fhome-ssd1%2Fbusines1%2Ftmp%2Fawstats HTTP/2.0" 200 14678 "-" "Mozilla/5.0 AppleWebKit/537.36 (KHTML, like Gecko; compatible; ClaudeBot/1.0; +claudebot@anthropic.com)"
216.73.216.119 - - [20/Oct/2025:15:08:41 +0300] "GET /et/andmebaas-linn/rootsi/feed?path=%2Fhome-ssd1%2Fbusines1%2F.caldav HTTP/2.0" 200 2547 "-" "Mozilla/5.0 AppleWebKit/537.36 (KHTML, like Gecko; compatible; ClaudeBot/1.0; +claudebot@anthropic.com)"
216.73.216.119 - - [20/Oct/2025:15:08:42 +0300] "GET /et/wp-json/wp/v2/product/1372?fileloc=%2F%2Flib64%2Flibsodium.so.23&path=%2F%2Flib64 HTTP/2.0" 200 133712 "-" "Mozilla/5.0 AppleWebKit/537.36 (KHTML, like Gecko; compatible; ClaudeBot/1.0; +claudebot@anthropic.com)"
216.73.216.119 - - [20/Oct/2025:15:08:42 +0300] "GET /product/prague-business-database?fileloc=%2F%2Flib64%2Flibtalloc.so.2.4.1&path=%2F%2Flib64 HTTP/2.0" 200 32521 "-" "Mozilla/5.0 AppleWebKit/537.36 (KHTML, like Gecko; compatible; ClaudeBot/1.0; +claudebot@anthropic.com)"
66.249.68.36 - - [20/Oct/2025:15:08:43 +0300] "GET /items/516582549 HTTP/1.1" 200 37986 "-" "Mozilla/5.0 (Linux; Android 6.0.1; Nexus 5X Build/MMB29P) AppleWebKit/537.36 (KHTML, like Gecko) Chrome/140.0.7339.207 Mobile Safari/537.36 (compatible; Googlebot/2.1; +http://www.google.com/bot.html)"
