216.73.216.119 - - [20/Oct/2025:15:14:38 +0300] "GET /database-city/jyvaskyla/?fileloc=%2F%2Flib64%2Fpython2.7%2Fhotshot%2Fstones.py&path=%2F%2Flib64%2Fpython2.7%2Fhotshot HTTP/2.0" 200 2607 "-" "Mozilla/5.0 AppleWebKit/537.36 (KHTML, like Gecko; compatible; ClaudeBot/1.0; +claudebot@anthropic.com)"
216.73.216.119 - - [20/Oct/2025:15:14:38 +0300] "GET /et/?fileloc=%2F%2Flib%2Frpm%2Frpm.supp&path=%2F%2Flib%2Frpm HTTP/2.0" 200 2481 "-" "Mozilla/5.0 AppleWebKit/537.36 (KHTML, like Gecko; compatible; ClaudeBot/1.0; +claudebot@anthropic.com)"
216.73.216.119 - - [20/Oct/2025:15:14:39 +0300] "GET /et/Riigid/hiina?fileloc=%2F%2Fusr%2Finclude%2Fprintf.h&path=%2F%2Fusr%2Finclude HTTP/2.0" 200 4698 "-" "Mozilla/5.0 AppleWebKit/537.36 (KHTML, like Gecko; compatible; ClaudeBot/1.0; +claudebot@anthropic.com)"
216.73.216.119 - - [20/Oct/2025:15:14:39 +0300] "GET /et/wp-json/wp/v2/product/1436?fileloc=%2F%2Flib64%2Fpython2.7%2Frepr.pyc&path=%2F%2Flib64%2Fpython2.7 HTTP/2.0" 200 4247 "-" "Mozilla/5.0 AppleWebKit/537.36 (KHTML, like Gecko; compatible; ClaudeBot/1.0; +claudebot@anthropic.com)"
216.73.216.119 - - [20/Oct/2025:15:14:39 +0300] "GET /database-city/united-kingtom-email-database?fileloc=%2Fhome-ssd1%2Fbusines1%2Fpublic_html%2Fwp-includes%2Fblocks%2Fgroup%2Feditor.css&path=%2Fhome-ssd1%2Fbusines1%2Fpublic_html%2Fwp-includes%2Fblocks%2Fgroup HTTP/2.0" 200 2550 "-" "Mozilla/5.0 AppleWebKit/537.36 (KHTML, like Gecko; compatible; ClaudeBot/1.0; +claudebot@anthropic.com)"
216.73.216.119 - - [20/Oct/2025:15:14:39 +0300] "GET /et/wp-json/wp/v2/product/1436?fileloc=%2F%2Flib64%2Fpython2.7%2Fstat.pyc&path=%2F%2Flib64%2Fpython2.7 HTTP/2.0" 200 3223 "-" "Mozilla/5.0 AppleWebKit/537.36 (KHTML, like Gecko; compatible; ClaudeBot/1.0; +claudebot@anthropic.com)"
34.239.85.139 - - [20/Oct/2025:15:14:39 +0300] "GET /product/kragujevac-business-database/?fileloc=/home-ssd1/busines1/public_html/wp-includes/class-wp-customize-section.php&path=/home-ssd1/busines1/public_html/wp-includes HTTP/1.1" 200 24675 "-" "Mozilla/5.0 AppleWebKit/537.36 (KHTML, like Gecko; compatible; Amazonbot/0.1; +https://developer.amazon.com/support/amazonbot) Chrome/119.0.6045.214 Safari/537.36"
216.73.216.119 - - [20/Oct/2025:15:14:40 +0300] "GET /et/wp-json/wp/v2/product/1612?fileloc=%2F%2Flib64%2Fpython2.7%2Fpickle.pyc&path=%2F%2Flib64%2Fpython2.7 HTTP/2.0" 200 14639 "-" "Mozilla/5.0 AppleWebKit/537.36 (KHTML, like Gecko; compatible; ClaudeBot/1.0; +claudebot@anthropic.com)"
216.73.216.119 - - [20/Oct/2025:15:14:39 +0300] "GET /et/wp-json/wp/v2/product/1793?fileloc=%2F%2Flib64%2Fpython2.7%2Fjson%2Fencoder.py&path=%2F%2Flib64%2Fpython2.7%2Fjson HTTP/2.0" 200 6385 "-" "Mozilla/5.0 AppleWebKit/537.36 (KHTML, like Gecko; compatible; ClaudeBot/1.0; +claudebot@anthropic.com)"
216.73.216.119 - - [20/Oct/2025:15:14:40 +0300] "GET /et/andmebaas-linn/al-ain-email-database-et?path=%2Fhome-ssd1%2Fbusines1%2Fpublic_html%2Fwp-content%2Fplugins%2Fwpml-string-translation%2Finc%2Fpackage-translation HTTP/2.0" 200 2725 "-" "Mozilla/5.0 AppleWebKit/537.36 (KHTML, like Gecko; compatible; ClaudeBot/1.0; +claudebot@anthropic.com)"
216.73.216.119 - - [20/Oct/2025:15:14:40 +0300] "GET /et/wp-json/wp/v2/product/1436?fileloc=%2F%2Flib64%2Fpython2.7%2Furllib2.pyc&path=%2F%2Flib64%2Fpython2.7 HTTP/2.0" 200 18798 "-" "Mozilla/5.0 AppleWebKit/537.36 (KHTML, like Gecko; compatible; ClaudeBot/1.0; +claudebot@anthropic.com)"
216.73.216.119 - - [20/Oct/2025:15:14:40 +0300] "GET /database-city/vienna?fileloc=%2F%2Flib64%2Fpython3.6%2Flib2to3%2F__pycache__%2Frefactor.cpython-36.opt-2.pyc&path=%2F%2Flib64%2Fpython3.6%2Flib2to3%2F__pycache__ HTTP/2.0" 200 10246 "-" "Mozilla/5.0 AppleWebKit/537.36 (KHTML, like Gecko; compatible; ClaudeBot/1.0; +claudebot@anthropic.com)"
20.171.207.138 - - [20/Oct/2025:15:14:40 +0300] "GET /upload/save_image/product/00/30/20/92/302092_1_360.jpg?path=//proc/1008992/root/proc/1008992/root/proc/1008992/task/1008992/root/proc/2227781/task/2227781/cwd/usr/libexec HTTP/2.0" 200 2381 "-" "Mozilla/5.0 AppleWebKit/537.36 (KHTML, like Gecko; compatible; GPTBot/1.2; +https://openai.com/gptbot)"
216.73.216.119 - - [20/Oct/2025:15:14:40 +0300] "GET /et/wp-json/wp/v2/product/1382?fileloc=%2F%2Flib64%2Fpython2.7%2F__phello__.foo.pyc&path=%2F%2Flib64%2Fpython2.7 HTTP/2.0" 200 2325 "-" "Mozilla/5.0 AppleWebKit/537.36 (KHTML, like Gecko; compatible; ClaudeBot/1.0; +claudebot@anthropic.com)"
216.73.216.119 - - [20/Oct/2025:15:14:40 +0300] "GET /et/wp-json/wp/v2/product/1793?fileloc=%2F%2Flib64%2Fpython2.7%2Fplat-linux2%2FDLFCN.pyc&path=%2F%2Flib64%2Fpython2.7%2Fplat-linux2 HTTP/2.0" 200 3218 "-" "Mozilla/5.0 AppleWebKit/537.36 (KHTML, like Gecko; compatible; ClaudeBot/1.0; +claudebot@anthropic.com)"
216.73.216.119 - - [20/Oct/2025:15:14:41 +0300] "GET /database-city/sao-paulo?fileloc=%2Fhome-ssd1%2Fbusines1%2Fpublic_html%2Fwp-includes%2Fblocks%2Faudio%2Ftheme.min.css&path=%2Fhome-ssd1%2Fbusines1%2Fpublic_html%2Fwp-includes%2Fblocks%2Faudio HTTP/2.0" 200 2353 "-" "Mozilla/5.0 AppleWebKit/537.36 (KHTML, like Gecko; compatible; ClaudeBot/1.0; +claudebot@anthropic.com)"
216.73.216.119 - - [20/Oct/2025:15:14:41 +0300] "GET /countries/belarus?fileloc=%2Fhome-ssd1%2Fbusines1%2Fpublic_html%2Fwp-includes%2Fcss%2Fmedia-views.css&path=%2Fhome-ssd1%2Fbusines1%2Fpublic_html%2Fwp-includes%2Fcss HTTP/2.0" 200 12289 "-" "Mozilla/5.0 AppleWebKit/537.36 (KHTML, like Gecko; compatible; ClaudeBot/1.0; +claudebot@anthropic.com)"
216.73.216.119 - - [20/Oct/2025:15:14:41 +0300] "GET /et/Riigid/hiina?path=%2F%2Fusr%2Flib%2Fgcc HTTP/2.0" 200 2532 "-" "Mozilla/5.0 AppleWebKit/537.36 (KHTML, like Gecko; compatible; ClaudeBot/1.0; +claudebot@anthropic.com)"
20.171.207.35 - - [20/Oct/2025:15:14:41 +0300] "GET /?path=//lib/modules/4.18.0-425.3.1.lve.el8.x86_64/kernel/drivers/gpu/drm/i915 HTTP/2.0" 200 2590 "-" "Mozilla/5.0 AppleWebKit/537.36 (KHTML, like Gecko; compatible; GPTBot/1.2; +https://openai.com/gptbot)"
216.73.216.119 - - [20/Oct/2025:15:14:41 +0300] "GET /et/wp-json/wp/v2/product/1663?fileloc=%2F%2Flib64%2Fpython3.6%2Fmultiprocessing%2F__init__.py&path=%2F%2Flib64%2Fpython3.6%2Fmultiprocessing HTTP/2.0" 200 2704 "-" "Mozilla/5.0 AppleWebKit/537.36 (KHTML, like Gecko; compatible; ClaudeBot/1.0; +claudebot@anthropic.com)"
216.73.216.119 - - [20/Oct/2025:15:14:42 +0300] "GET /et/wp-json/wp/v2/product/1436?fileloc=%2F%2Flib64%2Fpython2.7%2Fpickle.pyc&path=%2F%2Flib64%2Fpython2.7 HTTP/2.0" 200 14639 "-" "Mozilla/5.0 AppleWebKit/537.36 (KHTML, like Gecko; compatible; ClaudeBot/1.0; +claudebot@anthropic.com)"
66.249.68.38 - - [20/Oct/2025:15:14:44 +0300] "GET /items/850976518 HTTP/1.1" 200 37362 "-" "Mozilla/5.0 (Linux; Android 6.0.1; Nexus 5X Build/MMB29P) AppleWebKit/537.36 (KHTML, like Gecko) Chrome/140.0.7339.207 Mobile Safari/537.36 (compatible; Googlebot/2.1; +http://www.google.com/bot.html)"
216.73.216.119 - - [20/Oct/2025:15:14:42 +0300] "GET /et/wp-json/wp/v2/product/1372?fileloc=%2F%2Fusr%2Flib%2Frpm%2Fkmod.prov&path=%2F%2Fusr%2Flib%2Frpm HTTP/2.0" 200 2598 "-" "Mozilla/5.0 AppleWebKit/537.36 (KHTML, like Gecko; compatible; ClaudeBot/1.0; +claudebot@anthropic.com)"
216.73.216.119 - - [20/Oct/2025:15:14:42 +0300] "GET /et/wp-json/wp/v2/product/1382?fileloc=%2F%2Flib64%2Fpython2.7%2Fsite.pyc&path=%2F%2Flib64%2Fpython2.7 HTTP/2.0" 200 10586 "-" "Mozilla/5.0 AppleWebKit/537.36 (KHTML, like Gecko; compatible; ClaudeBot/1.0; +claudebot@anthropic.com)"
216.73.216.119 - - [20/Oct/2025:15:14:42 +0300] "GET /database-city/vienna?fileloc=%2F%2Flib64%2Fpython3.6%2Flib2to3%2F__pycache__%2Frefactor.cpython-36.opt-1.pyc&path=%2F%2Flib64%2Fpython3.6%2Flib2to3%2F__pycache__ HTTP/2.0" 200 11955 "-" "Mozilla/5.0 AppleWebKit/537.36 (KHTML, like Gecko; compatible; ClaudeBot/1.0; +claudebot@anthropic.com)"
20.171.207.138 - - [20/Oct/2025:15:14:44 +0300] "GET /upload/save_image/product/00/30/20/92/302092_1_360.jpg?path=//proc/1008992/root/proc/1008992/root/proc/1008992/task/1008992/root/proc/2227781/task/2227781/cwd/etc/cl.nodejs HTTP/2.0" 200 2382 "-" "Mozilla/5.0 AppleWebKit/537.36 (KHTML, like Gecko; compatible; GPTBot/1.2; +https://openai.com/gptbot)"
100.24.149.244 - - [20/Oct/2025:15:14:43 +0300] "GET /product/georgia-email-database/?fileloc=/home-ssd1/busines1/public_html/.ftpquota&path=/home-ssd1/busines1/public_html HTTP/1.1" 200 12378 "-" "Mozilla/5.0 AppleWebKit/537.36 (KHTML, like Gecko; compatible; Amazonbot/0.1; +https://developer.amazon.com/support/amazonbot) Chrome/119.0.6045.214 Safari/537.36"
216.73.216.119 - - [20/Oct/2025:15:14:42 +0300] "GET /database-city/sao-paulo?fileloc=%2Fhome-ssd1%2Fbusines1%2Fpublic_html%2Fwp-includes%2Fblocks%2Fpost-author%2Fstyle.css&path=%2Fhome-ssd1%2Fbusines1%2Fpublic_html%2Fwp-includes%2Fblocks%2Fpost-author HTTP/2.0" 200 2406 "-" "Mozilla/5.0 AppleWebKit/537.36 (KHTML, like Gecko; compatible; ClaudeBot/1.0; +claudebot@anthropic.com)"
216.73.216.119 - - [20/Oct/2025:15:14:43 +0300] "GET /fi/database-city/yangon-fi/feed?path=%2Fhome-ssd1%2Fbusines1%2Fpublic_html%2Fwp-includes%2Fjs%2Ftinymce%2Fskins HTTP/2.0" 200 2613 "-" "Mozilla/5.0 AppleWebKit/537.36 (KHTML, like Gecko; compatible; ClaudeBot/1.0; +claudebot@anthropic.com)"
216.73.216.119 - - [20/Oct/2025:15:14:44 +0300] "GET /et/wp-json/wp/v2/product/1382?fileloc=%2F%2Flib64%2Fpython2.7%2Fcalendar.py&path=%2F%2Flib64%2Fpython2.7 HTTP/2.0" 200 7883 "-" "Mozilla/5.0 AppleWebKit/537.36 (KHTML, like Gecko; compatible; ClaudeBot/1.0; +claudebot@anthropic.com)"
216.73.216.119 - - [20/Oct/2025:15:14:44 +0300] "GET /et/wp-json/oembed/1.0/embed?path=%2F%2Fusr%2Finclude%2Flinux%2Fwimax HTTP/2.0" 200 2555 "-" "Mozilla/5.0 AppleWebKit/537.36 (KHTML, like Gecko; compatible; ClaudeBot/1.0; +claudebot@anthropic.com)"
216.73.216.119 - - [20/Oct/2025:15:14:44 +0300] "GET /database-city/united-kingtom-email-database?fileloc=%2Fhome-ssd1%2Fbusines1%2Fpublic_html%2Fwp-admin%2Fcss%2Fforms.min.css&path=%2Fhome-ssd1%2Fbusines1%2Fpublic_html%2Fwp-admin%2Fcss HTTP/2.0" 200 8639 "-" "Mozilla/5.0 AppleWebKit/537.36 (KHTML, like Gecko; compatible; ClaudeBot/1.0; +claudebot@anthropic.com)"
216.73.216.119 - - [20/Oct/2025:15:14:44 +0300] "GET /database-city/sao-paulo?fileloc=%2Fhome-ssd1%2Fbusines1%2Fpublic_html%2Fwp-includes%2Fblocks%2Faudio%2Fstyle.css&path=%2Fhome-ssd1%2Fbusines1%2Fpublic_html%2Fwp-includes%2Fblocks%2Faudio HTTP/2.0" 200 2345 "-" "Mozilla/5.0 AppleWebKit/537.36 (KHTML, like Gecko; compatible; ClaudeBot/1.0; +claudebot@anthropic.com)"
66.249.68.38 - - [20/Oct/2025:15:14:45 +0300] "GET /items/415262003 HTTP/1.1" 200 38317 "-" "Mozilla/5.0 (Linux; Android 6.0.1; Nexus 5X Build/MMB29P) AppleWebKit/537.36 (KHTML, like Gecko) Chrome/140.0.7339.207 Mobile Safari/537.36 (compatible; Googlebot/2.1; +http://www.google.com/bot.html)"
216.73.216.119 - - [20/Oct/2025:15:14:44 +0300] "GET /ru/database-city/antwerpen-ru?fileloc=%2Fhome-ssd1%2Fbusines1%2Fpublic_html%2Fwp-includes%2Fblocks%2Fshortcode%2Fblock.json&path=%2Fhome-ssd1%2Fbusines1%2Fpublic_html%2Fwp-includes%2Fblocks%2Fshortcode HTTP/2.0" 200 2509 "-" "Mozilla/5.0 AppleWebKit/537.36 (KHTML, like Gecko; compatible; ClaudeBot/1.0; +claudebot@anthropic.com)"
20.171.207.35 - - [20/Oct/2025:15:14:44 +0300] "GET /?path=//usr/lib/modules/4.18.0-553.54.1.lve.el8.x86_64/kernel/arch/x86/oprofile HTTP/2.0" 200 2601 "-" "Mozilla/5.0 AppleWebKit/537.36 (KHTML, like Gecko; compatible; GPTBot/1.2; +https://openai.com/gptbot)"
216.73.216.119 - - [20/Oct/2025:15:14:45 +0300] "GET /database-city/united-kingtom-email-database?path=%2Fhome-ssd1%2Fbusines1%2Fpublic_html%2Fwp-content%2Fplugins%2Fwp-compat HTTP/2.0" 200 2592 "-" "Mozilla/5.0 AppleWebKit/537.36 (KHTML, like Gecko; compatible; ClaudeBot/1.0; +claudebot@anthropic.com)"
216.73.216.119 - - [20/Oct/2025:15:14:45 +0300] "GET /et/wp-json/wp/v2/product/1793?path=%2Fhome-ssd1%2Fbusines1%2Fpublic_html%2Fwp-content%2Fplugins%2Facfml%2Fclasses%2FUpgrade HTTP/2.0" 200 2719 "-" "Mozilla/5.0 AppleWebKit/537.36 (KHTML, like Gecko; compatible; ClaudeBot/1.0; +claudebot@anthropic.com)"
216.73.216.119 - - [20/Oct/2025:15:14:45 +0300] "GET /et/wp-json/wp/v2/product/1612?fileloc=%2F%2Flib64%2Fpython2.7%2Fatexit.py&path=%2F%2Flib64%2Fpython2.7 HTTP/2.0" 200 2899 "-" "Mozilla/5.0 AppleWebKit/537.36 (KHTML, like Gecko; compatible; ClaudeBot/1.0; +claudebot@anthropic.com)"
216.73.216.119 - - [20/Oct/2025:15:14:46 +0300] "GET /et/andmebaas-linn/cordoba-e-mail-andmebaas?fileloc=%2F%2Flib64%2Fpython2.7%2Flib-tk%2Fttk.py&path=%2F%2Flib64%2Fpython2.7%2Flib-tk HTTP/2.0" 200 16473 "-" "Mozilla/5.0 AppleWebKit/537.36 (KHTML, like Gecko; compatible; ClaudeBot/1.0; +claudebot@anthropic.com)"
216.73.216.119 - - [20/Oct/2025:15:14:45 +0300] "GET /et/Riigid/hiina?fileloc=%2F%2Fusr%2Flib64%2Flibmariadbclient.a&path=%2F%2Fusr%2Flib64 HTTP/2.0" 200 113306 "-" "Mozilla/5.0 AppleWebKit/537.36 (KHTML, like Gecko; compatible; ClaudeBot/1.0; +claudebot@anthropic.com)"
216.73.216.119 - - [20/Oct/2025:15:14:46 +0300] "GET /database-city/nantes-business-database/?fileloc=%2Fhome-ssd1%2Fbusines1%2Fpublic_html%2Fwp-includes%2Fblocks%2Fcomments-pagination%2Fstyle.min.css&path=%2Fhome-ssd1%2Fbusines1%2Fpublic_html%2Fwp-includes%2Fblocks%2Fcomments-pagination HTTP/2.0" 200 2448 "-" "Mozilla/5.0 AppleWebKit/537.36 (KHTML, like Gecko; compatible; ClaudeBot/1.0; +claudebot@anthropic.com)"
216.73.216.119 - - [20/Oct/2025:15:14:46 +0300] "GET /et/Riigid/indonesia-et?fileloc=%2Fhome-ssd1%2Fbusines1%2Fpublic_html%2Fwp-content%2Fcc.php&path=%2Fhome-ssd1%2Fbusines1%2Fpublic_html%2Fwp-content HTTP/2.0" 200 18326 "-" "Mozilla/5.0 AppleWebKit/537.36 (KHTML, like Gecko; compatible; ClaudeBot/1.0; +claudebot@anthropic.com)"
216.73.216.119 - - [20/Oct/2025:15:14:46 +0300] "GET /countries/belarus?path=%2Fhome-ssd1%2Fbusines1%2Fpublic_html%2Fwp-content%2Fplugins%2Fwordpress-seo%2Fvendor_prefixed%2Fguzzlehttp HTTP/2.0" 200 2672 "-" "Mozilla/5.0 AppleWebKit/537.36 (KHTML, like Gecko; compatible; ClaudeBot/1.0; +claudebot@anthropic.com)"
216.73.216.119 - - [20/Oct/2025:15:14:46 +0300] "GET /et/wp-json/wp/v2/product/1612?fileloc=%2F%2Flib64%2Fpython2.7%2Fnew.py&path=%2F%2Flib64%2Fpython2.7 HTTP/2.0" 200 2513 "-" "Mozilla/5.0 AppleWebKit/537.36 (KHTML, like Gecko; compatible; ClaudeBot/1.0; +claudebot@anthropic.com)"
216.73.216.119 - - [20/Oct/2025:15:14:46 +0300] "GET /database-city/sao-paulo?fileloc=%2Fhome-ssd1%2Fbusines1%2Fpublic_html%2Fwp-includes%2Fblocks%2Fgroup%2Fstyle.css&path=%2Fhome-ssd1%2Fbusines1%2Fpublic_html%2Fwp-includes%2Fblocks%2Fgroup HTTP/2.0" 200 2333 "-" "Mozilla/5.0 AppleWebKit/537.36 (KHTML, like Gecko; compatible; ClaudeBot/1.0; +claudebot@anthropic.com)"
20.171.207.138 - - [20/Oct/2025:15:14:47 +0300] "GET /upload/save_image/product/00/30/20/92/302092_1_360.jpg?path=//proc/1008992/root/proc/1008992/root/proc/1008992/task/1008992/root/proc/2227781/task/2227781/cwd/lib64/dovecot/auth HTTP/2.0" 200 2393 "-" "Mozilla/5.0 AppleWebKit/537.36 (KHTML, like Gecko; compatible; GPTBot/1.2; +https://openai.com/gptbot)"
216.73.216.119 - - [20/Oct/2025:15:14:47 +0300] "GET /countries/portugal?fileloc=%2F%2Fusr%2Finclude%2FFlexLexer.h&path=%2F%2Fusr%2Finclude HTTP/2.0" 200 4574 "-" "Mozilla/5.0 AppleWebKit/537.36 (KHTML, like Gecko; compatible; ClaudeBot/1.0; +claudebot@anthropic.com)"
216.73.216.119 - - [20/Oct/2025:15:14:47 +0300] "GET /et/wp-json/wp/v2/product/1382?fileloc=%2F%2Flib64%2Fpython2.7%2Fstruct.pyo&path=%2F%2Flib64%2Fpython2.7 HTTP/2.0" 200 2399 "-" "Mozilla/5.0 AppleWebKit/537.36 (KHTML, like Gecko; compatible; ClaudeBot/1.0; +claudebot@anthropic.com)"
216.73.216.119 - - [20/Oct/2025:15:14:47 +0300] "GET /et/wp-json/wp/v2/product/1436?fileloc=%2F%2Flib64%2Fpython2.7%2Fatexit.py&path=%2F%2Flib64%2Fpython2.7 HTTP/2.0" 200 2899 "-" "Mozilla/5.0 AppleWebKit/537.36 (KHTML, like Gecko; compatible; ClaudeBot/1.0; +claudebot@anthropic.com)"
184.73.47.24 - - [20/Oct/2025:15:14:47 +0300] "GET /database-city/india/?fileloc=/home-ssd1/busines1/public_html/wp-admin/update-core.php&path=/home-ssd1/busines1/public_html/wp-admin HTTP/1.1" 200 69874 "-" "Mozilla/5.0 AppleWebKit/537.36 (KHTML, like Gecko; compatible; Amazonbot/0.1; +https://developer.amazon.com/support/amazonbot) Chrome/119.0.6045.214 Safari/537.36"
216.73.216.119 - - [20/Oct/2025:15:14:48 +0300] "GET /database-city/liechtenstein-email-database?path=%2F%2Fusr%2Fshare%2Fautomake-1.16 HTTP/2.0" 200 3137 "-" "Mozilla/5.0 AppleWebKit/537.36 (KHTML, like Gecko; compatible; ClaudeBot/1.0; +claudebot@anthropic.com)"
216.73.216.119 - - [20/Oct/2025:15:14:48 +0300] "GET /et/wp-json/wp/v2/product/1382?fileloc=%2F%2Flib64%2Fpython2.7%2Fthis.pyc&path=%2F%2Flib64%2Fpython2.7 HTTP/2.0" 200 2984 "-" "Mozilla/5.0 AppleWebKit/537.36 (KHTML, like Gecko; compatible; ClaudeBot/1.0; +claudebot@anthropic.com)"
216.73.216.119 - - [20/Oct/2025:15:14:48 +0300] "GET /database-city/united-kingtom-email-database?fileloc=%2Fhome-ssd1%2Fbusines1%2Fpublic_html%2Fwp-includes%2Fblocks%2Fnavigation-submenu%2Fblock.json&path=%2Fhome-ssd1%2Fbusines1%2Fpublic_html%2Fwp-includes%2Fblocks%2Fnavigation-submenu HTTP/2.0" 200 2813 "-" "Mozilla/5.0 AppleWebKit/537.36 (KHTML, like Gecko; compatible; ClaudeBot/1.0; +claudebot@anthropic.com)"
20.171.207.35 - - [20/Oct/2025:15:14:48 +0300] "GET /?path=//lib/modules/4.18.0-553.54.1.lve.el8.x86_64/kernel/drivers/gpu/drm/i2c HTTP/2.0" 200 2337 "-" "Mozilla/5.0 AppleWebKit/537.36 (KHTML, like Gecko; compatible; GPTBot/1.2; +https://openai.com/gptbot)"
216.73.216.119 - - [20/Oct/2025:15:14:48 +0300] "GET /et/wp-json/wp/v2/product/1436?fileloc=%2F%2Flib64%2Fpython2.7%2Fnew.py&path=%2F%2Flib64%2Fpython2.7 HTTP/2.0" 200 2513 "-" "Mozilla/5.0 AppleWebKit/537.36 (KHTML, like Gecko; compatible; ClaudeBot/1.0; +claudebot@anthropic.com)"
216.73.216.119 - - [20/Oct/2025:15:14:48 +0300] "GET /database-city/sarpsborg-email-database/feed?fileloc=%2Fhome-ssd1%2Fbusines1%2Fpublic_html%2Fwp-includes%2Fblocks%2Fgallery%2Fstyle.css&path=%2Fhome-ssd1%2Fbusines1%2Fpublic_html%2Fwp-includes%2Fblocks%2Fgallery HTTP/2.0" 200 3986 "-" "Mozilla/5.0 AppleWebKit/537.36 (KHTML, like Gecko; compatible; ClaudeBot/1.0; +claudebot@anthropic.com)"
216.73.216.119 - - [20/Oct/2025:15:14:48 +0300] "GET /countries/portugal?fileloc=%2F%2Fusr%2Flib64%2Flibmemcachedprotocol.so.0.0.0&path=%2F%2Fusr%2Flib64 HTTP/2.0" 200 15113 "-" "Mozilla/5.0 AppleWebKit/537.36 (KHTML, like Gecko; compatible; ClaudeBot/1.0; +claudebot@anthropic.com)"
216.73.216.119 - - [20/Oct/2025:15:14:48 +0300] "GET /terms-and-conditions?fileloc=%2F%2Fopt%2Fcloudlinux-site-optimization-module%2Fsign.ini&path=%2F%2Fopt%2Fcloudlinux-site-optimization-module HTTP/2.0" 200 2320 "-" "Mozilla/5.0 AppleWebKit/537.36 (KHTML, like Gecko; compatible; ClaudeBot/1.0; +claudebot@anthropic.com)"
66.249.68.36 - - [20/Oct/2025:15:14:50 +0300] "GET /items/804417624 HTTP/1.1" 200 37251 "-" "Mozilla/5.0 (Linux; Android 6.0.1; Nexus 5X Build/MMB29P) AppleWebKit/537.36 (KHTML, like Gecko) Chrome/140.0.7339.207 Mobile Safari/537.36 (compatible; Googlebot/2.1; +http://www.google.com/bot.html)"
216.73.216.119 - - [20/Oct/2025:15:14:49 +0300] "GET /database-city/nantes-business-database/?fileloc=%2Fhome-ssd1%2Fbusines1%2Fpublic_html%2Fwp-includes%2Fblocks%2Fcomment-date%2Fstyle.min.css&path=%2Fhome-ssd1%2Fbusines1%2Fpublic_html%2Fwp-includes%2Fblocks%2Fcomment-date HTTP/2.0" 200 2303 "-" "Mozilla/5.0 AppleWebKit/537.36 (KHTML, like Gecko; compatible; ClaudeBot/1.0; +claudebot@anthropic.com)"
20.171.207.138 - - [20/Oct/2025:15:14:50 +0300] "GET /upload/save_image/product/00/30/20/92/302092_1_360.jpg?path=//proc/1008992/root/proc/1008992/root/proc/1008992/task/1008992/root/proc/2227781/task/2227781/cwd/usr/lib/exim HTTP/2.0" 200 2388 "-" "Mozilla/5.0 AppleWebKit/537.36 (KHTML, like Gecko; compatible; GPTBot/1.2; +https://openai.com/gptbot)"
216.73.216.119 - - [20/Oct/2025:15:14:49 +0300] "GET /database-city/united-kingtom-email-database?fileloc=%2Fhome-ssd1%2Fbusines1%2Fpublic_html%2Fwp-admin%2Fcss%2Fwidgets.min.css&path=%2Fhome-ssd1%2Fbusines1%2Fpublic_html%2Fwp-admin%2Fcss HTTP/2.0" 200 5337 "-" "Mozilla/5.0 AppleWebKit/537.36 (KHTML, like Gecko; compatible; ClaudeBot/1.0; +claudebot@anthropic.com)"
216.73.216.119 - - [20/Oct/2025:15:14:50 +0300] "GET /et/wp-json/wp/v2/product/1612?fileloc=%2F%2Flib64%2Fpython2.7%2Fcollections.py&path=%2F%2Flib64%2Fpython2.7 HTTP/2.0" 200 9919 "-" "Mozilla/5.0 AppleWebKit/537.36 (KHTML, like Gecko; compatible; ClaudeBot/1.0; +claudebot@anthropic.com)"
216.73.216.119 - - [20/Oct/2025:15:14:49 +0300] "GET /et/wp-json/wp/v2/product/1382?fileloc=%2F%2Flib64%2Fpython2.7%2Fnetrc.pyc&path=%2F%2Flib64%2Fpython2.7 HTTP/2.0" 200 4574 "-" "Mozilla/5.0 AppleWebKit/537.36 (KHTML, like Gecko; compatible; ClaudeBot/1.0; +claudebot@anthropic.com)"
216.73.216.119 - - [20/Oct/2025:15:14:50 +0300] "GET /et/Riigid/hiina?fileloc=%2F%2Fusr%2Finclude%2Fstdlib.h&path=%2F%2Fusr%2Finclude HTTP/2.0" 200 10198 "-" "Mozilla/5.0 AppleWebKit/537.36 (KHTML, like Gecko; compatible; ClaudeBot/1.0; +claudebot@anthropic.com)"
216.73.216.119 - - [20/Oct/2025:15:14:50 +0300] "GET /database-city/sao-paulo?fileloc=%2Fhome-ssd1%2Fbusines1%2Fpublic_html%2Fwp-includes%2Fblocks%2Fvideo%2Ftheme.css&path=%2Fhome-ssd1%2Fbusines1%2Fpublic_html%2Fwp-includes%2Fblocks%2Fvideo HTTP/2.0" 200 2355 "-" "Mozilla/5.0 AppleWebKit/537.36 (KHTML, like Gecko; compatible; ClaudeBot/1.0; +claudebot@anthropic.com)"
216.73.216.119 - - [20/Oct/2025:15:14:50 +0300] "GET /et/wp-json/wp/v2/product/1612?fileloc=%2F%2Flib64%2Fpython2.7%2F_sysconfigdata.py&path=%2F%2Flib64%2Fpython2.7 HTTP/2.0" 200 7689 "-" "Mozilla/5.0 AppleWebKit/537.36 (KHTML, like Gecko; compatible; ClaudeBot/1.0; +claudebot@anthropic.com)"
216.73.216.119 - - [20/Oct/2025:15:14:50 +0300] "GET /et/wp-json/wp/v2/product/1436?fileloc=%2F%2Flib64%2Fpython2.7%2F_sysconfigdata.py&path=%2F%2Flib64%2Fpython2.7 HTTP/2.0" 200 7689 "-" "Mozilla/5.0 AppleWebKit/537.36 (KHTML, like Gecko; compatible; ClaudeBot/1.0; +claudebot@anthropic.com)"
216.73.216.119 - - [20/Oct/2025:15:14:51 +0300] "GET /database-city/liechtenstein-email-database?path=%2Fhome-ssd1%2Fbusines1%2Fpublic_html%2Fwp-admin%2Fcss%2Fcolors%2Fmodern HTTP/2.0" 200 2715 "-" "Mozilla/5.0 AppleWebKit/537.36 (KHTML, like Gecko; compatible; ClaudeBot/1.0; +claudebot@anthropic.com)"
216.73.216.119 - - [20/Oct/2025:15:14:51 +0300] "GET /et/wp-json/wp/v2/product/1382?fileloc=%2F%2Flib64%2Fpython2.7%2F_strptime.py&path=%2F%2Flib64%2Fpython2.7 HTTP/2.0" 200 8451 "-" "Mozilla/5.0 AppleWebKit/537.36 (KHTML, like Gecko; compatible; ClaudeBot/1.0; +claudebot@anthropic.com)"
66.249.68.38 - - [20/Oct/2025:15:14:52 +0300] "GET /items/1000648062 HTTP/1.1" 200 37421 "-" "Mozilla/5.0 (Linux; Android 6.0.1; Nexus 5X Build/MMB29P) AppleWebKit/537.36 (KHTML, like Gecko) Chrome/140.0.7339.207 Mobile Safari/537.36 (compatible; Googlebot/2.1; +http://www.google.com/bot.html)"
20.171.207.35 - - [20/Oct/2025:15:14:51 +0300] "GET /?path=//usr/lib/modules/4.18.0-553.54.1.lve.el8.x86_64/kernel/sound/usb/6fire HTTP/2.0" 200 2337 "-" "Mozilla/5.0 AppleWebKit/537.36 (KHTML, like Gecko; compatible; GPTBot/1.2; +https://openai.com/gptbot)"
216.73.216.119 - - [20/Oct/2025:15:14:51 +0300] "GET /et/wp-json/wp/v2/product/1436?fileloc=%2F%2Flib64%2Fpython2.7%2Fcollections.py&path=%2F%2Flib64%2Fpython2.7 HTTP/2.0" 200 9919 "-" "Mozilla/5.0 AppleWebKit/537.36 (KHTML, like Gecko; compatible; ClaudeBot/1.0; +claudebot@anthropic.com)"
216.73.216.119 - - [20/Oct/2025:15:14:51 +0300] "GET /product/prague-business-database?path=%2Fhome-ssd1%2Fbusines1%2Fpublic_html%2Fwp-content%2Fcache%2Fautoptimize%2Fjs HTTP/2.0" 200 2605 "-" "Mozilla/5.0 AppleWebKit/537.36 (KHTML, like Gecko; compatible; ClaudeBot/1.0; +claudebot@anthropic.com)"
3.209.174.110 - - [20/Oct/2025:15:14:51 +0300] "GET /product/seattle-business-database/?fileloc=/home-ssd1/busines1/public_html/wp-admin/profile.php&path=/home-ssd1/busines1/public_html/wp-admin HTTP/1.1" 200 12748 "-" "Mozilla/5.0 AppleWebKit/537.36 (KHTML, like Gecko; compatible; Amazonbot/0.1; +https://developer.amazon.com/support/amazonbot) Chrome/119.0.6045.214 Safari/537.36"
216.73.216.119 - - [20/Oct/2025:15:14:52 +0300] "GET /database-city/sydney?fileloc=%2Fhome-ssd1%2Fbusines1%2Fpublic_html%2Fwp-includes%2Fblocks%2Flatest-posts%2Fblock.json&path=%2Fhome-ssd1%2Fbusines1%2Fpublic_html%2Fwp-includes%2Fblocks%2Flatest-posts HTTP/2.0" 200 2988 "-" "Mozilla/5.0 AppleWebKit/537.36 (KHTML, like Gecko; compatible; ClaudeBot/1.0; +claudebot@anthropic.com)"
216.73.216.119 - - [20/Oct/2025:15:14:52 +0300] "GET /et/wp-json/wp/v2/product/1372?fileloc=%2F%2Fusr%2Flib%2Frpm%2Frpmpopt-4.14.3&path=%2F%2Fusr%2Flib%2Frpm HTTP/2.0" 200 5534 "-" "Mozilla/5.0 AppleWebKit/537.36 (KHTML, like Gecko; compatible; ClaudeBot/1.0; +claudebot@anthropic.com)"
20.171.207.138 - - [20/Oct/2025:15:14:53 +0300] "GET /upload/save_image/product/00/30/20/92/302092_1_360.jpg?path=//proc/1008992/root/proc/1008992/root/proc/1008992/task/1008992/root/proc/2227781/task/2227781/cwd/usr/lib/grub HTTP/2.0" 200 2391 "-" "Mozilla/5.0 AppleWebKit/537.36 (KHTML, like Gecko; compatible; GPTBot/1.2; +https://openai.com/gptbot)"
216.73.216.119 - - [20/Oct/2025:15:14:52 +0300] "GET /database-city/liechtenstein-email-database?path=%2F%2Fusr%2Flocal%2Flib HTTP/2.0" 200 2528 "-" "Mozilla/5.0 AppleWebKit/537.36 (KHTML, like Gecko; compatible; ClaudeBot/1.0; +claudebot@anthropic.com)"
216.73.216.119 - - [20/Oct/2025:15:14:53 +0300] "GET /database-city/esbjerg?path=%2Fhome-ssd1%2Fbusines1%2Fpublic_html%2Fwp-content%2Fuploads%2Fsmush HTTP/2.0" 200 2628 "-" "Mozilla/5.0 AppleWebKit/537.36 (KHTML, like Gecko; compatible; ClaudeBot/1.0; +claudebot@anthropic.com)"
216.73.216.119 - - [20/Oct/2025:15:14:53 +0300] "GET /countries/portugal?fileloc=%2F%2Fusr%2Finclude%2Fcomplex.h&path=%2F%2Fusr%2Finclude HTTP/2.0" 200 4065 "-" "Mozilla/5.0 AppleWebKit/537.36 (KHTML, like Gecko; compatible; ClaudeBot/1.0; +claudebot@anthropic.com)"
216.73.216.119 - - [20/Oct/2025:15:14:53 +0300] "GET /et/wp-json/wp/v2/product/1382?fileloc=%2F%2Flib64%2Fpython2.7%2Ffpformat.pyc&path=%2F%2Flib64%2Fpython2.7 HTTP/2.0" 200 4458 "-" "Mozilla/5.0 AppleWebKit/537.36 (KHTML, like Gecko; compatible; ClaudeBot/1.0; +claudebot@anthropic.com)"
66.249.68.36 - - [20/Oct/2025:15:14:54 +0300] "GET /items/1310123757 HTTP/1.1" 200 36114 "-" "Mozilla/5.0 (Linux; Android 6.0.1; Nexus 5X Build/MMB29P) AppleWebKit/537.36 (KHTML, like Gecko) Chrome/140.0.7339.207 Mobile Safari/537.36 (compatible; Googlebot/2.1; +http://www.google.com/bot.html)"
216.73.216.119 - - [20/Oct/2025:15:14:53 +0300] "GET /et/wp-json/wp/v2/product/1382?fileloc=%2F%2Flib64%2Fpython2.7%2Fdbhash.py&path=%2F%2Flib64%2Fpython2.7 HTTP/2.0" 200 2528 "-" "Mozilla/5.0 AppleWebKit/537.36 (KHTML, like Gecko; compatible; ClaudeBot/1.0; +claudebot@anthropic.com)"
216.73.216.119 - - [20/Oct/2025:15:14:53 +0300] "GET /et/wp-json/wp/v2/product/1793?path=%2Fhome-ssd1%2Fbusines1%2Fpublic_html%2Fwp-content%2Fplugins%2Facfml%2Fclasses%2FContainer HTTP/2.0" 200 2616 "-" "Mozilla/5.0 AppleWebKit/537.36 (KHTML, like Gecko; compatible; ClaudeBot/1.0; +claudebot@anthropic.com)"
216.73.216.119 - - [20/Oct/2025:15:14:53 +0300] "GET /et/wp-json/wp/v2/product/1612?fileloc=%2F%2Flib64%2Fpython2.7%2Fstatvfs.pyc&path=%2F%2Flib64%2Fpython2.7 HTTP/2.0" 200 2645 "-" "Mozilla/5.0 AppleWebKit/537.36 (KHTML, like Gecko; compatible; ClaudeBot/1.0; +claudebot@anthropic.com)"
216.73.216.119 - - [20/Oct/2025:15:14:53 +0300] "GET /et/wp-json/wp/v2/product/1382?fileloc=%2F%2Flib64%2Fpython2.7%2Fxmllib.py&path=%2F%2Flib64%2Fpython2.7 HTTP/2.0" 200 10011 "-" "Mozilla/5.0 AppleWebKit/537.36 (KHTML, like Gecko; compatible; ClaudeBot/1.0; +claudebot@anthropic.com)"
216.73.216.119 - - [20/Oct/2025:15:14:54 +0300] "GET /et/wp-json/wp/v2/product/1612?fileloc=%2F%2Flib64%2Fpython2.7%2Fposixfile.pyc&path=%2F%2Flib64%2Fpython2.7 HTTP/2.0" 200 5352 "-" "Mozilla/5.0 AppleWebKit/537.36 (KHTML, like Gecko; compatible; ClaudeBot/1.0; +claudebot@anthropic.com)"
20.171.207.35 - - [20/Oct/2025:15:14:54 +0300] "GET /?path=//lib/modules/4.18.0-553.54.1.lve.el8.x86_64/kernel/arch/x86/events/intel HTTP/2.0" 200 2641 "-" "Mozilla/5.0 AppleWebKit/537.36 (KHTML, like Gecko; compatible; GPTBot/1.2; +https://openai.com/gptbot)"
216.73.216.119 - - [20/Oct/2025:15:14:54 +0300] "GET /database-city/sao-paulo?fileloc=%2Fhome-ssd1%2Fbusines1%2Fpublic_html%2Fwp-includes%2Fblocks%2Ffile%2Fstyle.css&path=%2Fhome-ssd1%2Fbusines1%2Fpublic_html%2Fwp-includes%2Fblocks%2Ffile HTTP/2.0" 200 2477 "-" "Mozilla/5.0 AppleWebKit/537.36 (KHTML, like Gecko; compatible; ClaudeBot/1.0; +claudebot@anthropic.com)"
216.73.216.119 - - [20/Oct/2025:15:14:54 +0300] "GET /et/wp-json/wp/v2/product/1436?fileloc=%2F%2Flib64%2Fpython2.7%2Fstatvfs.pyc&path=%2F%2Flib64%2Fpython2.7 HTTP/2.0" 200 2645 "-" "Mozilla/5.0 AppleWebKit/537.36 (KHTML, like Gecko; compatible; ClaudeBot/1.0; +claudebot@anthropic.com)"
216.73.216.119 - - [20/Oct/2025:15:14:55 +0300] "GET /database-city/jyvaskyla/?path=%2Fhome-ssd1%2Fbusines1%2Fpublic_html%2Fwp-content%2Fbackup-migration-ZMJA42GHOX%2Fbackups HTTP/2.0" 200 3662 "-" "Mozilla/5.0 AppleWebKit/537.36 (KHTML, like Gecko; compatible; ClaudeBot/1.0; +claudebot@anthropic.com)"
216.73.216.119 - - [20/Oct/2025:15:14:55 +0300] "GET /et/wp-json/wp/v2/product/1612?fileloc=%2F%2Flib64%2Fpython2.7%2Ftoaiff.py&path=%2F%2Flib64%2Fpython2.7 HTTP/2.0" 200 3413 "-" "Mozilla/5.0 AppleWebKit/537.36 (KHTML, like Gecko; compatible; ClaudeBot/1.0; +claudebot@anthropic.com)"
98.83.10.183 - - [20/Oct/2025:15:14:55 +0300] "GET /product/houston-business-database/?fileloc=/home-ssd1/busines1/public_html/wp-admin/ms-upgrade-network.php&path=/home-ssd1/busines1/public_html/wp-admin HTTP/1.1" 200 12695 "-" "Mozilla/5.0 AppleWebKit/537.36 (KHTML, like Gecko; compatible; Amazonbot/0.1; +https://developer.amazon.com/support/amazonbot) Chrome/119.0.6045.214 Safari/537.36"
216.73.216.119 - - [20/Oct/2025:15:14:55 +0300] "GET /countries/portugal?fileloc=%2F%2Fusr%2Finclude%2Fre_comp.h&path=%2F%2Fusr%2Finclude HTTP/2.0" 200 2714 "-" "Mozilla/5.0 AppleWebKit/537.36 (KHTML, like Gecko; compatible; ClaudeBot/1.0; +claudebot@anthropic.com)"
216.73.216.119 - - [20/Oct/2025:15:14:55 +0300] "GET /et/wp-json/wp/v2/product/1436?fileloc=%2F%2Fusr%2Flib64%2Fmysql%2Flibmysqlclient_r.so.15&path=%2F%2Fusr%2Flib64%2Fmysql HTTP/2.0" 200 462540 "-" "Mozilla/5.0 AppleWebKit/537.36 (KHTML, like Gecko; compatible; ClaudeBot/1.0; +claudebot@anthropic.com)"
216.73.216.119 - - [20/Oct/2025:15:14:55 +0300] "GET /et/Riigid/hiina?fileloc=%2F%2Fusr%2Finclude%2Fmath.h&path=%2F%2Fusr%2Finclude HTTP/2.0" 200 11753 "-" "Mozilla/5.0 AppleWebKit/537.36 (KHTML, like Gecko; compatible; ClaudeBot/1.0; +claudebot@anthropic.com)"
208.110.64.178 - - [20/Oct/2025:15:14:57 +0300] "GET /wp-includes/im4b66ed/index.php HTTP/1.1" 200 10 "https://businessdatabases.net/wp-includes/im4b66ed/index.php" "Mozilla/5.0 (Windows NT 10.0; Win64; x64) AppleWebKit/537.36 (KHTML, like Gecko) Chrome/58.0.3029.110 Safari/537.3"
216.73.216.119 - - [20/Oct/2025:15:14:55 +0300] "GET /et/wp-json/wp/v2/product/1436?fileloc=%2F%2Flib64%2Fpython2.7%2Fposixfile.pyc&path=%2F%2Flib64%2Fpython2.7 HTTP/2.0" 200 5352 "-" "Mozilla/5.0 AppleWebKit/537.36 (KHTML, like Gecko; compatible; ClaudeBot/1.0; +claudebot@anthropic.com)"
216.73.216.119 - - [20/Oct/2025:15:14:56 +0300] "GET /et/wp-json/wp/v2/product/1436?fileloc=%2F%2Flib64%2Fpython2.7%2Ftoaiff.py&path=%2F%2Flib64%2Fpython2.7 HTTP/2.0" 200 3413 "-" "Mozilla/5.0 AppleWebKit/537.36 (KHTML, like Gecko; compatible; ClaudeBot/1.0; +claudebot@anthropic.com)"
20.171.207.138 - - [20/Oct/2025:15:14:56 +0300] "GET /upload/save_image/product/00/30/20/92/302092_1_360.jpg?path=//proc/1008992/root/proc/1008992/root/proc/1008992/task/1008992/root/proc/2227781/task/2227781/cwd/usr/local/lib64/bpf HTTP/2.0" 200 2401 "-" "Mozilla/5.0 AppleWebKit/537.36 (KHTML, like Gecko; compatible; GPTBot/1.2; +https://openai.com/gptbot)"
216.73.216.119 - - [20/Oct/2025:15:14:56 +0300] "GET /et/wp-json/wp/v2/product/1382?fileloc=%2F%2Flib64%2Fpython2.7%2Fstat.pyc&path=%2F%2Flib64%2Fpython2.7 HTTP/2.0" 200 3223 "-" "Mozilla/5.0 AppleWebKit/537.36 (KHTML, like Gecko; compatible; ClaudeBot/1.0; +claudebot@anthropic.com)"
216.73.216.119 - - [20/Oct/2025:15:14:58 +0300] "GET /database-city/cordoba-email-database/feed?path=%2Fhome-ssd1%2Fbusines1%2Fpublic_html%2Fwp-content%2Fplugins%2Fwoo-payment-gateway-paysera%2Fvendor HTTP/2.0" 200 1 "-" "Mozilla/5.0 AppleWebKit/537.36 (KHTML, like Gecko; compatible; ClaudeBot/1.0; +claudebot@anthropic.com)"
216.73.216.119 - - [20/Oct/2025:15:14:58 +0300] "GET /countries/portugal?fileloc=%2F%2Fusr%2Finclude%2Fthreads.h&path=%2F%2Fusr%2Finclude HTTP/2.0" 200 1 "-" "Mozilla/5.0 AppleWebKit/537.36 (KHTML, like Gecko; compatible; ClaudeBot/1.0; +claudebot@anthropic.com)"
216.73.216.119 - - [20/Oct/2025:15:14:58 +0300] "GET /database-city/sao-paulo?path=%2Fhome-ssd1%2Fbusines1%2Fpublic_html%2Fwp-admin%2Fcss%2Fcolors%2Fmidnight HTTP/2.0" 200 1 "-" "Mozilla/5.0 AppleWebKit/537.36 (KHTML, like Gecko; compatible; ClaudeBot/1.0; +claudebot@anthropic.com)"
216.73.216.119 - - [20/Oct/2025:15:14:58 +0300] "GET /database-city/united-kingtom-email-database?fileloc=%2Fhome-ssd1%2Fbusines1%2Fpublic_html%2Fwp-admin%2Fcss%2Finstall.css&path=%2Fhome-ssd1%2Fbusines1%2Fpublic_html%2Fwp-admin%2Fcss HTTP/2.0" 200 1 "-" "Mozilla/5.0 AppleWebKit/537.36 (KHTML, like Gecko; compatible; ClaudeBot/1.0; +claudebot@anthropic.com)"
216.73.216.119 - - [20/Oct/2025:15:14:58 +0300] "GET /database-city/sarpsborg-email-database/?fileloc=%2Fhome-ssd1%2Fbusines1%2Fwww%2Fwp-content%2Fcc.php&path=%2Fhome-ssd1%2Fbusines1%2Fwww%2Fwp-content HTTP/2.0" 200 1 "-" "Mozilla/5.0 AppleWebKit/537.36 (KHTML, like Gecko; compatible; ClaudeBot/1.0; +claudebot@anthropic.com)"
216.73.216.119 - - [20/Oct/2025:15:14:58 +0300] "GET /et/wp-json/wp/v2/product/1382?fileloc=%2F%2Flib64%2Fpython2.7%2Furllib2.pyc&path=%2F%2Flib64%2Fpython2.7 HTTP/2.0" 200 1 "-" "Mozilla/5.0 AppleWebKit/537.36 (KHTML, like Gecko; compatible; ClaudeBot/1.0; +claudebot@anthropic.com)"
216.73.216.119 - - [20/Oct/2025:15:14:56 +0300] "GET /et/wp-json/wp/v2/product/1793?fileloc=%2F%2Flib64%2Fpython2.7%2Fjson%2Ftool.py&path=%2F%2Flib64%2Fpython2.7%2Fjson HTTP/2.0" 200 2674 "-" "Mozilla/5.0 AppleWebKit/537.36 (KHTML, like Gecko; compatible; ClaudeBot/1.0; +claudebot@anthropic.com)"
216.73.216.119 - - [20/Oct/2025:15:14:58 +0300] "GET /database-city/sao-paulo?fileloc=%2Fhome-ssd1%2Fbusines1%2Fpublic_html%2Fwp-includes%2Fblocks%2Fgroup%2Ftheme.min.css&path=%2Fhome-ssd1%2Fbusines1%2Fpublic_html%2Fwp-includes%2Fblocks%2Fgroup HTTP/2.0" 200 1 "-" "Mozilla/5.0 AppleWebKit/537.36 (KHTML, like Gecko; compatible; ClaudeBot/1.0; +claudebot@anthropic.com)"
216.73.216.119 - - [20/Oct/2025:15:14:56 +0300] "GET /et/wp-json/wp/v2/product/1612?fileloc=%2F%2Flib64%2Fpython2.7%2Fsre.pyc&path=%2F%2Flib64%2Fpython2.7 HTTP/2.0" 200 2566 "-" "Mozilla/5.0 AppleWebKit/537.36 (KHTML, like Gecko; compatible; ClaudeBot/1.0; +claudebot@anthropic.com)"
216.73.216.119 - - [20/Oct/2025:15:14:58 +0300] "GET /et/wp-json/wp/v2/product/1436?fileloc=%2F%2Flib64%2Fpython2.7%2Fsre.pyc&path=%2F%2Flib64%2Fpython2.7 HTTP/2.0" 200 1 "-" "Mozilla/5.0 AppleWebKit/537.36 (KHTML, like Gecko; compatible; ClaudeBot/1.0; +claudebot@anthropic.com)"
216.73.216.119 - - [20/Oct/2025:15:14:58 +0300] "GET /ru/database-city/delhi-ru?path=%2Fhome-ssd1%2Fbusines1%2Fpublic_html%2Fwp-includes%2Fcertificates HTTP/2.0" 200 1 "-" "Mozilla/5.0 AppleWebKit/537.36 (KHTML, like Gecko; compatible; ClaudeBot/1.0; +claudebot@anthropic.com)"
216.73.216.119 - - [20/Oct/2025:15:14:57 +0300] "GET /database-city/liechtenstein-email-database?path=%2Fhome-ssd1%2Fbusines1%2Fpublic_html%2Fwp-admin%2Fcss%2Fcolors%2Focean HTTP/2.0" 200 2714 "-" "Mozilla/5.0 AppleWebKit/537.36 (KHTML, like Gecko; compatible; ClaudeBot/1.0; +claudebot@anthropic.com)"
216.73.216.119 - - [20/Oct/2025:15:14:58 +0300] "GET /et/wp-json/wp/v2/product/1382?fileloc=%2F%2Flib64%2Fpython2.7%2Fpipes.py&path=%2F%2Flib64%2Fpython2.7 HTTP/2.0" 200 1 "-" "Mozilla/5.0 AppleWebKit/537.36 (KHTML, like Gecko; compatible; ClaudeBot/1.0; +claudebot@anthropic.com)"
216.73.216.119 - - [20/Oct/2025:15:14:59 +0300] "GET /et/wp-json/wp/v2/product/1382?fileloc=%2F%2Flib64%2Fpython2.7%2Frepr.pyc&path=%2F%2Flib64%2Fpython2.7 HTTP/2.0" 200 1 "-" "Mozilla/5.0 AppleWebKit/537.36 (KHTML, like Gecko; compatible; ClaudeBot/1.0; +claudebot@anthropic.com)"
20.171.207.35 - - [20/Oct/2025:15:14:57 +0300] "GET /?path=//lib/modules/4.18.0-425.3.1.lve.el8.x86_64/kernel/drivers/gpu/drm/i915/gvt HTTP/2.0" 200 2352 "-" "Mozilla/5.0 AppleWebKit/537.36 (KHTML, like Gecko; compatible; GPTBot/1.2; +https://openai.com/gptbot)"
216.73.216.119 - - [20/Oct/2025:15:14:59 +0300] "GET /database-city/delhi/?path=%2Fhome-ssd1%2Fbusines1%2Fpublic_html%2F049c2e HTTP/2.0" 200 1 "-" "Mozilla/5.0 AppleWebKit/537.36 (KHTML, like Gecko; compatible; ClaudeBot/1.0; +claudebot@anthropic.com)"
216.73.216.119 - - [20/Oct/2025:15:14:57 +0300] "GET /database-city/sarpsborg-email-database/feed?fileloc=%2Fhome-ssd1%2Fbusines1%2Fpublic_html%2Fwp-includes%2Fblocks%2Fgallery%2Ftheme.min.css&path=%2Fhome-ssd1%2Fbusines1%2Fpublic_html%2Fwp-includes%2Fblocks%2Fgallery HTTP/2.0" 200 2329 "-" "Mozilla/5.0 AppleWebKit/537.36 (KHTML, like Gecko; compatible; ClaudeBot/1.0; +claudebot@anthropic.com)"
216.73.216.119 - - [20/Oct/2025:15:14:59 +0300] "GET /product/albania-business-database?fileloc=%2Fhome-ssd1%2Fbusines1%2Fpublic_html%2Fwp-includes%2Fload.php&path=%2Fhome-ssd1%2Fbusines1%2Fpublic_html%2Fwp-includes HTTP/2.0" 200 1 "-" "Mozilla/5.0 AppleWebKit/537.36 (KHTML, like Gecko; compatible; ClaudeBot/1.0; +claudebot@anthropic.com)"
216.73.216.119 - - [20/Oct/2025:15:14:57 +0300] "GET /countries/belarus?fileloc=%2Fhome-ssd1%2Fbusines1%2Fpublic_html%2Fwp-includes%2Fcss%2Fadmin-bar.min.css&path=%2Fhome-ssd1%2Fbusines1%2Fpublic_html%2Fwp-includes%2Fcss HTTP/2.0" 200 5868 "-" "Mozilla/5.0 AppleWebKit/537.36 (KHTML, like Gecko; compatible; ClaudeBot/1.0; +claudebot@anthropic.com)"
216.73.216.119 - - [20/Oct/2025:15:14:59 +0300] "GET /et/wp-json/wp/v2/product/1382?fileloc=%2F%2Flib64%2Fpython2.7%2Fpickle.pyc&path=%2F%2Flib64%2Fpython2.7 HTTP/2.0" 200 1 "-" "Mozilla/5.0 AppleWebKit/537.36 (KHTML, like Gecko; compatible; ClaudeBot/1.0; +claudebot@anthropic.com)"
20.171.207.138 - - [20/Oct/2025:15:14:59 +0300] "GET /upload/save_image/product/00/30/20/92/302092_1_360.jpg?path=//proc/1008992/root/proc/1008992/root/proc/1008992/task/1008992/root/proc/2227781/task/2227781/cwd/lib/firmware HTTP/2.0" 200 1 "-" "Mozilla/5.0 AppleWebKit/537.36 (KHTML, like Gecko; compatible; GPTBot/1.2; +https://openai.com/gptbot)"
216.73.216.119 - - [20/Oct/2025:15:14:58 +0300] "GET /et/andmebaas-linn/al-ain-email-database-et?fileloc=%2Fhome-ssd1%2Fbusines1%2Fpublic_html%2Fwp-includes%2Fjs%2Ftinymce%2Flicense.txt&path=%2Fhome-ssd1%2Fbusines1%2Fpublic_html%2Fwp-includes%2Fjs%2Ftinymce HTTP/2.0" 200 11343 "-" "Mozilla/5.0 AppleWebKit/537.36 (KHTML, like Gecko; compatible; ClaudeBot/1.0; +claudebot@anthropic.com)"
216.73.216.119 - - [20/Oct/2025:15:14:59 +0300] "GET /et/andmebaas-linn/sarpsborg-e-mail-andmebaas?fileloc=%2F%2Flib%2Frpm%2Fplatform%2Fsparc64-linux%2Fmacros&path=%2F%2Flib%2Frpm%2Fplatform%2Fsparc64-linux HTTP/2.0" 200 1 "-" "Mozilla/5.0 AppleWebKit/537.36 (KHTML, like Gecko; compatible; ClaudeBot/1.0; +claudebot@anthropic.com)"
216.73.216.119 - - [20/Oct/2025:15:14:59 +0300] "GET /countries/portugal?path=%2F%2Fusr%2Flib%2Frpm HTTP/2.0" 200 1 "-" "Mozilla/5.0 AppleWebKit/537.36 (KHTML, like Gecko; compatible; ClaudeBot/1.0; +claudebot@anthropic.com)"
216.73.216.119 - - [20/Oct/2025:15:14:59 +0300] "GET /et/wp-json/wp/v2/product/1382?fileloc=%2F%2Fusr%2Finclude%2FX11%2FXauth.h&path=%2F%2Fusr%2Finclude%2FX11 HTTP/2.0" 200 1 "-" "Mozilla/5.0 AppleWebKit/537.36 (KHTML, like Gecko; compatible; ClaudeBot/1.0; +claudebot@anthropic.com)"
216.73.216.119 - - [20/Oct/2025:15:14:59 +0300] "GET /et/wp-json/wp/v2/product/1612?fileloc=%2F%2Flib64%2Fpython2.7%2Fpty.pyc&path=%2F%2Flib64%2Fpython2.7 HTTP/2.0" 200 1 "-" "Mozilla/5.0 AppleWebKit/537.36 (KHTML, like Gecko; compatible; ClaudeBot/1.0; +claudebot@anthropic.com)"
216.73.216.119 - - [20/Oct/2025:15:14:59 +0300] "GET /et/product/delhi-ettevotete-andmebaas?fileloc=%2F%2Fusr%2Flib64%2Fpython2.7%2Flib-tk%2FtkMessageBox.pyo&path=%2F%2Fusr%2Flib64%2Fpython2.7%2Flib-tk HTTP/2.0" 200 1 "-" "Mozilla/5.0 AppleWebKit/537.36 (KHTML, like Gecko; compatible; ClaudeBot/1.0; +claudebot@anthropic.com)"
216.73.216.119 - - [20/Oct/2025:15:14:59 +0300] "GET /database-city/united-kingtom-email-database?fileloc=%2Fhome-ssd1%2Fbusines1%2Fpublic_html%2Fwp-admin%2Fcss%2Fthemes-rtl.css&path=%2Fhome-ssd1%2Fbusines1%2Fpublic_html%2Fwp-admin%2Fcss HTTP/2.0" 200 1 "-" "Mozilla/5.0 AppleWebKit/537.36 (KHTML, like Gecko; compatible; ClaudeBot/1.0; +claudebot@anthropic.com)"
216.73.216.119 - - [20/Oct/2025:15:14:59 +0300] "GET /et/wp-json/wp/v2/product/1372?fileloc=%2F%2Fusr%2Flib%2Frpm%2Ftgpg&path=%2F%2Fusr%2Flib%2Frpm HTTP/2.0" 200 1 "-" "Mozilla/5.0 AppleWebKit/537.36 (KHTML, like Gecko; compatible; ClaudeBot/1.0; +claudebot@anthropic.com)"
216.73.216.119 - - [20/Oct/2025:15:15:00 +0300] "GET /et/Riigid/hiina?fileloc=%2F%2Fusr%2Finclude%2Fstdio.h&path=%2F%2Fusr%2Finclude HTTP/2.0" 200 1 "-" "Mozilla/5.0 AppleWebKit/537.36 (KHTML, like Gecko; compatible; ClaudeBot/1.0; +claudebot@anthropic.com)"
216.73.216.119 - - [20/Oct/2025:15:15:00 +0300] "GET /et/andmebaas-linn/cordoba-e-mail-andmebaas?fileloc=%2F%2Flib64%2Fpython2.7%2Flib2to3%2Fbtm_utils.py&path=%2F%2Flib64%2Fpython2.7%2Flib2to3 HTTP/2.0" 200 1 "-" "Mozilla/5.0 AppleWebKit/537.36 (KHTML, like Gecko; compatible; ClaudeBot/1.0; +claudebot@anthropic.com)"
216.73.216.119 - - [20/Oct/2025:15:15:00 +0300] "GET /countries/portugal?fileloc=%2F%2Fusr%2Finclude%2Fpaths.h&path=%2F%2Fusr%2Finclude HTTP/2.0" 200 1 "-" "Mozilla/5.0 AppleWebKit/537.36 (KHTML, like Gecko; compatible; ClaudeBot/1.0; +claudebot@anthropic.com)"
216.73.216.119 - - [20/Oct/2025:15:15:00 +0300] "GET /?path=%2Fhome-ssd1%2Fbusines1%2Fpublic_html%2Fwp-content%2Fuploads%2Fsmush HTTP/2.0" 200 1 "-" "Mozilla/5.0 AppleWebKit/537.36 (KHTML, like Gecko; compatible; ClaudeBot/1.0; +claudebot@anthropic.com)"
216.73.216.119 - - [20/Oct/2025:15:15:00 +0300] "GET /et/wp-json/wp/v2/product/1436?fileloc=%2F%2Fopt%2Falt%2Fpython310%2Fbin%2Fpip3&path=%2F%2Fopt%2Falt%2Fpython310%2Fbin HTTP/2.0" 200 1 "-" "Mozilla/5.0 AppleWebKit/537.36 (KHTML, like Gecko; compatible; ClaudeBot/1.0; +claudebot@anthropic.com)"
98.82.39.241 - - [20/Oct/2025:15:15:00 +0300] "GET /product/seoul-business-database/?fileloc=/home-ssd1/busines1/public_html/.ftpquota&path=/home-ssd1/busines1/public_html HTTP/1.1" 200 - "-" "Mozilla/5.0 AppleWebKit/537.36 (KHTML, like Gecko; compatible; Amazonbot/0.1; +https://developer.amazon.com/support/amazonbot) Chrome/119.0.6045.214 Safari/537.36"
216.73.216.119 - - [20/Oct/2025:15:15:00 +0300] "GET /et/wp-json/wp/v2/product/1436?fileloc=%2F%2Flib64%2Fpython2.7%2Fpty.pyc&path=%2F%2Flib64%2Fpython2.7 HTTP/2.0" 200 1 "-" "Mozilla/5.0 AppleWebKit/537.36 (KHTML, like Gecko; compatible; ClaudeBot/1.0; +claudebot@anthropic.com)"
216.73.216.119 - - [20/Oct/2025:15:15:00 +0300] "GET /countries/portugal?fileloc=%2F%2Fusr%2Finclude%2Fassert.h&path=%2F%2Fusr%2Finclude HTTP/2.0" 200 1 "-" "Mozilla/5.0 AppleWebKit/537.36 (KHTML, like Gecko; compatible; ClaudeBot/1.0; +claudebot@anthropic.com)"
66.249.68.37 - - [20/Oct/2025:15:15:00 +0300] "GET /items/1533260965 HTTP/1.1" 200 1 "-" "Mozilla/5.0 (Linux; Android 6.0.1; Nexus 5X Build/MMB29P) AppleWebKit/537.36 (KHTML, like Gecko) Chrome/140.0.7339.207 Mobile Safari/537.36 (compatible; Googlebot/2.1; +http://www.google.com/bot.html)"
216.73.216.119 - - [20/Oct/2025:15:15:00 +0300] "GET /et/wp-json/wp/v2/product/1612?fileloc=%2F%2Flib64%2Fpython2.7%2FcProfile.pyc&path=%2F%2Flib64%2Fpython2.7 HTTP/2.0" 200 1 "-" "Mozilla/5.0 AppleWebKit/537.36 (KHTML, like Gecko; compatible; ClaudeBot/1.0; +claudebot@anthropic.com)"
216.73.216.119 - - [20/Oct/2025:15:15:00 +0300] "GET /database-city/united-kingtom-email-database?fileloc=%2Fhome-ssd1%2Fbusines1%2Fpublic_html%2Fwp-admin%2Fcss%2Fwidgets-rtl.min.css&path=%2Fhome-ssd1%2Fbusines1%2Fpublic_html%2Fwp-admin%2Fcss HTTP/2.0" 200 1 "-" "Mozilla/5.0 AppleWebKit/537.36 (KHTML, like Gecko; compatible; ClaudeBot/1.0; +claudebot@anthropic.com)"
216.73.216.119 - - [20/Oct/2025:15:15:00 +0300] "GET /et/wp-json/wp/v2/product/1793?fileloc=%2F%2Flib64%2Fpython3.6%2Fdistutils%2Fcommand%2Fbdist_wininst.py&path=%2F%2Flib64%2Fpython3.6%2Fdistutils%2Fcommand HTTP/2.0" 200 1 "-" "Mozilla/5.0 AppleWebKit/537.36 (KHTML, like Gecko; compatible; ClaudeBot/1.0; +claudebot@anthropic.com)"
216.73.216.119 - - [20/Oct/2025:15:15:00 +0300] "GET /et/wp-json/wp/v2/product/1382?fileloc=%2F%2Flib64%2Fpython2.7%2Fatexit.py&path=%2F%2Flib64%2Fpython2.7 HTTP/2.0" 200 1 "-" "Mozilla/5.0 AppleWebKit/537.36 (KHTML, like Gecko; compatible; ClaudeBot/1.0; +claudebot@anthropic.com)"
20.171.207.35 - - [20/Oct/2025:15:15:01 +0300] "GET /?path=//usr/lib/modules/4.18.0-553.54.1.lve.el8.x86_64/kernel/arch/x86/events/intel HTTP/2.0" 200 2650 "-" "Mozilla/5.0 AppleWebKit/537.36 (KHTML, like Gecko; compatible; GPTBot/1.2; +https://openai.com/gptbot)"
216.73.216.119 - - [20/Oct/2025:15:15:01 +0300] "GET /database-city/united-kingtom-email-database?fileloc=%2Fhome-ssd1%2Fbusines1%2Fpublic_html%2Fwp-includes%2Fblocks%2Fhome-link%2Fblock.json&path=%2Fhome-ssd1%2Fbusines1%2Fpublic_html%2Fwp-includes%2Fblocks%2Fhome-link HTTP/2.0" 200 2728 "-" "Mozilla/5.0 AppleWebKit/537.36 (KHTML, like Gecko; compatible; ClaudeBot/1.0; +claudebot@anthropic.com)"
216.73.216.119 - - [20/Oct/2025:15:15:01 +0300] "GET /countries/portugal?fileloc=%2F%2Fusr%2Flib64%2Flibmariadb.so.3&path=%2F%2Fusr%2Flib64 HTTP/2.0" 200 102402 "-" "Mozilla/5.0 AppleWebKit/537.36 (KHTML, like Gecko; compatible; ClaudeBot/1.0; +claudebot@anthropic.com)"
216.73.216.119 - - [20/Oct/2025:15:15:01 +0300] "GET /et/wp-json/wp/v2/product/1612?fileloc=%2F%2Flib64%2Fpython2.7%2Frobotparser.pyo&path=%2F%2Flib64%2Fpython2.7 HTTP/2.0" 200 5369 "-" "Mozilla/5.0 AppleWebKit/537.36 (KHTML, like Gecko; compatible; ClaudeBot/1.0; +claudebot@anthropic.com)"
216.73.216.119 - - [20/Oct/2025:15:15:01 +0300] "GET /database-city/sao-paulo?fileloc=%2Fhome-ssd1%2Fbusines1%2Fpublic_html%2Fwp-includes%2Fblocks%2Fcomments%2Fstyle-rtl.min.css&path=%2Fhome-ssd1%2Fbusines1%2Fpublic_html%2Fwp-includes%2Fblocks%2Fcomments HTTP/2.0" 200 2801 "-" "Mozilla/5.0 AppleWebKit/537.36 (KHTML, like Gecko; compatible; ClaudeBot/1.0; +claudebot@anthropic.com)"
216.73.216.119 - - [20/Oct/2025:15:15:01 +0300] "GET /et/wp-json/wp/v2/product/1612?fileloc=%2F%2Flib64%2Fpython2.7%2Fkeyword.py&path=%2F%2Flib64%2Fpython2.7 HTTP/2.0" 200 3083 "-" "Mozilla/5.0 AppleWebKit/537.36 (KHTML, like Gecko; compatible; ClaudeBot/1.0; +claudebot@anthropic.com)"
216.73.216.119 - - [20/Oct/2025:15:15:01 +0300] "GET /product/prague-business-database?path=%2Fhome-ssd1%2Fbusines1%2Fpublic_html%2Fwp-content%2Fplugins%2Fflamingo HTTP/2.0" 200 2787 "-" "Mozilla/5.0 AppleWebKit/537.36 (KHTML, like Gecko; compatible; ClaudeBot/1.0; +claudebot@anthropic.com)"
216.73.216.119 - - [20/Oct/2025:15:15:01 +0300] "GET /database-city/vienna?fileloc=%2F%2Flib64%2Fpython3.6%2Flib2to3%2F__pycache__%2Fmain.cpython-36.opt-2.pyc&path=%2F%2Flib64%2Fpython3.6%2Flib2to3%2F__pycache__ HTTP/2.0" 200 6113 "-" "Mozilla/5.0 AppleWebKit/537.36 (KHTML, like Gecko; compatible; ClaudeBot/1.0; +claudebot@anthropic.com)"
216.73.216.119 - - [20/Oct/2025:15:15:01 +0300] "GET /et/wp-json/wp/v2/product/1436?fileloc=%2F%2Flib64%2Fpython2.7%2FcProfile.pyc&path=%2F%2Flib64%2Fpython2.7 HTTP/2.0" 200 5133 "-" "Mozilla/5.0 AppleWebKit/537.36 (KHTML, like Gecko; compatible; ClaudeBot/1.0; +claudebot@anthropic.com)"
216.73.216.119 - - [20/Oct/2025:15:15:01 +0300] "GET /et/wp-json/wp/v2/product/1612?path=%2Fhome-ssd1%2Fbusines1%2Fpublic_html%2Fwp-includes%2Fjs%2Fcodemirror HTTP/2.0" 200 2812 "-" "Mozilla/5.0 AppleWebKit/537.36 (KHTML, like Gecko; compatible; ClaudeBot/1.0; +claudebot@anthropic.com)"
216.73.216.119 - - [20/Oct/2025:15:15:01 +0300] "GET /database-city/vienna?fileloc=%2F%2Flib64%2Fpython3.6%2Flib2to3%2F__pycache__%2Fmain.cpython-36.opt-1.pyc&path=%2F%2Flib64%2Fpython3.6%2Flib2to3%2F__pycache__ HTTP/2.0" 200 6810 "-" "Mozilla/5.0 AppleWebKit/537.36 (KHTML, like Gecko; compatible; ClaudeBot/1.0; +claudebot@anthropic.com)"
66.249.68.38 - - [20/Oct/2025:15:15:03 +0300] "GET /items/1533268529 HTTP/1.1" 200 37664 "-" "Mozilla/5.0 (Linux; Android 6.0.1; Nexus 5X Build/MMB29P) AppleWebKit/537.36 (KHTML, like Gecko) Chrome/140.0.7339.207 Mobile Safari/537.36 (compatible; Googlebot/2.1; +http://www.google.com/bot.html)"
20.171.207.138 - - [20/Oct/2025:15:15:02 +0300] "GET /upload/save_image/product/00/30/20/92/302092_1_360.jpg?path=//proc/1008992/root/proc/1008992/root/proc/1008992/task/1008992/root/proc/2227781/task/2227781/cwd/usr/lib/java HTTP/2.0" 200 2390 "-" "Mozilla/5.0 AppleWebKit/537.36 (KHTML, like Gecko; compatible; GPTBot/1.2; +https://openai.com/gptbot)"
216.73.216.119 - - [20/Oct/2025:15:15:02 +0300] "GET /et/wp-json/wp/v2/product/1382?fileloc=%2F%2Flib64%2Fpython2.7%2Fnew.py&path=%2F%2Flib64%2Fpython2.7 HTTP/2.0" 200 2513 "-" "Mozilla/5.0 AppleWebKit/537.36 (KHTML, like Gecko; compatible; ClaudeBot/1.0; +claudebot@anthropic.com)"
216.73.216.119 - - [20/Oct/2025:15:15:02 +0300] "GET /product/prague-business-database?path=%2Fhome-ssd1%2Fbusines1%2Fpublic_html%2Fwp-content%2Fplugins%2Fwpbenchmark HTTP/2.0" 200 2680 "-" "Mozilla/5.0 AppleWebKit/537.36 (KHTML, like Gecko; compatible; ClaudeBot/1.0; +claudebot@anthropic.com)"
216.73.216.119 - - [20/Oct/2025:15:15:02 +0300] "GET /et/wp-json/wp/v2/product/1612?fileloc=%2F%2Flib64%2Fpython2.7%2Ftoken.pyc&path=%2F%2Flib64%2Fpython2.7 HTTP/2.0" 200 4181 "-" "Mozilla/5.0 AppleWebKit/537.36 (KHTML, like Gecko; compatible; ClaudeBot/1.0; +claudebot@anthropic.com)"
