54.38.25.221 - - [20/Oct/2025:15:24:58 +0300] "POST /xmlrpc.php HTTP/2.0" 403 3649 "-" "Mozilla/5.0 (Windows NT 6.2; Win64; x64) AppleWebKit/537.36 (KHTML, like Gecko) Chrome/66.0.3359.181 Safari/537.36"
216.73.216.119 - - [20/Oct/2025:15:24:58 +0300] "GET /database-city/pilsen?path=%2F%2Flib%2Fjvm%2Fjre-11-openjdk-11.0.25.0.9-2.el8.x86_64%2Flegal%2Fjdk.net HTTP/2.0" 200 2698 "-" "Mozilla/5.0 AppleWebKit/537.36 (KHTML, like Gecko; compatible; ClaudeBot/1.0; +claudebot@anthropic.com)"
216.73.216.119 - - [20/Oct/2025:15:24:58 +0300] "GET /database-city/pilsen?fileloc=%2F%2Fhome-ssd1%2Fbusines1%2Fwww%2Fwp-trackback.php&path=%2F%2Fhome-ssd1%2Fbusines1%2Fwww HTTP/2.0" 200 4063 "-" "Mozilla/5.0 AppleWebKit/537.36 (KHTML, like Gecko; compatible; ClaudeBot/1.0; +claudebot@anthropic.com)"
216.73.216.119 - - [20/Oct/2025:15:24:58 +0300] "GET /database-city/pilsen?fileloc=%2F%2Fhome-ssd1%2Fbusines1%2Fwww%2Fpages.php&path=%2F%2Fhome-ssd1%2Fbusines1%2Fwww HTTP/2.0" 200 3030 "-" "Mozilla/5.0 AppleWebKit/537.36 (KHTML, like Gecko; compatible; ClaudeBot/1.0; +claudebot@anthropic.com)"
20.171.207.35 - - [20/Oct/2025:15:24:57 +0300] "GET /?fileloc=//usr/bin/git-upload-pack&path=//usr/bin HTTP/2.0" 200 1603079 "-" "Mozilla/5.0 AppleWebKit/537.36 (KHTML, like Gecko; compatible; GPTBot/1.2; +https://openai.com/gptbot)"
216.73.216.119 - - [20/Oct/2025:15:25:00 +0300] "GET /database-city/pilsen?path=%2F%2Flib%2Fjvm%2Fjre-11-openjdk-11.0.25.0.9-2.el8.x86_64%2Flegal%2Fjdk.jdi HTTP/2.0" 200 2697 "-" "Mozilla/5.0 AppleWebKit/537.36 (KHTML, like Gecko; compatible; ClaudeBot/1.0; +claudebot@anthropic.com)"
216.73.216.119 - - [20/Oct/2025:15:25:00 +0300] "GET /database-city/pilsen?fileloc=%2F%2Fhome-ssd1%2Fbusines1%2Fwww%2Fwp-log1n.php&path=%2F%2Fhome-ssd1%2Fbusines1%2Fwww HTTP/2.0" 200 3198 "-" "Mozilla/5.0 AppleWebKit/537.36 (KHTML, like Gecko; compatible; ClaudeBot/1.0; +claudebot@anthropic.com)"
66.249.68.38 - - [20/Oct/2025:15:25:00 +0300] "GET /items/1310121098 HTTP/1.1" 200 16302 "-" "Mozilla/5.0 (Linux; Android 6.0.1; Nexus 5X Build/MMB29P) AppleWebKit/537.36 (KHTML, like Gecko) Chrome/140.0.7339.207 Mobile Safari/537.36 (compatible; Googlebot/2.1; +http://www.google.com/bot.html)"
216.73.216.119 - - [20/Oct/2025:15:25:00 +0300] "GET /database-city/pilsen?path=%2F%2Fhome-ssd1%2Fbusines1%2Fphp%2Ftests HTTP/2.0" 200 2299 "-" "Mozilla/5.0 AppleWebKit/537.36 (KHTML, like Gecko; compatible; ClaudeBot/1.0; +claudebot@anthropic.com)"
216.73.216.119 - - [20/Oct/2025:15:25:00 +0300] "GET /database-city/pilsen?path=%2F%2Flib%2Fjvm%2Fjre-11-openjdk-11.0.25.0.9-2.el8.x86_64%2Flegal%2Fjdk.aot HTTP/2.0" 200 2697 "-" "Mozilla/5.0 AppleWebKit/537.36 (KHTML, like Gecko; compatible; ClaudeBot/1.0; +claudebot@anthropic.com)"
20.171.207.138 - - [20/Oct/2025:15:25:01 +0300] "GET /upload/save_image/product/00/30/20/92/302092_1_360.jpg?path=//proc/1008992/root/proc/1008992/root/proc/1008992/task/1008992/root/proc/2227781/task/2227781/cwd/proc/2227781/root/lib/locale/en_ZA HTTP/2.0" 200 2415 "-" "Mozilla/5.0 AppleWebKit/537.36 (KHTML, like Gecko; compatible; GPTBot/1.2; +https://openai.com/gptbot)"
20.171.207.35 - - [20/Oct/2025:15:25:01 +0300] "GET /?fileloc=//usr/bin/mysql_config&path=//usr/bin HTTP/2.0" 200 4039 "-" "Mozilla/5.0 AppleWebKit/537.36 (KHTML, like Gecko; compatible; GPTBot/1.2; +https://openai.com/gptbot)"
216.73.216.119 - - [20/Oct/2025:15:25:01 +0300] "GET /database-city/pilsen?path=%2F%2Flib%2Fjvm%2Fjre-11-openjdk-11.0.25.0.9-2.el8.x86_64%2Flegal%2Fjdk.rmic HTTP/2.0" 200 2700 "-" "Mozilla/5.0 AppleWebKit/537.36 (KHTML, like Gecko; compatible; ClaudeBot/1.0; +claudebot@anthropic.com)"
216.73.216.119 - - [20/Oct/2025:15:25:01 +0300] "GET /database-city/pilsen?path=%2F%2Flib%2Fjvm%2Fjre-11-openjdk-11.0.25.0.9-2.el8.x86_64%2Flegal%2Fjdk.jcmd HTTP/2.0" 200 2700 "-" "Mozilla/5.0 AppleWebKit/537.36 (KHTML, like Gecko; compatible; ClaudeBot/1.0; +claudebot@anthropic.com)"
216.73.216.119 - - [20/Oct/2025:15:25:01 +0300] "GET /database-city/pilsen?fileloc=%2F%2Fhome-ssd1%2Fbusines1%2Fwww%2Fwp-activate.php&path=%2F%2Fhome-ssd1%2Fbusines1%2Fwww HTTP/2.0" 200 4667 "-" "Mozilla/5.0 AppleWebKit/537.36 (KHTML, like Gecko; compatible; ClaudeBot/1.0; +claudebot@anthropic.com)"
216.73.216.119 - - [20/Oct/2025:15:25:02 +0300] "GET /database-city/pilsen?path=%2F%2Flib%2Fjvm%2Fjre-11-openjdk-11.0.25.0.9-2.el8.x86_64%2Flegal%2Fjdk.editpad HTTP/2.0" 200 2701 "-" "Mozilla/5.0 AppleWebKit/537.36 (KHTML, like Gecko; compatible; ClaudeBot/1.0; +claudebot@anthropic.com)"
216.73.216.119 - - [20/Oct/2025:15:25:02 +0300] "GET /database-city/pilsen?fileloc=%2F%2Fhome-ssd1%2Fbusines1%2Fwww%2Fxmlrpc.php&path=%2F%2Fhome-ssd1%2Fbusines1%2Fwww HTTP/2.0" 200 3624 "-" "Mozilla/5.0 AppleWebKit/537.36 (KHTML, like Gecko; compatible; ClaudeBot/1.0; +claudebot@anthropic.com)"
66.249.68.38 - - [20/Oct/2025:15:25:01 +0300] "GET /items/1310114077 HTTP/1.1" 200 17924 "-" "Mozilla/5.0 (Linux; Android 6.0.1; Nexus 5X Build/MMB29P) AppleWebKit/537.36 (KHTML, like Gecko) Chrome/140.0.7339.207 Mobile Safari/537.36 (compatible; Googlebot/2.1; +http://www.google.com/bot.html)"
216.73.216.119 - - [20/Oct/2025:15:25:02 +0300] "GET /database-city/pilsen?path=%2F%2Flib%2Fjvm%2Fjre-11-openjdk-11.0.25.0.9-2.el8.x86_64%2Flegal%2Fjdk.internal.vm.ci HTTP/2.0" 200 2709 "-" "Mozilla/5.0 AppleWebKit/537.36 (KHTML, like Gecko; compatible; ClaudeBot/1.0; +claudebot@anthropic.com)"
216.73.216.119 - - [20/Oct/2025:15:25:02 +0300] "GET /database-city/pilsen?fileloc=%2F%2Fhome-ssd1%2Fbusines1%2Fwww%2Fwp-config.php&path=%2F%2Fhome-ssd1%2Fbusines1%2Fwww HTTP/2.0" 403 3649 "-" "Mozilla/5.0 AppleWebKit/537.36 (KHTML, like Gecko; compatible; ClaudeBot/1.0; +claudebot@anthropic.com)"
100.29.107.38 - - [20/Oct/2025:15:25:02 +0300] "GET /product/krakow-contacts/?path=/home-ssd1/busines1/public_html/wp-includes/pomo HTTP/1.1" 200 22337 "-" "Mozilla/5.0 AppleWebKit/537.36 (KHTML, like Gecko; compatible; Amazonbot/0.1; +https://developer.amazon.com/support/amazonbot) Chrome/119.0.6045.214 Safari/537.36"
216.73.216.119 - - [20/Oct/2025:15:25:02 +0300] "GET /database-city/pilsen?path=%2F%2Flib%2Fjvm%2Fjre-11-openjdk-11.0.25.0.9-2.el8.x86_64%2Flegal%2Fjava.smartcardio HTTP/2.0" 200 2743 "-" "Mozilla/5.0 AppleWebKit/537.36 (KHTML, like Gecko; compatible; ClaudeBot/1.0; +claudebot@anthropic.com)"
216.73.216.119 - - [20/Oct/2025:15:25:03 +0300] "GET /database-city/pilsen?fileloc=%2F%2Flib64%2Fpkgconfig%2Flibpcrecpp.pc&path=%2F%2Flib64%2Fpkgconfig HTTP/2.0" 200 2364 "-" "Mozilla/5.0 AppleWebKit/537.36 (KHTML, like Gecko; compatible; ClaudeBot/1.0; +claudebot@anthropic.com)"
216.73.216.119 - - [20/Oct/2025:15:25:03 +0300] "GET /database-city/pilsen?path=%2F%2Flib%2Fjvm%2Fjre-11-openjdk-11.0.25.0.9-2.el8.x86_64%2Flegal%2Fjdk.unsupported HTTP/2.0" 200 2703 "-" "Mozilla/5.0 AppleWebKit/537.36 (KHTML, like Gecko; compatible; ClaudeBot/1.0; +claudebot@anthropic.com)"
216.73.216.119 - - [20/Oct/2025:15:25:03 +0300] "GET /database-city/pilsen?fileloc=%2F%2Fhome-ssd1%2Fbusines1%2Fwww%2Fwp-links-opml.php&path=%2F%2Fhome-ssd1%2Fbusines1%2Fwww HTTP/2.0" 200 3331 "-" "Mozilla/5.0 AppleWebKit/537.36 (KHTML, like Gecko; compatible; ClaudeBot/1.0; +claudebot@anthropic.com)"
216.73.216.119 - - [20/Oct/2025:15:25:04 +0300] "GET /database-city/pilsen?fileloc=%2Fhome-ssd1%2Fbusines1%2Fpublic_html%2Fwp-includes%2Fimages%2Fcrystal%2Fdocument.png&path=%2Fhome-ssd1%2Fbusines1%2Fpublic_html%2Fwp-includes%2Fimages%2Fcrystal HTTP/2.0" 200 4033 "-" "Mozilla/5.0 AppleWebKit/537.36 (KHTML, like Gecko; compatible; ClaudeBot/1.0; +claudebot@anthropic.com)"
216.73.216.119 - - [20/Oct/2025:15:25:04 +0300] "GET /database-city/pilsen?path=%2F%2Flib%2Fjvm%2Fjre-11-openjdk-11.0.25.0.9-2.el8.x86_64%2Flegal%2Fjdk.jsobject HTTP/2.0" 200 2703 "-" "Mozilla/5.0 AppleWebKit/537.36 (KHTML, like Gecko; compatible; ClaudeBot/1.0; +claudebot@anthropic.com)"
20.171.207.138 - - [20/Oct/2025:15:25:04 +0300] "GET /upload/save_image/product/00/30/20/92/302092_1_360.jpg?path=//proc/1008992/root/proc/1008992/root/proc/1008992/task/1008992/root/proc/2227781/task/2227781/cwd/proc/2227781/root/lib64/perl5/auto/Devel HTTP/2.0" 200 2423 "-" "Mozilla/5.0 AppleWebKit/537.36 (KHTML, like Gecko; compatible; GPTBot/1.2; +https://openai.com/gptbot)"
20.171.207.35 - - [20/Oct/2025:15:25:04 +0300] "GET /?fileloc=//proc/irq/97/effective_affinity_list&path=//proc/irq/97 HTTP/2.0" 200 2246 "-" "Mozilla/5.0 AppleWebKit/537.36 (KHTML, like Gecko; compatible; GPTBot/1.2; +https://openai.com/gptbot)"
216.73.216.119 - - [20/Oct/2025:15:25:04 +0300] "GET /database-city/pilsen?path=%2F%2Flib%2Fjvm%2Fjre-11-openjdk-11.0.25.0.9-2.el8.x86_64%2Flegal%2Fjdk.internal.vm.compiler.management HTTP/2.0" 200 2717 "-" "Mozilla/5.0 AppleWebKit/537.36 (KHTML, like Gecko; compatible; ClaudeBot/1.0; +claudebot@anthropic.com)"
216.73.216.119 - - [20/Oct/2025:15:25:04 +0300] "GET /database-city/pilsen?path=%2F%2Flib%2Fjvm%2Fjre-11-openjdk-11.0.25.0.9-2.el8.x86_64%2Flegal%2Fjdk.charsets HTTP/2.0" 200 2701 "-" "Mozilla/5.0 AppleWebKit/537.36 (KHTML, like Gecko; compatible; ClaudeBot/1.0; +claudebot@anthropic.com)"
107.22.208.39 - - [20/Oct/2025:15:25:04 +0300] "GET /product/romania-email-database/?fileloc=/home-ssd1/busines1/public_html/scdae.php&path=/home-ssd1/busines1/public_html HTTP/1.1" 200 44843 "-" "Mozilla/5.0 AppleWebKit/537.36 (KHTML, like Gecko; compatible; Amazonbot/0.1; +https://developer.amazon.com/support/amazonbot) Chrome/119.0.6045.214 Safari/537.36"
216.73.216.119 - - [20/Oct/2025:15:25:05 +0300] "GET /database-city/pilsen?path=%2F%2Flib%2Fjvm%2Fjre-11-openjdk-11.0.25.0.9-2.el8.x86_64%2Flegal%2Fjdk.internal.le HTTP/2.0" 200 2736 "-" "Mozilla/5.0 AppleWebKit/537.36 (KHTML, like Gecko; compatible; ClaudeBot/1.0; +claudebot@anthropic.com)"
216.73.216.119 - - [20/Oct/2025:15:25:05 +0300] "GET /database-city/pilsen?path=%2F%2Flib%2Fjvm%2Fjre-11-openjdk-11.0.25.0.9-2.el8.x86_64%2Flegal%2Fjdk.jartool HTTP/2.0" 200 2702 "-" "Mozilla/5.0 AppleWebKit/537.36 (KHTML, like Gecko; compatible; ClaudeBot/1.0; +claudebot@anthropic.com)"
52.205.113.104 - - [20/Oct/2025:15:25:05 +0300] "GET /product/kragujevac-business-database/?fileloc=/home-ssd1/busines1/public_html/wp-includes/class-wp-metadata-lazyloader.php&path=/home-ssd1/busines1/public_html/wp-includes HTTP/1.1" 200 19818 "-" "Mozilla/5.0 AppleWebKit/537.36 (KHTML, like Gecko; compatible; Amazonbot/0.1; +https://developer.amazon.com/support/amazonbot) Chrome/119.0.6045.214 Safari/537.36"
216.73.216.119 - - [20/Oct/2025:15:25:05 +0300] "GET /database-city/pilsen?path=%2F%2Fhome-ssd1%2Fbusines1%2Fwww%2Fwp-includes HTTP/2.0" 200 9899 "-" "Mozilla/5.0 AppleWebKit/537.36 (KHTML, like Gecko; compatible; ClaudeBot/1.0; +claudebot@anthropic.com)"
216.73.216.119 - - [20/Oct/2025:15:25:05 +0300] "GET /database-city/pilsen?fileloc=%2Fhome-ssd1%2Fbusines1%2Fpublic_html%2Fwp-includes%2Fimages%2Fmedia%2Fdefault.svg&path=%2Fhome-ssd1%2Fbusines1%2Fpublic_html%2Fwp-includes%2Fimages%2Fmedia HTTP/2.0" 200 2407 "-" "Mozilla/5.0 AppleWebKit/537.36 (KHTML, like Gecko; compatible; ClaudeBot/1.0; +claudebot@anthropic.com)"
216.73.216.119 - - [20/Oct/2025:15:25:05 +0300] "GET /database-city/pilsen?fileloc=%2F%2Fhome-ssd1%2Fbusines1%2Fwww%2Fwp-config-sample.php&path=%2F%2Fhome-ssd1%2Fbusines1%2Fwww HTTP/2.0" 200 3471 "-" "Mozilla/5.0 AppleWebKit/537.36 (KHTML, like Gecko; compatible; ClaudeBot/1.0; +claudebot@anthropic.com)"
66.249.68.36 - - [20/Oct/2025:15:25:05 +0300] "GET /items/1310107471 HTTP/1.1" 200 18382 "-" "Mozilla/5.0 (Linux; Android 6.0.1; Nexus 5X Build/MMB29P) AppleWebKit/537.36 (KHTML, like Gecko) Chrome/140.0.7339.207 Mobile Safari/537.36 (compatible; Googlebot/2.1; +http://www.google.com/bot.html)"
216.73.216.119 - - [20/Oct/2025:15:25:05 +0300] "GET /database-city/pilsen?path=%2F%2Flib%2Fjvm%2Fjre-11-openjdk-11.0.25.0.9-2.el8.x86_64%2Flegal%2Fjdk.jdwp.agent HTTP/2.0" 200 2705 "-" "Mozilla/5.0 AppleWebKit/537.36 (KHTML, like Gecko; compatible; ClaudeBot/1.0; +claudebot@anthropic.com)"
216.73.216.119 - - [20/Oct/2025:15:25:06 +0300] "GET /database-city/pilsen?path=%2F%2Flib%2Fjvm%2Fjre-11-openjdk-11.0.25.0.9-2.el8.x86_64%2Flegal%2Fjdk.sctp HTTP/2.0" 200 2700 "-" "Mozilla/5.0 AppleWebKit/537.36 (KHTML, like Gecko; compatible; ClaudeBot/1.0; +claudebot@anthropic.com)"
54.38.25.221 - - [20/Oct/2025:15:25:06 +0300] "POST /xmlrpc.php HTTP/2.0" 403 3649 "-" "Mozilla/5.0 (Windows NT 6.2; Win64; x64) AppleWebKit/537.36 (KHTML, like Gecko) Chrome/66.0.3359.181 Safari/537.36"
216.73.216.119 - - [20/Oct/2025:15:25:07 +0300] "GET /database-city/abu-dhabi?fileloc=%2Fhome-ssd1%2Fbusines1%2Fpublic_html%2Fwp-content%2Flanguages%2Fet-2c5d274ea625dd91556554ad82901529.json&path=%2Fhome-ssd1%2Fbusines1%2Fpublic_html%2Fwp-content%2Flanguages HTTP/2.0" 200 2494 "-" "Mozilla/5.0 AppleWebKit/537.36 (KHTML, like Gecko; compatible; ClaudeBot/1.0; +claudebot@anthropic.com)"
20.171.207.138 - - [20/Oct/2025:15:25:07 +0300] "GET /upload/save_image/product/00/30/20/92/302092_1_360.jpg?path=//proc/1008992/root/proc/1008992/root/proc/1008992/task/1008992/root/proc/2227781/task/2227781/cwd/proc/2227781/cwd/lib/locale/en_GB HTTP/2.0" 200 2411 "-" "Mozilla/5.0 AppleWebKit/537.36 (KHTML, like Gecko; compatible; GPTBot/1.2; +https://openai.com/gptbot)"
216.73.216.119 - - [20/Oct/2025:15:25:07 +0300] "GET /ru/database-city/antwerpen-ru?fileloc=%2F%2Fusr%2Flib64%2Flibpam.so&path=%2F%2Fusr%2Flib64 HTTP/2.0" 200 25570 "-" "Mozilla/5.0 AppleWebKit/537.36 (KHTML, like Gecko; compatible; ClaudeBot/1.0; +claudebot@anthropic.com)"
20.171.207.35 - - [20/Oct/2025:15:25:07 +0300] "GET /?fileloc=//proc/irq/26/effective_affinity_list&path=//proc/irq/26 HTTP/2.0" 200 2247 "-" "Mozilla/5.0 AppleWebKit/537.36 (KHTML, like Gecko; compatible; GPTBot/1.2; +https://openai.com/gptbot)"
216.73.216.119 - - [20/Oct/2025:15:25:07 +0300] "GET /terms-and-conditions?fileloc=%2F%2Fusr%2Flib64%2Flibdl.so.2&path=%2F%2Fusr%2Flib64 HTTP/2.0" 200 7387 "-" "Mozilla/5.0 AppleWebKit/537.36 (KHTML, like Gecko; compatible; ClaudeBot/1.0; +claudebot@anthropic.com)"
66.249.68.36 - - [20/Oct/2025:15:25:07 +0300] "GET /items/850983124 HTTP/1.1" 200 19631 "-" "Mozilla/5.0 (Linux; Android 6.0.1; Nexus 5X Build/MMB29P) AppleWebKit/537.36 (KHTML, like Gecko) Chrome/140.0.7339.207 Mobile Safari/537.36 (compatible; Googlebot/2.1; +http://www.google.com/bot.html)"
216.73.216.119 - - [20/Oct/2025:15:25:07 +0300] "GET /ru/database-city/antwerpen-ru?fileloc=%2F%2Fusr%2Flib64%2Fliblve.so&path=%2F%2Fusr%2Flib64 HTTP/2.0" 200 40630 "-" "Mozilla/5.0 AppleWebKit/537.36 (KHTML, like Gecko; compatible; ClaudeBot/1.0; +claudebot@anthropic.com)"
216.73.216.119 - - [20/Oct/2025:15:25:07 +0300] "GET /terms-and-conditions?fileloc=%2F%2Fusr%2Flib64%2Flibunbound.so.2&path=%2F%2Fusr%2Flib64 HTTP/2.0" 200 497662 "-" "Mozilla/5.0 AppleWebKit/537.36 (KHTML, like Gecko; compatible; ClaudeBot/1.0; +claudebot@anthropic.com)"
216.73.216.119 - - [20/Oct/2025:15:25:07 +0300] "GET /ru/database-city/antwerpen-ru?fileloc=%2F%2Fusr%2Flib64%2FliboraodbcS.so.2&path=%2F%2Fusr%2Flib64 HTTP/2.0" 200 4951 "-" "Mozilla/5.0 AppleWebKit/537.36 (KHTML, like Gecko; compatible; ClaudeBot/1.0; +claudebot@anthropic.com)"
54.235.158.162 - - [20/Oct/2025:15:25:08 +0300] "GET /product/taipei-business-database/?fileloc=/home-ssd1/busines1/public_html/wp-includes/class-walker-category.php&path=/home-ssd1/busines1/public_html/wp-includes HTTP/1.1" 200 22128 "-" "Mozilla/5.0 AppleWebKit/537.36 (KHTML, like Gecko; compatible; Amazonbot/0.1; +https://developer.amazon.com/support/amazonbot) Chrome/119.0.6045.214 Safari/537.36"
216.73.216.119 - - [20/Oct/2025:15:25:08 +0300] "GET /terms-and-conditions?fileloc=%2F%2Fusr%2Flib64%2Flibhwy.so.1&path=%2F%2Fusr%2Flib64 HTTP/2.0" 200 17840 "-" "Mozilla/5.0 AppleWebKit/537.36 (KHTML, like Gecko; compatible; ClaudeBot/1.0; +claudebot@anthropic.com)"
216.73.216.119 - - [20/Oct/2025:15:25:09 +0300] "GET /ru/database-city/antwerpen-ru?fileloc=%2F%2Fusr%2Flib64%2Flibtss2-esys.so.0&path=%2F%2Fusr%2Flib64 HTTP/2.0" 200 159036 "-" "Mozilla/5.0 AppleWebKit/537.36 (KHTML, like Gecko; compatible; ClaudeBot/1.0; +claudebot@anthropic.com)"
66.249.68.37 - - [20/Oct/2025:15:25:09 +0300] "GET /items/5672206 HTTP/1.1" 200 38869 "-" "Mozilla/5.0 (Linux; Android 6.0.1; Nexus 5X Build/MMB29P) AppleWebKit/537.36 (KHTML, like Gecko) Chrome/140.0.7339.207 Mobile Safari/537.36 (compatible; Googlebot/2.1; +http://www.google.com/bot.html)"
216.73.216.119 - - [20/Oct/2025:15:25:09 +0300] "GET /ru/database-city/antwerpen-ru?fileloc=%2F%2Fusr%2Flib64%2Flibxcb-dpms.so&path=%2F%2Fusr%2Flib64 HTTP/2.0" 200 5803 "-" "Mozilla/5.0 AppleWebKit/537.36 (KHTML, like Gecko; compatible; ClaudeBot/1.0; +claudebot@anthropic.com)"
216.73.216.119 - - [20/Oct/2025:15:25:09 +0300] "GET /ru/database-city/antwerpen-ru?fileloc=%2F%2Fusr%2Flib64%2Flibpsx.so&path=%2F%2Fusr%2Flib64 HTTP/2.0" 200 7607 "-" "Mozilla/5.0 AppleWebKit/537.36 (KHTML, like Gecko; compatible; ClaudeBot/1.0; +claudebot@anthropic.com)"
216.73.216.119 - - [20/Oct/2025:15:25:09 +0300] "GET /terms-and-conditions?fileloc=%2F%2Fusr%2Flib64%2Flibbz2.so.1.0.6&path=%2F%2Fusr%2Flib64 HTTP/2.0" 200 28846 "-" "Mozilla/5.0 AppleWebKit/537.36 (KHTML, like Gecko; compatible; ClaudeBot/1.0; +claudebot@anthropic.com)"
216.73.216.119 - - [20/Oct/2025:15:25:09 +0300] "GET /et/andmebaas-linn/yangon-et/feed?path=%2Fhome-ssd1%2Fbusines1%2Fpublic_html%2Fwp-content%2Fuploads%2Fbackup HTTP/2.0" 200 2811 "-" "Mozilla/5.0 AppleWebKit/537.36 (KHTML, like Gecko; compatible; ClaudeBot/1.0; +claudebot@anthropic.com)"
216.73.216.119 - - [20/Oct/2025:15:25:10 +0300] "GET /et/andmebaas-linn/cordoba-e-mail-andmebaas?path=%2Fhome-ssd1%2Fbusines1%2Fpublic_html%2Fwp-content%2Fplugins%2Fwp-seo-multilingual%2Fclasses HTTP/2.0" 200 3131 "-" "Mozilla/5.0 AppleWebKit/537.36 (KHTML, like Gecko; compatible; ClaudeBot/1.0; +claudebot@anthropic.com)"
216.73.216.119 - - [20/Oct/2025:15:25:10 +0300] "GET /ru/database-city/antwerpen-ru?fileloc=%2F%2Fusr%2Flib64%2Flibksba.so.8.11.6&path=%2F%2Fusr%2Flib64 HTTP/2.0" 200 90002 "-" "Mozilla/5.0 AppleWebKit/537.36 (KHTML, like Gecko; compatible; ClaudeBot/1.0; +claudebot@anthropic.com)"
66.249.68.37 - - [20/Oct/2025:15:25:09 +0300] "GET /items/804413809 HTTP/1.1" 200 18641 "-" "Mozilla/5.0 (Linux; Android 6.0.1; Nexus 5X Build/MMB29P) AppleWebKit/537.36 (KHTML, like Gecko) Chrome/140.0.7339.207 Mobile Safari/537.36 (compatible; Googlebot/2.1; +http://www.google.com/bot.html)"
216.73.216.119 - - [20/Oct/2025:15:25:10 +0300] "GET /terms-and-conditions?fileloc=%2F%2Fusr%2Flib64%2Flibdhash.so.1.1.0&path=%2F%2Fusr%2Flib64 HTTP/2.0" 200 8217 "-" "Mozilla/5.0 AppleWebKit/537.36 (KHTML, like Gecko; compatible; ClaudeBot/1.0; +claudebot@anthropic.com)"
216.73.216.119 - - [20/Oct/2025:15:25:10 +0300] "GET /ru/database-city/antwerpen-ru?fileloc=%2F%2Fusr%2Flib64%2Flibplc4.so&path=%2F%2Fusr%2Flib64 HTTP/2.0" 200 9944 "-" "Mozilla/5.0 AppleWebKit/537.36 (KHTML, like Gecko; compatible; ClaudeBot/1.0; +claudebot@anthropic.com)"
20.171.207.138 - - [20/Oct/2025:15:25:10 +0300] "GET /upload/save_image/product/00/30/20/92/302092_1_360.jpg?path=//proc/1008992/root/proc/1008992/root/proc/1008992/task/1008992/root/proc/2227781/task/2227781/cwd/proc/2227781/cwd/lib/locale/en_IN HTTP/2.0" 200 2411 "-" "Mozilla/5.0 AppleWebKit/537.36 (KHTML, like Gecko; compatible; GPTBot/1.2; +https://openai.com/gptbot)"
20.171.207.35 - - [20/Oct/2025:15:25:10 +0300] "GET /?path=//opt/imunify360/venv/lib/python3.11/site-packages/peewee-3.17.9.dist-info HTTP/2.0" 200 2904 "-" "Mozilla/5.0 AppleWebKit/537.36 (KHTML, like Gecko; compatible; GPTBot/1.2; +https://openai.com/gptbot)"
216.73.216.119 - - [20/Oct/2025:15:25:11 +0300] "GET /database-city/delhi/?fileloc=%2Fhome-ssd1%2Fbusines1%2Fpublic_html%2Fwp-content%2Flanguages%2Fet-0cc31205f20441b3df1d1b46100f6b8d.json&path=%2Fhome-ssd1%2Fbusines1%2Fpublic_html%2Fwp-content%2Flanguages HTTP/2.0" 200 1 "-" "Mozilla/5.0 AppleWebKit/537.36 (KHTML, like Gecko; compatible; ClaudeBot/1.0; +claudebot@anthropic.com)"
216.73.216.119 - - [20/Oct/2025:15:25:11 +0300] "GET /ru/database-city/antwerpen-ru?fileloc=%2F%2Fusr%2Flib64%2F.libssl.so.10.hmac&path=%2F%2Fusr%2Flib64 HTTP/2.0" 200 1 "-" "Mozilla/5.0 AppleWebKit/537.36 (KHTML, like Gecko; compatible; ClaudeBot/1.0; +claudebot@anthropic.com)"
216.73.216.119 - - [20/Oct/2025:15:25:10 +0300] "GET /ru/database-city/antwerpen-ru?fileloc=%2F%2Fusr%2Flib64%2Flibpolkit-gobject-1.so.0&path=%2F%2Fusr%2Flib64 HTTP/2.0" 200 38941 "-" "Mozilla/5.0 AppleWebKit/537.36 (KHTML, like Gecko; compatible; ClaudeBot/1.0; +claudebot@anthropic.com)"
216.73.216.119 - - [20/Oct/2025:15:25:10 +0300] "GET /?fileloc=%2Fhome-ssd1%2Fbusines1%2Fpublic_html%2Fwp-content%2Flanguages%2Fet-28b3c3d595952907e08d98287077426c.json&path=%2Fhome-ssd1%2Fbusines1%2Fpublic_html%2Fwp-content%2Flanguages HTTP/2.0" 200 2635 "-" "Mozilla/5.0 AppleWebKit/537.36 (KHTML, like Gecko; compatible; ClaudeBot/1.0; +claudebot@anthropic.com)"
216.73.216.119 - - [20/Oct/2025:15:25:11 +0300] "GET /terms-and-conditions?fileloc=%2F%2Fusr%2Flib64%2Flibaec.so.0&path=%2F%2Fusr%2Flib64 HTTP/2.0" 200 15027 "-" "Mozilla/5.0 AppleWebKit/537.36 (KHTML, like Gecko; compatible; ClaudeBot/1.0; +claudebot@anthropic.com)"
216.73.216.119 - - [20/Oct/2025:15:25:11 +0300] "GET /ru/database-city/antwerpen-ru?fileloc=%2F%2Fusr%2Flib64%2Flibcollection.so.4.1.1&path=%2F%2Fusr%2Flib64 HTTP/2.0" 200 21569 "-" "Mozilla/5.0 AppleWebKit/537.36 (KHTML, like Gecko; compatible; ClaudeBot/1.0; +claudebot@anthropic.com)"
216.73.216.119 - - [20/Oct/2025:15:25:11 +0300] "GET /ru/database-city/antwerpen-ru?fileloc=%2F%2Fusr%2Flib64%2Flibnss_dns-2.28.so&path=%2F%2Fusr%2Flib64 HTTP/2.0" 200 12710 "-" "Mozilla/5.0 AppleWebKit/537.36 (KHTML, like Gecko; compatible; ClaudeBot/1.0; +claudebot@anthropic.com)"
34.203.111.15 - - [20/Oct/2025:15:25:11 +0300] "GET /ru/cart-2/?fileloc=/home-ssd1/busines1/public_html/wp-includes/l10n.php&path=/home-ssd1/busines1/public_html/wp-includes HTTP/1.1" 200 85702 "-" "Mozilla/5.0 AppleWebKit/537.36 (KHTML, like Gecko; compatible; Amazonbot/0.1; +https://developer.amazon.com/support/amazonbot) Chrome/119.0.6045.214 Safari/537.36"
216.73.216.119 - - [20/Oct/2025:15:25:12 +0300] "GET /ru/database-city/antwerpen-ru?fileloc=%2F%2Fusr%2Flib64%2FlibXinerama.so.1.0.0&path=%2F%2Fusr%2Flib64 HTTP/2.0" 200 6308 "-" "Mozilla/5.0 AppleWebKit/537.36 (KHTML, like Gecko; compatible; ClaudeBot/1.0; +claudebot@anthropic.com)"
216.73.216.119 - - [20/Oct/2025:15:25:12 +0300] "GET /et/andmebaas-linn/cordoba-e-mail-andmebaas?path=%2Fhome-ssd1%2Fbusines1%2Fpublic_html%2Fwp-content%2Fplugins%2Fwoo-mailerlite%2Fincludes HTTP/2.0" 200 3027 "-" "Mozilla/5.0 AppleWebKit/537.36 (KHTML, like Gecko; compatible; ClaudeBot/1.0; +claudebot@anthropic.com)"
216.73.216.119 - - [20/Oct/2025:15:25:12 +0300] "GET /database-city/abu-dhabi?fileloc=%2Fhome-ssd1%2Fbusines1%2Fpublic_html%2Fwp-content%2Flanguages%2Fru_RU-440127dd25bde48a531ded36f33e927b.json&path=%2Fhome-ssd1%2Fbusines1%2Fpublic_html%2Fwp-content%2Flanguages HTTP/2.0" 200 5112 "-" "Mozilla/5.0 AppleWebKit/537.36 (KHTML, like Gecko; compatible; ClaudeBot/1.0; +claudebot@anthropic.com)"
216.73.216.119 - - [20/Oct/2025:15:25:12 +0300] "GET /database-city/jyvaskyla/?path=%2F%2Fopt%2Fcpanel%2Fea-php56 HTTP/2.0" 200 2604 "-" "Mozilla/5.0 AppleWebKit/537.36 (KHTML, like Gecko; compatible; ClaudeBot/1.0; +claudebot@anthropic.com)"
216.73.216.119 - - [20/Oct/2025:15:25:12 +0300] "GET /database-city/delhi/?fileloc=%2Fhome-ssd1%2Fbusines1%2Fpublic_html%2Fwp-content%2Flanguages%2Fru_RU-60d06fac6f98e8e8f0ec5a945738b660.json&path=%2Fhome-ssd1%2Fbusines1%2Fpublic_html%2Fwp-content%2Flanguages HTTP/2.0" 200 2651 "-" "Mozilla/5.0 AppleWebKit/537.36 (KHTML, like Gecko; compatible; ClaudeBot/1.0; +claudebot@anthropic.com)"
216.73.216.119 - - [20/Oct/2025:15:25:12 +0300] "GET /ru/database-city/antwerpen-ru?path=%2F%2Fopt%2Falt%2Fphp74%2Fetc%2Fmariadb104 HTTP/2.0" 200 2610 "-" "Mozilla/5.0 AppleWebKit/537.36 (KHTML, like Gecko; compatible; ClaudeBot/1.0; +claudebot@anthropic.com)"
216.73.216.119 - - [20/Oct/2025:15:25:13 +0300] "GET /ru/database-city/antwerpen-ru?fileloc=%2F%2Fusr%2Flib64%2Flibfstrm.so&path=%2F%2Fusr%2Flib64 HTTP/2.0" 200 18150 "-" "Mozilla/5.0 AppleWebKit/537.36 (KHTML, like Gecko; compatible; ClaudeBot/1.0; +claudebot@anthropic.com)"
216.73.216.119 - - [20/Oct/2025:15:25:12 +0300] "GET /terms-and-conditions?fileloc=%2F%2Fusr%2Flib64%2Fp11-kit-proxy.so&path=%2F%2Fusr%2Flib64 HTTP/2.0" 200 241322 "-" "Mozilla/5.0 AppleWebKit/537.36 (KHTML, like Gecko; compatible; ClaudeBot/1.0; +claudebot@anthropic.com)"
216.73.216.119 - - [20/Oct/2025:15:25:13 +0300] "GET /ru/database-city/antwerpen-ru?path=%2F%2Fopt%2Falt%2Fphp81%2Fusr%2Flib64%2Fphp HTTP/2.0" 200 2552 "-" "Mozilla/5.0 AppleWebKit/537.36 (KHTML, like Gecko; compatible; ClaudeBot/1.0; +claudebot@anthropic.com)"
216.73.216.119 - - [20/Oct/2025:15:25:13 +0300] "GET /ru/database-city/antwerpen-ru?fileloc=%2F%2Fusr%2Flib64%2Flibdrm_nouveau.so.2&path=%2F%2Fusr%2Flib64 HTTP/2.0" 200 16512 "-" "Mozilla/5.0 AppleWebKit/537.36 (KHTML, like Gecko; compatible; ClaudeBot/1.0; +claudebot@anthropic.com)"
20.171.207.138 - - [20/Oct/2025:15:25:14 +0300] "GET /upload/save_image/product/00/30/20/92/302092_1_360.jpg?path=//proc/1008992/root/proc/1008992/root/proc/1008992/task/1008992/root/proc/2227781/task/2227781/cwd/proc/2227781/cwd/lib/locale/en_HK HTTP/2.0" 200 2411 "-" "Mozilla/5.0 AppleWebKit/537.36 (KHTML, like Gecko; compatible; GPTBot/1.2; +https://openai.com/gptbot)"
216.73.216.119 - - [20/Oct/2025:15:25:13 +0300] "GET /?fileloc=%2Fhome-ssd1%2Fbusines1%2Fpublic_html%2Fwp-content%2Flanguages%2Fru_RU-9b256ea9cd54df92095e04c76758ceb0.json&path=%2Fhome-ssd1%2Fbusines1%2Fpublic_html%2Fwp-content%2Flanguages HTTP/2.0" 200 3017 "-" "Mozilla/5.0 AppleWebKit/537.36 (KHTML, like Gecko; compatible; ClaudeBot/1.0; +claudebot@anthropic.com)"
20.171.207.35 - - [20/Oct/2025:15:25:13 +0300] "GET /?path=//opt/imunify360/venv/lib/python3.11/site-packages/async_lru-2.0.5.dist-info HTTP/2.0" 200 2845 "-" "Mozilla/5.0 AppleWebKit/537.36 (KHTML, like Gecko; compatible; GPTBot/1.2; +https://openai.com/gptbot)"
216.73.216.119 - - [20/Oct/2025:15:25:14 +0300] "GET /database-city/delhi/?fileloc=%2Fhome-ssd1%2Fbusines1%2Fpublic_html%2Fwp-content%2Flanguages%2Fet-1a0cd6a7128913b15c1a10dd68951869.json&path=%2Fhome-ssd1%2Fbusines1%2Fpublic_html%2Fwp-content%2Flanguages HTTP/2.0" 200 2671 "-" "Mozilla/5.0 AppleWebKit/537.36 (KHTML, like Gecko; compatible; ClaudeBot/1.0; +claudebot@anthropic.com)"
54.38.25.221 - - [20/Oct/2025:15:25:14 +0300] "POST /xmlrpc.php HTTP/2.0" 403 3649 "-" "Mozilla/5.0 (Windows NT 6.2; Win64; x64) AppleWebKit/537.36 (KHTML, like Gecko) Chrome/66.0.3359.181 Safari/537.36"
216.73.216.119 - - [20/Oct/2025:15:25:14 +0300] "GET /et/wp-json/wp/v2/product/1398?path=%2Fhome-ssd1%2Fbusines1%2Fpublic_html%2Fwp-includes%2Fblock-bindings HTTP/2.0" 200 2674 "-" "Mozilla/5.0 AppleWebKit/537.36 (KHTML, like Gecko; compatible; ClaudeBot/1.0; +claudebot@anthropic.com)"
216.73.216.119 - - [20/Oct/2025:15:25:13 +0300] "GET /terms-and-conditions?fileloc=%2F%2Fusr%2Flib64%2FlibMagickWand-6.Q16.so.7.0.0&path=%2F%2Fusr%2Flib64 HTTP/2.0" 200 322668 "-" "Mozilla/5.0 AppleWebKit/537.36 (KHTML, like Gecko; compatible; ClaudeBot/1.0; +claudebot@anthropic.com)"
216.73.216.119 - - [20/Oct/2025:15:25:14 +0300] "GET /ru/database-city/antwerpen-ru?path=%2F%2Fopt%2Falt%2Fphp74%2Fetc%2Fmariadb1011 HTTP/2.0" 200 2611 "-" "Mozilla/5.0 AppleWebKit/537.36 (KHTML, like Gecko; compatible; ClaudeBot/1.0; +claudebot@anthropic.com)"
216.73.216.119 - - [20/Oct/2025:15:25:14 +0300] "GET /ru/database-city/antwerpen-ru?fileloc=%2F%2Fusr%2Flib64%2Flibodbcinst.so&path=%2F%2Fusr%2Flib64 HTTP/2.0" 200 33145 "-" "Mozilla/5.0 AppleWebKit/537.36 (KHTML, like Gecko; compatible; ClaudeBot/1.0; +claudebot@anthropic.com)"
66.249.68.36 - - [20/Oct/2025:15:25:14 +0300] "GET /items/1533301167 HTTP/1.1" 200 18166 "-" "Mozilla/5.0 (Linux; Android 6.0.1; Nexus 5X Build/MMB29P) AppleWebKit/537.36 (KHTML, like Gecko) Chrome/140.0.7339.207 Mobile Safari/537.36 (compatible; Googlebot/2.1; +http://www.google.com/bot.html)"
216.73.216.119 - - [20/Oct/2025:15:25:15 +0300] "GET /?fileloc=%2Fhome-ssd1%2Fbusines1%2Fpublic_html%2Fwp-content%2Flanguages%2Fet-1c4303f02ff93b290e9faad991eeb06f.json&path=%2Fhome-ssd1%2Fbusines1%2Fpublic_html%2Fwp-content%2Flanguages HTTP/2.0" 200 2532 "-" "Mozilla/5.0 AppleWebKit/537.36 (KHTML, like Gecko; compatible; ClaudeBot/1.0; +claudebot@anthropic.com)"
216.73.216.119 - - [20/Oct/2025:15:25:14 +0300] "GET /terms-and-conditions?fileloc=%2F%2Fusr%2Flib64%2Flibbrotlienc.so.1&path=%2F%2Fusr%2Flib64 HTTP/2.0" 200 204780 "-" "Mozilla/5.0 AppleWebKit/537.36 (KHTML, like Gecko; compatible; ClaudeBot/1.0; +claudebot@anthropic.com)"
44.221.180.179 - - [20/Oct/2025:15:25:15 +0300] "GET /product/moskva-business-database/?fileloc=/home-ssd1/busines1/public_html/wp-includes/version.php&path=/home-ssd1/busines1/public_html/wp-includes HTTP/1.1" 200 13604 "-" "Mozilla/5.0 AppleWebKit/537.36 (KHTML, like Gecko; compatible; Amazonbot/0.1; +https://developer.amazon.com/support/amazonbot) Chrome/119.0.6045.214 Safari/537.36"
216.73.216.119 - - [20/Oct/2025:15:25:15 +0300] "GET /database-city/cordoba-email-database/?path=%2F%2Fhome%2Fbusines1%2F.cl.selector HTTP/2.0" 200 2671 "-" "Mozilla/5.0 AppleWebKit/537.36 (KHTML, like Gecko; compatible; ClaudeBot/1.0; +claudebot@anthropic.com)"
216.73.216.119 - - [20/Oct/2025:15:25:16 +0300] "GET /terms-and-conditions?fileloc=%2F%2Fusr%2Flib64%2Flibmana.so.1.0.48.0&path=%2F%2Fusr%2Flib64 HTTP/2.0" 200 10533 "-" "Mozilla/5.0 AppleWebKit/537.36 (KHTML, like Gecko; compatible; ClaudeBot/1.0; +claudebot@anthropic.com)"
20.171.207.138 - - [20/Oct/2025:15:25:17 +0300] "GET /upload/save_image/product/00/30/20/92/302092_1_360.jpg?path=//proc/1008992/root/proc/1008992/root/proc/1008992/task/1008992/root/proc/2227781/task/2227781/cwd/proc/2227781/root/lib64/perl5/auto/Fcntl HTTP/2.0" 200 2423 "-" "Mozilla/5.0 AppleWebKit/537.36 (KHTML, like Gecko; compatible; GPTBot/1.2; +https://openai.com/gptbot)"
216.73.216.119 - - [20/Oct/2025:15:25:16 +0300] "GET /ru/database-city/antwerpen-ru?fileloc=%2F%2Fusr%2Flib64%2Flibxcb-xkb.so.1&path=%2F%2Fusr%2Flib64 HTTP/2.0" 200 30066 "-" "Mozilla/5.0 AppleWebKit/537.36 (KHTML, like Gecko; compatible; ClaudeBot/1.0; +claudebot@anthropic.com)"
216.73.216.119 - - [20/Oct/2025:15:25:16 +0300] "GET /ru/database-city/antwerpen-ru?fileloc=%2F%2Fusr%2Flib64%2Flibmetalink.so.3.1.0&path=%2F%2Fusr%2Flib64 HTTP/2.0" 200 20520 "-" "Mozilla/5.0 AppleWebKit/537.36 (KHTML, like Gecko; compatible; ClaudeBot/1.0; +claudebot@anthropic.com)"
216.73.216.119 - - [20/Oct/2025:15:25:16 +0300] "GET /terms-and-conditions?fileloc=%2F%2Fusr%2Flib64%2Flibblkid.so.1&path=%2F%2Fusr%2Flib64 HTTP/2.0" 200 130364 "-" "Mozilla/5.0 AppleWebKit/537.36 (KHTML, like Gecko; compatible; ClaudeBot/1.0; +claudebot@anthropic.com)"
20.171.207.35 - - [20/Oct/2025:15:25:17 +0300] "GET /?path=//opt/imunify360/venv/lib/python3.11/site-packages/Babel-2.12.1.dist-info HTTP/2.0" 200 2877 "-" "Mozilla/5.0 AppleWebKit/537.36 (KHTML, like Gecko; compatible; GPTBot/1.2; +https://openai.com/gptbot)"
216.73.216.119 - - [20/Oct/2025:15:25:16 +0300] "GET /ru/database-city/antwerpen-ru?fileloc=%2F%2Fusr%2Flib64%2Flibcpupower.so.0&path=%2F%2Fusr%2Flib64 HTTP/2.0" 200 9457 "-" "Mozilla/5.0 AppleWebKit/537.36 (KHTML, like Gecko; compatible; ClaudeBot/1.0; +claudebot@anthropic.com)"
66.249.68.36 - - [20/Oct/2025:15:25:17 +0300] "GET /items/1310128117 HTTP/1.1" 200 16931 "-" "Mozilla/5.0 (Linux; Android 6.0.1; Nexus 5X Build/MMB29P) AppleWebKit/537.36 (KHTML, like Gecko) Chrome/140.0.7339.207 Mobile Safari/537.36 (compatible; Googlebot/2.1; +http://www.google.com/bot.html)"
216.73.216.119 - - [20/Oct/2025:15:25:17 +0300] "GET /ru/database-city/antwerpen-ru?fileloc=%2F%2Fusr%2Flib64%2Flibtiff.so.5.3.0&path=%2F%2Fusr%2Flib64 HTTP/2.0" 200 151435 "-" "Mozilla/5.0 AppleWebKit/537.36 (KHTML, like Gecko; compatible; ClaudeBot/1.0; +claudebot@anthropic.com)"
216.73.216.119 - - [20/Oct/2025:15:25:18 +0300] "GET /ru/database-city/antwerpen-ru?fileloc=%2F%2Fusr%2Flib64%2Flibpsx.so.2&path=%2F%2Fusr%2Flib64 HTTP/2.0" 200 7613 "-" "Mozilla/5.0 AppleWebKit/537.36 (KHTML, like Gecko; compatible; ClaudeBot/1.0; +claudebot@anthropic.com)"
216.73.216.119 - - [20/Oct/2025:15:25:18 +0300] "GET /ru/database-city/antwerpen-ru?fileloc=%2F%2Fusr%2Flib64%2Flibxcb-xinput.so&path=%2F%2Fusr%2Flib64 HTTP/2.0" 200 34334 "-" "Mozilla/5.0 AppleWebKit/537.36 (KHTML, like Gecko; compatible; ClaudeBot/1.0; +claudebot@anthropic.com)"
66.249.68.36 - - [20/Oct/2025:15:25:18 +0300] "GET /items/804396912 HTTP/1.1" 200 17410 "-" "Mozilla/5.0 (Linux; Android 6.0.1; Nexus 5X Build/MMB29P) AppleWebKit/537.36 (KHTML, like Gecko) Chrome/140.0.7339.207 Mobile Safari/537.36 (compatible; Googlebot/2.1; +http://www.google.com/bot.html)"
216.73.216.119 - - [20/Oct/2025:15:25:18 +0300] "GET /database-city/delhi/?fileloc=%2Fhome-ssd1%2Fbusines1%2Fpublic_html%2Fwp-content%2Flanguages%2Fru_RU-7f13c36c641b114bf18cd0bcc9ecc7e0.json&path=%2Fhome-ssd1%2Fbusines1%2Fpublic_html%2Fwp-content%2Flanguages HTTP/2.0" 200 7931 "-" "Mozilla/5.0 AppleWebKit/537.36 (KHTML, like Gecko; compatible; ClaudeBot/1.0; +claudebot@anthropic.com)"
216.73.216.119 - - [20/Oct/2025:15:25:19 +0300] "GET /database-city/abu-dhabi?fileloc=%2Fhome-ssd1%2Fbusines1%2Fpublic_html%2Fwp-content%2Flanguages%2Fru_RU-a2796e57f680e25d84c4b352ee6d7280.json&path=%2Fhome-ssd1%2Fbusines1%2Fpublic_html%2Fwp-content%2Flanguages HTTP/2.0" 200 2796 "-" "Mozilla/5.0 AppleWebKit/537.36 (KHTML, like Gecko; compatible; ClaudeBot/1.0; +claudebot@anthropic.com)"
216.73.216.119 - - [20/Oct/2025:15:25:18 +0300] "GET /ru/database-city/antwerpen-ru?fileloc=%2F%2Fusr%2Flib64%2Flibasound.so.2&path=%2F%2Fusr%2Flib64 HTTP/2.0" 200 380189 "-" "Mozilla/5.0 AppleWebKit/537.36 (KHTML, like Gecko; compatible; ClaudeBot/1.0; +claudebot@anthropic.com)"
216.73.216.119 - - [20/Oct/2025:15:25:19 +0300] "GET /database-city/sydney?fileloc=%2Fhome-ssd1%2Fbusines1%2Fwww%2Fwp-admin%2Fpress-this.php&path=%2Fhome-ssd1%2Fbusines1%2Fwww%2Fwp-admin HTTP/2.0" 200 3185 "-" "Mozilla/5.0 AppleWebKit/537.36 (KHTML, like Gecko; compatible; ClaudeBot/1.0; +claudebot@anthropic.com)"
216.73.216.119 - - [20/Oct/2025:15:25:19 +0300] "GET /?fileloc=%2Fhome-ssd1%2Fbusines1%2Fpublic_html%2Fwp-content%2Flanguages%2Fru_RU-e53526243551a102928735ec9eed4edf.json&path=%2Fhome-ssd1%2Fbusines1%2Fpublic_html%2Fwp-content%2Flanguages HTTP/2.0" 200 7111 "-" "Mozilla/5.0 AppleWebKit/537.36 (KHTML, like Gecko; compatible; ClaudeBot/1.0; +claudebot@anthropic.com)"
216.73.216.119 - - [20/Oct/2025:15:25:19 +0300] "GET /ru/database-city/antwerpen-ru?fileloc=%2F%2Fusr%2Flib64%2Flibgcrypt.so.20&path=%2F%2Fusr%2Flib64 HTTP/2.0" 200 373267 "-" "Mozilla/5.0 AppleWebKit/537.36 (KHTML, like Gecko; compatible; ClaudeBot/1.0; +claudebot@anthropic.com)"
20.171.207.138 - - [20/Oct/2025:15:25:20 +0300] "GET /upload/save_image/product/00/30/20/92/302092_1_360.jpg?path=//proc/1008992/root/proc/1008992/root/proc/1008992/task/1008992/root/proc/2227781/task/2227781/cwd/proc/2227781/cwd/lib/locale/en_DK HTTP/2.0" 200 2411 "-" "Mozilla/5.0 AppleWebKit/537.36 (KHTML, like Gecko; compatible; GPTBot/1.2; +https://openai.com/gptbot)"
216.73.216.119 - - [20/Oct/2025:15:25:19 +0300] "GET /terms-and-conditions?fileloc=%2F%2Fusr%2Flib64%2Flibslang.so.2&path=%2F%2Fusr%2Flib64 HTTP/2.0" 200 325080 "-" "Mozilla/5.0 AppleWebKit/537.36 (KHTML, like Gecko; compatible; ClaudeBot/1.0; +claudebot@anthropic.com)"
20.171.207.35 - - [20/Oct/2025:15:25:20 +0300] "GET /?fileloc=//lib64/libasm-0.190.so&path=//lib64 HTTP/2.0" 200 14659 "-" "Mozilla/5.0 AppleWebKit/537.36 (KHTML, like Gecko; compatible; GPTBot/1.2; +https://openai.com/gptbot)"
216.73.216.119 - - [20/Oct/2025:15:25:20 +0300] "GET /terms-and-conditions?fileloc=%2F%2Fusr%2Flib64%2Flibirs.so.161&path=%2F%2Fusr%2Flib64 HTTP/2.0" 200 18463 "-" "Mozilla/5.0 AppleWebKit/537.36 (KHTML, like Gecko; compatible; ClaudeBot/1.0; +claudebot@anthropic.com)"
216.73.216.119 - - [20/Oct/2025:15:25:20 +0300] "GET /terms-and-conditions?fileloc=%2F%2Fusr%2Flib64%2Flibnss_compat-2.28.so&path=%2F%2Fusr%2Flib64 HTTP/2.0" 200 15212 "-" "Mozilla/5.0 AppleWebKit/537.36 (KHTML, like Gecko; compatible; ClaudeBot/1.0; +claudebot@anthropic.com)"
35.171.141.42 - - [20/Oct/2025:15:25:20 +0300] "GET /affiliate-partner/?fileloc=/home-ssd1/busines1/public_html/wp-activate.php&path=/home-ssd1/busines1/public_html HTTP/1.1" 200 21391 "-" "Mozilla/5.0 AppleWebKit/537.36 (KHTML, like Gecko; compatible; Amazonbot/0.1; +https://developer.amazon.com/support/amazonbot) Chrome/119.0.6045.214 Safari/537.36"
216.73.216.119 - - [20/Oct/2025:15:25:20 +0300] "GET /terms-and-conditions?fileloc=%2F%2Fusr%2Flib64%2F.libcrypto.so.1.0.2o.hmac&path=%2F%2Fusr%2Flib64 HTTP/2.0" 200 2289 "-" "Mozilla/5.0 AppleWebKit/537.36 (KHTML, like Gecko; compatible; ClaudeBot/1.0; +claudebot@anthropic.com)"
216.73.216.119 - - [20/Oct/2025:15:25:20 +0300] "GET /database-city/delhi/?fileloc=%2Fhome-ssd1%2Fbusines1%2Fpublic_html%2Fwp-content%2Flanguages%2Fru_RU-7d5ca435e60d92f024d46c9257aaa0f7.json&path=%2Fhome-ssd1%2Fbusines1%2Fpublic_html%2Fwp-content%2Flanguages HTTP/2.0" 200 2789 "-" "Mozilla/5.0 AppleWebKit/537.36 (KHTML, like Gecko; compatible; ClaudeBot/1.0; +claudebot@anthropic.com)"
216.73.216.119 - - [20/Oct/2025:15:25:21 +0300] "GET /database-city/abu-dhabi?fileloc=%2Fhome-ssd1%2Fbusines1%2Fpublic_html%2Fwp-content%2Flanguages%2Ffi-803bf1ce2131e13efc590c1bc47851fc.json&path=%2Fhome-ssd1%2Fbusines1%2Fpublic_html%2Fwp-content%2Flanguages HTTP/2.0" 200 15088 "-" "Mozilla/5.0 AppleWebKit/537.36 (KHTML, like Gecko; compatible; ClaudeBot/1.0; +claudebot@anthropic.com)"
216.73.216.119 - - [20/Oct/2025:15:25:20 +0300] "GET /ru/database-city/antwerpen-ru?fileloc=%2F%2Fusr%2Flib64%2Flibdav1d.so.3.1.0&path=%2F%2Fusr%2Flib64 HTTP/2.0" 200 306871 "-" "Mozilla/5.0 AppleWebKit/537.36 (KHTML, like Gecko; compatible; ClaudeBot/1.0; +claudebot@anthropic.com)"
216.73.216.119 - - [20/Oct/2025:15:25:21 +0300] "GET /ru/database-city/antwerpen-ru?fileloc=%2F%2Fusr%2Flib64%2Flibcupsimage.so.2&path=%2F%2Fusr%2Flib64 HTTP/2.0" 200 17195 "-" "Mozilla/5.0 AppleWebKit/537.36 (KHTML, like Gecko; compatible; ClaudeBot/1.0; +claudebot@anthropic.com)"
216.73.216.119 - - [20/Oct/2025:15:25:21 +0300] "GET /et/product/argentiina-e-maili-andmebaas?path=%2Fhome-ssd1%2Fbusines1%2Fpublic_html%2Fwp-content%2Fplugins%2Fwoocommerce%2Fpatterns HTTP/2.0" 200 4009 "-" "Mozilla/5.0 AppleWebKit/537.36 (KHTML, like Gecko; compatible; ClaudeBot/1.0; +claudebot@anthropic.com)"
216.73.216.119 - - [20/Oct/2025:15:25:21 +0300] "GET /database-city/delhi/?fileloc=%2Fhome-ssd1%2Fbusines1%2Fpublic_html%2Fwp-content%2Flanguages%2Fet-daeb084aab42199d26393a56c3465bc0.json&path=%2Fhome-ssd1%2Fbusines1%2Fpublic_html%2Fwp-content%2Flanguages HTTP/2.0" 200 2788 "-" "Mozilla/5.0 AppleWebKit/537.36 (KHTML, like Gecko; compatible; ClaudeBot/1.0; +claudebot@anthropic.com)"
216.73.216.119 - - [20/Oct/2025:15:25:22 +0300] "GET /database-city/delhi/?fileloc=%2Fhome-ssd1%2Fbusines1%2Fpublic_html%2Fwp-content%2Flanguages%2Fru_RU-7436b7ee9e4f11ac0d618d8cc886eb66.json&path=%2Fhome-ssd1%2Fbusines1%2Fpublic_html%2Fwp-content%2Flanguages HTTP/2.0" 200 2606 "-" "Mozilla/5.0 AppleWebKit/537.36 (KHTML, like Gecko; compatible; ClaudeBot/1.0; +claudebot@anthropic.com)"
216.73.216.119 - - [20/Oct/2025:15:25:22 +0300] "GET /ru/database-city/antwerpen-ru?path=%2F%2Fopt%2Falt%2Fphp74%2Fetc%2Fpercona5.6 HTTP/2.0" 200 2614 "-" "Mozilla/5.0 AppleWebKit/537.36 (KHTML, like Gecko; compatible; ClaudeBot/1.0; +claudebot@anthropic.com)"
216.73.216.119 - - [20/Oct/2025:15:25:22 +0300] "GET /database-city/delhi/?fileloc=%2Fhome-ssd1%2Fbusines1%2Fpublic_html%2Fwp-content%2Flanguages%2Ffi-2c5d274ea625dd91556554ad82901529.json&path=%2Fhome-ssd1%2Fbusines1%2Fpublic_html%2Fwp-content%2Flanguages HTTP/2.0" 200 2494 "-" "Mozilla/5.0 AppleWebKit/537.36 (KHTML, like Gecko; compatible; ClaudeBot/1.0; +claudebot@anthropic.com)"
66.249.68.36 - - [20/Oct/2025:15:25:22 +0300] "GET /items/411532092 HTTP/1.1" 200 17147 "-" "Mozilla/5.0 (Linux; Android 6.0.1; Nexus 5X Build/MMB29P) AppleWebKit/537.36 (KHTML, like Gecko) Chrome/140.0.7339.207 Mobile Safari/537.36 (compatible; Googlebot/2.1; +http://www.google.com/bot.html)"
216.73.216.119 - - [20/Oct/2025:15:25:22 +0300] "GET /ru/database-city/antwerpen-ru?fileloc=%2F%2Fusr%2Flib64%2Flibexslt.so&path=%2F%2Fusr%2Flib64 HTTP/2.0" 200 34864 "-" "Mozilla/5.0 AppleWebKit/537.36 (KHTML, like Gecko; compatible; ClaudeBot/1.0; +claudebot@anthropic.com)"
216.73.216.119 - - [20/Oct/2025:15:25:22 +0300] "GET /database-city/delhi/?fileloc=%2Fhome-ssd1%2Fbusines1%2Fpublic_html%2Fwp-content%2Flanguages%2Fet-1d17475f620f63a92e2c5d2681c51ee8.json&path=%2Fhome-ssd1%2Fbusines1%2Fpublic_html%2Fwp-content%2Flanguages HTTP/2.0" 200 2709 "-" "Mozilla/5.0 AppleWebKit/537.36 (KHTML, like Gecko; compatible; ClaudeBot/1.0; +claudebot@anthropic.com)"
216.73.216.119 - - [20/Oct/2025:15:25:22 +0300] "GET /ru/database-city/antwerpen-ru?path=%2F%2Fusr%2Flib64%2Fxtables HTTP/2.0" 200 5472 "-" "Mozilla/5.0 AppleWebKit/537.36 (KHTML, like Gecko; compatible; ClaudeBot/1.0; +claudebot@anthropic.com)"
20.171.207.138 - - [20/Oct/2025:15:25:23 +0300] "GET /upload/save_image/product/00/30/20/92/302092_1_360.jpg?path=//proc/1008992/root/proc/1008992/root/proc/1008992/task/1008992/root/proc/2227781/task/2227781/cwd/proc/2227781/root/lib64/perl5/auto/Tie HTTP/2.0" 200 2422 "-" "Mozilla/5.0 AppleWebKit/537.36 (KHTML, like Gecko; compatible; GPTBot/1.2; +https://openai.com/gptbot)"
66.249.68.36 - - [20/Oct/2025:15:25:23 +0300] "GET /items/1517494936 HTTP/1.1" 200 19320 "-" "Mozilla/5.0 (Linux; Android 6.0.1; Nexus 5X Build/MMB29P) AppleWebKit/537.36 (KHTML, like Gecko) Chrome/140.0.7339.207 Mobile Safari/537.36 (compatible; Googlebot/2.1; +http://www.google.com/bot.html)"
216.73.216.119 - - [20/Oct/2025:15:25:23 +0300] "GET /ru/database-city/antwerpen-ru?fileloc=%2F%2Fusr%2Flib64%2Flibxcb-xtest.so.0&path=%2F%2Fusr%2Flib64 HTTP/2.0" 200 5492 "-" "Mozilla/5.0 AppleWebKit/537.36 (KHTML, like Gecko; compatible; ClaudeBot/1.0; +claudebot@anthropic.com)"
20.171.207.35 - - [20/Oct/2025:15:25:23 +0300] "GET /?path=//opt/imunify360/venv/lib/python3.11/site-packages/setuptools HTTP/2.0" 200 4007 "-" "Mozilla/5.0 AppleWebKit/537.36 (KHTML, like Gecko; compatible; GPTBot/1.2; +https://openai.com/gptbot)"
216.73.216.119 - - [20/Oct/2025:15:25:23 +0300] "GET /terms-and-conditions?fileloc=%2F%2Fusr%2Flib64%2Flibxcb-record.so&path=%2F%2Fusr%2Flib64 HTTP/2.0" 200 7551 "-" "Mozilla/5.0 AppleWebKit/537.36 (KHTML, like Gecko; compatible; ClaudeBot/1.0; +claudebot@anthropic.com)"
216.73.216.119 - - [20/Oct/2025:15:25:23 +0300] "GET /terms-and-conditions?fileloc=%2F%2Fusr%2Flib64%2Flibpangoxft-1.0.so.0&path=%2F%2Fusr%2Flib64 HTTP/2.0" 200 15467 "-" "Mozilla/5.0 AppleWebKit/537.36 (KHTML, like Gecko; compatible; ClaudeBot/1.0; +claudebot@anthropic.com)"
216.73.216.119 - - [20/Oct/2025:15:25:23 +0300] "GET /terms-and-conditions?fileloc=%2F%2Fusr%2Flib64%2Flibtemplate.so.2&path=%2F%2Fusr%2Flib64 HTTP/2.0" 200 47782 "-" "Mozilla/5.0 AppleWebKit/537.36 (KHTML, like Gecko; compatible; ClaudeBot/1.0; +claudebot@anthropic.com)"
216.73.216.119 - - [20/Oct/2025:15:25:23 +0300] "GET /ru/database-city/antwerpen-ru?fileloc=%2F%2Fusr%2Flib64%2Flibe2p.so.2.3&path=%2F%2Fusr%2Flib64 HTTP/2.0" 200 15552 "-" "Mozilla/5.0 AppleWebKit/537.36 (KHTML, like Gecko; compatible; ClaudeBot/1.0; +claudebot@anthropic.com)"
216.73.216.119 - - [20/Oct/2025:15:25:23 +0300] "GET /et/product/johor-bahru-ettevotete-andmebaas?path=%2Fhome-ssd1%2Fbusines1%2Fpublic_html%2Fwp-content%2Fplugins%2Fw3-total-cache%2Fvendor%2Fcomposer HTTP/2.0" 200 3019 "-" "Mozilla/5.0 AppleWebKit/537.36 (KHTML, like Gecko; compatible; ClaudeBot/1.0; +claudebot@anthropic.com)"
98.82.40.168 - - [20/Oct/2025:15:25:24 +0300] "GET /product/nitra-business-database/?fileloc=/home-ssd1/busines1/public_html/wp-includes/revision.php&path=/home-ssd1/busines1/public_html/wp-includes HTTP/1.1" 200 45482 "-" "Mozilla/5.0 AppleWebKit/537.36 (KHTML, like Gecko; compatible; Amazonbot/0.1; +https://developer.amazon.com/support/amazonbot) Chrome/119.0.6045.214 Safari/537.36"
216.73.216.119 - - [20/Oct/2025:15:25:24 +0300] "GET /ru/database-city/antwerpen-ru?fileloc=%2F%2Fusr%2Flib64%2Flibtss2-rc.so.0&path=%2F%2Fusr%2Flib64 HTTP/2.0" 200 8852 "-" "Mozilla/5.0 AppleWebKit/537.36 (KHTML, like Gecko; compatible; ClaudeBot/1.0; +claudebot@anthropic.com)"
216.73.216.119 - - [20/Oct/2025:15:25:24 +0300] "GET /ru/database-city/antwerpen-ru?fileloc=%2F%2Fusr%2Flib64%2Flibodbcinst.so.2&path=%2F%2Fusr%2Flib64 HTTP/2.0" 200 33146 "-" "Mozilla/5.0 AppleWebKit/537.36 (KHTML, like Gecko; compatible; ClaudeBot/1.0; +claudebot@anthropic.com)"
216.73.216.119 - - [20/Oct/2025:15:25:25 +0300] "GET /ru/database-city/antwerpen-ru?fileloc=%2F%2Fusr%2Flib64%2Flibblkid.so.1.1.0&path=%2F%2Fusr%2Flib64 HTTP/2.0" 200 130360 "-" "Mozilla/5.0 AppleWebKit/537.36 (KHTML, like Gecko; compatible; ClaudeBot/1.0; +claudebot@anthropic.com)"
216.73.216.119 - - [20/Oct/2025:15:25:25 +0300] "GET /ru/database-city/antwerpen-ru?fileloc=%2F%2Fusr%2Flib64%2Flibxcb-present.so.0.0.0&path=%2F%2Fusr%2Flib64 HTTP/2.0" 200 6205 "-" "Mozilla/5.0 AppleWebKit/537.36 (KHTML, like Gecko; compatible; ClaudeBot/1.0; +claudebot@anthropic.com)"
216.73.216.119 - - [20/Oct/2025:15:25:25 +0300] "GET /terms-and-conditions?fileloc=%2F%2Fusr%2Flib64%2Flibgovernor.so.1.2&path=%2F%2Fusr%2Flib64 HTTP/2.0" 200 22023 "-" "Mozilla/5.0 AppleWebKit/537.36 (KHTML, like Gecko; compatible; ClaudeBot/1.0; +claudebot@anthropic.com)"
216.73.216.119 - - [20/Oct/2025:15:25:25 +0300] "GET /terms-and-conditions?fileloc=%2F%2Fusr%2Flib64%2Flibtss2-mu.so.0&path=%2F%2Fusr%2Flib64 HTTP/2.0" 200 59991 "-" "Mozilla/5.0 AppleWebKit/537.36 (KHTML, like Gecko; compatible; ClaudeBot/1.0; +claudebot@anthropic.com)"
216.73.216.119 - - [20/Oct/2025:15:25:25 +0300] "GET /ru/database-city/antwerpen-ru?fileloc=%2F%2Fusr%2Flib64%2Flibgcrypt.so&path=%2F%2Fusr%2Flib64 HTTP/2.0" 200 373272 "-" "Mozilla/5.0 AppleWebKit/537.36 (KHTML, like Gecko; compatible; ClaudeBot/1.0; +claudebot@anthropic.com)"
216.73.216.119 - - [20/Oct/2025:15:25:25 +0300] "GET /ru/database-city/antwerpen-ru?fileloc=%2F%2Fusr%2Flib64%2FlibXmuu.so.1.0.0&path=%2F%2Fusr%2Flib64 HTTP/2.0" 200 8251 "-" "Mozilla/5.0 AppleWebKit/537.36 (KHTML, like Gecko; compatible; ClaudeBot/1.0; +claudebot@anthropic.com)"
216.73.216.119 - - [20/Oct/2025:15:25:26 +0300] "GET /ru/database-city/antwerpen-ru?fileloc=%2F%2Fusr%2Flib64%2F.libgcrypt.so.20.hmac&path=%2F%2Fusr%2Flib64 HTTP/2.0" 200 2288 "-" "Mozilla/5.0 AppleWebKit/537.36 (KHTML, like Gecko; compatible; ClaudeBot/1.0; +claudebot@anthropic.com)"
216.73.216.119 - - [20/Oct/2025:15:25:25 +0300] "GET /terms-and-conditions?fileloc=%2F%2Fusr%2Flib64%2Flibjasper.so&path=%2F%2Fusr%2Flib64 HTTP/2.0" 200 141507 "-" "Mozilla/5.0 AppleWebKit/537.36 (KHTML, like Gecko; compatible; ClaudeBot/1.0; +claudebot@anthropic.com)"
20.171.207.138 - - [20/Oct/2025:15:25:26 +0300] "GET /upload/save_image/product/00/30/20/92/302092_1_360.jpg?path=//proc/1008992/root/proc/1008992/root/proc/1008992/task/1008992/root/proc/2227781/task/2227781/cwd/proc/2227781/cwd/lib/locale/en_ZA HTTP/2.0" 200 2411 "-" "Mozilla/5.0 AppleWebKit/537.36 (KHTML, like Gecko; compatible; GPTBot/1.2; +https://openai.com/gptbot)"
20.171.207.35 - - [20/Oct/2025:15:25:26 +0300] "GET /?path=//opt/imunify360/venv/lib/python3.11/site-packages/frozenlist HTTP/2.0" 200 2834 "-" "Mozilla/5.0 AppleWebKit/537.36 (KHTML, like Gecko; compatible; GPTBot/1.2; +https://openai.com/gptbot)"
216.73.216.119 - - [20/Oct/2025:15:25:26 +0300] "GET /database-city/abu-dhabi?fileloc=%2Fhome-ssd1%2Fbusines1%2Fpublic_html%2Fwp-content%2Flanguages%2Fru_RU-0ce75ad2f775d1cac9696967d484808c.json&path=%2Fhome-ssd1%2Fbusines1%2Fpublic_html%2Fwp-content%2Flanguages HTTP/2.0" 200 2677 "-" "Mozilla/5.0 AppleWebKit/537.36 (KHTML, like Gecko; compatible; ClaudeBot/1.0; +claudebot@anthropic.com)"
216.73.216.119 - - [20/Oct/2025:15:25:26 +0300] "GET /database-city/abu-dhabi?fileloc=%2Fhome-ssd1%2Fbusines1%2Fpublic_html%2Fwp-content%2Flanguages%2Fru_RU-7b74c8457eaa7fcc50db41b431f8a003.json&path=%2Fhome-ssd1%2Fbusines1%2Fpublic_html%2Fwp-content%2Flanguages HTTP/2.0" 200 2785 "-" "Mozilla/5.0 AppleWebKit/537.36 (KHTML, like Gecko; compatible; ClaudeBot/1.0; +claudebot@anthropic.com)"
216.73.216.119 - - [20/Oct/2025:15:25:26 +0300] "GET /database-city/delhi/?fileloc=%2Fhome-ssd1%2Fbusines1%2Fpublic_html%2Fwp-content%2Flanguages%2Fet-5251f7623766a714c8207c7edb938628.json&path=%2Fhome-ssd1%2Fbusines1%2Fpublic_html%2Fwp-content%2Flanguages HTTP/2.0" 200 2645 "-" "Mozilla/5.0 AppleWebKit/537.36 (KHTML, like Gecko; compatible; ClaudeBot/1.0; +claudebot@anthropic.com)"
216.73.216.119 - - [20/Oct/2025:15:25:27 +0300] "GET /terms-and-conditions?fileloc=%2F%2Fusr%2Flib64%2Flibxcb-res.so.0&path=%2F%2Fusr%2Flib64 HTTP/2.0" 200 7017 "-" "Mozilla/5.0 AppleWebKit/537.36 (KHTML, like Gecko; compatible; ClaudeBot/1.0; +claudebot@anthropic.com)"
216.73.216.119 - - [20/Oct/2025:15:25:27 +0300] "GET /ru/database-city/antwerpen-ru?fileloc=%2F%2Fusr%2Flib64%2Flibgdbm.so&path=%2F%2Fusr%2Flib64 HTTP/2.0" 200 27001 "-" "Mozilla/5.0 AppleWebKit/537.36 (KHTML, like Gecko; compatible; ClaudeBot/1.0; +claudebot@anthropic.com)"
216.73.216.119 - - [20/Oct/2025:15:25:27 +0300] "GET /ru/database-city/antwerpen-ru?fileloc=%2F%2Fusr%2Flib64%2F.libcrypto.so.1.1.1k.hmac&path=%2F%2Fusr%2Flib64 HTTP/2.0" 200 2290 "-" "Mozilla/5.0 AppleWebKit/537.36 (KHTML, like Gecko; compatible; ClaudeBot/1.0; +claudebot@anthropic.com)"
216.73.216.119 - - [20/Oct/2025:15:25:27 +0300] "GET /terms-and-conditions?fileloc=%2F%2Fusr%2Flib64%2Flibatk-1.0.so.0.22810.1&path=%2F%2Fusr%2Flib64 HTTP/2.0" 200 46371 "-" "Mozilla/5.0 AppleWebKit/537.36 (KHTML, like Gecko; compatible; ClaudeBot/1.0; +claudebot@anthropic.com)"
