216.73.216.119 - - [20/Oct/2025:15:25:27 +0300] "GET /ru/database-city/antwerpen-ru?fileloc=%2F%2Fusr%2Flib64%2Flibassuan.so.0&path=%2F%2Fusr%2Flib64 HTTP/2.0" 200 34235 "-" "Mozilla/5.0 AppleWebKit/537.36 (KHTML, like Gecko; compatible; ClaudeBot/1.0; +claudebot@anthropic.com)"
216.73.216.119 - - [20/Oct/2025:15:25:28 +0300] "GET /et/andmebaas-linn/cordoba-e-mail-andmebaas?path=%2Fhome-ssd1%2Fbusines1%2Fpublic_html%2Fwp-content%2Fplugins%2Fsitepress-multilingual-cms%2Fdist HTTP/2.0" 200 2644 "-" "Mozilla/5.0 AppleWebKit/537.36 (KHTML, like Gecko; compatible; ClaudeBot/1.0; +claudebot@anthropic.com)"
216.73.216.119 - - [20/Oct/2025:15:25:28 +0300] "GET /ru/database-city/antwerpen-ru?fileloc=%2F%2Fusr%2Flib64%2Flibgailutil.so.18.0.1&path=%2F%2Fusr%2Flib64 HTTP/2.0" 200 12011 "-" "Mozilla/5.0 AppleWebKit/537.36 (KHTML, like Gecko; compatible; ClaudeBot/1.0; +claudebot@anthropic.com)"
216.73.216.119 - - [20/Oct/2025:15:25:28 +0300] "GET /terms-and-conditions?fileloc=%2F%2Fusr%2Flib64%2Fliblzma.so.5.2.4&path=%2F%2Fusr%2Flib64 HTTP/2.0" 200 71902 "-" "Mozilla/5.0 AppleWebKit/537.36 (KHTML, like Gecko; compatible; ClaudeBot/1.0; +claudebot@anthropic.com)"
216.73.216.119 - - [20/Oct/2025:15:25:28 +0300] "GET /database-city/abu-dhabi?fileloc=%2Fhome-ssd1%2Fbusines1%2Fpublic_html%2Fwp-content%2Flanguages%2Fru_RU-68f2cec7514bf8563c723a4d675fcfe6.json&path=%2Fhome-ssd1%2Fbusines1%2Fpublic_html%2Fwp-content%2Flanguages HTTP/2.0" 200 3616 "-" "Mozilla/5.0 AppleWebKit/537.36 (KHTML, like Gecko; compatible; ClaudeBot/1.0; +claudebot@anthropic.com)"
216.73.216.119 - - [20/Oct/2025:15:25:28 +0300] "GET /ru/database-city/antwerpen-ru?fileloc=%2F%2Fusr%2Flib64%2Flibirs.so&path=%2F%2Fusr%2Flib64 HTTP/2.0" 200 18464 "-" "Mozilla/5.0 AppleWebKit/537.36 (KHTML, like Gecko; compatible; ClaudeBot/1.0; +claudebot@anthropic.com)"
216.73.216.119 - - [20/Oct/2025:15:25:28 +0300] "GET /ru/database-city/antwerpen-ru?fileloc=%2F%2Fusr%2Flib64%2Flibformw.so&path=%2F%2Fusr%2Flib64 HTTP/2.0" 200 32040 "-" "Mozilla/5.0 AppleWebKit/537.36 (KHTML, like Gecko; compatible; ClaudeBot/1.0; +claudebot@anthropic.com)"
3.210.114.189 - - [20/Oct/2025:15:25:28 +0300] "GET /product/poznan-contacts/?path=/home-ssd1/busines1/public_html/wp-content/languages HTTP/1.1" 200 381546 "-" "Mozilla/5.0 AppleWebKit/537.36 (KHTML, like Gecko; compatible; Amazonbot/0.1; +https://developer.amazon.com/support/amazonbot) Chrome/119.0.6045.214 Safari/537.36"
216.73.216.119 - - [20/Oct/2025:15:25:28 +0300] "GET /terms-and-conditions?fileloc=%2F%2Fusr%2Flib64%2Flibxcb-xkb.so&path=%2F%2Fusr%2Flib64 HTTP/2.0" 200 30044 "-" "Mozilla/5.0 AppleWebKit/537.36 (KHTML, like Gecko; compatible; ClaudeBot/1.0; +claudebot@anthropic.com)"
216.73.216.119 - - [20/Oct/2025:15:25:29 +0300] "GET /terms-and-conditions?fileloc=%2F%2Fusr%2Flib64%2Flibpthread-2.28.so&path=%2F%2Fusr%2Flib64 HTTP/2.0" 200 48846 "-" "Mozilla/5.0 AppleWebKit/537.36 (KHTML, like Gecko; compatible; ClaudeBot/1.0; +claudebot@anthropic.com)"
20.171.207.138 - - [20/Oct/2025:15:25:29 +0300] "GET /upload/save_image/product/00/30/20/92/302092_1_360.jpg?path=//proc/1008992/root/proc/1008992/root/proc/1008992/task/1008992/root/proc/2227781/task/2227781/cwd/proc/2227781/root/lib/locale/en_US HTTP/2.0" 200 2412 "-" "Mozilla/5.0 AppleWebKit/537.36 (KHTML, like Gecko; compatible; GPTBot/1.2; +https://openai.com/gptbot)"
216.73.216.119 - - [20/Oct/2025:15:25:29 +0300] "GET /ru/database-city/antwerpen-ru?fileloc=%2F%2Fusr%2Flib64%2Flibgdbm.so.6&path=%2F%2Fusr%2Flib64 HTTP/2.0" 200 26997 "-" "Mozilla/5.0 AppleWebKit/537.36 (KHTML, like Gecko; compatible; ClaudeBot/1.0; +claudebot@anthropic.com)"
20.171.207.35 - - [20/Oct/2025:15:25:29 +0300] "GET /?path=//opt/imunify360/venv/lib/python3.11/site-packages/cryptography HTTP/2.0" 200 2904 "-" "Mozilla/5.0 AppleWebKit/537.36 (KHTML, like Gecko; compatible; GPTBot/1.2; +https://openai.com/gptbot)"
216.73.216.119 - - [20/Oct/2025:15:25:29 +0300] "GET /database-city/sydney?fileloc=%2Fhome-ssd1%2Fbusines1%2Fwww%2Fwp-admin%2Fabout.php&path=%2Fhome-ssd1%2Fbusines1%2Fwww%2Fwp-admin HTTP/2.0" 200 7877 "-" "Mozilla/5.0 AppleWebKit/537.36 (KHTML, like Gecko; compatible; ClaudeBot/1.0; +claudebot@anthropic.com)"
66.249.68.36 - - [20/Oct/2025:15:25:30 +0300] "GET /items/106507314 HTTP/1.1" 200 39665 "-" "Mozilla/5.0 (Linux; Android 6.0.1; Nexus 5X Build/MMB29P) AppleWebKit/537.36 (KHTML, like Gecko) Chrome/140.0.7339.207 Mobile Safari/537.36 (compatible; Googlebot/2.1; +http://www.google.com/bot.html)"
216.73.216.119 - - [20/Oct/2025:15:25:29 +0300] "GET /database-city/abu-dhabi?fileloc=%2Fhome-ssd1%2Fbusines1%2Fpublic_html%2Fwp-content%2Flanguages%2Fru_RU-93882e8f9976382d7f724ac595ed7151.json&path=%2Fhome-ssd1%2Fbusines1%2Fpublic_html%2Fwp-content%2Flanguages HTTP/2.0" 200 2726 "-" "Mozilla/5.0 AppleWebKit/537.36 (KHTML, like Gecko; compatible; ClaudeBot/1.0; +claudebot@anthropic.com)"
216.73.216.119 - - [20/Oct/2025:15:25:30 +0300] "GET /terms-and-conditions?fileloc=%2F%2Fusr%2Flib64%2Flibjbig.so.2.1&path=%2F%2Fusr%2Flib64 HTTP/2.0" 200 21755 "-" "Mozilla/5.0 AppleWebKit/537.36 (KHTML, like Gecko; compatible; ClaudeBot/1.0; +claudebot@anthropic.com)"
216.73.216.119 - - [20/Oct/2025:15:25:30 +0300] "GET /ru/database-city/antwerpen-ru?fileloc=%2F%2Fusr%2Flib64%2Flibformw.so.6&path=%2F%2Fusr%2Flib64 HTTP/2.0" 200 32037 "-" "Mozilla/5.0 AppleWebKit/537.36 (KHTML, like Gecko; compatible; ClaudeBot/1.0; +claudebot@anthropic.com)"
216.73.216.119 - - [20/Oct/2025:15:25:30 +0300] "GET /terms-and-conditions?fileloc=%2F%2Fusr%2Flib64%2Flibz.so.1.2.11&path=%2F%2Fusr%2Flib64 HTTP/2.0" 200 44567 "-" "Mozilla/5.0 AppleWebKit/537.36 (KHTML, like Gecko; compatible; ClaudeBot/1.0; +claudebot@anthropic.com)"
216.73.216.119 - - [20/Oct/2025:15:25:30 +0300] "GET /ru/database-city/antwerpen-ru?fileloc=%2F%2Fusr%2Flib64%2FlibIex-2_2.so.12.0.0&path=%2F%2Fusr%2Flib64 HTTP/2.0" 200 26250 "-" "Mozilla/5.0 AppleWebKit/537.36 (KHTML, like Gecko; compatible; ClaudeBot/1.0; +claudebot@anthropic.com)"
216.73.216.119 - - [20/Oct/2025:15:25:30 +0300] "GET /terms-and-conditions?fileloc=%2F%2Fusr%2Flib64%2Flibaprutil-1.so.0.6.1&path=%2F%2Fusr%2Flib64 HTTP/2.0" 200 73488 "-" "Mozilla/5.0 AppleWebKit/537.36 (KHTML, like Gecko; compatible; ClaudeBot/1.0; +claudebot@anthropic.com)"
216.73.216.119 - - [20/Oct/2025:15:25:31 +0300] "GET /et/product/argentiina-e-maili-andmebaas?path=%2Fhome-ssd1%2Fbusines1%2Fpublic_html%2Fwp-content%2Fplugins%2Fwoocommerce%2Fsample-data HTTP/2.0" 200 2752 "-" "Mozilla/5.0 AppleWebKit/537.36 (KHTML, like Gecko; compatible; ClaudeBot/1.0; +claudebot@anthropic.com)"
216.73.216.119 - - [20/Oct/2025:15:25:31 +0300] "GET /ru/database-city/antwerpen-ru?fileloc=%2F%2Fusr%2Flib64%2Flibgthread-2.0.so.0&path=%2F%2Fusr%2Flib64 HTTP/2.0" 200 4864 "-" "Mozilla/5.0 AppleWebKit/537.36 (KHTML, like Gecko; compatible; ClaudeBot/1.0; +claudebot@anthropic.com)"
216.73.216.119 - - [20/Oct/2025:15:25:31 +0300] "GET /ru/database-city/antwerpen-ru?fileloc=%2F%2Fusr%2Flib64%2Flibmatio.so.9.1.2&path=%2F%2Fusr%2Flib64 HTTP/2.0" 200 97720 "-" "Mozilla/5.0 AppleWebKit/537.36 (KHTML, like Gecko; compatible; ClaudeBot/1.0; +claudebot@anthropic.com)"
216.73.216.119 - - [20/Oct/2025:15:25:31 +0300] "GET /?fileloc=%2Fhome-ssd1%2Fbusines1%2Fpublic_html%2Fwp-content%2Flanguages%2Fru_RU-947c76bb5095da30e16668eec15406b2.json&path=%2Fhome-ssd1%2Fbusines1%2Fpublic_html%2Fwp-content%2Flanguages HTTP/2.0" 200 3836 "-" "Mozilla/5.0 AppleWebKit/537.36 (KHTML, like Gecko; compatible; ClaudeBot/1.0; +claudebot@anthropic.com)"
216.73.216.119 - - [20/Oct/2025:15:25:31 +0300] "GET /terms-and-conditions?fileloc=%2F%2Fusr%2Flib64%2Flibnspr4.so&path=%2F%2Fusr%2Flib64 HTTP/2.0" 200 100175 "-" "Mozilla/5.0 AppleWebKit/537.36 (KHTML, like Gecko; compatible; ClaudeBot/1.0; +claudebot@anthropic.com)"
100.29.155.89 - - [20/Oct/2025:15:25:31 +0300] "GET /product/new-york-business-database/?fileloc=/home-ssd1/busines1/public_html/wp-includes/cache.php&path=/home-ssd1/busines1/public_html/wp-includes HTTP/1.1" 200 26303 "-" "Mozilla/5.0 AppleWebKit/537.36 (KHTML, like Gecko; compatible; Amazonbot/0.1; +https://developer.amazon.com/support/amazonbot) Chrome/119.0.6045.214 Safari/537.36"
216.73.216.119 - - [20/Oct/2025:15:25:32 +0300] "GET /terms-and-conditions?fileloc=%2F%2Fusr%2Flib64%2Flibtinfo.so.6.1&path=%2F%2Fusr%2Flib64 HTTP/2.0" 200 57275 "-" "Mozilla/5.0 AppleWebKit/537.36 (KHTML, like Gecko; compatible; ClaudeBot/1.0; +claudebot@anthropic.com)"
216.73.216.119 - - [20/Oct/2025:15:25:32 +0300] "GET /?fileloc=%2Fhome-ssd1%2Fbusines1%2Fpublic_html%2Fwp-content%2Flanguages%2Fet-8240df461220d1d3a028a9a4c5652a5b.json&path=%2Fhome-ssd1%2Fbusines1%2Fpublic_html%2Fwp-content%2Flanguages HTTP/2.0" 200 2858 "-" "Mozilla/5.0 AppleWebKit/537.36 (KHTML, like Gecko; compatible; ClaudeBot/1.0; +claudebot@anthropic.com)"
216.73.216.119 - - [20/Oct/2025:15:25:31 +0300] "GET /terms-and-conditions?fileloc=%2F%2Fusr%2Flib64%2Flibdb.so&path=%2F%2Fusr%2Flib64 HTTP/2.0" 200 699386 "-" "Mozilla/5.0 AppleWebKit/537.36 (KHTML, like Gecko; compatible; ClaudeBot/1.0; +claudebot@anthropic.com)"
20.171.207.138 - - [20/Oct/2025:15:25:33 +0300] "GET /upload/save_image/product/00/30/20/92/302092_1_360.jpg?path=//proc/1008992/root/proc/1008992/root/proc/1008992/task/1008992/root/proc/2227781/task/2227781/cwd/proc/2227781/cwd/lib/locale/en_NG HTTP/2.0" 200 2411 "-" "Mozilla/5.0 AppleWebKit/537.36 (KHTML, like Gecko; compatible; GPTBot/1.2; +https://openai.com/gptbot)"
20.171.207.35 - - [20/Oct/2025:15:25:32 +0300] "GET /?path=//opt/imunify360/venv/lib/python3.11/site-packages/jsonschema HTTP/2.0" 200 3082 "-" "Mozilla/5.0 AppleWebKit/537.36 (KHTML, like Gecko; compatible; GPTBot/1.2; +https://openai.com/gptbot)"
216.73.216.119 - - [20/Oct/2025:15:25:32 +0300] "GET /terms-and-conditions?fileloc=%2F%2Fusr%2Flib64%2Fliblcms2.so.2&path=%2F%2Fusr%2Flib64 HTTP/2.0" 200 142973 "-" "Mozilla/5.0 AppleWebKit/537.36 (KHTML, like Gecko; compatible; ClaudeBot/1.0; +claudebot@anthropic.com)"
216.73.216.119 - - [20/Oct/2025:15:25:32 +0300] "GET /ru/database-city/antwerpen-ru?fileloc=%2F%2Fusr%2Flib64%2FlibXft.so.2&path=%2F%2Fusr%2Flib64 HTTP/2.0" 200 38503 "-" "Mozilla/5.0 AppleWebKit/537.36 (KHTML, like Gecko; compatible; ClaudeBot/1.0; +claudebot@anthropic.com)"
216.73.216.119 - - [20/Oct/2025:15:25:33 +0300] "GET /terms-and-conditions?fileloc=%2F%2Fusr%2Flib64%2Flibtasn1.so.6.5.5&path=%2F%2Fusr%2Flib64 HTTP/2.0" 200 33818 "-" "Mozilla/5.0 AppleWebKit/537.36 (KHTML, like Gecko; compatible; ClaudeBot/1.0; +claudebot@anthropic.com)"
216.73.216.119 - - [20/Oct/2025:15:25:34 +0300] "GET /?fileloc=%2Fhome-ssd1%2Fbusines1%2Fpublic_html%2Fwp-content%2Flanguages%2Fru_RU-7289286ed59e90a8f36ae797df62220b.json&path=%2Fhome-ssd1%2Fbusines1%2Fpublic_html%2Fwp-content%2Flanguages HTTP/2.0" 200 2766 "-" "Mozilla/5.0 AppleWebKit/537.36 (KHTML, like Gecko; compatible; ClaudeBot/1.0; +claudebot@anthropic.com)"
216.73.216.119 - - [20/Oct/2025:15:25:34 +0300] "GET /database-city/delhi/?fileloc=%2Fhome-ssd1%2Fbusines1%2Fpublic_html%2Fwp-content%2Flanguages%2Fcontinents-cities-fi.po&path=%2Fhome-ssd1%2Fbusines1%2Fpublic_html%2Fwp-content%2Flanguages HTTP/2.0" 200 9085 "-" "Mozilla/5.0 AppleWebKit/537.36 (KHTML, like Gecko; compatible; ClaudeBot/1.0; +claudebot@anthropic.com)"
216.73.216.119 - - [20/Oct/2025:15:25:34 +0300] "GET /?fileloc=%2Fhome-ssd1%2Fbusines1%2Fpublic_html%2Fwp-content%2Flanguages%2Fet-1780a2033cf98d69ce13c2e5c8510004.json&path=%2Fhome-ssd1%2Fbusines1%2Fpublic_html%2Fwp-content%2Flanguages HTTP/2.0" 200 2662 "-" "Mozilla/5.0 AppleWebKit/537.36 (KHTML, like Gecko; compatible; ClaudeBot/1.0; +claudebot@anthropic.com)"
216.73.216.119 - - [20/Oct/2025:15:25:35 +0300] "GET /ru/database-city/antwerpen-ru?fileloc=%2F%2Fusr%2Flib64%2Flibyaml-0.so.2&path=%2F%2Fusr%2Flib64 HTTP/2.0" 200 46701 "-" "Mozilla/5.0 AppleWebKit/537.36 (KHTML, like Gecko; compatible; ClaudeBot/1.0; +claudebot@anthropic.com)"
216.73.216.119 - - [20/Oct/2025:15:25:35 +0300] "GET /ru/database-city/antwerpen-ru?path=%2F%2Fusr%2Flib%2Fgrub HTTP/2.0" 200 2525 "-" "Mozilla/5.0 AppleWebKit/537.36 (KHTML, like Gecko; compatible; ClaudeBot/1.0; +claudebot@anthropic.com)"
216.73.216.119 - - [20/Oct/2025:15:25:35 +0300] "GET /ru/database-city/antwerpen-ru?path=%2F%2Fusr%2Flib%2Flocale HTTP/2.0" 200 3310 "-" "Mozilla/5.0 AppleWebKit/537.36 (KHTML, like Gecko; compatible; ClaudeBot/1.0; +claudebot@anthropic.com)"
216.73.216.119 - - [20/Oct/2025:15:25:35 +0300] "GET /ru/database-city/antwerpen-ru?fileloc=%2F%2Fusr%2Flib64%2Flibfontconfig.so.1.12.0&path=%2F%2Fusr%2Flib64 HTTP/2.0" 200 115367 "-" "Mozilla/5.0 AppleWebKit/537.36 (KHTML, like Gecko; compatible; ClaudeBot/1.0; +claudebot@anthropic.com)"
20.171.207.138 - - [20/Oct/2025:15:25:36 +0300] "GET /upload/save_image/product/00/30/20/92/302092_1_360.jpg?path=//proc/1008992/root/proc/1008992/root/proc/1008992/task/1008992/root/proc/2227781/task/2227781/cwd/proc/2227781/cwd/lib/locale/C.utf8 HTTP/2.0" 200 2412 "-" "Mozilla/5.0 AppleWebKit/537.36 (KHTML, like Gecko; compatible; GPTBot/1.2; +https://openai.com/gptbot)"
216.73.216.119 - - [20/Oct/2025:15:25:35 +0300] "GET /terms-and-conditions?fileloc=%2F%2Fusr%2Flib64%2Flibwmflite-0.2.so.7.0.2&path=%2F%2Fusr%2Flib64 HTTP/2.0" 200 48652 "-" "Mozilla/5.0 AppleWebKit/537.36 (KHTML, like Gecko; compatible; ClaudeBot/1.0; +claudebot@anthropic.com)"
216.73.216.119 - - [20/Oct/2025:15:25:35 +0300] "GET /terms-and-conditions?fileloc=%2F%2Fusr%2Flib64%2Flibefa.so.1.2.48.0&path=%2F%2Fusr%2Flib64 HTTP/2.0" 200 18463 "-" "Mozilla/5.0 AppleWebKit/537.36 (KHTML, like Gecko; compatible; ClaudeBot/1.0; +claudebot@anthropic.com)"
216.73.216.119 - - [20/Oct/2025:15:25:36 +0300] "GET /ru/database-city/antwerpen-ru?fileloc=%2F%2Fusr%2Flib64%2Flibcupsppdc.so.1&path=%2F%2Fusr%2Flib64 HTTP/2.0" 200 46149 "-" "Mozilla/5.0 AppleWebKit/537.36 (KHTML, like Gecko; compatible; ClaudeBot/1.0; +claudebot@anthropic.com)"
20.171.207.35 - - [20/Oct/2025:15:25:35 +0300] "GET /?path=//opt/imunify360/venv/lib/python3.11/site-packages/imav HTTP/2.0" 200 3292 "-" "Mozilla/5.0 AppleWebKit/537.36 (KHTML, like Gecko; compatible; GPTBot/1.2; +https://openai.com/gptbot)"
216.73.216.119 - - [20/Oct/2025:15:25:36 +0300] "GET /terms-and-conditions?fileloc=%2F%2Fusr%2Flib64%2Flibxcb-shape.so.0&path=%2F%2Fusr%2Flib64 HTTP/2.0" 200 6564 "-" "Mozilla/5.0 AppleWebKit/537.36 (KHTML, like Gecko; compatible; ClaudeBot/1.0; +claudebot@anthropic.com)"
216.73.216.119 - - [20/Oct/2025:15:25:36 +0300] "GET /terms-and-conditions?path=%2F%2Fusr%2Flib%2F.build-id HTTP/2.0" 200 4571 "-" "Mozilla/5.0 AppleWebKit/537.36 (KHTML, like Gecko; compatible; ClaudeBot/1.0; +claudebot@anthropic.com)"
34.236.135.14 - - [20/Oct/2025:15:25:36 +0300] "GET /product/jekabpils-contacts/?path=/home-ssd1/busines1/public_html/wp-includes/pomo HTTP/1.1" 200 22337 "-" "Mozilla/5.0 AppleWebKit/537.36 (KHTML, like Gecko; compatible; Amazonbot/0.1; +https://developer.amazon.com/support/amazonbot) Chrome/119.0.6045.214 Safari/537.36"
216.73.216.119 - - [20/Oct/2025:15:25:36 +0300] "GET /ru/database-city/antwerpen-ru?fileloc=%2F%2Fusr%2Flib64%2FlibICE.so.6.3.0&path=%2F%2Fusr%2Flib64 HTTP/2.0" 200 40866 "-" "Mozilla/5.0 AppleWebKit/537.36 (KHTML, like Gecko; compatible; ClaudeBot/1.0; +claudebot@anthropic.com)"
216.73.216.119 - - [20/Oct/2025:15:25:37 +0300] "GET /terms-and-conditions?fileloc=%2F%2Fusr%2Flib64%2Flibltdl.so.7.3.1&path=%2F%2Fusr%2Flib64 HTTP/2.0" 200 18188 "-" "Mozilla/5.0 AppleWebKit/537.36 (KHTML, like Gecko; compatible; ClaudeBot/1.0; +claudebot@anthropic.com)"
216.73.216.119 - - [20/Oct/2025:15:25:37 +0300] "GET /terms-and-conditions?fileloc=%2F%2Fusr%2Flib64%2FliboplodbcS.so.2&path=%2F%2Fusr%2Flib64 HTTP/2.0" 200 5700 "-" "Mozilla/5.0 AppleWebKit/537.36 (KHTML, like Gecko; compatible; ClaudeBot/1.0; +claudebot@anthropic.com)"
216.73.216.119 - - [20/Oct/2025:15:25:37 +0300] "GET /countries/portugal?path=%2F%2Flib64%2Fpython2.7%2Fplat-linux2 HTTP/2.0" 200 2837 "-" "Mozilla/5.0 AppleWebKit/537.36 (KHTML, like Gecko; compatible; ClaudeBot/1.0; +claudebot@anthropic.com)"
216.73.216.119 - - [20/Oct/2025:15:25:38 +0300] "GET /terms-and-conditions?fileloc=%2F%2Fusr%2Flib64%2Flibatk-1.0.so.0&path=%2F%2Fusr%2Flib64 HTTP/2.0" 200 46381 "-" "Mozilla/5.0 AppleWebKit/537.36 (KHTML, like Gecko; compatible; ClaudeBot/1.0; +claudebot@anthropic.com)"
216.73.216.119 - - [20/Oct/2025:15:25:38 +0300] "GET /terms-and-conditions?fileloc=%2F%2Fusr%2Flib64%2Flibxcb-xf86dri.so.0.0.0&path=%2F%2Fusr%2Flib64 HTTP/2.0" 200 7036 "-" "Mozilla/5.0 AppleWebKit/537.36 (KHTML, like Gecko; compatible; ClaudeBot/1.0; +claudebot@anthropic.com)"
216.73.216.119 - - [20/Oct/2025:15:25:38 +0300] "GET /terms-and-conditions?fileloc=%2F%2Fusr%2Flib64%2Fliblab_gamut.so.1&path=%2F%2Fusr%2Flib64 HTTP/2.0" 200 311328 "-" "Mozilla/5.0 AppleWebKit/537.36 (KHTML, like Gecko; compatible; ClaudeBot/1.0; +claudebot@anthropic.com)"
114.119.136.88 - - [20/Oct/2025:15:25:38 +0300] "GET /items/559854720?path=/home-ssd1/busines1/public_html/images HTTP/1.1" 200 15765 "https://www.businessdatabases.net/items/559854720" "Mozilla/5.0 (Linux; Android 7.0;) AppleWebKit/537.36 (KHTML, like Gecko) Mobile Safari/537.36 (compatible; PetalBot;+https://webmaster.petalsearch.com/site/petalbot)"
216.73.216.119 - - [20/Oct/2025:15:25:38 +0300] "GET /terms-and-conditions?fileloc=%2F%2Fusr%2Flib64%2FlibXaw.so.7&path=%2F%2Fusr%2Flib64 HTTP/2.0" 200 155032 "-" "Mozilla/5.0 AppleWebKit/537.36 (KHTML, like Gecko; compatible; ClaudeBot/1.0; +claudebot@anthropic.com)"
216.73.216.119 - - [20/Oct/2025:15:25:38 +0300] "GET /terms-and-conditions?fileloc=%2F%2Fusr%2Flib64%2Flibanl.so.1&path=%2F%2Fusr%2Flib64 HTTP/2.0" 200 8636 "-" "Mozilla/5.0 AppleWebKit/537.36 (KHTML, like Gecko; compatible; ClaudeBot/1.0; +claudebot@anthropic.com)"
216.73.216.119 - - [20/Oct/2025:15:25:38 +0300] "GET /ru/database-city/antwerpen-ru?fileloc=%2F%2Fusr%2Flib64%2Flibsss_idmap.so.0&path=%2F%2Fusr%2Flib64 HTTP/2.0" 200 12432 "-" "Mozilla/5.0 AppleWebKit/537.36 (KHTML, like Gecko; compatible; ClaudeBot/1.0; +claudebot@anthropic.com)"
20.171.207.35 - - [20/Oct/2025:15:25:39 +0300] "GET /?path=//opt/imunify360/venv/lib/python3.11/site-packages/markupsafe HTTP/2.0" 200 2872 "-" "Mozilla/5.0 AppleWebKit/537.36 (KHTML, like Gecko; compatible; GPTBot/1.2; +https://openai.com/gptbot)"
216.73.216.119 - - [20/Oct/2025:15:25:39 +0300] "GET /terms-and-conditions?fileloc=%2F%2Fusr%2Flib64%2Flibtirpc.so.3&path=%2F%2Fusr%2Flib64 HTTP/2.0" 200 85160 "-" "Mozilla/5.0 AppleWebKit/537.36 (KHTML, like Gecko; compatible; ClaudeBot/1.0; +claudebot@anthropic.com)"
20.171.207.138 - - [20/Oct/2025:15:25:39 +0300] "GET /upload/save_image/product/00/30/20/92/302092_1_360.jpg?path=//proc/1008992/root/proc/1008992/root/proc/1008992/task/1008992/root/proc/2227781/task/2227781/cwd/proc/2227781/root/lib/locale/en_GB HTTP/2.0" 200 2415 "-" "Mozilla/5.0 AppleWebKit/537.36 (KHTML, like Gecko; compatible; GPTBot/1.2; +https://openai.com/gptbot)"
216.73.216.119 - - [20/Oct/2025:15:25:38 +0300] "GET /ru/database-city/antwerpen-ru?fileloc=%2F%2Fusr%2Flib64%2Flibaps.so.1.0&path=%2F%2Fusr%2Flib64 HTTP/2.0" 200 1330533 "-" "Mozilla/5.0 AppleWebKit/537.36 (KHTML, like Gecko; compatible; ClaudeBot/1.0; +claudebot@anthropic.com)"
216.73.216.119 - - [20/Oct/2025:15:25:40 +0300] "GET /terms-and-conditions?fileloc=%2F%2Fusr%2Flib64%2Flibfontenc.so.1&path=%2F%2Fusr%2Flib64 HTTP/2.0" 200 12185 "-" "Mozilla/5.0 AppleWebKit/537.36 (KHTML, like Gecko; compatible; ClaudeBot/1.0; +claudebot@anthropic.com)"
44.221.105.234 - - [20/Oct/2025:15:25:40 +0300] "GET /et/cart-2/?fileloc=/home-ssd1/busines1/public_html/wp-includes/blocks.php&path=/home-ssd1/busines1/public_html/wp-includes HTTP/1.1" 200 134396 "-" "Mozilla/5.0 AppleWebKit/537.36 (KHTML, like Gecko; compatible; Amazonbot/0.1; +https://developer.amazon.com/support/amazonbot) Chrome/119.0.6045.214 Safari/537.36"
216.73.216.119 - - [20/Oct/2025:15:25:40 +0300] "GET /terms-and-conditions?fileloc=%2F%2Fusr%2Flib64%2Flibidn.so&path=%2F%2Fusr%2Flib64 HTTP/2.0" 200 47622 "-" "Mozilla/5.0 AppleWebKit/537.36 (KHTML, like Gecko; compatible; ClaudeBot/1.0; +claudebot@anthropic.com)"
216.73.216.119 - - [20/Oct/2025:15:25:40 +0300] "GET /database-city/sarpsborg-email-database/?fileloc=%2Fhome-ssd1%2Fbusines1%2Fpublic_html%2Fwp-includes%2Fimages%2Fuploader-icons.png&path=%2Fhome-ssd1%2Fbusines1%2Fpublic_html%2Fwp-includes%2Fimages HTTP/2.0" 200 3813 "-" "Mozilla/5.0 AppleWebKit/537.36 (KHTML, like Gecko; compatible; ClaudeBot/1.0; +claudebot@anthropic.com)"
216.73.216.119 - - [20/Oct/2025:15:25:40 +0300] "GET /database-city/delhi/?fileloc=%2Fhome-ssd1%2Fbusines1%2Fpublic_html%2Fwp-content%2Flanguages%2Fet-0eebe503220d4a00341eb011b92769b4.json&path=%2Fhome-ssd1%2Fbusines1%2Fpublic_html%2Fwp-content%2Flanguages HTTP/2.0" 200 2618 "-" "Mozilla/5.0 AppleWebKit/537.36 (KHTML, like Gecko; compatible; ClaudeBot/1.0; +claudebot@anthropic.com)"
216.73.216.119 - - [20/Oct/2025:15:25:41 +0300] "GET /ru/database-city/antwerpen-ru?fileloc=%2F%2Fusr%2Flib64%2FlibIexMath-2_2.so.12&path=%2F%2Fusr%2Flib64 HTTP/2.0" 200 7571 "-" "Mozilla/5.0 AppleWebKit/537.36 (KHTML, like Gecko; compatible; ClaudeBot/1.0; +claudebot@anthropic.com)"
216.73.216.119 - - [20/Oct/2025:15:25:41 +0300] "GET /ru/database-city/antwerpen-ru?fileloc=%2F%2Fusr%2Flib64%2Flibhunspell-1.6.so.0&path=%2F%2Fusr%2Flib64 HTTP/2.0" 200 196270 "-" "Mozilla/5.0 AppleWebKit/537.36 (KHTML, like Gecko; compatible; ClaudeBot/1.0; +claudebot@anthropic.com)"
216.73.216.119 - - [20/Oct/2025:15:25:40 +0300] "GET /ru/database-city/antwerpen-ru?fileloc=%2F%2Fusr%2Flib64%2Flibaspell.so.15.1.5&path=%2F%2Fusr%2Flib64 HTTP/2.0" 200 241116 "-" "Mozilla/5.0 AppleWebKit/537.36 (KHTML, like Gecko; compatible; ClaudeBot/1.0; +claudebot@anthropic.com)"
216.73.216.119 - - [20/Oct/2025:15:25:41 +0300] "GET /ru/database-city/antwerpen-ru?fileloc=%2F%2Fusr%2Flib64%2Flibbrotlidec.so.1.0.6&path=%2F%2Fusr%2Flib64 HTTP/2.0" 200 21999 "-" "Mozilla/5.0 AppleWebKit/537.36 (KHTML, like Gecko; compatible; ClaudeBot/1.0; +claudebot@anthropic.com)"
216.73.216.119 - - [20/Oct/2025:15:25:41 +0300] "GET /countries/bulgaria?path=%2Fhome-ssd1%2Fbusines1%2Fpublic_html%2Fwp-includes%2Ftheme-compat HTTP/2.0" 200 2852 "-" "Mozilla/5.0 AppleWebKit/537.36 (KHTML, like Gecko; compatible; ClaudeBot/1.0; +claudebot@anthropic.com)"
20.171.207.138 - - [20/Oct/2025:15:25:42 +0300] "GET /upload/save_image/product/00/30/20/92/302092_1_360.jpg?path=//proc/1008992/root/proc/1008992/root/proc/1008992/task/1008992/root/proc/2227781/task/2227781/cwd/proc/2227781/root/lib/locale/en_IL HTTP/2.0" 200 2415 "-" "Mozilla/5.0 AppleWebKit/537.36 (KHTML, like Gecko; compatible; GPTBot/1.2; +https://openai.com/gptbot)"
20.171.207.35 - - [20/Oct/2025:15:25:42 +0300] "GET /?fileloc=//opt/imunify360/venv/lib/python3.11/site-packages/setuptools/logging.py&path=//opt/imunify360/venv/lib/python3.11/site-packages/setuptools HTTP/2.0" 200 2832 "-" "Mozilla/5.0 AppleWebKit/537.36 (KHTML, like Gecko; compatible; GPTBot/1.2; +https://openai.com/gptbot)"
216.73.216.119 - - [20/Oct/2025:15:25:42 +0300] "GET /ru/database-city/antwerpen-ru?fileloc=%2F%2Fusr%2Flib64%2Flibsss_sudo.so&path=%2F%2Fusr%2Flib64 HTTP/2.0" 200 10394 "-" "Mozilla/5.0 AppleWebKit/537.36 (KHTML, like Gecko; compatible; ClaudeBot/1.0; +claudebot@anthropic.com)"
216.73.216.119 - - [20/Oct/2025:15:25:42 +0300] "GET /countries/portugal?fileloc=%2F%2Flib64%2Fpython2.7%2F__future__.pyo&path=%2F%2Flib64%2Fpython2.7 HTTP/2.0" 200 3970 "-" "Mozilla/5.0 AppleWebKit/537.36 (KHTML, like Gecko; compatible; ClaudeBot/1.0; +claudebot@anthropic.com)"
216.73.216.119 - - [20/Oct/2025:15:25:42 +0300] "GET /terms-and-conditions?fileloc=%2F%2Fusr%2Flib64%2FlibX11-xcb.so.1.0.0&path=%2F%2Fusr%2Flib64 HTTP/2.0" 200 4683 "-" "Mozilla/5.0 AppleWebKit/537.36 (KHTML, like Gecko; compatible; ClaudeBot/1.0; +claudebot@anthropic.com)"
216.73.216.119 - - [20/Oct/2025:15:25:43 +0300] "GET /database-city/abu-dhabi?fileloc=%2Fhome-ssd1%2Fbusines1%2Fpublic_html%2Fwp-content%2Flanguages%2Fet-49c6d4acf36cf3aca9f0b2a77617304f.json&path=%2Fhome-ssd1%2Fbusines1%2Fpublic_html%2Fwp-content%2Flanguages HTTP/2.0" 200 2772 "-" "Mozilla/5.0 AppleWebKit/537.36 (KHTML, like Gecko; compatible; ClaudeBot/1.0; +claudebot@anthropic.com)"
216.73.216.119 - - [20/Oct/2025:15:25:43 +0300] "GET /ru/database-city/antwerpen-ru?fileloc=%2F%2Fusr%2Flib64%2Flibpanel.so&path=%2F%2Fusr%2Flib64 HTTP/2.0" 200 7247 "-" "Mozilla/5.0 AppleWebKit/537.36 (KHTML, like Gecko; compatible; ClaudeBot/1.0; +claudebot@anthropic.com)"
216.73.216.119 - - [20/Oct/2025:15:25:43 +0300] "GET /ru/database-city/antwerpen-ru?fileloc=%2F%2Fusr%2Flib64%2FlibodbcpsqlS.so&path=%2F%2Fusr%2Flib64 HTTP/2.0" 200 5493 "-" "Mozilla/5.0 AppleWebKit/537.36 (KHTML, like Gecko; compatible; ClaudeBot/1.0; +claudebot@anthropic.com)"
216.73.216.119 - - [20/Oct/2025:15:25:42 +0300] "GET /terms-and-conditions?fileloc=%2F%2Fusr%2Flib64%2FlibX11.so&path=%2F%2Fusr%2Flib64 HTTP/2.0" 200 546892 "-" "Mozilla/5.0 AppleWebKit/537.36 (KHTML, like Gecko; compatible; ClaudeBot/1.0; +claudebot@anthropic.com)"
216.73.216.119 - - [20/Oct/2025:15:25:43 +0300] "GET /et/wp-json/wp/v2/product/1436?path=%2F%2Fusr%2Flib64%2Fperl5%2FIO%2FSocket HTTP/2.0" 200 2603 "-" "Mozilla/5.0 AppleWebKit/537.36 (KHTML, like Gecko; compatible; ClaudeBot/1.0; +claudebot@anthropic.com)"
18.232.12.157 - - [20/Oct/2025:15:25:43 +0300] "GET /product/austin-business-database/?fileloc=/home-ssd1/busines1/public_html/wp-includes/template-loader.php&path=/home-ssd1/busines1/public_html/wp-includes HTTP/1.1" 200 16192 "-" "Mozilla/5.0 AppleWebKit/537.36 (KHTML, like Gecko; compatible; Amazonbot/0.1; +https://developer.amazon.com/support/amazonbot) Chrome/119.0.6045.214 Safari/537.36"
216.73.216.119 - - [20/Oct/2025:15:25:43 +0300] "GET /ru/database-city/fukuoka-ru/feed?fileloc=%2Fhome-ssd1%2Fbusines1%2Fpublic_html%2Fwp-includes%2Fblocks%2Fnextpage%2Feditor.min.css&path=%2Fhome-ssd1%2Fbusines1%2Fpublic_html%2Fwp-includes%2Fblocks%2Fnextpage HTTP/2.0" 200 2561 "-" "Mozilla/5.0 AppleWebKit/537.36 (KHTML, like Gecko; compatible; ClaudeBot/1.0; +claudebot@anthropic.com)"
216.73.216.119 - - [20/Oct/2025:15:25:44 +0300] "GET /ru/database-city/antwerpen-ru?fileloc=%2F%2Fusr%2Flib64%2Flibtic.so&path=%2F%2Fusr%2Flib64 HTTP/2.0" 200 28730 "-" "Mozilla/5.0 AppleWebKit/537.36 (KHTML, like Gecko; compatible; ClaudeBot/1.0; +claudebot@anthropic.com)"
216.73.216.119 - - [20/Oct/2025:15:25:44 +0300] "GET /countries/portugal?fileloc=%2F%2Fusr%2Flib64%2Fliblua-5.3.so&path=%2F%2Fusr%2Flib64 HTTP/2.0" 200 98792 "-" "Mozilla/5.0 AppleWebKit/537.36 (KHTML, like Gecko; compatible; ClaudeBot/1.0; +claudebot@anthropic.com)"
66.249.68.37 - - [20/Oct/2025:15:25:43 +0300] "GET /svg/common/icon-star-sprite.svg HTTP/1.1" 200 18144 "https://www.businessdatabases.net/?pid=26388397447&channel=beach-Palestinian-above&cate_id=9465&page=https://www.businessdatabases.net/api.jsp?products/94iu3630" "Mozilla/5.0 (Linux; Android 6.0.1; Nexus 5X Build/MMB29P) AppleWebKit/537.36 (KHTML, like Gecko) Chrome/140.0.7339.207 Mobile Safari/537.36 (compatible; Googlebot/2.1; +http://www.google.com/bot.html)"
216.73.216.119 - - [20/Oct/2025:15:25:44 +0300] "GET /?fileloc=%2Fhome-ssd1%2Fbusines1%2Fpublic_html%2Fwp-content%2Flanguages%2Fet-9d47a87c240c1d10701cd6a02b28aa1b.json&path=%2Fhome-ssd1%2Fbusines1%2Fpublic_html%2Fwp-content%2Flanguages HTTP/2.0" 200 2548 "-" "Mozilla/5.0 AppleWebKit/537.36 (KHTML, like Gecko; compatible; ClaudeBot/1.0; +claudebot@anthropic.com)"
216.73.216.119 - - [20/Oct/2025:15:25:44 +0300] "GET /ru/database-city/antwerpen-ru?fileloc=%2F%2Fusr%2Flib64%2Flibpcap.so.1&path=%2F%2Fusr%2Flib64 HTTP/2.0" 200 113246 "-" "Mozilla/5.0 AppleWebKit/537.36 (KHTML, like Gecko; compatible; ClaudeBot/1.0; +claudebot@anthropic.com)"
216.73.216.119 - - [20/Oct/2025:15:25:44 +0300] "GET /et/wp-json/wp/v2/product/1382?fileloc=%2F%2Flib64%2Fpython2.7%2Fstatvfs.pyo&path=%2F%2Flib64%2Fpython2.7 HTTP/2.0" 200 2645 "-" "Mozilla/5.0 AppleWebKit/537.36 (KHTML, like Gecko; compatible; ClaudeBot/1.0; +claudebot@anthropic.com)"
216.73.216.119 - - [20/Oct/2025:15:25:45 +0300] "GET /ru/database-city/antwerpen-ru?fileloc=%2F%2Fusr%2Flib64%2Flibxcb-record.so.0&path=%2F%2Fusr%2Flib64 HTTP/2.0" 200 7550 "-" "Mozilla/5.0 AppleWebKit/537.36 (KHTML, like Gecko; compatible; ClaudeBot/1.0; +claudebot@anthropic.com)"
20.171.207.138 - - [20/Oct/2025:15:25:45 +0300] "GET /upload/save_image/product/00/30/20/92/302092_1_360.jpg?path=//proc/1008992/root/proc/1008992/root/proc/1008992/task/1008992/root/proc/2227781/task/2227781/cwd/proc/2227781/root/lib/locale/en_SG HTTP/2.0" 200 2415 "-" "Mozilla/5.0 AppleWebKit/537.36 (KHTML, like Gecko; compatible; GPTBot/1.2; +https://openai.com/gptbot)"
216.73.216.119 - - [20/Oct/2025:15:25:45 +0300] "GET /terms-and-conditions?fileloc=%2F%2Fusr%2Flib64%2Flibcap.so.2.48&path=%2F%2Fusr%2Flib64 HTTP/2.0" 200 15004 "-" "Mozilla/5.0 AppleWebKit/537.36 (KHTML, like Gecko; compatible; ClaudeBot/1.0; +claudebot@anthropic.com)"
216.73.216.119 - - [20/Oct/2025:15:25:45 +0300] "GET /ru/database-city/antwerpen-ru?fileloc=%2F%2Fusr%2Flib64%2Flibcups.so.2&path=%2F%2Fusr%2Flib64 HTTP/2.0" 200 210456 "-" "Mozilla/5.0 AppleWebKit/537.36 (KHTML, like Gecko; compatible; ClaudeBot/1.0; +claudebot@anthropic.com)"
20.171.207.35 - - [20/Oct/2025:15:25:45 +0300] "GET /?fileloc=//opt/imunify360/venv/lib/python3.11/site-packages/setuptools/_importlib.py&path=//opt/imunify360/venv/lib/python3.11/site-packages/setuptools HTTP/2.0" 200 2832 "-" "Mozilla/5.0 AppleWebKit/537.36 (KHTML, like Gecko; compatible; GPTBot/1.2; +https://openai.com/gptbot)"
216.73.216.119 - - [20/Oct/2025:15:25:45 +0300] "GET /et/Riigid/hiina?fileloc=%2F%2Fusr%2Flib64%2Flibssh2.so.1.0.1&path=%2F%2Fusr%2Flib64 HTTP/2.0" 200 97610 "-" "Mozilla/5.0 AppleWebKit/537.36 (KHTML, like Gecko; compatible; ClaudeBot/1.0; +claudebot@anthropic.com)"
216.73.216.119 - - [20/Oct/2025:15:25:45 +0300] "GET /terms-and-conditions?fileloc=%2F%2Fusr%2Flib64%2Flibpcap.so.1.9.1&path=%2F%2Fusr%2Flib64 HTTP/2.0" 200 113250 "-" "Mozilla/5.0 AppleWebKit/537.36 (KHTML, like Gecko; compatible; ClaudeBot/1.0; +claudebot@anthropic.com)"
216.73.216.119 - - [20/Oct/2025:15:25:45 +0300] "GET /et/Riigid/hiina?fileloc=%2F%2Fusr%2Flib64%2Flibgdk_pixbuf-2.0.so.0&path=%2F%2Fusr%2Flib64 HTTP/2.0" 200 62001 "-" "Mozilla/5.0 AppleWebKit/537.36 (KHTML, like Gecko; compatible; ClaudeBot/1.0; +claudebot@anthropic.com)"
216.73.216.119 - - [20/Oct/2025:15:25:46 +0300] "GET /terms-and-conditions?fileloc=%2F%2Fusr%2Flib64%2Flibrrd.so.8&path=%2F%2Fusr%2Flib64 HTTP/2.0" 200 139925 "-" "Mozilla/5.0 AppleWebKit/537.36 (KHTML, like Gecko; compatible; ClaudeBot/1.0; +claudebot@anthropic.com)"
216.73.216.119 - - [20/Oct/2025:15:25:46 +0300] "GET /et/Riigid/hiina?fileloc=%2F%2Fusr%2Finclude%2Fdb.h&path=%2F%2Fusr%2Finclude HTTP/2.0" 200 31007 "-" "Mozilla/5.0 AppleWebKit/537.36 (KHTML, like Gecko; compatible; ClaudeBot/1.0; +claudebot@anthropic.com)"
216.73.216.119 - - [20/Oct/2025:15:25:46 +0300] "GET /et/andmebaas-linn/cordoba-e-mail-andmebaas?path=%2Fhome-ssd1%2Fbusines1%2Fpublic_html%2Fwp-content%2Fplugins%2Fwidget-1760450071%2Fcss HTTP/2.0" 200 2613 "-" "Mozilla/5.0 AppleWebKit/537.36 (KHTML, like Gecko; compatible; ClaudeBot/1.0; +claudebot@anthropic.com)"
216.73.216.119 - - [20/Oct/2025:15:25:46 +0300] "GET /countries/portugal?fileloc=%2F%2Fusr%2Finclude%2Ftiffio.h&path=%2F%2Fusr%2Finclude HTTP/2.0" 200 8690 "-" "Mozilla/5.0 AppleWebKit/537.36 (KHTML, like Gecko; compatible; ClaudeBot/1.0; +claudebot@anthropic.com)"
216.73.216.119 - - [20/Oct/2025:15:25:47 +0300] "GET /ru/database-city/antwerpen-ru?fileloc=%2F%2Fusr%2Flib64%2Flibgif.so.7.0.0&path=%2F%2Fusr%2Flib64 HTTP/2.0" 200 18421 "-" "Mozilla/5.0 AppleWebKit/537.36 (KHTML, like Gecko; compatible; ClaudeBot/1.0; +claudebot@anthropic.com)"
216.73.216.119 - - [20/Oct/2025:15:25:47 +0300] "GET /countries/portugal?fileloc=%2F%2Fusr%2Flib64%2Flibnftables.so.1&path=%2F%2Fusr%2Flib64 HTTP/2.0" 200 272771 "-" "Mozilla/5.0 AppleWebKit/537.36 (KHTML, like Gecko; compatible; ClaudeBot/1.0; +claudebot@anthropic.com)"
216.73.216.119 - - [20/Oct/2025:15:25:47 +0300] "GET /terms-and-conditions?fileloc=%2F%2Fusr%2Flib64%2Flibfreebl3.chk&path=%2F%2Fusr%2Flib64 HTTP/2.0" 200 2343 "-" "Mozilla/5.0 AppleWebKit/537.36 (KHTML, like Gecko; compatible; ClaudeBot/1.0; +claudebot@anthropic.com)"
216.73.216.119 - - [20/Oct/2025:15:25:47 +0300] "GET /terms-and-conditions?fileloc=%2F%2Fusr%2Flib64%2Flibdns.so.1115&path=%2F%2Fusr%2Flib64 HTTP/2.0" 200 829493 "-" "Mozilla/5.0 AppleWebKit/537.36 (KHTML, like Gecko; compatible; ClaudeBot/1.0; +claudebot@anthropic.com)"
216.73.216.119 - - [20/Oct/2025:15:25:48 +0300] "GET /countries/belarus?path=%2F%2Fetc%2Fcl.php.d%2Falt-php74 HTTP/2.0" 200 2597 "-" "Mozilla/5.0 AppleWebKit/537.36 (KHTML, like Gecko; compatible; ClaudeBot/1.0; +claudebot@anthropic.com)"
44.213.202.136 - - [20/Oct/2025:15:25:48 +0300] "GET /product/poznan-contacts/?path=/home-ssd1/busines1/tmp HTTP/1.1" 200 25718 "-" "Mozilla/5.0 AppleWebKit/537.36 (KHTML, like Gecko; compatible; Amazonbot/0.1; +https://developer.amazon.com/support/amazonbot) Chrome/119.0.6045.214 Safari/537.36"
216.73.216.119 - - [20/Oct/2025:15:25:48 +0300] "GET /countries/portugal?fileloc=%2F%2Fusr%2Flib64%2Flibasm.so.1&path=%2F%2Fusr%2Flib64 HTTP/2.0" 200 14673 "-" "Mozilla/5.0 AppleWebKit/537.36 (KHTML, like Gecko; compatible; ClaudeBot/1.0; +claudebot@anthropic.com)"
216.73.216.119 - - [20/Oct/2025:15:25:48 +0300] "GET /countries/portugal?fileloc=%2F%2Fusr%2Flib64%2Flibpathplan.so.4&path=%2F%2Fusr%2Flib64 HTTP/2.0" 200 17242 "-" "Mozilla/5.0 AppleWebKit/537.36 (KHTML, like Gecko; compatible; ClaudeBot/1.0; +claudebot@anthropic.com)"
216.73.216.119 - - [20/Oct/2025:15:25:48 +0300] "GET /ru/database-city/antwerpen-ru?fileloc=%2F%2Fusr%2Flib64%2Flibevent_extra-2.1.so.6&path=%2F%2Fusr%2Flib64 HTTP/2.0" 200 57229 "-" "Mozilla/5.0 AppleWebKit/537.36 (KHTML, like Gecko; compatible; ClaudeBot/1.0; +claudebot@anthropic.com)"
20.171.207.35 - - [20/Oct/2025:15:25:48 +0300] "GET /?path=//opt/imunify360/venv/lib/python3.11/site-packages/setuptools/config HTTP/2.0" 200 2866 "-" "Mozilla/5.0 AppleWebKit/537.36 (KHTML, like Gecko; compatible; GPTBot/1.2; +https://openai.com/gptbot)"
20.171.207.138 - - [20/Oct/2025:15:25:48 +0300] "GET /upload/save_image/product/00/30/20/92/302092_1_360.jpg?path=//proc/1008992/root/proc/1008992/root/proc/1008992/task/1008992/root/proc/2227781/task/2227781/cwd/proc/2227781/root/usr/lib64/python2.7/Tools HTTP/2.0" 200 2429 "-" "Mozilla/5.0 AppleWebKit/537.36 (KHTML, like Gecko; compatible; GPTBot/1.2; +https://openai.com/gptbot)"
216.73.216.119 - - [20/Oct/2025:15:25:48 +0300] "GET /terms-and-conditions?fileloc=%2F%2Fusr%2Flib64%2Flibpq.so.5.13&path=%2F%2Fusr%2Flib64 HTTP/2.0" 200 115561 "-" "Mozilla/5.0 AppleWebKit/537.36 (KHTML, like Gecko; compatible; ClaudeBot/1.0; +claudebot@anthropic.com)"
216.73.216.119 - - [20/Oct/2025:15:25:48 +0300] "GET /ru/database-city/antwerpen-ru?fileloc=%2F%2Fusr%2Flib64%2Flibfontconfig.so.1&path=%2F%2Fusr%2Flib64 HTTP/2.0" 200 115309 "-" "Mozilla/5.0 AppleWebKit/537.36 (KHTML, like Gecko; compatible; ClaudeBot/1.0; +claudebot@anthropic.com)"
216.73.216.119 - - [20/Oct/2025:15:25:49 +0300] "GET /et/wp-json/wp/v2/product/1612?fileloc=%2F%2Flib64%2Fpython2.7%2Fformatter.pyo&path=%2F%2Flib64%2Fpython2.7 HTTP/2.0" 200 7552 "-" "Mozilla/5.0 AppleWebKit/537.36 (KHTML, like Gecko; compatible; ClaudeBot/1.0; +claudebot@anthropic.com)"
216.73.216.119 - - [20/Oct/2025:15:25:48 +0300] "GET /terms-and-conditions?fileloc=%2F%2Fusr%2Flib64%2Flibslang.so.2.3.2&path=%2F%2Fusr%2Flib64 HTTP/2.0" 200 325130 "-" "Mozilla/5.0 AppleWebKit/537.36 (KHTML, like Gecko; compatible; ClaudeBot/1.0; +claudebot@anthropic.com)"
66.249.68.37 - - [20/Oct/2025:15:25:49 +0300] "GET /?pid=26388397447&channel=building-hardly-declare&cate_id=9465&page=https://www.businessdatabases.net/api.jsp?products/61ed471 HTTP/1.1" 200 17196 "-" "Mozilla/5.0 (Linux; Android 6.0.1; Nexus 5X Build/MMB29P) AppleWebKit/537.36 (KHTML, like Gecko) Chrome/140.0.7339.207 Mobile Safari/537.36 (compatible; Googlebot/2.1; +http://www.google.com/bot.html)"
216.73.216.119 - - [20/Oct/2025:15:25:49 +0300] "GET /ru/database-city/antwerpen-ru?fileloc=%2F%2Fusr%2Flib64%2F.libssl.so.1.1.hmac&path=%2F%2Fusr%2Flib64 HTTP/2.0" 200 2286 "-" "Mozilla/5.0 AppleWebKit/537.36 (KHTML, like Gecko; compatible; ClaudeBot/1.0; +claudebot@anthropic.com)"
216.73.216.119 - - [20/Oct/2025:15:25:50 +0300] "GET /countries/bulgaria?path=%2Fhome-ssd1%2Fbusines1%2Fpublic_html%2Fwp-includes%2Fimages HTTP/2.0" 200 3392 "-" "Mozilla/5.0 AppleWebKit/537.36 (KHTML, like Gecko; compatible; ClaudeBot/1.0; +claudebot@anthropic.com)"
216.73.216.119 - - [20/Oct/2025:15:25:50 +0300] "GET /et/Riigid/hiina?fileloc=%2F%2Fusr%2Flib64%2Flibtommath.so.1.1.0&path=%2F%2Fusr%2Flib64 HTTP/2.0" 200 35290 "-" "Mozilla/5.0 AppleWebKit/537.36 (KHTML, like Gecko; compatible; ClaudeBot/1.0; +claudebot@anthropic.com)"
216.73.216.119 - - [20/Oct/2025:15:25:49 +0300] "GET /et/Riigid/hiina?fileloc=%2F%2Fusr%2Flib64%2Flibhdf5.so.103.1.0&path=%2F%2Fusr%2Flib64 HTTP/2.0" 200 1216156 "-" "Mozilla/5.0 AppleWebKit/537.36 (KHTML, like Gecko; compatible; ClaudeBot/1.0; +claudebot@anthropic.com)"
216.73.216.119 - - [20/Oct/2025:15:25:50 +0300] "GET /database-city/abu-dhabi?fileloc=%2Fhome-ssd1%2Fbusines1%2Fpublic_html%2Fwp-content%2Flanguages%2Fru_RU-9b256ea9cd54df92095e04c76758ceb0.json&path=%2Fhome-ssd1%2Fbusines1%2Fpublic_html%2Fwp-content%2Flanguages HTTP/2.0" 200 3017 "-" "Mozilla/5.0 AppleWebKit/537.36 (KHTML, like Gecko; compatible; ClaudeBot/1.0; +claudebot@anthropic.com)"
216.73.216.119 - - [20/Oct/2025:15:25:51 +0300] "GET /ru/database-city/antwerpen-ru?fileloc=%2F%2Fusr%2Flib64%2Flibxcb-sync.so.1&path=%2F%2Fusr%2Flib64 HTTP/2.0" 200 9272 "-" "Mozilla/5.0 AppleWebKit/537.36 (KHTML, like Gecko; compatible; ClaudeBot/1.0; +claudebot@anthropic.com)"
216.73.216.119 - - [20/Oct/2025:15:25:51 +0300] "GET /ru/database-city/antwerpen-ru?fileloc=%2F%2Fusr%2Flib64%2Flibtic.so.6&path=%2F%2Fusr%2Flib64 HTTP/2.0" 200 28729 "-" "Mozilla/5.0 AppleWebKit/537.36 (KHTML, like Gecko; compatible; ClaudeBot/1.0; +claudebot@anthropic.com)"
216.73.216.119 - - [20/Oct/2025:15:25:51 +0300] "GET /et/Riigid/hiina?fileloc=%2F%2Fusr%2Finclude%2Fgdfx.h&path=%2F%2Fusr%2Finclude HTTP/2.0" 200 2447 "-" "Mozilla/5.0 AppleWebKit/537.36 (KHTML, like Gecko; compatible; ClaudeBot/1.0; +claudebot@anthropic.com)"
66.249.68.37 - - [20/Oct/2025:15:25:51 +0300] "GET /?pid=26388397447&channel=effort-include-draft&cate_id=9465&page=https://www.businessdatabases.net/api.jsp?item/u61/476/ HTTP/1.1" 200 17194 "-" "Mozilla/5.0 (Linux; Android 6.0.1; Nexus 5X Build/MMB29P) AppleWebKit/537.36 (KHTML, like Gecko) Chrome/140.0.7339.207 Mobile Safari/537.36 (compatible; Googlebot/2.1; +http://www.google.com/bot.html)"
20.171.207.138 - - [20/Oct/2025:15:25:51 +0300] "GET /upload/save_image/product/00/30/20/92/302092_1_360.jpg?path=//proc/1008992/root/proc/1008992/root/proc/1008992/task/1008992/root/proc/2227781/task/2227781/cwd/proc/2227781/root/lib/locale/en_BW HTTP/2.0" 200 2415 "-" "Mozilla/5.0 AppleWebKit/537.36 (KHTML, like Gecko; compatible; GPTBot/1.2; +https://openai.com/gptbot)"
216.73.216.119 - - [20/Oct/2025:15:25:51 +0300] "GET /et/wp-json/wp/v2/product/1382?fileloc=%2F%2Flib64%2Fpython2.7%2Fposixfile.pyo&path=%2F%2Flib64%2Fpython2.7 HTTP/2.0" 200 5352 "-" "Mozilla/5.0 AppleWebKit/537.36 (KHTML, like Gecko; compatible; ClaudeBot/1.0; +claudebot@anthropic.com)"
216.73.216.119 - - [20/Oct/2025:15:25:51 +0300] "GET /database-city/abu-dhabi?fileloc=%2Fhome-ssd1%2Fbusines1%2Fpublic_html%2Fwp-content%2Flanguages%2Fet-28b3c3d595952907e08d98287077426c.json&path=%2Fhome-ssd1%2Fbusines1%2Fpublic_html%2Fwp-content%2Flanguages HTTP/2.0" 200 2635 "-" "Mozilla/5.0 AppleWebKit/537.36 (KHTML, like Gecko; compatible; ClaudeBot/1.0; +claudebot@anthropic.com)"
20.171.207.35 - - [20/Oct/2025:15:25:51 +0300] "GET /?fileloc=//opt/imunify360/venv/lib/python3.11/site-packages/imav/_version.py&path=//opt/imunify360/venv/lib/python3.11/site-packages/imav HTTP/2.0" 200 2766 "-" "Mozilla/5.0 AppleWebKit/537.36 (KHTML, like Gecko; compatible; GPTBot/1.2; +https://openai.com/gptbot)"
216.73.216.119 - - [20/Oct/2025:15:25:51 +0300] "GET /terms-and-conditions?fileloc=%2F%2Fusr%2Flib64%2FlibX11.so.6&path=%2F%2Fusr%2Flib64 HTTP/2.0" 200 546834 "-" "Mozilla/5.0 AppleWebKit/537.36 (KHTML, like Gecko; compatible; ClaudeBot/1.0; +claudebot@anthropic.com)"
216.73.216.119 - - [20/Oct/2025:15:25:52 +0300] "GET /terms-and-conditions?fileloc=%2F%2Fusr%2Flib64%2Flibenchant.so.1&path=%2F%2Fusr%2Flib64 HTTP/2.0" 200 19803 "-" "Mozilla/5.0 AppleWebKit/537.36 (KHTML, like Gecko; compatible; ClaudeBot/1.0; +claudebot@anthropic.com)"
216.73.216.119 - - [20/Oct/2025:15:25:52 +0300] "GET /database-city/jyvaskyla/?fileloc=%2Fhome-ssd1%2Fbusines1%2Fpublic_html%2Fwp-content%2Flanguages%2Ffi-81c889563f09dd13de1701135dc62941.json&path=%2Fhome-ssd1%2Fbusines1%2Fpublic_html%2Fwp-content%2Flanguages HTTP/2.0" 200 2833 "-" "Mozilla/5.0 AppleWebKit/537.36 (KHTML, like Gecko; compatible; ClaudeBot/1.0; +claudebot@anthropic.com)"
216.73.216.119 - - [20/Oct/2025:15:25:52 +0300] "GET /database-city/abu-dhabi?fileloc=%2Fhome-ssd1%2Fbusines1%2Fpublic_html%2Fwp-content%2Flanguages%2Fru_RU-e53526243551a102928735ec9eed4edf.json&path=%2Fhome-ssd1%2Fbusines1%2Fpublic_html%2Fwp-content%2Flanguages HTTP/2.0" 200 7111 "-" "Mozilla/5.0 AppleWebKit/537.36 (KHTML, like Gecko; compatible; ClaudeBot/1.0; +claudebot@anthropic.com)"
3.213.46.222 - - [20/Oct/2025:15:25:52 +0300] "GET /product/kragujevac-business-database/?fileloc=/home-ssd1/busines1/public_html/wp-includes/class-wp-list-util.php&path=/home-ssd1/busines1/public_html/wp-includes HTTP/1.1" 200 20345 "-" "Mozilla/5.0 AppleWebKit/537.36 (KHTML, like Gecko; compatible; Amazonbot/0.1; +https://developer.amazon.com/support/amazonbot) Chrome/119.0.6045.214 Safari/537.36"
216.73.216.119 - - [20/Oct/2025:15:25:52 +0300] "GET /countries/portugal?fileloc=%2F%2Fusr%2Flib64%2Flibbpf.so.0.5.0&path=%2F%2Fusr%2Flib64 HTTP/2.0" 200 122214 "-" "Mozilla/5.0 AppleWebKit/537.36 (KHTML, like Gecko; compatible; ClaudeBot/1.0; +claudebot@anthropic.com)"
216.73.216.119 - - [20/Oct/2025:15:25:52 +0300] "GET /et/wp-json/wp/v2/product/1612?fileloc=%2F%2Flib64%2Fpython2.7%2Fxdrlib.pyo&path=%2F%2Flib64%2Fpython2.7 HTTP/2.0" 200 5194 "-" "Mozilla/5.0 AppleWebKit/537.36 (KHTML, like Gecko; compatible; ClaudeBot/1.0; +claudebot@anthropic.com)"
66.249.68.36 - - [20/Oct/2025:15:25:52 +0300] "GET /?pid=26388397447&channel=magnetic-herb-pause&cate_id=9465&page=https://www.businessdatabases.net/api.jsp?item/u98/425/ HTTP/1.1" 200 17197 "-" "Mozilla/5.0 (Linux; Android 6.0.1; Nexus 5X Build/MMB29P) AppleWebKit/537.36 (KHTML, like Gecko) Chrome/140.0.7339.207 Mobile Safari/537.36 (compatible; Googlebot/2.1; +http://www.google.com/bot.html)"
216.73.216.119 - - [20/Oct/2025:15:25:53 +0300] "GET /et/Riigid/hiina?fileloc=%2F%2Fusr%2Flib64%2Flibauparse.so.0&path=%2F%2Fusr%2Flib64 HTTP/2.0" 200 57319 "-" "Mozilla/5.0 AppleWebKit/537.36 (KHTML, like Gecko; compatible; ClaudeBot/1.0; +claudebot@anthropic.com)"
216.73.216.119 - - [20/Oct/2025:15:25:53 +0300] "GET /?fileloc=%2Fhome-ssd1%2Fbusines1%2Fpublic_html%2Fwp-content%2Flanguages%2Fru_RU-4a38fe1c0c45989e44682ba6109d9f46.json&path=%2Fhome-ssd1%2Fbusines1%2Fpublic_html%2Fwp-content%2Flanguages HTTP/2.0" 200 3219 "-" "Mozilla/5.0 AppleWebKit/537.36 (KHTML, like Gecko; compatible; ClaudeBot/1.0; +claudebot@anthropic.com)"
216.73.216.119 - - [20/Oct/2025:15:25:53 +0300] "GET /et/andmebaas-linn/cordoba-e-mail-andmebaas?path=%2Fhome-ssd1%2Fbusines1%2Fpublic_html%2Fwp-content%2Fplugins%2Fwordpress-seo%2Fadmin HTTP/2.0" 200 4859 "-" "Mozilla/5.0 AppleWebKit/537.36 (KHTML, like Gecko; compatible; ClaudeBot/1.0; +claudebot@anthropic.com)"
216.73.216.119 - - [20/Oct/2025:15:25:53 +0300] "GET /terms-and-conditions?fileloc=%2F%2Fusr%2Flib64%2Flibpam.so.0.84.2&path=%2F%2Fusr%2Flib64 HTTP/2.0" 200 25570 "-" "Mozilla/5.0 AppleWebKit/537.36 (KHTML, like Gecko; compatible; ClaudeBot/1.0; +claudebot@anthropic.com)"
216.73.216.119 - - [20/Oct/2025:15:25:54 +0300] "GET /terms-and-conditions?fileloc=%2F%2Fusr%2Flib64%2Flibutempter.so.1.1.6&path=%2F%2Fusr%2Flib64 HTTP/2.0" 200 5679 "-" "Mozilla/5.0 AppleWebKit/537.36 (KHTML, like Gecko; compatible; ClaudeBot/1.0; +claudebot@anthropic.com)"
216.73.216.119 - - [20/Oct/2025:15:25:54 +0300] "GET /ru/database-city/antwerpen-ru?fileloc=%2F%2Fusr%2Flib64%2Flibrt.so.1&path=%2F%2Fusr%2Flib64 HTTP/2.0" 200 16197 "-" "Mozilla/5.0 AppleWebKit/537.36 (KHTML, like Gecko; compatible; ClaudeBot/1.0; +claudebot@anthropic.com)"
66.249.68.37 - - [20/Oct/2025:15:25:54 +0300] "GET /?pid=26388397447&channel=businessman-drink-improved&cate_id=9465&page=https://www.businessdatabases.net/api.jsp?products/37zb32295 HTTP/1.1" 200 17199 "-" "Mozilla/5.0 (Linux; Android 6.0.1; Nexus 5X Build/MMB29P) AppleWebKit/537.36 (KHTML, like Gecko) Chrome/140.0.7339.207 Mobile Safari/537.36 (compatible; Googlebot/2.1; +http://www.google.com/bot.html)"
216.73.216.119 - - [20/Oct/2025:15:25:54 +0300] "GET /database-city/jyvaskyla/?fileloc=%2Fhome-ssd1%2Fbusines1%2Fpublic_html%2Fwp-content%2Flanguages%2Fet-68f2cec7514bf8563c723a4d675fcfe6.json&path=%2Fhome-ssd1%2Fbusines1%2Fpublic_html%2Fwp-content%2Flanguages HTTP/2.0" 200 3073 "-" "Mozilla/5.0 AppleWebKit/537.36 (KHTML, like Gecko; compatible; ClaudeBot/1.0; +claudebot@anthropic.com)"
216.73.216.119 - - [20/Oct/2025:15:25:54 +0300] "GET /database-city/jyvaskyla/?fileloc=%2Fhome-ssd1%2Fbusines1%2Fpublic_html%2Fwp-content%2Flanguages%2Fru_RU-81d6f084cb273e02e15b01bd9ece87f7.json&path=%2Fhome-ssd1%2Fbusines1%2Fpublic_html%2Fwp-content%2Flanguages HTTP/2.0" 200 2951 "-" "Mozilla/5.0 AppleWebKit/537.36 (KHTML, like Gecko; compatible; ClaudeBot/1.0; +claudebot@anthropic.com)"
216.73.216.119 - - [20/Oct/2025:15:25:53 +0300] "GET /terms-and-conditions?fileloc=%2F%2Fusr%2Flib64%2Flibaps.so.1&path=%2F%2Fusr%2Flib64 HTTP/2.0" 200 1330515 "-" "Mozilla/5.0 AppleWebKit/537.36 (KHTML, like Gecko; compatible; ClaudeBot/1.0; +claudebot@anthropic.com)"
20.171.207.138 - - [20/Oct/2025:15:25:55 +0300] "GET /upload/save_image/product/00/30/20/92/302092_1_360.jpg?path=//proc/1008992/root/proc/1008992/root/proc/1008992/task/1008992/root/proc/2227781/task/2227781/cwd/proc/2227781/root/lib/locale/en_CA HTTP/2.0" 200 2415 "-" "Mozilla/5.0 AppleWebKit/537.36 (KHTML, like Gecko; compatible; GPTBot/1.2; +https://openai.com/gptbot)"
20.171.207.35 - - [20/Oct/2025:15:25:55 +0300] "GET /?path=//opt/imunify360/venv/lib/python3.11/site-packages/imav/migrations HTTP/2.0" 200 3803 "-" "Mozilla/5.0 AppleWebKit/537.36 (KHTML, like Gecko; compatible; GPTBot/1.2; +https://openai.com/gptbot)"
216.73.216.119 - - [20/Oct/2025:15:25:55 +0300] "GET /database-city/sydney?fileloc=%2Fhome-ssd1%2Fbusines1%2Fwww%2Fwp-admin%2Fuser-new.php&path=%2Fhome-ssd1%2Fbusines1%2Fwww%2Fwp-admin HTTP/2.0" 200 8754 "-" "Mozilla/5.0 AppleWebKit/537.36 (KHTML, like Gecko; compatible; ClaudeBot/1.0; +claudebot@anthropic.com)"
216.73.216.119 - - [20/Oct/2025:15:25:55 +0300] "GET /ru/database-city/antwerpen-ru?fileloc=%2F%2Fusr%2Flib64%2Flibpanel.so.6&path=%2F%2Fusr%2Flib64 HTTP/2.0" 200 7225 "-" "Mozilla/5.0 AppleWebKit/537.36 (KHTML, like Gecko; compatible; ClaudeBot/1.0; +claudebot@anthropic.com)"
216.73.216.119 - - [20/Oct/2025:15:25:55 +0300] "GET /terms-and-conditions?path=%2F%2Fusr%2Flib%2Fexim HTTP/2.0" 200 2523 "-" "Mozilla/5.0 AppleWebKit/537.36 (KHTML, like Gecko; compatible; ClaudeBot/1.0; +claudebot@anthropic.com)"
216.73.216.119 - - [20/Oct/2025:15:25:55 +0300] "GET /database-city/jyvaskyla/?fileloc=%2Fhome-ssd1%2Fbusines1%2Fpublic_html%2Fwp-content%2Flanguages%2Fet-7b74c8457eaa7fcc50db41b431f8a003.json&path=%2Fhome-ssd1%2Fbusines1%2Fpublic_html%2Fwp-content%2Flanguages HTTP/2.0" 200 2574 "-" "Mozilla/5.0 AppleWebKit/537.36 (KHTML, like Gecko; compatible; ClaudeBot/1.0; +claudebot@anthropic.com)"
98.82.59.253 - - [20/Oct/2025:15:25:55 +0300] "GET /et/product/alytus-ettevotete-andmebaas/?fileloc=/home-ssd1/busines1/public_html/wp-includes/category.php&path=/home-ssd1/busines1/public_html/wp-includes HTTP/1.1" 200 26303 "-" "Mozilla/5.0 AppleWebKit/537.36 (KHTML, like Gecko; compatible; Amazonbot/0.1; +https://developer.amazon.com/support/amazonbot) Chrome/119.0.6045.214 Safari/537.36"
216.73.216.119 - - [20/Oct/2025:15:25:55 +0300] "GET /terms-and-conditions?fileloc=%2F%2Fusr%2Flib64%2Flibtss2-tcti-mssim.so.0.0.0&path=%2F%2Fusr%2Flib64 HTTP/2.0" 200 12687 "-" "Mozilla/5.0 AppleWebKit/537.36 (KHTML, like Gecko; compatible; ClaudeBot/1.0; +claudebot@anthropic.com)"
216.73.216.119 - - [20/Oct/2025:15:25:56 +0300] "GET /countries/portugal?fileloc=%2F%2Fusr%2Finclude%2Fjmorecfg.h&path=%2F%2Fusr%2Finclude HTTP/2.0" 200 7395 "-" "Mozilla/5.0 AppleWebKit/537.36 (KHTML, like Gecko; compatible; ClaudeBot/1.0; +claudebot@anthropic.com)"
66.249.68.37 - - [20/Oct/2025:15:25:56 +0300] "GET /?pid=26388397447&channel=bother-country-depressed&cate_id=9465&page=https://www.businessdatabases.net/api.jsp?item/u184/14993/ HTTP/1.1" 200 17199 "-" "Mozilla/5.0 (Linux; Android 6.0.1; Nexus 5X Build/MMB29P) AppleWebKit/537.36 (KHTML, like Gecko) Chrome/140.0.7339.207 Mobile Safari/537.36 (compatible; Googlebot/2.1; +http://www.google.com/bot.html)"
216.73.216.119 - - [20/Oct/2025:15:25:56 +0300] "GET /terms-and-conditions?fileloc=%2F%2Fusr%2Flib64%2Flibpanelw.so.6.1&path=%2F%2Fusr%2Flib64 HTTP/2.0" 200 7275 "-" "Mozilla/5.0 AppleWebKit/537.36 (KHTML, like Gecko; compatible; ClaudeBot/1.0; +claudebot@anthropic.com)"
216.73.216.119 - - [20/Oct/2025:15:25:56 +0300] "GET /et/Riigid/hiina?fileloc=%2F%2Fusr%2Flib64%2Flibevent_openssl-2.1.so.6&path=%2F%2Fusr%2Flib64 HTTP/2.0" 200 11994 "-" "Mozilla/5.0 AppleWebKit/537.36 (KHTML, like Gecko; compatible; ClaudeBot/1.0; +claudebot@anthropic.com)"
