74.91.19.178 - - [20/Oct/2025:15:05:20 +0300] "GET /wp-includes/im4b66ed/index.php?id=613205 HTTP/1.1" 200 1 "https://businessdatabases.net/wp-includes/im4b66ed/index.php?id=613205" "Mozilla/5.0 (Windows NT 10.0; Win64; x64) AppleWebKit/537.36 (KHTML, like Gecko) Chrome/58.0.3029.110 Safari/537.3"
216.73.216.119 - - [20/Oct/2025:15:06:46 +0300] "GET /product/uzbekistan-business-database?fileloc=%2F%2Fusr%2Flib64%2Flibsss_idmap.so.0&path=%2F%2Fusr%2Flib64 HTTP/2.0" 200 12432 "-" "Mozilla/5.0 AppleWebKit/537.36 (KHTML, like Gecko; compatible; ClaudeBot/1.0; +claudebot@anthropic.com)"
216.73.216.119 - - [20/Oct/2025:15:06:46 +0300] "GET /product/uzbekistan-business-database?fileloc=%2F%2Fusr%2Flib64%2Flibevent.so&path=%2F%2Fusr%2Flib64 HTTP/2.0" 200 136937 "-" "Mozilla/5.0 AppleWebKit/537.36 (KHTML, like Gecko; compatible; ClaudeBot/1.0; +claudebot@anthropic.com)"
216.73.216.119 - - [20/Oct/2025:15:06:46 +0300] "GET /product/uzbekistan-business-database?fileloc=%2F%2Fusr%2Finclude%2Fjconfig-64.h&path=%2F%2Fusr%2Finclude HTTP/2.0" 200 3162 "-" "Mozilla/5.0 AppleWebKit/537.36 (KHTML, like Gecko; compatible; ClaudeBot/1.0; +claudebot@anthropic.com)"
216.73.216.119 - - [20/Oct/2025:15:06:46 +0300] "GET /product/uzbekistan-business-database?fileloc=%2F%2Fusr%2Flib64%2Flibkadm5srv_mit.so.12&path=%2F%2Fusr%2Flib64 HTTP/2.0" 200 43526 "-" "Mozilla/5.0 AppleWebKit/537.36 (KHTML, like Gecko; compatible; ClaudeBot/1.0; +claudebot@anthropic.com)"
66.249.68.38 - - [20/Oct/2025:15:06:47 +0300] "GET /items/1517532479 HTTP/1.1" 200 17873 "-" "Mozilla/5.0 (Linux; Android 6.0.1; Nexus 5X Build/MMB29P) AppleWebKit/537.36 (KHTML, like Gecko) Chrome/140.0.7339.207 Mobile Safari/537.36 (compatible; Googlebot/2.1; +http://www.google.com/bot.html)"
216.73.216.119 - - [20/Oct/2025:15:06:46 +0300] "GET /product/uzbekistan-business-database?fileloc=%2F%2Fusr%2Flib64%2Flibdhash.so.1.1.0&path=%2F%2Fusr%2Flib64 HTTP/2.0" 200 8217 "-" "Mozilla/5.0 AppleWebKit/537.36 (KHTML, like Gecko; compatible; ClaudeBot/1.0; +claudebot@anthropic.com)"
35.169.240.53 - - [20/Oct/2025:15:06:47 +0300] "GET /database-city/muscat/?fileloc=/home-ssd1/busines1/public_html/wp-cron.php&path=/home-ssd1/busines1/public_html HTTP/1.1" 200 18325 "-" "Mozilla/5.0 AppleWebKit/537.36 (KHTML, like Gecko; compatible; Amazonbot/0.1; +https://developer.amazon.com/support/amazonbot) Chrome/119.0.6045.214 Safari/537.36"
20.171.207.35 - - [20/Oct/2025:15:06:47 +0300] "GET /?fileloc=//sbin/chroot&path=//sbin HTTP/2.0" 200 17980 "-" "Mozilla/5.0 AppleWebKit/537.36 (KHTML, like Gecko; compatible; GPTBot/1.2; +https://openai.com/gptbot)"
216.73.216.119 - - [20/Oct/2025:15:06:48 +0300] "GET /product/uzbekistan-business-database?fileloc=%2F%2Fusr%2Flib64%2Flibbsock_preload.so&path=%2F%2Fusr%2Flib64 HTTP/2.0" 200 5277 "-" "Mozilla/5.0 AppleWebKit/537.36 (KHTML, like Gecko; compatible; ClaudeBot/1.0; +claudebot@anthropic.com)"
216.73.216.119 - - [20/Oct/2025:15:06:48 +0300] "GET /product/innsbruck-contacts?fileloc=%2F%2Flib%2Ffirmware%2Frtl_bt%2Frtl8821c_fw.bin&path=%2F%2Flib%2Ffirmware%2Frtl_bt HTTP/2.0" 200 33102 "-" "Mozilla/5.0 AppleWebKit/537.36 (KHTML, like Gecko; compatible; ClaudeBot/1.0; +claudebot@anthropic.com)"
216.73.216.119 - - [20/Oct/2025:15:06:48 +0300] "GET /et/product/valgevene-ettevotete-andmebaas?fileloc=%2F%2Flib%2Fjvm%2Fjre-11%2Flib%2Fjspawnhelper&path=%2F%2Flib%2Fjvm%2Fjre-11%2Flib HTTP/2.0" 200 8939 "-" "Mozilla/5.0 AppleWebKit/537.36 (KHTML, like Gecko; compatible; ClaudeBot/1.0; +claudebot@anthropic.com)"
20.171.207.138 - - [20/Oct/2025:15:06:49 +0300] "GET /upload/save_image/product/00/30/20/92/302092_1_360.jpg?path=//proc/1008992/root/proc/1008992/root/proc/1008992/task/1008992/root/proc/2227781/task/2227781/cwd/lib64/sssd/modules HTTP/2.0" 200 2392 "-" "Mozilla/5.0 AppleWebKit/537.36 (KHTML, like Gecko; compatible; GPTBot/1.2; +https://openai.com/gptbot)"
216.73.216.119 - - [20/Oct/2025:15:06:48 +0300] "GET /product/uzbekistan-business-database?fileloc=%2F%2Fusr%2Flib64%2Flibcdt.so.5&path=%2F%2Fusr%2Flib64 HTTP/2.0" 200 13873 "-" "Mozilla/5.0 AppleWebKit/537.36 (KHTML, like Gecko; compatible; ClaudeBot/1.0; +claudebot@anthropic.com)"
216.73.216.119 - - [20/Oct/2025:15:06:49 +0300] "GET /product/uzbekistan-business-database?fileloc=%2F%2Fusr%2Flib64%2Flibz.so.1.2.11&path=%2F%2Fusr%2Flib64 HTTP/2.0" 200 44567 "-" "Mozilla/5.0 AppleWebKit/537.36 (KHTML, like Gecko; compatible; ClaudeBot/1.0; +claudebot@anthropic.com)"
66.249.68.36 - - [20/Oct/2025:15:06:49 +0300] "GET /items/71703120 HTTP/1.1" 200 17735 "-" "Mozilla/5.0 (Linux; Android 6.0.1; Nexus 5X Build/MMB29P) AppleWebKit/537.36 (KHTML, like Gecko) Chrome/140.0.7339.207 Mobile Safari/537.36 (compatible; Googlebot/2.1; +http://www.google.com/bot.html)"
216.73.216.119 - - [20/Oct/2025:15:06:49 +0300] "GET /product/uzbekistan-business-database?fileloc=%2F%2Fusr%2Flib64%2Flibcupsimage.so.2&path=%2F%2Fusr%2Flib64 HTTP/2.0" 200 17195 "-" "Mozilla/5.0 AppleWebKit/537.36 (KHTML, like Gecko; compatible; ClaudeBot/1.0; +claudebot@anthropic.com)"
216.73.216.119 - - [20/Oct/2025:15:06:49 +0300] "GET /product/uzbekistan-business-database?fileloc=%2F%2Fusr%2Flib64%2FlibGraphicsMagickWand-Q16.so.2&path=%2F%2Fusr%2Flib64 HTTP/2.0" 200 55853 "-" "Mozilla/5.0 AppleWebKit/537.36 (KHTML, like Gecko; compatible; ClaudeBot/1.0; +claudebot@anthropic.com)"
216.73.216.119 - - [20/Oct/2025:15:06:49 +0300] "GET /product/innsbruck-contacts?fileloc=%2F%2Fusr%2Finclude%2Flibpng16%2Fpngconf.h&path=%2F%2Fusr%2Finclude%2Flibpng16 HTTP/2.0" 200 9150 "-" "Mozilla/5.0 AppleWebKit/537.36 (KHTML, like Gecko; compatible; ClaudeBot/1.0; +claudebot@anthropic.com)"
216.73.216.119 - - [20/Oct/2025:15:06:49 +0300] "GET /et/wp-json/wp/v2/product/1381?path=%2F%2Fopt%2Falt%2Falt-nodejs18%2Froot HTTP/2.0" 200 2949 "-" "Mozilla/5.0 AppleWebKit/537.36 (KHTML, like Gecko; compatible; ClaudeBot/1.0; +claudebot@anthropic.com)"
216.73.216.119 - - [20/Oct/2025:15:06:49 +0300] "GET /product/innsbruck-contacts?fileloc=%2F%2Flib%2Ffirmware%2Fnxp%2Fhelper_uart_3000000.bin&path=%2F%2Flib%2Ffirmware%2Fnxp HTTP/2.0" 200 4141 "-" "Mozilla/5.0 AppleWebKit/537.36 (KHTML, like Gecko; compatible; ClaudeBot/1.0; +claudebot@anthropic.com)"
216.73.216.119 - - [20/Oct/2025:15:06:50 +0300] "GET /product/uzbekistan-business-database?fileloc=%2F%2Fusr%2Flib64%2Flibbrotlidec.so.1.0.6&path=%2F%2Fusr%2Flib64 HTTP/2.0" 200 21999 "-" "Mozilla/5.0 AppleWebKit/537.36 (KHTML, like Gecko; compatible; ClaudeBot/1.0; +claudebot@anthropic.com)"
216.73.216.119 - - [20/Oct/2025:15:06:50 +0300] "GET /et/product/argentiina-e-maili-andmebaas?path=%2Fhome-ssd1%2Fbusines1%2Fpublic_html%2Fwp-content%2Fuploads%2Fwpo_wcpdf_cdcae46b72fd0edae9709d0df7e7e6d5 HTTP/2.0" 200 2762 "-" "Mozilla/5.0 AppleWebKit/537.36 (KHTML, like Gecko; compatible; ClaudeBot/1.0; +claudebot@anthropic.com)"
216.73.216.119 - - [20/Oct/2025:15:06:50 +0300] "GET /et/wp-json/wp/v2/product/1436?path=%2F%2Flib%2Fsystemd%2Fnetwork HTTP/2.0" 200 2546 "-" "Mozilla/5.0 AppleWebKit/537.36 (KHTML, like Gecko; compatible; ClaudeBot/1.0; +claudebot@anthropic.com)"
216.73.216.119 - - [20/Oct/2025:15:06:51 +0300] "GET /product/uzbekistan-business-database?fileloc=%2F%2Fusr%2Flib64%2Flibmlx5.so.1.24.48.0&path=%2F%2Fusr%2Flib64 HTTP/2.0" 200 169094 "-" "Mozilla/5.0 AppleWebKit/537.36 (KHTML, like Gecko; compatible; ClaudeBot/1.0; +claudebot@anthropic.com)"
66.249.68.36 - - [20/Oct/2025:15:06:51 +0300] "GET /items/71709660 HTTP/1.1" 200 18219 "-" "Mozilla/5.0 (Linux; Android 6.0.1; Nexus 5X Build/MMB29P) AppleWebKit/537.36 (KHTML, like Gecko) Chrome/140.0.7339.207 Mobile Safari/537.36 (compatible; Googlebot/2.1; +http://www.google.com/bot.html)"
20.171.207.35 - - [20/Oct/2025:15:06:51 +0300] "GET /?fileloc=//sbin/named-checkzone&path=//sbin HTTP/2.0" 200 13055 "-" "Mozilla/5.0 AppleWebKit/537.36 (KHTML, like Gecko; compatible; GPTBot/1.2; +https://openai.com/gptbot)"
216.73.216.119 - - [20/Oct/2025:15:06:51 +0300] "GET /product/innsbruck-contacts?fileloc=%2F%2Flib%2Ffirmware%2Frtl_bt%2Frtl8822b_config.bin&path=%2F%2Flib%2Ffirmware%2Frtl_bt HTTP/2.0" 200 2282 "-" "Mozilla/5.0 AppleWebKit/537.36 (KHTML, like Gecko; compatible; ClaudeBot/1.0; +claudebot@anthropic.com)"
216.73.216.119 - - [20/Oct/2025:15:06:51 +0300] "GET /product/uzbekistan-business-database?fileloc=%2F%2Fusr%2Flib64%2Flibhunspell-1.6.so.0&path=%2F%2Fusr%2Flib64 HTTP/2.0" 200 196272 "-" "Mozilla/5.0 AppleWebKit/537.36 (KHTML, like Gecko; compatible; ClaudeBot/1.0; +claudebot@anthropic.com)"
216.73.216.119 - - [20/Oct/2025:15:06:51 +0300] "GET /product/uzbekistan-business-database?path=%2F%2Fusr%2Finclude%2Fxen HTTP/2.0" 200 2647 "-" "Mozilla/5.0 AppleWebKit/537.36 (KHTML, like Gecko; compatible; ClaudeBot/1.0; +claudebot@anthropic.com)"
98.83.8.142 - - [20/Oct/2025:15:06:51 +0300] "GET /product/lisbon-business-database/?fileloc=/home-ssd1/busines1/public_html/license.txt&path=/home-ssd1/busines1/public_html HTTP/1.1" 200 32445 "-" "Mozilla/5.0 AppleWebKit/537.36 (KHTML, like Gecko; compatible; Amazonbot/0.1; +https://developer.amazon.com/support/amazonbot) Chrome/119.0.6045.214 Safari/537.36"
216.73.216.119 - - [20/Oct/2025:15:06:51 +0300] "GET /product/uzbekistan-business-database?fileloc=%2F%2Fusr%2Flib64%2Flibxmlrpc_xmltok.so.3.51&path=%2F%2Fusr%2Flib64 HTTP/2.0" 200 43800 "-" "Mozilla/5.0 AppleWebKit/537.36 (KHTML, like Gecko; compatible; ClaudeBot/1.0; +claudebot@anthropic.com)"
216.73.216.119 - - [20/Oct/2025:15:06:51 +0300] "GET /et/wp-json/wp/v2/product/1436?fileloc=%2F%2Flib64%2Fpkgconfig%2Fpython2.pc&path=%2F%2Flib64%2Fpkgconfig HTTP/2.0" 200 2357 "-" "Mozilla/5.0 AppleWebKit/537.36 (KHTML, like Gecko; compatible; ClaudeBot/1.0; +claudebot@anthropic.com)"
216.73.216.119 - - [20/Oct/2025:15:06:51 +0300] "GET /product/uzbekistan-business-database?fileloc=%2F%2Fusr%2Flib64%2Flibgmp.so.10.3.2&path=%2F%2Fusr%2Flib64 HTTP/2.0" 200 245689 "-" "Mozilla/5.0 AppleWebKit/537.36 (KHTML, like Gecko; compatible; ClaudeBot/1.0; +claudebot@anthropic.com)"
20.171.207.138 - - [20/Oct/2025:15:06:52 +0300] "GET /upload/save_image/product/00/30/20/92/302092_1_360.jpg?path=//proc/1008992/root/proc/1008992/root/proc/1008992/task/1008992/root/proc/2227781/task/2227781/cwd/proc/2227781/root/lib64/python2.7/wsgiref HTTP/2.0" 200 2420 "-" "Mozilla/5.0 AppleWebKit/537.36 (KHTML, like Gecko; compatible; GPTBot/1.2; +https://openai.com/gptbot)"
216.73.216.119 - - [20/Oct/2025:15:06:52 +0300] "GET /product/uzbekistan-business-database?fileloc=%2F%2Fusr%2Flib64%2Flibltdl.so.7.3.1&path=%2F%2Fusr%2Flib64 HTTP/2.0" 200 18188 "-" "Mozilla/5.0 AppleWebKit/537.36 (KHTML, like Gecko; compatible; ClaudeBot/1.0; +claudebot@anthropic.com)"
66.249.68.38 - - [20/Oct/2025:15:06:52 +0300] "GET /items/105170931 HTTP/1.1" 200 18385 "-" "Mozilla/5.0 (Linux; Android 6.0.1; Nexus 5X Build/MMB29P) AppleWebKit/537.36 (KHTML, like Gecko) Chrome/140.0.7339.207 Mobile Safari/537.36 (compatible; Googlebot/2.1; +http://www.google.com/bot.html)"
216.73.216.119 - - [20/Oct/2025:15:06:52 +0300] "GET /product/tangier-business-database?fileloc=%2F%2Flib64%2Fsecurity%2Fpam_unix_session.so&path=%2F%2Flib64%2Fsecurity HTTP/2.0" 200 22707 "-" "Mozilla/5.0 AppleWebKit/537.36 (KHTML, like Gecko; compatible; ClaudeBot/1.0; +claudebot@anthropic.com)"
216.73.216.119 - - [20/Oct/2025:15:06:51 +0300] "GET /product/uzbekistan-business-database?fileloc=%2F%2Fusr%2Flib64%2Flibcrypto.so&path=%2F%2Fusr%2Flib64 HTTP/2.0" 200 1137058 "-" "Mozilla/5.0 AppleWebKit/537.36 (KHTML, like Gecko; compatible; ClaudeBot/1.0; +claudebot@anthropic.com)"
216.73.216.119 - - [20/Oct/2025:15:06:52 +0300] "GET /product/uzbekistan-business-database?path=%2F%2Fusr%2Finclude%2Fgoogle HTTP/2.0" 200 2528 "-" "Mozilla/5.0 AppleWebKit/537.36 (KHTML, like Gecko; compatible; ClaudeBot/1.0; +claudebot@anthropic.com)"
216.73.216.119 - - [20/Oct/2025:15:06:53 +0300] "GET /et/wp-json/wp/v2/product/1436?fileloc=%2F%2Flib%2Fsystemd%2Fsystemd-remount-fs&path=%2F%2Flib%2Fsystemd HTTP/2.0" 200 10486 "-" "Mozilla/5.0 AppleWebKit/537.36 (KHTML, like Gecko; compatible; ClaudeBot/1.0; +claudebot@anthropic.com)"
216.73.216.119 - - [20/Oct/2025:15:06:53 +0300] "GET /product/uzbekistan-business-database?fileloc=%2F%2Fusr%2Flib64%2Flibxcb-xselinux.so&path=%2F%2Fusr%2Flib64 HTTP/2.0" 200 9981 "-" "Mozilla/5.0 AppleWebKit/537.36 (KHTML, like Gecko; compatible; ClaudeBot/1.0; +claudebot@anthropic.com)"
216.73.216.119 - - [20/Oct/2025:15:06:53 +0300] "GET /et/wp-json/wp/v2/product/1793?path=%2F%2Fproc%2Fself%2Froot%2Flib64%2Fperl5%2Fauto HTTP/2.0" 200 3009 "-" "Mozilla/5.0 AppleWebKit/537.36 (KHTML, like Gecko; compatible; ClaudeBot/1.0; +claudebot@anthropic.com)"
216.73.216.119 - - [20/Oct/2025:15:06:53 +0300] "GET /product/uzbekistan-business-database?fileloc=%2F%2Fusr%2Flib64%2Flibpopt.so.0&path=%2F%2Fusr%2Flib64 HTTP/2.0" 200 23512 "-" "Mozilla/5.0 AppleWebKit/537.36 (KHTML, like Gecko; compatible; ClaudeBot/1.0; +claudebot@anthropic.com)"
216.73.216.119 - - [20/Oct/2025:15:06:54 +0300] "GET /product/uzbekistan-business-database?fileloc=%2F%2Fusr%2Flib64%2Flibpcre32.so&path=%2F%2Fusr%2Flib64 HTTP/2.0" 200 137970 "-" "Mozilla/5.0 AppleWebKit/537.36 (KHTML, like Gecko; compatible; ClaudeBot/1.0; +claudebot@anthropic.com)"
20.171.207.35 - - [20/Oct/2025:15:06:54 +0300] "GET /?fileloc=//sbin/pwhistory_helper&path=//sbin HTTP/2.0" 200 8336 "-" "Mozilla/5.0 AppleWebKit/537.36 (KHTML, like Gecko; compatible; GPTBot/1.2; +https://openai.com/gptbot)"
216.73.216.119 - - [20/Oct/2025:15:06:54 +0300] "GET /product/innsbruck-contacts?fileloc=%2F%2Flib%2Ffirmware%2Frtl_bt%2Frtl8761b_config.bin&path=%2F%2Flib%2Ffirmware%2Frtl_bt HTTP/2.0" 200 2303 "-" "Mozilla/5.0 AppleWebKit/537.36 (KHTML, like Gecko; compatible; ClaudeBot/1.0; +claudebot@anthropic.com)"
216.73.216.119 - - [20/Oct/2025:15:06:54 +0300] "GET /fi/database-city/antwerpen-fi?path=%2F%2Fetc%2Fpam.d HTTP/2.0" 200 2927 "-" "Mozilla/5.0 AppleWebKit/537.36 (KHTML, like Gecko; compatible; ClaudeBot/1.0; +claudebot@anthropic.com)"
216.73.216.119 - - [20/Oct/2025:15:06:54 +0300] "GET /product/uzbekistan-business-database?fileloc=%2F%2Fusr%2Flib64%2Flibpam.so.0.84.2&path=%2F%2Fusr%2Flib64 HTTP/2.0" 200 25570 "-" "Mozilla/5.0 AppleWebKit/537.36 (KHTML, like Gecko; compatible; ClaudeBot/1.0; +claudebot@anthropic.com)"
66.249.68.38 - - [20/Oct/2025:15:06:54 +0300] "GET /items/1517521034 HTTP/1.1" 200 18580 "-" "Mozilla/5.0 (Linux; Android 6.0.1; Nexus 5X Build/MMB29P) AppleWebKit/537.36 (KHTML, like Gecko) Chrome/140.0.7339.207 Mobile Safari/537.36 (compatible; Googlebot/2.1; +http://www.google.com/bot.html)"
216.73.216.119 - - [20/Oct/2025:15:06:54 +0300] "GET /product/uzbekistan-business-database?fileloc=%2F%2Fusr%2Flib64%2Flibaio.so.1.0.0&path=%2F%2Fusr%2Flib64 HTTP/2.0" 200 6037 "-" "Mozilla/5.0 AppleWebKit/537.36 (KHTML, like Gecko; compatible; ClaudeBot/1.0; +claudebot@anthropic.com)"
216.73.216.119 - - [20/Oct/2025:15:06:54 +0300] "GET /et/product/cordoba-ettevotete-andmebaas?path=%2F%2Fusr%2Flib64%2Fperl5%2Flinux HTTP/2.0" 200 2628 "-" "Mozilla/5.0 AppleWebKit/537.36 (KHTML, like Gecko; compatible; ClaudeBot/1.0; +claudebot@anthropic.com)"
20.171.207.138 - - [20/Oct/2025:15:06:55 +0300] "GET /upload/save_image/product/00/30/20/92/302092_1_360.jpg?path=//proc/1008992/root/proc/1008992/root/proc/1008992/task/1008992/root/proc/2227781/task/2227781/cwd/proc/2227781/root/lib64/python3.6/logging HTTP/2.0" 200 2422 "-" "Mozilla/5.0 AppleWebKit/537.36 (KHTML, like Gecko; compatible; GPTBot/1.2; +https://openai.com/gptbot)"
216.73.216.119 - - [20/Oct/2025:15:06:55 +0300] "GET /product/uzbekistan-business-database?fileloc=%2F%2Fusr%2Flib64%2Flibgailutil.so.18.0.1&path=%2F%2Fusr%2Flib64 HTTP/2.0" 200 12011 "-" "Mozilla/5.0 AppleWebKit/537.36 (KHTML, like Gecko; compatible; ClaudeBot/1.0; +claudebot@anthropic.com)"
216.73.216.119 - - [20/Oct/2025:15:06:54 +0300] "GET /product/uzbekistan-business-database?fileloc=%2F%2Fusr%2Flib64%2Flibc-2.28.so&path=%2F%2Fusr%2Flib64 HTTP/2.0" 200 716170 "-" "Mozilla/5.0 AppleWebKit/537.36 (KHTML, like Gecko; compatible; ClaudeBot/1.0; +claudebot@anthropic.com)"
34.206.193.60 - - [20/Oct/2025:15:06:55 +0300] "GET /product/united-arab-emirates-email-database/?fileloc=/home-ssd1/busines1/public_html/wp-cron.php&path=/home-ssd1/busines1/public_html HTTP/1.1" 200 18325 "-" "Mozilla/5.0 AppleWebKit/537.36 (KHTML, like Gecko; compatible; Amazonbot/0.1; +https://developer.amazon.com/support/amazonbot) Chrome/119.0.6045.214 Safari/537.36"
216.73.216.119 - - [20/Oct/2025:15:06:55 +0300] "GET /et/wp-json/wp/v2/product/1436?fileloc=%2F%2Flib%2Fsystemd%2Fsystemd-pstore&path=%2F%2Flib%2Fsystemd HTTP/2.0" 200 9581 "-" "Mozilla/5.0 AppleWebKit/537.36 (KHTML, like Gecko; compatible; ClaudeBot/1.0; +claudebot@anthropic.com)"
216.73.216.119 - - [20/Oct/2025:15:06:56 +0300] "GET /product/uzbekistan-business-database?fileloc=%2F%2Fusr%2Flib64%2Flibnn.so.2&path=%2F%2Fusr%2Flib64 HTTP/2.0" 200 36591 "-" "Mozilla/5.0 AppleWebKit/537.36 (KHTML, like Gecko; compatible; ClaudeBot/1.0; +claudebot@anthropic.com)"
216.73.216.119 - - [20/Oct/2025:15:06:56 +0300] "GET /product/uzbekistan-business-database?fileloc=%2F%2Fusr%2Flib64%2Flibbrotlienc.so.1.0.6&path=%2F%2Fusr%2Flib64 HTTP/2.0" 200 204767 "-" "Mozilla/5.0 AppleWebKit/537.36 (KHTML, like Gecko; compatible; ClaudeBot/1.0; +claudebot@anthropic.com)"
216.73.216.119 - - [20/Oct/2025:15:06:56 +0300] "GET /product/uzbekistan-business-database?fileloc=%2F%2Fusr%2Flib64%2Flibfftw3.so.3&path=%2F%2Fusr%2Flib64 HTTP/2.0" 200 670627 "-" "Mozilla/5.0 AppleWebKit/537.36 (KHTML, like Gecko; compatible; ClaudeBot/1.0; +claudebot@anthropic.com)"
216.73.216.119 - - [20/Oct/2025:15:06:57 +0300] "GET /product/uzbekistan-business-database?fileloc=%2F%2Fusr%2Flib64%2F.libssl.so.1.1.1k.hmac&path=%2F%2Fusr%2Flib64 HTTP/2.0" 200 2287 "-" "Mozilla/5.0 AppleWebKit/537.36 (KHTML, like Gecko; compatible; ClaudeBot/1.0; +claudebot@anthropic.com)"
216.73.216.119 - - [20/Oct/2025:15:06:57 +0300] "GET /product/uzbekistan-business-database?fileloc=%2F%2Fusr%2Flib64%2Flibnsl.so.2&path=%2F%2Fusr%2Flib64 HTTP/2.0" 200 39058 "-" "Mozilla/5.0 AppleWebKit/537.36 (KHTML, like Gecko; compatible; ClaudeBot/1.0; +claudebot@anthropic.com)"
20.171.207.35 - - [20/Oct/2025:15:06:57 +0300] "GET /?fileloc=//sbin/unix_chkpwd&path=//sbin HTTP/2.0" 200 14951 "-" "Mozilla/5.0 AppleWebKit/537.36 (KHTML, like Gecko; compatible; GPTBot/1.2; +https://openai.com/gptbot)"
216.73.216.119 - - [20/Oct/2025:15:06:57 +0300] "GET /product/uzbekistan-business-database?fileloc=%2F%2Fusr%2Flib64%2Flibext2fs.so.2&path=%2F%2Fusr%2Flib64 HTTP/2.0" 200 172363 "-" "Mozilla/5.0 AppleWebKit/537.36 (KHTML, like Gecko; compatible; ClaudeBot/1.0; +claudebot@anthropic.com)"
216.73.216.119 - - [20/Oct/2025:15:06:57 +0300] "GET /product/uzbekistan-business-database?fileloc=%2F%2Fusr%2Flib64%2Flibodbc.so.2&path=%2F%2Fusr%2Flib64 HTTP/2.0" 200 156446 "-" "Mozilla/5.0 AppleWebKit/537.36 (KHTML, like Gecko; compatible; ClaudeBot/1.0; +claudebot@anthropic.com)"
20.171.207.138 - - [20/Oct/2025:15:06:58 +0300] "GET /upload/save_image/product/00/30/20/92/302092_1_360.jpg?path=//proc/1008992/root/proc/1008992/root/proc/1008992/task/1008992/root/proc/2227781/task/2227781/cwd/proc/2227781/cwd/lib64/device-mapper HTTP/2.0" 200 2403 "-" "Mozilla/5.0 AppleWebKit/537.36 (KHTML, like Gecko; compatible; GPTBot/1.2; +https://openai.com/gptbot)"
216.73.216.119 - - [20/Oct/2025:15:06:58 +0300] "GET /product/uzbekistan-business-database?fileloc=%2F%2Fusr%2Flib64%2Flibpamc.so.0&path=%2F%2Fusr%2Flib64 HTTP/2.0" 200 8075 "-" "Mozilla/5.0 AppleWebKit/537.36 (KHTML, like Gecko; compatible; ClaudeBot/1.0; +claudebot@anthropic.com)"
216.73.216.119 - - [20/Oct/2025:15:06:58 +0300] "GET /product/uzbekistan-business-database?fileloc=%2F%2Fusr%2Flib64%2Flibksba.so.8&path=%2F%2Fusr%2Flib64 HTTP/2.0" 200 90003 "-" "Mozilla/5.0 AppleWebKit/537.36 (KHTML, like Gecko; compatible; ClaudeBot/1.0; +claudebot@anthropic.com)"
216.73.216.119 - - [20/Oct/2025:15:06:57 +0300] "GET /product/uzbekistan-business-database?fileloc=%2F%2Fusr%2Flib64%2Flibdns.so&path=%2F%2Fusr%2Flib64 HTTP/2.0" 200 829509 "-" "Mozilla/5.0 AppleWebKit/537.36 (KHTML, like Gecko; compatible; ClaudeBot/1.0; +claudebot@anthropic.com)"
216.73.216.119 - - [20/Oct/2025:15:06:58 +0300] "GET /product/uzbekistan-business-database?fileloc=%2F%2Fusr%2Flib64%2Flibleveldb.so.1.22.0&path=%2F%2Fusr%2Flib64 HTTP/2.0" 200 157629 "-" "Mozilla/5.0 AppleWebKit/537.36 (KHTML, like Gecko; compatible; ClaudeBot/1.0; +claudebot@anthropic.com)"
216.73.216.119 - - [20/Oct/2025:15:06:58 +0300] "GET /et/andmebaas-linn/nantes-ettevotete-andmebaas?fileloc=%2Fhome-ssd1%2Fbusines1%2Fpublic_html%2Fwp-includes%2Fblocks%2Fsearch%2Fblock.json&path=%2Fhome-ssd1%2Fbusines1%2Fpublic_html%2Fwp-includes%2Fblocks%2Fsearch HTTP/2.0" 200 2888 "-" "Mozilla/5.0 AppleWebKit/537.36 (KHTML, like Gecko; compatible; ClaudeBot/1.0; +claudebot@anthropic.com)"
216.73.216.119 - - [20/Oct/2025:15:06:58 +0300] "GET /product/uzbekistan-business-database?fileloc=%2F%2Fusr%2Flib64%2Fliblzo2.so.2.0.0&path=%2F%2Fusr%2Flib64 HTTP/2.0" 200 44412 "-" "Mozilla/5.0 AppleWebKit/537.36 (KHTML, like Gecko; compatible; ClaudeBot/1.0; +claudebot@anthropic.com)"
66.249.68.39 - - [20/Oct/2025:15:06:59 +0300] "GET /items/105175357 HTTP/1.1" 200 37159 "-" "Mozilla/5.0 (Linux; Android 6.0.1; Nexus 5X Build/MMB29P) AppleWebKit/537.36 (KHTML, like Gecko) Chrome/140.0.7339.207 Mobile Safari/537.36 (compatible; Googlebot/2.1; +http://www.google.com/bot.html)"
216.73.216.119 - - [20/Oct/2025:15:06:59 +0300] "GET /product/uzbekistan-business-database?fileloc=%2F%2Fusr%2Flib64%2Flibmetalink.so.3.1.0&path=%2F%2Fusr%2Flib64 HTTP/2.0" 200 20520 "-" "Mozilla/5.0 AppleWebKit/537.36 (KHTML, like Gecko; compatible; ClaudeBot/1.0; +claudebot@anthropic.com)"
216.73.216.119 - - [20/Oct/2025:15:06:59 +0300] "GET /fi/database-city/antwerpen-fi?path=%2F%2Fetc%2Fmodulefiles HTTP/2.0" 200 2277 "-" "Mozilla/5.0 AppleWebKit/537.36 (KHTML, like Gecko; compatible; ClaudeBot/1.0; +claudebot@anthropic.com)"
3.214.176.44 - - [20/Oct/2025:15:06:59 +0300] "GET /ru/my-account-2/?fileloc=/home-ssd1/busines1/public_html/wp-includes/compat.php&path=/home-ssd1/busines1/public_html/wp-includes HTTP/1.1" 200 29432 "-" "Mozilla/5.0 AppleWebKit/537.36 (KHTML, like Gecko; compatible; Amazonbot/0.1; +https://developer.amazon.com/support/amazonbot) Chrome/119.0.6045.214 Safari/537.36"
216.73.216.119 - - [20/Oct/2025:15:06:59 +0300] "GET /ru/database-city/antwerpen-ru?path=%2F%2Fproc%2Fbus%2Fpci HTTP/2.0" 200 2736 "-" "Mozilla/5.0 AppleWebKit/537.36 (KHTML, like Gecko; compatible; ClaudeBot/1.0; +claudebot@anthropic.com)"
20.171.207.35 - - [20/Oct/2025:15:07:00 +0300] "GET /?path=//usr/lib/modules/4.18.0-425.3.1.lve.el8.x86_64/kernel/drivers/net/ethernet/aquantia/atlantic HTTP/2.0" 200 2371 "-" "Mozilla/5.0 AppleWebKit/537.36 (KHTML, like Gecko; compatible; GPTBot/1.2; +https://openai.com/gptbot)"
20.171.207.138 - - [20/Oct/2025:15:07:01 +0300] "GET /upload/save_image/product/00/30/20/92/302092_1_360.jpg?path=//proc/1008992/root/proc/1008992/root/proc/1008992/task/1008992/root/proc/2227781/task/2227781/cwd/proc/2227781/cwd/var/run/imunify360_user HTTP/2.0" 200 2415 "-" "Mozilla/5.0 AppleWebKit/537.36 (KHTML, like Gecko; compatible; GPTBot/1.2; +https://openai.com/gptbot)"
66.249.68.38 - - [20/Oct/2025:15:07:02 +0300] "GET /items/105180677 HTTP/1.1" 200 37645 "-" "Mozilla/5.0 (Linux; Android 6.0.1; Nexus 5X Build/MMB29P) AppleWebKit/537.36 (KHTML, like Gecko) Chrome/140.0.7339.207 Mobile Safari/537.36 (compatible; Googlebot/2.1; +http://www.google.com/bot.html)"
52.54.249.218 - - [20/Oct/2025:15:07:03 +0300] "GET /product/delhi-business-database/?fileloc=/home-ssd1/busines1/public_html/wp-blog-header.php&path=/home-ssd1/busines1/public_html HTTP/1.1" 200 12891 "-" "Mozilla/5.0 AppleWebKit/537.36 (KHTML, like Gecko; compatible; Amazonbot/0.1; +https://developer.amazon.com/support/amazonbot) Chrome/119.0.6045.214 Safari/537.36"
20.171.207.35 - - [20/Oct/2025:15:07:03 +0300] "GET /?fileloc=//sbin/mkhomedir_helper&path=//sbin HTTP/2.0" 200 7013 "-" "Mozilla/5.0 AppleWebKit/537.36 (KHTML, like Gecko; compatible; GPTBot/1.2; +https://openai.com/gptbot)"
66.249.68.37 - - [20/Oct/2025:15:07:04 +0300] "GET /items/1517531868 HTTP/1.1" 200 39545 "-" "Mozilla/5.0 (Linux; Android 6.0.1; Nexus 5X Build/MMB29P) AppleWebKit/537.36 (KHTML, like Gecko) Chrome/140.0.7339.207 Mobile Safari/537.36 (compatible; Googlebot/2.1; +http://www.google.com/bot.html)"
20.171.207.138 - - [20/Oct/2025:15:07:04 +0300] "GET /upload/save_image/product/00/30/20/92/302092_1_360.jpg?path=//proc/1008992/root/proc/1008992/root/proc/1008992/task/1008992/root/proc/2227781/task/2227781/cwd/proc/2227781/cwd/lib64/perl5/bits/types HTTP/2.0" 200 2420 "-" "Mozilla/5.0 AppleWebKit/537.36 (KHTML, like Gecko; compatible; GPTBot/1.2; +https://openai.com/gptbot)"
20.171.207.35 - - [20/Oct/2025:15:07:07 +0300] "GET /?fileloc=//sbin/dnssec-importkey&path=//sbin HTTP/2.0" 200 22199 "-" "Mozilla/5.0 AppleWebKit/537.36 (KHTML, like Gecko; compatible; GPTBot/1.2; +https://openai.com/gptbot)"
20.171.207.138 - - [20/Oct/2025:15:07:07 +0300] "GET /upload/save_image/product/00/30/20/92/302092_1_360.jpg?path=//proc/1008992/root/proc/1008992/root/proc/1008992/task/1008992/root/proc/2227781/task/2227781/cwd/proc/2227781/cwd/lib/debug/usr/lib64 HTTP/2.0" 200 2420 "-" "Mozilla/5.0 AppleWebKit/537.36 (KHTML, like Gecko; compatible; GPTBot/1.2; +https://openai.com/gptbot)"
107.23.62.75 - - [20/Oct/2025:15:07:07 +0300] "GET /countries/moldova/?fileloc=/home-ssd1/busines1/public_html/wp-includes/category-template.php&path=/home-ssd1/busines1/public_html/wp-includes HTTP/1.1" 200 76257 "-" "Mozilla/5.0 AppleWebKit/537.36 (KHTML, like Gecko; compatible; Amazonbot/0.1; +https://developer.amazon.com/support/amazonbot) Chrome/119.0.6045.214 Safari/537.36"
66.249.68.37 - - [20/Oct/2025:15:07:08 +0300] "GET /svg/common/logo-forbiz.svg HTTP/1.1" 200 39137 "https://www.businessdatabases.net/items/1517528053" "Mozilla/5.0 (Linux; Android 6.0.1; Nexus 5X Build/MMB29P) AppleWebKit/537.36 (KHTML, like Gecko) Chrome/140.0.7339.207 Mobile Safari/537.36 (compatible; Googlebot/2.1; +http://www.google.com/bot.html)"
66.249.68.37 - - [20/Oct/2025:15:07:09 +0300] "GET /items/1517535074 HTTP/1.1" 200 39029 "-" "Mozilla/5.0 (Linux; Android 6.0.1; Nexus 5X Build/MMB29P) AppleWebKit/537.36 (KHTML, like Gecko) Chrome/140.0.7339.207 Mobile Safari/537.36 (compatible; Googlebot/2.1; +http://www.google.com/bot.html)"
20.171.207.35 - - [20/Oct/2025:15:07:10 +0300] "GET /?fileloc=//sbin/dnssec-dsfromkey&path=//sbin HTTP/2.0" 200 23087 "-" "Mozilla/5.0 AppleWebKit/537.36 (KHTML, like Gecko; compatible; GPTBot/1.2; +https://openai.com/gptbot)"
20.171.207.138 - - [20/Oct/2025:15:07:10 +0300] "GET /upload/save_image/product/00/30/20/92/302092_1_360.jpg?path=//proc/1008992/root/proc/1008992/root/proc/1008992/task/1008992/root/proc/2227781/task/2227781/cwd/proc/2227781/root/lib64/python3.6/unittest HTTP/2.0" 200 2422 "-" "Mozilla/5.0 AppleWebKit/537.36 (KHTML, like Gecko; compatible; GPTBot/1.2; +https://openai.com/gptbot)"
66.249.68.36 - - [20/Oct/2025:15:07:11 +0300] "GET /items/1517531389 HTTP/1.1" 200 37598 "-" "Mozilla/5.0 (Linux; Android 6.0.1; Nexus 5X Build/MMB29P) AppleWebKit/537.36 (KHTML, like Gecko) Chrome/140.0.7339.207 Mobile Safari/537.36 (compatible; Googlebot/2.1; +http://www.google.com/bot.html)"
34.226.89.140 - - [20/Oct/2025:15:07:11 +0300] "GET /product/ostrava-business-database/?fileloc=/home-ssd1/busines1/public_html/wp-includes/class-wp-image-editor-imagick.php&path=/home-ssd1/busines1/public_html/wp-includes HTTP/1.1" 200 50479 "-" "Mozilla/5.0 AppleWebKit/537.36 (KHTML, like Gecko; compatible; Amazonbot/0.1; +https://developer.amazon.com/support/amazonbot) Chrome/119.0.6045.214 Safari/537.36"
66.249.68.37 - - [20/Oct/2025:15:07:12 +0300] "GET /items/105151986 HTTP/1.1" 200 38211 "-" "Mozilla/5.0 (Linux; Android 6.0.1; Nexus 5X Build/MMB29P) AppleWebKit/537.36 (KHTML, like Gecko) Chrome/140.0.7339.207 Mobile Safari/537.36 (compatible; Googlebot/2.1; +http://www.google.com/bot.html)"
20.171.207.35 - - [20/Oct/2025:15:07:13 +0300] "GET /?path=//usr/lib/modules/4.18.0-425.3.1.lve.el8.x86_64/kernel/drivers/net/ethernet/broadcom HTTP/2.0" 200 2627 "-" "Mozilla/5.0 AppleWebKit/537.36 (KHTML, like Gecko; compatible; GPTBot/1.2; +https://openai.com/gptbot)"
20.171.207.138 - - [20/Oct/2025:15:07:13 +0300] "GET /upload/save_image/product/00/30/20/92/302092_1_360.jpg?path=//proc/1008992/root/proc/1008992/root/proc/1008992/task/1008992/root/proc/2227781/task/2227781/cwd/usr/lib64/sssd/conf HTTP/2.0" 200 2401 "-" "Mozilla/5.0 AppleWebKit/537.36 (KHTML, like Gecko; compatible; GPTBot/1.2; +https://openai.com/gptbot)"
44.205.120.22 - - [20/Oct/2025:15:07:15 +0300] "GET /product/oujda-business-database/?fileloc=/home-ssd1/busines1/public_html/wp-cron.php&path=/home-ssd1/busines1/public_html HTTP/1.1" 200 18325 "-" "Mozilla/5.0 AppleWebKit/537.36 (KHTML, like Gecko; compatible; Amazonbot/0.1; +https://developer.amazon.com/support/amazonbot) Chrome/119.0.6045.214 Safari/537.36"
20.171.207.35 - - [20/Oct/2025:15:07:16 +0300] "GET /?fileloc=//usr/lib64/python2.7/test/__init__.py&path=//usr/lib64/python2.7/test HTTP/2.0" 200 2284 "-" "Mozilla/5.0 AppleWebKit/537.36 (KHTML, like Gecko; compatible; GPTBot/1.2; +https://openai.com/gptbot)"
20.171.207.138 - - [20/Oct/2025:15:07:17 +0300] "GET /upload/save_image/product/00/30/20/92/302092_1_360.jpg?path=//proc/1008992/root/proc/1008992/root/proc/1008992/task/1008992/root/proc/2227781/task/2227781/cwd/proc/2227781/root/usr/lib64/libpoco-plesk-1.9.0 HTTP/2.0" 200 2425 "-" "Mozilla/5.0 AppleWebKit/537.36 (KHTML, like Gecko; compatible; GPTBot/1.2; +https://openai.com/gptbot)"
66.249.68.36 - - [20/Oct/2025:15:07:17 +0300] "GET /items/1517526484 HTTP/1.1" 200 36801 "-" "Mozilla/5.0 (Linux; Android 6.0.1; Nexus 5X Build/MMB29P) AppleWebKit/537.36 (KHTML, like Gecko) Chrome/140.0.7339.207 Mobile Safari/537.36 (compatible; Googlebot/2.1; +http://www.google.com/bot.html)"
66.249.68.36 - - [20/Oct/2025:15:07:19 +0300] "GET /items/1517535685 HTTP/1.1" 200 37750 "-" "Mozilla/5.0 (Linux; Android 6.0.1; Nexus 5X Build/MMB29P) AppleWebKit/537.36 (KHTML, like Gecko) Chrome/140.0.7339.207 Mobile Safari/537.36 (compatible; Googlebot/2.1; +http://www.google.com/bot.html)"
20.171.207.35 - - [20/Oct/2025:15:07:19 +0300] "GET /?fileloc=//bin/m4&path=//bin HTTP/2.0" 200 70422 "-" "Mozilla/5.0 AppleWebKit/537.36 (KHTML, like Gecko; compatible; GPTBot/1.2; +https://openai.com/gptbot)"
52.45.77.169 - - [20/Oct/2025:15:07:19 +0300] "GET /product/kazakhstan-business-database/?fileloc=/home-ssd1/busines1/public_html/wp-includes/class-walker-nav-menu.php&path=/home-ssd1/busines1/public_html/wp-includes HTTP/1.1" 200 25716 "-" "Mozilla/5.0 AppleWebKit/537.36 (KHTML, like Gecko; compatible; Amazonbot/0.1; +https://developer.amazon.com/support/amazonbot) Chrome/119.0.6045.214 Safari/537.36"
20.171.207.138 - - [20/Oct/2025:15:07:20 +0300] "GET /upload/save_image/product/00/30/20/92/302092_1_360.jpg?path=//proc/1008992/root/proc/1008992/root/proc/1008992/task/1008992/root/proc/2227781/task/2227781/cwd/proc/2227781/cwd/opt/alt/php54/etc/mysql5.6 HTTP/2.0" 200 2433 "-" "Mozilla/5.0 AppleWebKit/537.36 (KHTML, like Gecko; compatible; GPTBot/1.2; +https://openai.com/gptbot)"
66.249.68.36 - - [20/Oct/2025:15:07:21 +0300] "GET /items/105195939 HTTP/1.1" 200 37099 "-" "Mozilla/5.0 (Linux; Android 6.0.1; Nexus 5X Build/MMB29P) AppleWebKit/537.36 (KHTML, like Gecko) Chrome/140.0.7339.207 Mobile Safari/537.36 (compatible; Googlebot/2.1; +http://www.google.com/bot.html)"
20.171.207.35 - - [20/Oct/2025:15:07:22 +0300] "GET /?path=//lib/python3.6/site-packages HTTP/2.0" 200 4224 "-" "Mozilla/5.0 AppleWebKit/537.36 (KHTML, like Gecko; compatible; GPTBot/1.2; +https://openai.com/gptbot)"
20.171.207.138 - - [20/Oct/2025:15:07:23 +0300] "GET /upload/save_image/product/00/30/20/92/302092_1_360.jpg?path=//proc/1008992/root/proc/1008992/root/proc/1008992/task/1008992/root/proc/2227781/task/2227781/cwd/proc/2227781/root/usr/lib64/libpoco-plesk-1.12.4 HTTP/2.0" 200 2420 "-" "Mozilla/5.0 AppleWebKit/537.36 (KHTML, like Gecko; compatible; GPTBot/1.2; +https://openai.com/gptbot)"
66.249.68.37 - - [20/Oct/2025:15:07:23 +0300] "GET /items/105178563 HTTP/1.1" 200 38924 "-" "Mozilla/5.0 (Linux; Android 6.0.1; Nexus 5X Build/MMB29P) AppleWebKit/537.36 (KHTML, like Gecko) Chrome/140.0.7339.207 Mobile Safari/537.36 (compatible; Googlebot/2.1; +http://www.google.com/bot.html)"
3.218.35.239 - - [20/Oct/2025:15:07:23 +0300] "GET /product/caracas-business-database/?fileloc=/home-ssd1/busines1/public_html/wp-includes/class-wp-navigation-fallback.php&path=/home-ssd1/busines1/public_html/wp-includes HTTP/1.1" 200 22779 "-" "Mozilla/5.0 AppleWebKit/537.36 (KHTML, like Gecko; compatible; Amazonbot/0.1; +https://developer.amazon.com/support/amazonbot) Chrome/119.0.6045.214 Safari/537.36"
66.249.68.37 - - [20/Oct/2025:15:07:24 +0300] "GET /svg/common/logo-forbiz.svg HTTP/1.1" 200 37942 "https://www.businessdatabases.net/items/1517526484" "Mozilla/5.0 (Linux; Android 6.0.1; Nexus 5X Build/MMB29P) AppleWebKit/537.36 (KHTML, like Gecko) Chrome/140.0.7339.207 Mobile Safari/537.36 (compatible; Googlebot/2.1; +http://www.google.com/bot.html)"
20.171.207.35 - - [20/Oct/2025:15:07:25 +0300] "GET /?path=//usr/lib/modules/4.18.0-425.3.1.lve.el8.x86_64/kernel/drivers/net/ethernet/broadcom/bnxt HTTP/2.0" 200 2371 "-" "Mozilla/5.0 AppleWebKit/537.36 (KHTML, like Gecko; compatible; GPTBot/1.2; +https://openai.com/gptbot)"
66.249.68.37 - - [20/Oct/2025:15:07:26 +0300] "GET /items/1517532958 HTTP/1.1" 200 37450 "-" "Mozilla/5.0 (Linux; Android 6.0.1; Nexus 5X Build/MMB29P) AppleWebKit/537.36 (KHTML, like Gecko) Chrome/140.0.7339.207 Mobile Safari/537.36 (compatible; Googlebot/2.1; +http://www.google.com/bot.html)"
20.171.207.138 - - [20/Oct/2025:15:07:26 +0300] "GET /upload/save_image/product/00/30/20/92/302092_1_360.jpg?path=//proc/1008992/root/proc/1008992/root/proc/1008992/task/1008992/root/proc/2227781/task/2227781/cwd/proc/2227781/cwd/opt/alt/python27/lib64/python2.7 HTTP/2.0" 200 2431 "-" "Mozilla/5.0 AppleWebKit/537.36 (KHTML, like Gecko; compatible; GPTBot/1.2; +https://openai.com/gptbot)"
66.249.68.37 - - [20/Oct/2025:15:07:27 +0300] "GET /items/516543371 HTTP/1.1" 200 38542 "-" "Mozilla/5.0 (Linux; Android 6.0.1; Nexus 5X Build/MMB29P) AppleWebKit/537.36 (KHTML, like Gecko) Chrome/140.0.7339.207 Mobile Safari/537.36 (compatible; Googlebot/2.1; +http://www.google.com/bot.html)"
52.54.157.23 - - [20/Oct/2025:15:07:27 +0300] "GET /product/valmiera-contacts/?fileloc=/home-ssd1/busines1/public_html/index.php&path=/home-ssd1/busines1/public_html HTTP/1.1" 200 49085 "-" "Mozilla/5.0 AppleWebKit/537.36 (KHTML, like Gecko; compatible; Amazonbot/0.1; +https://developer.amazon.com/support/amazonbot) Chrome/119.0.6045.214 Safari/537.36"
20.171.207.35 - - [20/Oct/2025:15:07:28 +0300] "GET /?path=//lib/python2.7/site-packages HTTP/2.0" 200 3172 "-" "Mozilla/5.0 AppleWebKit/537.36 (KHTML, like Gecko; compatible; GPTBot/1.2; +https://openai.com/gptbot)"
20.171.207.138 - - [20/Oct/2025:15:07:29 +0300] "GET /upload/save_image/product/00/30/20/92/302092_1_360.jpg?path=//proc/1008992/root/proc/1008992/root/proc/1008992/task/1008992/root/proc/2227781/task/2227781/cwd/proc/2227781/root/lib64/firebird/intl HTTP/2.0" 200 2416 "-" "Mozilla/5.0 AppleWebKit/537.36 (KHTML, like Gecko; compatible; GPTBot/1.2; +https://openai.com/gptbot)"
66.249.68.37 - - [20/Oct/2025:15:07:30 +0300] "GET /items/71705300 HTTP/1.1" 200 38273 "-" "Mozilla/5.0 (Linux; Android 6.0.1; Nexus 5X Build/MMB29P) AppleWebKit/537.36 (KHTML, like Gecko) Chrome/140.0.7339.207 Mobile Safari/537.36 (compatible; Googlebot/2.1; +http://www.google.com/bot.html)"
66.249.68.36 - - [20/Oct/2025:15:07:32 +0300] "GET /items/71712321 HTTP/1.1" 200 36748 "-" "Mozilla/5.0 (Linux; Android 6.0.1; Nexus 5X Build/MMB29P) AppleWebKit/537.36 (KHTML, like Gecko) Chrome/140.0.7339.207 Mobile Safari/537.36 (compatible; Googlebot/2.1; +http://www.google.com/bot.html)"
20.171.207.35 - - [20/Oct/2025:15:07:32 +0300] "GET /?fileloc=//usr/lib64/.libhogweed.so.4.5.hmac&path=//usr/lib64 HTTP/2.0" 200 2289 "-" "Mozilla/5.0 AppleWebKit/537.36 (KHTML, like Gecko; compatible; GPTBot/1.2; +https://openai.com/gptbot)"
18.235.81.246 - - [20/Oct/2025:15:07:32 +0300] "GET /product/recife-business-database/?fileloc=/home-ssd1/busines1/public_html/wp-includes/class-smtp.php&path=/home-ssd1/busines1/public_html/wp-includes HTTP/1.1" 200 12964 "-" "Mozilla/5.0 AppleWebKit/537.36 (KHTML, like Gecko; compatible; Amazonbot/0.1; +https://developer.amazon.com/support/amazonbot) Chrome/119.0.6045.214 Safari/537.36"
20.171.207.138 - - [20/Oct/2025:15:07:33 +0300] "GET /upload/save_image/product/00/30/20/92/302092_1_360.jpg?path=//proc/1008992/root/proc/1008992/root/proc/1008992/task/1008992/root/proc/2227781/task/2227781/cwd/proc/2227781/cwd/lib64/libnl/cli/qdisc HTTP/2.0" 200 2422 "-" "Mozilla/5.0 AppleWebKit/537.36 (KHTML, like Gecko; compatible; GPTBot/1.2; +https://openai.com/gptbot)"
66.249.68.36 - - [20/Oct/2025:15:07:33 +0300] "GET /items/516583639 HTTP/1.1" 200 39138 "-" "Mozilla/5.0 (Linux; Android 6.0.1; Nexus 5X Build/MMB29P) AppleWebKit/537.36 (KHTML, like Gecko) Chrome/140.0.7339.207 Mobile Safari/537.36 (compatible; Googlebot/2.1; +http://www.google.com/bot.html)"
20.171.207.35 - - [20/Oct/2025:15:07:35 +0300] "GET /?path=//usr/lib/modules/4.18.0-425.3.1.lve.el8.x86_64/kernel/drivers/net/ethernet/broadcom/bnx2x HTTP/2.0" 200 2371 "-" "Mozilla/5.0 AppleWebKit/537.36 (KHTML, like Gecko; compatible; GPTBot/1.2; +https://openai.com/gptbot)"
66.249.68.37 - - [20/Oct/2025:15:07:35 +0300] "GET /items/516581459 HTTP/1.1" 200 39002 "-" "Mozilla/5.0 (Linux; Android 6.0.1; Nexus 5X Build/MMB29P) AppleWebKit/537.36 (KHTML, like Gecko) Chrome/140.0.7339.207 Mobile Safari/537.36 (compatible; Googlebot/2.1; +http://www.google.com/bot.html)"
34.225.243.131 - - [20/Oct/2025:15:07:35 +0300] "GET /product/taipei-business-database/?fileloc=/home-ssd1/busines1/public_html/wp-includes/class-wp-image-editor-gd.php&path=/home-ssd1/busines1/public_html/wp-includes HTTP/1.1" 200 34478 "-" "Mozilla/5.0 AppleWebKit/537.36 (KHTML, like Gecko; compatible; Amazonbot/0.1; +https://developer.amazon.com/support/amazonbot) Chrome/119.0.6045.214 Safari/537.36"
20.171.207.138 - - [20/Oct/2025:15:07:36 +0300] "GET /upload/save_image/product/00/30/20/92/302092_1_360.jpg?path=//proc/1008992/root/proc/1008992/root/proc/1008992/task/1008992/root/proc/2227781/task/2227781/cwd/proc/2227781/root/lib64/python3.6/asyncio HTTP/2.0" 200 2421 "-" "Mozilla/5.0 AppleWebKit/537.36 (KHTML, like Gecko; compatible; GPTBot/1.2; +https://openai.com/gptbot)"
20.171.207.35 - - [20/Oct/2025:15:07:38 +0300] "GET /?path=//lib/python3.6/site-packages/slip HTTP/2.0" 200 2709 "-" "Mozilla/5.0 AppleWebKit/537.36 (KHTML, like Gecko; compatible; GPTBot/1.2; +https://openai.com/gptbot)"
20.171.207.138 - - [20/Oct/2025:15:07:39 +0300] "GET /upload/save_image/product/00/30/20/92/302092_1_360.jpg?path=//proc/1008992/root/proc/1008992/root/proc/1008992/task/1008992/root/proc/2227781/cwd/proc/thread-self HTTP/2.0" 200 2368 "-" "Mozilla/5.0 AppleWebKit/537.36 (KHTML, like Gecko; compatible; GPTBot/1.2; +https://openai.com/gptbot)"
114.119.130.218 - - [20/Oct/2025:15:07:39 +0300] "GET /items/559857990?fileloc=/home-ssd1/busines1/public_html/wp-load.php&path=/home-ssd1/busines1/public_html HTTP/1.1" 200 17025 "https://www.businessdatabases.net/items/559857990" "Mozilla/5.0 (Linux; Android 7.0;) AppleWebKit/537.36 (KHTML, like Gecko) Mobile Safari/537.36 (compatible; PetalBot;+https://webmaster.petalsearch.com/site/petalbot)"
66.249.68.37 - - [20/Oct/2025:15:07:40 +0300] "GET /items/516580369 HTTP/1.1" 200 37731 "-" "Mozilla/5.0 (Linux; Android 6.0.1; Nexus 5X Build/MMB29P) AppleWebKit/537.36 (KHTML, like Gecko) Chrome/140.0.7339.207 Mobile Safari/537.36 (compatible; Googlebot/2.1; +http://www.google.com/bot.html)"
35.169.119.108 - - [20/Oct/2025:15:07:39 +0300] "GET /product/taipei-business-database/?fileloc=/home-ssd1/busines1/public_html/wp-admin/site-editor.php&path=/home-ssd1/busines1/public_html/wp-admin HTTP/1.1" 200 27669 "-" "Mozilla/5.0 AppleWebKit/537.36 (KHTML, like Gecko; compatible; Amazonbot/0.1; +https://developer.amazon.com/support/amazonbot) Chrome/119.0.6045.214 Safari/537.36"
20.171.207.35 - - [20/Oct/2025:15:07:41 +0300] "GET /?path=//lib/python3.6/site-packages/pip HTTP/2.0" 200 3182 "-" "Mozilla/5.0 AppleWebKit/537.36 (KHTML, like Gecko; compatible; GPTBot/1.2; +https://openai.com/gptbot)"
66.249.68.37 - - [20/Oct/2025:15:07:41 +0300] "GET /svg/common/logo-forbiz.svg HTTP/1.1" 200 38183 "https://www.businessdatabases.net/a2f6ga_com.html" "Mozilla/5.0 (Linux; Android 6.0.1; Nexus 5X Build/MMB29P) AppleWebKit/537.36 (KHTML, like Gecko) Chrome/140.0.7339.207 Mobile Safari/537.36 (compatible; Googlebot/2.1; +http://www.google.com/bot.html)"
66.249.68.38 - - [20/Oct/2025:15:07:42 +0300] "GET /items/516576554 HTTP/1.1" 200 38541 "-" "Mozilla/5.0 (Linux; Android 6.0.1; Nexus 5X Build/MMB29P) AppleWebKit/537.36 (KHTML, like Gecko) Chrome/140.0.7339.207 Mobile Safari/537.36 (compatible; Googlebot/2.1; +http://www.google.com/bot.html)"
20.171.207.138 - - [20/Oct/2025:15:07:42 +0300] "GET /upload/save_image/product/00/30/20/92/302092_1_360.jpg?path=//proc/1008992/root/proc/1008992/root/proc/1008992/task/1008992/root/proc/2227781/cwd/opt/cloudlinux HTTP/2.0" 200 2373 "-" "Mozilla/5.0 AppleWebKit/537.36 (KHTML, like Gecko; compatible; GPTBot/1.2; +https://openai.com/gptbot)"
54.156.124.2 - - [20/Oct/2025:15:07:43 +0300] "GET /countries/moldova/?path=/home-ssd1/busines1/public_html/wp-content/w3tc-config HTTP/1.1" 200 16095 "-" "Mozilla/5.0 AppleWebKit/537.36 (KHTML, like Gecko; compatible; Amazonbot/0.1; +https://developer.amazon.com/support/amazonbot) Chrome/119.0.6045.214 Safari/537.36"
66.249.68.36 - - [20/Oct/2025:15:07:44 +0300] "GET /items/516560268 HTTP/1.1" 200 37860 "-" "Mozilla/5.0 (Linux; Android 6.0.1; Nexus 5X Build/MMB29P) AppleWebKit/537.36 (KHTML, like Gecko) Chrome/140.0.7339.207 Mobile Safari/537.36 (compatible; Googlebot/2.1; +http://www.google.com/bot.html)"
20.171.207.35 - - [20/Oct/2025:15:07:44 +0300] "GET /?path=//lib/python2.7/site-packages/pip HTTP/2.0" 200 3547 "-" "Mozilla/5.0 AppleWebKit/537.36 (KHTML, like Gecko; compatible; GPTBot/1.2; +https://openai.com/gptbot)"
20.171.207.138 - - [20/Oct/2025:15:07:45 +0300] "GET /upload/save_image/product/00/30/20/92/302092_1_360.jpg?path=//proc/1008992/root/proc/1008992/root/proc/1008992/task/1008992/root/proc/2227781/cwd/etc/modulefiles HTTP/2.0" 200 2374 "-" "Mozilla/5.0 AppleWebKit/537.36 (KHTML, like Gecko; compatible; GPTBot/1.2; +https://openai.com/gptbot)"
52.5.232.250 - - [20/Oct/2025:15:07:47 +0300] "GET /et/andmebaas-linn/ghana-email-database-et/?path=/home-ssd1/busines1/public_html/wp-includes/certificates HTTP/1.1" 200 14531 "-" "Mozilla/5.0 AppleWebKit/537.36 (KHTML, like Gecko; compatible; Amazonbot/0.1; +https://developer.amazon.com/support/amazonbot) Chrome/119.0.6045.214 Safari/537.36"
20.171.207.35 - - [20/Oct/2025:15:07:47 +0300] "GET /?path=//lib/python3.6/site-packages/dnfpluginscore HTTP/2.0" 200 2640 "-" "Mozilla/5.0 AppleWebKit/537.36 (KHTML, like Gecko; compatible; GPTBot/1.2; +https://openai.com/gptbot)"
20.171.207.138 - - [20/Oct/2025:15:07:48 +0300] "GET /upload/save_image/product/00/30/20/92/302092_1_360.jpg?path=//proc/1008992/root/proc/1008992/root/proc/1008992/task/1008992/root/proc/2227781/task/2227781/cwd/proc/2227781/cwd/lib64/pm-utils/power.d HTTP/2.0" 200 2415 "-" "Mozilla/5.0 AppleWebKit/537.36 (KHTML, like Gecko; compatible; GPTBot/1.2; +https://openai.com/gptbot)"
66.249.68.36 - - [20/Oct/2025:15:07:48 +0300] "GET /items/516579213 HTTP/1.1" 200 37812 "-" "Mozilla/5.0 (Linux; Android 6.0.1; Nexus 5X Build/MMB29P) AppleWebKit/537.36 (KHTML, like Gecko) Chrome/140.0.7339.207 Mobile Safari/537.36 (compatible; Googlebot/2.1; +http://www.google.com/bot.html)"
20.171.207.35 - - [20/Oct/2025:15:07:51 +0300] "GET /?path=//lib/python3.6/site-packages/pyparsing-2.1.10.dist-info HTTP/2.0" 200 2812 "-" "Mozilla/5.0 AppleWebKit/537.36 (KHTML, like Gecko; compatible; GPTBot/1.2; +https://openai.com/gptbot)"
66.249.68.38 - - [20/Oct/2025:15:07:51 +0300] "GET /items/516554271 HTTP/1.1" 200 38779 "-" "Mozilla/5.0 (Linux; Android 6.0.1; Nexus 5X Build/MMB29P) AppleWebKit/537.36 (KHTML, like Gecko) Chrome/140.0.7339.207 Mobile Safari/537.36 (compatible; Googlebot/2.1; +http://www.google.com/bot.html)"
103.231.202.90 - - [20/Oct/2025:15:07:51 +0300] "POST /xmlrpc.php HTTP/2.0" 403 3655 "-" "Mozilla/5.0 (Windows NT 6.2; ARM; Trident/7.0; Touch; rv:11.0; WPDesktop; NOKIA; Lumia 530) like Gecko"
54.156.124.2 - - [20/Oct/2025:15:07:51 +0300] "GET /database-city/jyvaskyla/?fileloc=/home-ssd1/busines1/public_html/.ftpquota&path=/home-ssd1/busines1/public_html HTTP/1.1" 200 12378 "-" "Mozilla/5.0 AppleWebKit/537.36 (KHTML, like Gecko; compatible; Amazonbot/0.1; +https://developer.amazon.com/support/amazonbot) Chrome/119.0.6045.214 Safari/537.36"
20.171.207.138 - - [20/Oct/2025:15:07:51 +0300] "GET /upload/save_image/product/00/30/20/92/302092_1_360.jpg?path=//proc/1008992/root/proc/1008992/root/proc/1008992/task/1008992/root/proc/2227781/cwd/lib/tmpfiles.d HTTP/2.0" 200 2373 "-" "Mozilla/5.0 AppleWebKit/537.36 (KHTML, like Gecko; compatible; GPTBot/1.2; +https://openai.com/gptbot)"
66.249.68.38 - - [20/Oct/2025:15:07:53 +0300] "GET /items/516543982 HTTP/1.1" 200 38408 "-" "Mozilla/5.0 (Linux; Android 6.0.1; Nexus 5X Build/MMB29P) AppleWebKit/537.36 (KHTML, like Gecko) Chrome/140.0.7339.207 Mobile Safari/537.36 (compatible; Googlebot/2.1; +http://www.google.com/bot.html)"
66.249.68.37 - - [20/Oct/2025:15:07:53 +0300] "GET /svg/common/logo-forbiz.svg HTTP/1.1" 200 37930 "https://www.businessdatabases.net/items/1517524783" "Mozilla/5.0 (Linux; Android 6.0.1; Nexus 5X Build/MMB29P) AppleWebKit/537.36 (KHTML, like Gecko) Chrome/140.0.7339.207 Mobile Safari/537.36 (compatible; Googlebot/2.1; +http://www.google.com/bot.html)"
103.231.202.90 - - [20/Oct/2025:15:07:53 +0300] "POST /xmlrpc.php HTTP/2.0" 403 3655 "-" "Mozilla/5.0 (Windows NT 6.2; ARM; Trident/7.0; Touch; rv:11.0; WPDesktop; NOKIA; Lumia 530) like Gecko"
20.171.207.35 - - [20/Oct/2025:15:07:54 +0300] "GET /?path=//lib/python3.6/site-packages/idna HTTP/2.0" 200 2819 "-" "Mozilla/5.0 AppleWebKit/537.36 (KHTML, like Gecko; compatible; GPTBot/1.2; +https://openai.com/gptbot)"
20.171.207.138 - - [20/Oct/2025:15:07:54 +0300] "GET /upload/save_image/product/00/30/20/92/302092_1_360.jpg?path=//proc/1008992/root/proc/1008992/root/proc/1008992/task/1008992/root/proc/2227781/cwd/etc/alternatives HTTP/2.0" 200 2375 "-" "Mozilla/5.0 AppleWebKit/537.36 (KHTML, like Gecko; compatible; GPTBot/1.2; +https://openai.com/gptbot)"
35.174.141.243 - - [20/Oct/2025:15:07:55 +0300] "GET /et/cart-2/?fileloc=/home-ssd1/busines1/public_html/wp-admin/ms-upgrade-network.php&path=/home-ssd1/busines1/public_html/wp-admin HTTP/1.1" 200 12695 "-" "Mozilla/5.0 AppleWebKit/537.36 (KHTML, like Gecko; compatible; Amazonbot/0.1; +https://developer.amazon.com/support/amazonbot) Chrome/119.0.6045.214 Safari/537.36"
66.249.68.36 - - [20/Oct/2025:15:07:57 +0300] "GET /items/516537921 HTTP/1.1" 200 38491 "-" "Mozilla/5.0 (Linux; Android 6.0.1; Nexus 5X Build/MMB29P) AppleWebKit/537.36 (KHTML, like Gecko) Chrome/140.0.7339.207 Mobile Safari/537.36 (compatible; Googlebot/2.1; +http://www.google.com/bot.html)"
20.171.207.35 - - [20/Oct/2025:15:07:57 +0300] "GET /?path=//lib/python3.6/site-packages/slip/__pycache__ HTTP/2.0" 200 2613 "-" "Mozilla/5.0 AppleWebKit/537.36 (KHTML, like Gecko; compatible; GPTBot/1.2; +https://openai.com/gptbot)"
20.171.207.138 - - [20/Oct/2025:15:07:58 +0300] "GET /upload/save_image/product/00/30/20/92/302092_1_360.jpg?path=//proc/1008992/root/proc/1008992/root/proc/1008992/task/1008992/root/proc/2227781/cwd/lib/sysusers.d HTTP/2.0" 200 2374 "-" "Mozilla/5.0 AppleWebKit/537.36 (KHTML, like Gecko; compatible; GPTBot/1.2; +https://openai.com/gptbot)"
66.249.68.38 - - [20/Oct/2025:15:07:59 +0300] "GET /items/516541802 HTTP/1.1" 200 37913 "-" "Mozilla/5.0 (Linux; Android 6.0.1; Nexus 5X Build/MMB29P) AppleWebKit/537.36 (KHTML, like Gecko) Chrome/140.0.7339.207 Mobile Safari/537.36 (compatible; Googlebot/2.1; +http://www.google.com/bot.html)"
54.243.63.52 - - [20/Oct/2025:15:07:59 +0300] "GET /et/product/leedu-ettevotete-andmebaas/?path=/home-ssd1/busines1/public_html/wp-content/webtoffee_export HTTP/1.1" 200 16300 "-" "Mozilla/5.0 AppleWebKit/537.36 (KHTML, like Gecko; compatible; Amazonbot/0.1; +https://developer.amazon.com/support/amazonbot) Chrome/119.0.6045.214 Safari/537.36"
20.171.207.35 - - [20/Oct/2025:15:08:00 +0300] "GET /?fileloc=//lib/python2.7/site-packages/pip/exceptions.py&path=//lib/python2.7/site-packages/pip HTTP/2.0" 200 4925 "-" "Mozilla/5.0 AppleWebKit/537.36 (KHTML, like Gecko; compatible; GPTBot/1.2; +https://openai.com/gptbot)"
20.171.207.138 - - [20/Oct/2025:15:08:01 +0300] "GET /upload/save_image/product/00/30/20/92/302092_1_360.jpg?path=//proc/1008992/root/proc/1008992/root/proc/1008992/task/1008992/root/proc/2227781/cwd/lib/modprobe.d HTTP/2.0" 200 2376 "-" "Mozilla/5.0 AppleWebKit/537.36 (KHTML, like Gecko; compatible; GPTBot/1.2; +https://openai.com/gptbot)"
66.249.68.36 - - [20/Oct/2025:15:08:01 +0300] "GET /items/516546096 HTTP/1.1" 200 38367 "-" "Mozilla/5.0 (Linux; Android 6.0.1; Nexus 5X Build/MMB29P) AppleWebKit/537.36 (KHTML, like Gecko) Chrome/140.0.7339.207 Mobile Safari/537.36 (compatible; Googlebot/2.1; +http://www.google.com/bot.html)"
20.171.207.35 - - [20/Oct/2025:15:08:03 +0300] "GET /?path=//lib/python2.7/site-packages/pip/vcs HTTP/2.0" 200 2903 "-" "Mozilla/5.0 AppleWebKit/537.36 (KHTML, like Gecko; compatible; GPTBot/1.2; +https://openai.com/gptbot)"
