66.249.68.37 - - [20/Oct/2025:15:21:12 +0300] "GET /items/415280948 HTTP/1.1" 200 37954 "-" "Mozilla/5.0 (Linux; Android 6.0.1; Nexus 5X Build/MMB29P) AppleWebKit/537.36 (KHTML, like Gecko) Chrome/140.0.7339.207 Mobile Safari/537.36 (compatible; Googlebot/2.1; +http://www.google.com/bot.html)"
34.226.89.140 - - [20/Oct/2025:15:21:12 +0300] "GET /product/austin-business-database/?path=/home-ssd1/busines1/public_html/wp-includes/l10n HTTP/1.1" 200 22733 "-" "Mozilla/5.0 AppleWebKit/537.36 (KHTML, like Gecko; compatible; Amazonbot/0.1; +https://developer.amazon.com/support/amazonbot) Chrome/119.0.6045.214 Safari/537.36"
20.171.207.35 - - [20/Oct/2025:15:21:12 +0300] "GET /?path=//usr/lib64/perl5/vendor_perl/Data HTTP/2.0" 200 2573 "-" "Mozilla/5.0 AppleWebKit/537.36 (KHTML, like Gecko; compatible; GPTBot/1.2; +https://openai.com/gptbot)"
20.171.207.138 - - [20/Oct/2025:15:21:13 +0300] "GET /upload/save_image/product/00/30/20/92/302092_1_360.jpg?path=//proc/1008992/root/proc/1008992/root/proc/1008992/task/1008992/root/proc/2227781/cwd/usr/lib64/sa HTTP/2.0" 200 2382 "-" "Mozilla/5.0 AppleWebKit/537.36 (KHTML, like Gecko; compatible; GPTBot/1.2; +https://openai.com/gptbot)"
66.249.68.36 - - [20/Oct/2025:15:21:15 +0300] "GET /items/415272773 HTTP/1.1" 200 38907 "-" "Mozilla/5.0 (Linux; Android 6.0.1; Nexus 5X Build/MMB29P) AppleWebKit/537.36 (KHTML, like Gecko) Chrome/140.0.7339.207 Mobile Safari/537.36 (compatible; Googlebot/2.1; +http://www.google.com/bot.html)"
20.171.207.35 - - [20/Oct/2025:15:21:15 +0300] "GET /?path=//usr/lib64/perl5/vendor_perl/Term HTTP/2.0" 200 2574 "-" "Mozilla/5.0 AppleWebKit/537.36 (KHTML, like Gecko; compatible; GPTBot/1.2; +https://openai.com/gptbot)"
23.22.59.87 - - [20/Oct/2025:15:21:15 +0300] "GET /database-city/leuven/?path=/home-ssd1/busines1/public_html/.well-known HTTP/1.1" 200 17255 "-" "Mozilla/5.0 AppleWebKit/537.36 (KHTML, like Gecko; compatible; Amazonbot/0.1; +https://developer.amazon.com/support/amazonbot) Chrome/119.0.6045.214 Safari/537.36"
20.171.207.138 - - [20/Oct/2025:15:21:16 +0300] "GET /upload/save_image/product/00/30/20/92/302092_1_360.jpg?path=//proc/1008992/root/proc/1008992/root/proc/1008992/task/1008992/root/proc/2227781/cwd/usr/lib64/pkcs11 HTTP/2.0" 200 2384 "-" "Mozilla/5.0 AppleWebKit/537.36 (KHTML, like Gecko; compatible; GPTBot/1.2; +https://openai.com/gptbot)"
66.249.68.36 - - [20/Oct/2025:15:21:18 +0300] "GET /items/850978698 HTTP/1.1" 200 38108 "-" "Mozilla/5.0 (Linux; Android 6.0.1; Nexus 5X Build/MMB29P) AppleWebKit/537.36 (KHTML, like Gecko) Chrome/140.0.7339.207 Mobile Safari/537.36 (compatible; Googlebot/2.1; +http://www.google.com/bot.html)"
20.171.207.138 - - [20/Oct/2025:15:21:19 +0300] "GET /upload/save_image/product/00/30/20/92/302092_1_360.jpg?path=//proc/1008992/root/proc/1008992/root/proc/1008992/task/1008992/root/proc/2227781/cwd/usr/lib64/nss HTTP/2.0" 200 2383 "-" "Mozilla/5.0 AppleWebKit/537.36 (KHTML, like Gecko; compatible; GPTBot/1.2; +https://openai.com/gptbot)"
66.249.68.36 - - [20/Oct/2025:15:21:19 +0300] "GET /items/1310136228 HTTP/1.1" 200 39072 "-" "Mozilla/5.0 (Linux; Android 6.0.1; Nexus 5X Build/MMB29P) AppleWebKit/537.36 (KHTML, like Gecko) Chrome/140.0.7339.207 Mobile Safari/537.36 (compatible; Googlebot/2.1; +http://www.google.com/bot.html)"
20.171.207.35 - - [20/Oct/2025:15:21:18 +0300] "GET /?fileloc=//usr/lib64/liblapack.so.3.8&path=//usr/lib64 HTTP/2.0" 200 2653662 "-" "Mozilla/5.0 AppleWebKit/537.36 (KHTML, like Gecko; compatible; GPTBot/1.2; +https://openai.com/gptbot)"
18.232.12.157 - - [20/Oct/2025:15:21:21 +0300] "GET /database-city/quebec/?path=/home-ssd1/busines1/public_html/.well-known HTTP/1.1" 200 17255 "-" "Mozilla/5.0 AppleWebKit/537.36 (KHTML, like Gecko; compatible; Amazonbot/0.1; +https://developer.amazon.com/support/amazonbot) Chrome/119.0.6045.214 Safari/537.36"
20.171.207.35 - - [20/Oct/2025:15:21:21 +0300] "GET /?path=//usr/lib64/perl5/vendor_perl/File HTTP/2.0" 200 2635 "-" "Mozilla/5.0 AppleWebKit/537.36 (KHTML, like Gecko; compatible; GPTBot/1.2; +https://openai.com/gptbot)"
20.171.207.138 - - [20/Oct/2025:15:21:22 +0300] "GET /upload/save_image/product/00/30/20/92/302092_1_360.jpg?path=//proc/1008992/root/proc/1008992/root/proc/1008992/task/1008992/root/proc/2227781/cwd/usr/lib64/krb5 HTTP/2.0" 200 2382 "-" "Mozilla/5.0 AppleWebKit/537.36 (KHTML, like Gecko; compatible; GPTBot/1.2; +https://openai.com/gptbot)"
66.249.68.36 - - [20/Oct/2025:15:21:22 +0300] "GET /items/804391462 HTTP/1.1" 200 37169 "-" "Mozilla/5.0 (Linux; Android 6.0.1; Nexus 5X Build/MMB29P) AppleWebKit/537.36 (KHTML, like Gecko) Chrome/140.0.7339.207 Mobile Safari/537.36 (compatible; Googlebot/2.1; +http://www.google.com/bot.html)"
66.249.68.36 - - [20/Oct/2025:15:21:24 +0300] "GET /items/850962478 HTTP/1.1" 200 38536 "-" "Mozilla/5.0 (Linux; Android 6.0.1; Nexus 5X Build/MMB29P) AppleWebKit/537.36 (KHTML, like Gecko) Chrome/140.0.7339.207 Mobile Safari/537.36 (compatible; Googlebot/2.1; +http://www.google.com/bot.html)"
52.71.216.196 - - [20/Oct/2025:15:21:23 +0300] "GET /database-city/istanbul/?path=/home-ssd1/busines1/public_html/.well-known HTTP/1.1" 200 17255 "-" "Mozilla/5.0 AppleWebKit/537.36 (KHTML, like Gecko; compatible; Amazonbot/0.1; +https://developer.amazon.com/support/amazonbot) Chrome/119.0.6045.214 Safari/537.36"
20.171.207.35 - - [20/Oct/2025:15:21:24 +0300] "GET /?path=//lib64/perl5/vendor_perl/DBD/File HTTP/2.0" 200 2648 "-" "Mozilla/5.0 AppleWebKit/537.36 (KHTML, like Gecko; compatible; GPTBot/1.2; +https://openai.com/gptbot)"
20.171.207.138 - - [20/Oct/2025:15:21:25 +0300] "GET /upload/save_image/product/00/30/20/92/302092_1_360.jpg?path=//proc/1008992/root/proc/1008992/root/proc/1008992/task/1008992/root/proc/2227781/cwd/lib64/cmake HTTP/2.0" 200 2373 "-" "Mozilla/5.0 AppleWebKit/537.36 (KHTML, like Gecko; compatible; GPTBot/1.2; +https://openai.com/gptbot)"
114.119.130.218 - - [20/Oct/2025:15:21:26 +0300] "GET /items/559882451?fileloc=/home-ssd1/busines1/public_html/robots.txt&path=/home-ssd1/busines1/public_html HTTP/1.1" 200 12780 "https://www.businessdatabases.net/items/559882451" "Mozilla/5.0 (Linux; Android 7.0;) AppleWebKit/537.36 (KHTML, like Gecko) Mobile Safari/537.36 (compatible; PetalBot;+https://webmaster.petalsearch.com/site/petalbot)"
66.249.66.162 - - [20/Oct/2025:15:21:27 +0300] "GET /items/850989119 HTTP/1.1" 200 37185 "-" "Mozilla/5.0 (Linux; Android 6.0.1; Nexus 5X Build/MMB29P) AppleWebKit/537.36 (KHTML, like Gecko) Chrome/140.0.7339.207 Mobile Safari/537.36 (compatible; Googlebot/2.1; +http://www.google.com/bot.html)"
20.171.207.35 - - [20/Oct/2025:15:21:28 +0300] "GET /?path=//usr/lib64/python2.7/Demo/xml HTTP/2.0" 200 2752 "-" "Mozilla/5.0 AppleWebKit/537.36 (KHTML, like Gecko; compatible; GPTBot/1.2; +https://openai.com/gptbot)"
20.171.207.138 - - [20/Oct/2025:15:21:29 +0300] "GET /upload/save_image/product/00/30/20/92/302092_1_360.jpg?path=//proc/1008992/root/proc/1008992/root/proc/1008992/task/1008992/root/proc/2227781/cwd/usr/lib64/ldb HTTP/2.0" 200 2382 "-" "Mozilla/5.0 AppleWebKit/537.36 (KHTML, like Gecko; compatible; GPTBot/1.2; +https://openai.com/gptbot)"
66.249.68.36 - - [20/Oct/2025:15:21:30 +0300] "GET /items/850951642 HTTP/1.1" 200 37656 "-" "Mozilla/5.0 (Linux; Android 6.0.1; Nexus 5X Build/MMB29P) AppleWebKit/537.36 (KHTML, like Gecko) Chrome/140.0.7339.207 Mobile Safari/537.36 (compatible; Googlebot/2.1; +http://www.google.com/bot.html)"
20.171.207.35 - - [20/Oct/2025:15:21:31 +0300] "GET /?fileloc=//usr/lib64/libwebpdecoder.so&path=//usr/lib64 HTTP/2.0" 200 89304 "-" "Mozilla/5.0 AppleWebKit/537.36 (KHTML, like Gecko; compatible; GPTBot/1.2; +https://openai.com/gptbot)"
18.235.158.19 - - [20/Oct/2025:15:21:31 +0300] "GET /product/frankfurt-contacts/?path=/home-ssd1 HTTP/1.1" 200 13959 "-" "Mozilla/5.0 AppleWebKit/537.36 (KHTML, like Gecko; compatible; Amazonbot/0.1; +https://developer.amazon.com/support/amazonbot) Chrome/119.0.6045.214 Safari/537.36"
20.171.207.138 - - [20/Oct/2025:15:21:32 +0300] "GET /upload/save_image/product/00/30/20/92/302092_1_360.jpg?path=//proc/1008992/root/proc/1008992/root/proc/1008992/task/1008992/root/proc/2227781/cwd/lib64/pdns HTTP/2.0" 200 2373 "-" "Mozilla/5.0 AppleWebKit/537.36 (KHTML, like Gecko; compatible; GPTBot/1.2; +https://openai.com/gptbot)"
23.21.227.240 - - [20/Oct/2025:15:21:32 +0300] "GET /product/villach-contacts/?path=/home-ssd1/busines1/public_html/wp-content/themes HTTP/1.1" 200 20386 "-" "Mozilla/5.0 AppleWebKit/537.36 (KHTML, like Gecko; compatible; Amazonbot/0.1; +https://developer.amazon.com/support/amazonbot) Chrome/119.0.6045.214 Safari/537.36"
66.249.68.37 - - [20/Oct/2025:15:21:34 +0300] "GET /items/850993415 HTTP/1.1" 200 37184 "-" "Mozilla/5.0 (Linux; Android 6.0.1; Nexus 5X Build/MMB29P) AppleWebKit/537.36 (KHTML, like Gecko) Chrome/140.0.7339.207 Mobile Safari/537.36 (compatible; Googlebot/2.1; +http://www.google.com/bot.html)"
20.171.207.35 - - [20/Oct/2025:15:21:34 +0300] "GET /?fileloc=//proc/1040995/root/proc/self/root/usr/include/xcb/shm.h&path=//proc/1040995/root/proc/self/root/usr/include/xcb HTTP/2.0" 200 2286 "-" "Mozilla/5.0 AppleWebKit/537.36 (KHTML, like Gecko; compatible; GPTBot/1.2; +https://openai.com/gptbot)"
40.77.167.55 - - [20/Oct/2025:15:21:35 +0300] "GET /safe_search/config?return_url=%2Fproduct%2Fdetail%2FB564140016 HTTP/2.0" 200 17 "-" "Mozilla/5.0 AppleWebKit/537.36 (KHTML, like Gecko; compatible; bingbot/2.0; +http://www.bing.com/bingbot.htm) Chrome/116.0.1938.76 Safari/537.36"
20.171.207.138 - - [20/Oct/2025:15:21:35 +0300] "GET /upload/save_image/product/00/30/20/92/302092_1_360.jpg?path=//proc/1008992/root/proc/1008992/root/proc/1008992/task/1008992/root/proc/2227781/cwd/lib64/apache2 HTTP/2.0" 200 2373 "-" "Mozilla/5.0 AppleWebKit/537.36 (KHTML, like Gecko; compatible; GPTBot/1.2; +https://openai.com/gptbot)"
66.249.68.37 - - [20/Oct/2025:15:21:35 +0300] "GET /items/1000650657 HTTP/1.1" 200 38171 "-" "Mozilla/5.0 (Linux; Android 6.0.1; Nexus 5X Build/MMB29P) AppleWebKit/537.36 (KHTML, like Gecko) Chrome/140.0.7339.207 Mobile Safari/537.36 (compatible; Googlebot/2.1; +http://www.google.com/bot.html)"
54.159.18.27 - - [20/Oct/2025:15:21:36 +0300] "GET /product/bangladesh-email-database/?path=/home-ssd1/busines1/public_html/.tmb HTTP/1.1" 200 48090 "-" "Mozilla/5.0 AppleWebKit/537.36 (KHTML, like Gecko; compatible; Amazonbot/0.1; +https://developer.amazon.com/support/amazonbot) Chrome/119.0.6045.214 Safari/537.36"
66.249.68.37 - - [20/Oct/2025:15:21:36 +0300] "GET /items/1310099907 HTTP/1.1" 200 39446 "-" "Mozilla/5.0 (Linux; Android 6.0.1; Nexus 5X Build/MMB29P) AppleWebKit/537.36 (KHTML, like Gecko) Chrome/140.0.7339.207 Mobile Safari/537.36 (compatible; Googlebot/2.1; +http://www.google.com/bot.html)"
66.249.68.36 - - [20/Oct/2025:15:21:36 +0300] "GET /items/514248649 HTTP/1.1" 200 38378 "-" "Mozilla/5.0 (Linux; Android 6.0.1; Nexus 5X Build/MMB29P) AppleWebKit/537.36 (KHTML, like Gecko) Chrome/140.0.7339.207 Mobile Safari/537.36 (compatible; Googlebot/2.1; +http://www.google.com/bot.html)"
20.171.207.35 - - [20/Oct/2025:15:21:37 +0300] "GET /?fileloc=//usr/lib64/libfontconfig.so&path=//usr/lib64 HTTP/2.0" 200 115308 "-" "Mozilla/5.0 AppleWebKit/537.36 (KHTML, like Gecko; compatible; GPTBot/1.2; +https://openai.com/gptbot)"
66.249.68.37 - - [20/Oct/2025:15:21:38 +0300] "GET /items/805700723 HTTP/1.1" 200 38501 "-" "Mozilla/5.0 (Linux; Android 6.0.1; Nexus 5X Build/MMB29P) AppleWebKit/537.36 (KHTML, like Gecko) Chrome/140.0.7339.207 Mobile Safari/537.36 (compatible; Googlebot/2.1; +http://www.google.com/bot.html)"
20.171.207.138 - - [20/Oct/2025:15:21:38 +0300] "GET /upload/save_image/product/00/30/20/92/302092_1_360.jpg?path=//proc/1008992/root/proc/1008992/root/proc/1008992/task/1008992/root/proc/2227781/cwd/usr/lib64/sasl2 HTTP/2.0" 200 2384 "-" "Mozilla/5.0 AppleWebKit/537.36 (KHTML, like Gecko; compatible; GPTBot/1.2; +https://openai.com/gptbot)"
40.77.167.55 - - [20/Oct/2025:15:21:39 +0300] "GET /items/612520 HTTP/2.0" 200 17 "-" "Mozilla/5.0 AppleWebKit/537.36 (KHTML, like Gecko; compatible; bingbot/2.0; +http://www.bing.com/bingbot.htm) Chrome/116.0.1938.76 Safari/537.36"
66.249.68.37 - - [20/Oct/2025:15:21:39 +0300] "GET /items/415279858 HTTP/1.1" 200 36945 "-" "Mozilla/5.0 (Linux; Android 6.0.1; Nexus 5X Build/MMB29P) AppleWebKit/537.36 (KHTML, like Gecko) Chrome/140.0.7339.207 Mobile Safari/537.36 (compatible; Googlebot/2.1; +http://www.google.com/bot.html)"
52.200.58.199 - - [20/Oct/2025:15:21:39 +0300] "GET /product/nantes-contacts/?path=/home-ssd1/busines1/public_html/wp-admin HTTP/1.1" 200 170488 "-" "Mozilla/5.0 AppleWebKit/537.36 (KHTML, like Gecko; compatible; Amazonbot/0.1; +https://developer.amazon.com/support/amazonbot) Chrome/119.0.6045.214 Safari/537.36"
20.171.207.138 - - [20/Oct/2025:15:21:41 +0300] "GET /upload/save_image/product/00/30/20/92/302092_1_360.jpg?path=//proc/1008992/root/proc/1008992/root/proc/1008992/task/1008992/root/proc/2227781/cwd/usr/lib64/tls HTTP/2.0" 200 2383 "-" "Mozilla/5.0 AppleWebKit/537.36 (KHTML, like Gecko; compatible; GPTBot/1.2; +https://openai.com/gptbot)"
20.171.207.35 - - [20/Oct/2025:15:21:40 +0300] "GET /?fileloc=//usr/lib64/libmariadbclient.a&path=//usr/lib64 HTTP/2.0" 200 113306 "-" "Mozilla/5.0 AppleWebKit/537.36 (KHTML, like Gecko; compatible; GPTBot/1.2; +https://openai.com/gptbot)"
66.249.68.37 - - [20/Oct/2025:15:21:42 +0300] "GET /items/804387168 HTTP/1.1" 200 37251 "-" "Mozilla/5.0 (Linux; Android 6.0.1; Nexus 5X Build/MMB29P) AppleWebKit/537.36 (KHTML, like Gecko) Chrome/140.0.7339.207 Mobile Safari/537.36 (compatible; Googlebot/2.1; +http://www.google.com/bot.html)"
3.81.253.213 - - [20/Oct/2025:15:21:43 +0300] "GET /product/austin-business-database/?path=/home-ssd1/busines1/.cagefs HTTP/1.1" 200 16803 "-" "Mozilla/5.0 AppleWebKit/537.36 (KHTML, like Gecko; compatible; Amazonbot/0.1; +https://developer.amazon.com/support/amazonbot) Chrome/119.0.6045.214 Safari/537.36"
20.171.207.138 - - [20/Oct/2025:15:21:44 +0300] "GET /upload/save_image/product/00/30/20/92/302092_1_360.jpg?path=//proc/1008992/root/proc/1008992/root/proc/1008992/task/1008992/root/proc/2227781/task/2227781/cwd/proc/2227781/root/lib64/libnfsidmap HTTP/2.0" 200 2407 "-" "Mozilla/5.0 AppleWebKit/537.36 (KHTML, like Gecko; compatible; GPTBot/1.2; +https://openai.com/gptbot)"
20.171.207.35 - - [20/Oct/2025:15:21:43 +0300] "GET /?fileloc=//usr/lib64/libmlx5.so.1.24.48.0&path=//usr/lib64 HTTP/2.0" 200 169094 "-" "Mozilla/5.0 AppleWebKit/537.36 (KHTML, like Gecko; compatible; GPTBot/1.2; +https://openai.com/gptbot)"
20.171.207.35 - - [20/Oct/2025:15:21:47 +0300] "GET /?path=//usr/lib64/python3.6/xml/__pycache__ HTTP/2.0" 200 2633 "-" "Mozilla/5.0 AppleWebKit/537.36 (KHTML, like Gecko; compatible; GPTBot/1.2; +https://openai.com/gptbot)"
66.249.68.36 - - [20/Oct/2025:15:21:47 +0300] "GET /items/804392552 HTTP/1.1" 200 37519 "-" "Mozilla/5.0 (Linux; Android 6.0.1; Nexus 5X Build/MMB29P) AppleWebKit/537.36 (KHTML, like Gecko) Chrome/140.0.7339.207 Mobile Safari/537.36 (compatible; Googlebot/2.1; +http://www.google.com/bot.html)"
20.171.207.138 - - [20/Oct/2025:15:21:47 +0300] "GET /upload/save_image/product/00/30/20/92/302092_1_360.jpg?path=//proc/1008992/root/proc/1008992/root/proc/1008992/task/1008992/root/proc/2227781/task/2227781/cwd/home/busines1 HTTP/2.0" 200 2379 "-" "Mozilla/5.0 AppleWebKit/537.36 (KHTML, like Gecko; compatible; GPTBot/1.2; +https://openai.com/gptbot)"
98.84.60.17 - - [20/Oct/2025:15:21:47 +0300] "GET /product/nitra-business-database/?fileloc=/home-ssd1/busines1/public_html/wp-includes/class-wp-rewrite.php&path=/home-ssd1/busines1/public_html/wp-includes HTTP/1.1" 200 81172 "-" "Mozilla/5.0 AppleWebKit/537.36 (KHTML, like Gecko; compatible; Amazonbot/0.1; +https://developer.amazon.com/support/amazonbot) Chrome/119.0.6045.214 Safari/537.36"
66.249.68.38 - - [20/Oct/2025:15:21:49 +0300] "GET /items/1000645882 HTTP/1.1" 200 38198 "-" "Mozilla/5.0 (Linux; Android 6.0.1; Nexus 5X Build/MMB29P) AppleWebKit/537.36 (KHTML, like Gecko) Chrome/140.0.7339.207 Mobile Safari/537.36 (compatible; Googlebot/2.1; +http://www.google.com/bot.html)"
20.171.207.138 - - [20/Oct/2025:15:21:50 +0300] "GET /upload/save_image/product/00/30/20/92/302092_1_360.jpg?path=//proc/1008992/root/proc/1008992/root/proc/1008992/task/1008992/root/proc/2227781/task/2227781/cwd/etc/pki/CA HTTP/2.0" 200 2388 "-" "Mozilla/5.0 AppleWebKit/537.36 (KHTML, like Gecko; compatible; GPTBot/1.2; +https://openai.com/gptbot)"
20.171.207.35 - - [20/Oct/2025:15:21:50 +0300] "GET /?fileloc=//proc/mtrr&path=//proc HTTP/2.0" 200 2212 "-" "Mozilla/5.0 AppleWebKit/537.36 (KHTML, like Gecko; compatible; GPTBot/1.2; +https://openai.com/gptbot)"
3.232.82.72 - - [20/Oct/2025:15:21:51 +0300] "GET /product/vitebsk-business-database/?path=/home-ssd1/busines1/tmp HTTP/1.1" 200 25718 "-" "Mozilla/5.0 AppleWebKit/537.36 (KHTML, like Gecko; compatible; Amazonbot/0.1; +https://developer.amazon.com/support/amazonbot) Chrome/119.0.6045.214 Safari/537.36"
66.249.68.38 - - [20/Oct/2025:15:21:52 +0300] "GET /?pid=26388397447&channel=beach-Palestinian-above&cate_id=9465&page=https://www.businessdatabases.net/api.jsp?products/94iu3630 HTTP/1.1" 200 37601 "-" "Mozilla/5.0 (Linux; Android 6.0.1; Nexus 5X Build/MMB29P) AppleWebKit/537.36 (KHTML, like Gecko) Chrome/140.0.7339.207 Mobile Safari/537.36 (compatible; Googlebot/2.1; +http://www.google.com/bot.html)"
66.249.68.37 - - [20/Oct/2025:15:21:53 +0300] "GET /items/850977608 HTTP/1.1" 200 37637 "-" "Mozilla/5.0 (Linux; Android 6.0.1; Nexus 5X Build/MMB29P) AppleWebKit/537.36 (KHTML, like Gecko) Chrome/140.0.7339.207 Mobile Safari/537.36 (compatible; Googlebot/2.1; +http://www.google.com/bot.html)"
20.171.207.35 - - [20/Oct/2025:15:21:53 +0300] "GET /?fileloc=//proc/stat&path=//proc HTTP/2.0" 200 3609 "-" "Mozilla/5.0 AppleWebKit/537.36 (KHTML, like Gecko; compatible; GPTBot/1.2; +https://openai.com/gptbot)"
20.171.207.138 - - [20/Oct/2025:15:21:53 +0300] "GET /upload/save_image/product/00/30/20/92/302092_1_360.jpg?path=//proc/1008992/root/proc/1008992/root/proc/1008992/task/1008992/root/proc/2227781/task/2227781/cwd/lib/jvm/jre-11/legal/jdk.jdi HTTP/2.0" 200 2417 "-" "Mozilla/5.0 AppleWebKit/537.36 (KHTML, like Gecko; compatible; GPTBot/1.2; +https://openai.com/gptbot)"
66.249.68.38 - - [20/Oct/2025:15:21:54 +0300] "GET /items/1310089005 HTTP/1.1" 200 17709 "-" "Mozilla/5.0 (Linux; Android 6.0.1; Nexus 5X Build/MMB29P) AppleWebKit/537.36 (KHTML, like Gecko) Chrome/140.0.7339.207 Mobile Safari/537.36 (compatible; Googlebot/2.1; +http://www.google.com/bot.html)"
44.195.145.102 - - [20/Oct/2025:15:21:55 +0300] "GET /product/kazakhstan-email-database/?path=/home-ssd1/busines1/public_html/wp-includes/interactivity-api HTTP/1.1" 200 19699 "-" "Mozilla/5.0 AppleWebKit/537.36 (KHTML, like Gecko; compatible; Amazonbot/0.1; +https://developer.amazon.com/support/amazonbot) Chrome/119.0.6045.214 Safari/537.36"
20.171.207.35 - - [20/Oct/2025:15:21:56 +0300] "GET /?path=//usr/lib/modules/4.18.0-553.54.1.lve.el8.x86_64/kernel/drivers/net/ethernet/intel/ixgbe HTTP/2.0" 200 2626 "-" "Mozilla/5.0 AppleWebKit/537.36 (KHTML, like Gecko; compatible; GPTBot/1.2; +https://openai.com/gptbot)"
66.249.68.37 - - [20/Oct/2025:15:21:56 +0300] "GET /items/911405950 HTTP/1.1" 200 17587 "-" "Mozilla/5.0 (Linux; Android 6.0.1; Nexus 5X Build/MMB29P) AppleWebKit/537.36 (KHTML, like Gecko) Chrome/140.0.7339.207 Mobile Safari/537.36 (compatible; Googlebot/2.1; +http://www.google.com/bot.html)"
66.249.68.38 - - [20/Oct/2025:15:21:56 +0300] "GET /items/1310144403 HTTP/1.1" 200 17430 "-" "Mozilla/5.0 (Linux; Android 6.0.1; Nexus 5X Build/MMB29P) AppleWebKit/537.36 (KHTML, like Gecko) Chrome/140.0.7339.207 Mobile Safari/537.36 (compatible; Googlebot/2.1; +http://www.google.com/bot.html)"
20.171.207.138 - - [20/Oct/2025:15:21:56 +0300] "GET /upload/save_image/product/00/30/20/92/302092_1_360.jpg?path=//proc/1008992/root/proc/1008992/root/proc/1008992/task/1008992/root/proc/2227781/task/2227781/cwd/lib/jvm/jre-11/legal/jdk.jfr HTTP/2.0" 200 2417 "-" "Mozilla/5.0 AppleWebKit/537.36 (KHTML, like Gecko; compatible; GPTBot/1.2; +https://openai.com/gptbot)"
80.250.114.243 - - [20/Oct/2025:15:21:56 +0300] "GET / HTTP/1.1" 200 67360 "-" "Python/3.11 aiohttp/3.9.2"
20.171.207.138 - - [20/Oct/2025:15:22:00 +0300] "GET /upload/save_image/product/00/30/20/92/302092_1_360.jpg?path=//proc/1008992/root/proc/1008992/root/proc/1008992/task/1008992/root/proc/2227781/task/2227781/cwd/proc/2227781/net HTTP/2.0" 200 2380 "-" "Mozilla/5.0 AppleWebKit/537.36 (KHTML, like Gecko; compatible; GPTBot/1.2; +https://openai.com/gptbot)"
66.249.68.38 - - [20/Oct/2025:15:21:59 +0300] "GET /products/71pd41835 HTTP/1.1" 200 37604 "-" "Mozilla/5.0 (Linux; Android 6.0.1; Nexus 5X Build/MMB29P) AppleWebKit/537.36 (KHTML, like Gecko) Chrome/140.0.7339.207 Mobile Safari/537.36 (compatible; Googlebot/2.1; +http://www.google.com/bot.html)"
20.171.207.35 - - [20/Oct/2025:15:21:59 +0300] "GET /?fileloc=//proc/misc&path=//proc HTTP/2.0" 200 2212 "-" "Mozilla/5.0 AppleWebKit/537.36 (KHTML, like Gecko; compatible; GPTBot/1.2; +https://openai.com/gptbot)"
44.217.255.167 - - [20/Oct/2025:15:21:59 +0300] "GET /product/depok-business-database/?fileloc=/home-ssd1/busines1/public_html/index.php&path=/home-ssd1/busines1/public_html HTTP/1.1" 200 49085 "-" "Mozilla/5.0 AppleWebKit/537.36 (KHTML, like Gecko; compatible; Amazonbot/0.1; +https://developer.amazon.com/support/amazonbot) Chrome/119.0.6045.214 Safari/537.36"
66.249.68.37 - - [20/Oct/2025:15:22:01 +0300] "GET /items/1533288696 HTTP/1.1" 200 37833 "-" "Mozilla/5.0 (Linux; Android 6.0.1; Nexus 5X Build/MMB29P) AppleWebKit/537.36 (KHTML, like Gecko) Chrome/140.0.7339.207 Mobile Safari/537.36 (compatible; Googlebot/2.1; +http://www.google.com/bot.html)"
66.249.68.39 - - [20/Oct/2025:15:22:01 +0300] "GET /items/516557477 HTTP/1.1" 200 36991 "-" "Mozilla/5.0 (Linux; Android 6.0.1; Nexus 5X Build/MMB29P) AppleWebKit/537.36 (KHTML, like Gecko) Chrome/140.0.7339.207 Mobile Safari/537.36 (compatible; Googlebot/2.1; +http://www.google.com/bot.html)"
66.249.68.38 - - [20/Oct/2025:15:22:02 +0300] "GET /items/1000643091 HTTP/1.1" 200 37963 "-" "Mozilla/5.0 (Linux; Android 6.0.1; Nexus 5X Build/MMB29P) AppleWebKit/537.36 (KHTML, like Gecko) Chrome/140.0.7339.207 Mobile Safari/537.36 (compatible; Googlebot/2.1; +http://www.google.com/bot.html)"
20.171.207.35 - - [20/Oct/2025:15:22:02 +0300] "GET /?fileloc=//opt/alt/python37/lib64/python3.7/idlelib/stackviewer.py&path=//opt/alt/python37/lib64/python3.7/idlelib HTTP/2.0" 200 3702 "-" "Mozilla/5.0 AppleWebKit/537.36 (KHTML, like Gecko; compatible; GPTBot/1.2; +https://openai.com/gptbot)"
20.171.207.138 - - [20/Oct/2025:15:22:03 +0300] "GET /upload/save_image/product/00/30/20/92/302092_1_360.jpg?path=//proc/1008992/root/proc/1008992/root/proc/1008992/task/1008992/root/proc/2227781/task/2227781/cwd/proc/2227781/root/proc/sys/net HTTP/2.0" 200 2406 "-" "Mozilla/5.0 AppleWebKit/537.36 (KHTML, like Gecko; compatible; GPTBot/1.2; +https://openai.com/gptbot)"
66.249.68.36 - - [20/Oct/2025:15:22:06 +0300] "GET /items/999445848 HTTP/1.1" 200 37399 "-" "Mozilla/5.0 (Linux; Android 6.0.1; Nexus 5X Build/MMB29P) AppleWebKit/537.36 (KHTML, like Gecko) Chrome/140.0.7339.207 Mobile Safari/537.36 (compatible; Googlebot/2.1; +http://www.google.com/bot.html)"
20.171.207.35 - - [20/Oct/2025:15:22:05 +0300] "GET /?fileloc=//opt/alt/python27/lib64/python2.7/distutils/fancy_getopt.pyc&path=//opt/alt/python27/lib64/python2.7/distutils HTTP/2.0" 200 7200 "-" "Mozilla/5.0 AppleWebKit/537.36 (KHTML, like Gecko; compatible; GPTBot/1.2; +https://openai.com/gptbot)"
44.206.65.8 - - [20/Oct/2025:15:22:06 +0300] "GET /countries/bulgaria/?fileloc=/home-ssd1/busines1/public_html/index.php&path=/home-ssd1/busines1/public_html HTTP/1.1" 200 49085 "-" "Mozilla/5.0 AppleWebKit/537.36 (KHTML, like Gecko; compatible; Amazonbot/0.1; +https://developer.amazon.com/support/amazonbot) Chrome/119.0.6045.214 Safari/537.36"
20.171.207.138 - - [20/Oct/2025:15:22:06 +0300] "GET /upload/save_image/product/00/30/20/92/302092_1_360.jpg?path=//proc/1008992/root/proc/1008992/root/proc/1008992/task/1008992/root/proc/2227781/task/2227781/cwd/proc/2227781/cwd/proc/net HTTP/2.0" 200 2389 "-" "Mozilla/5.0 AppleWebKit/537.36 (KHTML, like Gecko; compatible; GPTBot/1.2; +https://openai.com/gptbot)"
66.249.68.38 - - [20/Oct/2025:15:22:07 +0300] "GET /items/415266908 HTTP/1.1" 200 39475 "-" "Mozilla/5.0 (Linux; Android 6.0.1; Nexus 5X Build/MMB29P) AppleWebKit/537.36 (KHTML, like Gecko) Chrome/140.0.7339.207 Mobile Safari/537.36 (compatible; Googlebot/2.1; +http://www.google.com/bot.html)"
66.249.68.38 - - [20/Oct/2025:15:22:08 +0300] "GET /items/804413198 HTTP/1.1" 200 37811 "-" "Mozilla/5.0 (Linux; Android 6.0.1; Nexus 5X Build/MMB29P) AppleWebKit/537.36 (KHTML, like Gecko) Chrome/140.0.7339.207 Mobile Safari/537.36 (compatible; Googlebot/2.1; +http://www.google.com/bot.html)"
20.171.207.35 - - [20/Oct/2025:15:22:08 +0300] "GET /?path=//proc/1040995/root/opt/alt/alt-nodejs18 HTTP/2.0" 200 2317 "-" "Mozilla/5.0 AppleWebKit/537.36 (KHTML, like Gecko; compatible; GPTBot/1.2; +https://openai.com/gptbot)"
20.171.207.138 - - [20/Oct/2025:15:22:09 +0300] "GET /upload/save_image/product/00/30/20/92/302092_1_360.jpg?path=//proc/1008992/root/proc/1008992/root/proc/1008992/task/1008992/root/proc/2227781/cwd/lib64/gtk-2.0 HTTP/2.0" 200 2373 "-" "Mozilla/5.0 AppleWebKit/537.36 (KHTML, like Gecko; compatible; GPTBot/1.2; +https://openai.com/gptbot)"
3.209.174.110 - - [20/Oct/2025:15:22:09 +0300] "GET /database-city/batam/?path=/home-ssd1/busines1/public_html/.well-known HTTP/1.1" 200 17255 "-" "Mozilla/5.0 AppleWebKit/537.36 (KHTML, like Gecko; compatible; Amazonbot/0.1; +https://developer.amazon.com/support/amazonbot) Chrome/119.0.6045.214 Safari/537.36"
74.91.19.178 - - [20/Oct/2025:15:20:19 +0300] "GET /wp-includes/im4b66ed/index.php?id=613205 HTTP/1.1" 200 1 "https://businessdatabases.net/wp-includes/im4b66ed/index.php?id=613205" "Mozilla/5.0 (Windows NT 10.0; Win64; x64) AppleWebKit/537.36 (KHTML, like Gecko) Chrome/58.0.3029.110 Safari/537.3"
54.83.240.58 - - [20/Oct/2025:15:22:11 +0300] "GET /database-city/taiwan-business-database/?path=/home-ssd1/busines1/public_html/images HTTP/1.1" 200 15765 "-" "Mozilla/5.0 AppleWebKit/537.36 (KHTML, like Gecko; compatible; Amazonbot/0.1; +https://developer.amazon.com/support/amazonbot) Chrome/119.0.6045.214 Safari/537.36"
20.171.207.35 - - [20/Oct/2025:15:22:11 +0300] "GET /?path=//proc/1040995/root/opt/alt/alt-nodejs16 HTTP/2.0" 200 2317 "-" "Mozilla/5.0 AppleWebKit/537.36 (KHTML, like Gecko; compatible; GPTBot/1.2; +https://openai.com/gptbot)"
20.171.207.138 - - [20/Oct/2025:15:22:12 +0300] "GET /upload/save_image/product/00/30/20/92/302092_1_360.jpg?path=//proc/1008992/root/proc/1008992/root/proc/1008992/task/1008992/root/proc/2227781/cwd/lib64/lua/5.3 HTTP/2.0" 200 2381 "-" "Mozilla/5.0 AppleWebKit/537.36 (KHTML, like Gecko; compatible; GPTBot/1.2; +https://openai.com/gptbot)"
66.249.68.37 - - [20/Oct/2025:15:22:14 +0300] "GET /items/1533289786 HTTP/1.1" 200 37834 "-" "Mozilla/5.0 (Linux; Android 6.0.1; Nexus 5X Build/MMB29P) AppleWebKit/537.36 (KHTML, like Gecko) Chrome/140.0.7339.207 Mobile Safari/537.36 (compatible; Googlebot/2.1; +http://www.google.com/bot.html)"
66.249.68.36 - - [20/Oct/2025:15:22:14 +0300] "GET /products/199vv5751 HTTP/1.1" 200 38071 "-" "Mozilla/5.0 (Linux; Android 6.0.1; Nexus 5X Build/MMB29P) AppleWebKit/537.36 (KHTML, like Gecko) Chrome/140.0.7339.207 Mobile Safari/537.36 (compatible; Googlebot/2.1; +http://www.google.com/bot.html)"
20.171.207.35 - - [20/Oct/2025:15:22:15 +0300] "GET /?path=//lib64/python2.7/multiprocessing HTTP/2.0" 200 3393 "-" "Mozilla/5.0 AppleWebKit/537.36 (KHTML, like Gecko; compatible; GPTBot/1.2; +https://openai.com/gptbot)"
66.249.68.36 - - [20/Oct/2025:15:22:15 +0300] "GET /items/415274474 HTTP/1.1" 200 38099 "-" "Mozilla/5.0 (Linux; Android 6.0.1; Nexus 5X Build/MMB29P) AppleWebKit/537.36 (KHTML, like Gecko) Chrome/140.0.7339.207 Mobile Safari/537.36 (compatible; Googlebot/2.1; +http://www.google.com/bot.html)"
20.171.207.138 - - [20/Oct/2025:15:22:15 +0300] "GET /upload/save_image/product/00/30/20/92/302092_1_360.jpg?path=//proc/1008992/root/proc/1008992/root/proc/1008992/task/1008992/root/proc/2227781/cwd/usr/lib64/gtk-2.0 HTTP/2.0" 200 2384 "-" "Mozilla/5.0 AppleWebKit/537.36 (KHTML, like Gecko; compatible; GPTBot/1.2; +https://openai.com/gptbot)"
66.249.68.36 - - [20/Oct/2025:15:22:17 +0300] "GET /items/804427304 HTTP/1.1" 200 37622 "-" "Mozilla/5.0 (Linux; Android 6.0.1; Nexus 5X Build/MMB29P) AppleWebKit/537.36 (KHTML, like Gecko) Chrome/140.0.7339.207 Mobile Safari/537.36 (compatible; Googlebot/2.1; +http://www.google.com/bot.html)"
52.45.77.169 - - [20/Oct/2025:15:22:17 +0300] "GET /product/vlore-contacts/?path=/home-ssd1/busines1/.caldav HTTP/1.1" 200 14187 "-" "Mozilla/5.0 AppleWebKit/537.36 (KHTML, like Gecko; compatible; Amazonbot/0.1; +https://developer.amazon.com/support/amazonbot) Chrome/119.0.6045.214 Safari/537.36"
20.171.207.35 - - [20/Oct/2025:15:22:18 +0300] "GET /?path=//proc/1040995/root/opt/alt/alt-nodejs14 HTTP/2.0" 200 2317 "-" "Mozilla/5.0 AppleWebKit/537.36 (KHTML, like Gecko; compatible; GPTBot/1.2; +https://openai.com/gptbot)"
20.171.207.138 - - [20/Oct/2025:15:22:19 +0300] "GET /upload/save_image/product/00/30/20/92/302092_1_360.jpg?path=//proc/1008992/root/proc/1008992/root/proc/1008992/task/1008992/root/proc/2227781/cwd/lib64/lua/5.1 HTTP/2.0" 200 2380 "-" "Mozilla/5.0 AppleWebKit/537.36 (KHTML, like Gecko; compatible; GPTBot/1.2; +https://openai.com/gptbot)"
66.249.68.36 - - [20/Oct/2025:15:22:19 +0300] "GET /items/415265752 HTTP/1.1" 200 38429 "-" "Mozilla/5.0 (Linux; Android 6.0.1; Nexus 5X Build/MMB29P) AppleWebKit/537.36 (KHTML, like Gecko) Chrome/140.0.7339.207 Mobile Safari/537.36 (compatible; Googlebot/2.1; +http://www.google.com/bot.html)"
52.22.87.224 - - [20/Oct/2025:15:22:19 +0300] "GET /product/surabaya-business-database/?path=/home-ssd1/busines1/public_html/wp-content/docket-cache-data HTTP/1.1" 200 19268 "-" "Mozilla/5.0 AppleWebKit/537.36 (KHTML, like Gecko; compatible; Amazonbot/0.1; +https://developer.amazon.com/support/amazonbot) Chrome/119.0.6045.214 Safari/537.36"
20.171.207.35 - - [20/Oct/2025:15:22:21 +0300] "GET /?path=//usr/lib/modules/4.18.0-553.54.1.lve.el8.x86_64/kernel/sound/usb/line6 HTTP/2.0" 200 2339 "-" "Mozilla/5.0 AppleWebKit/537.36 (KHTML, like Gecko; compatible; GPTBot/1.2; +https://openai.com/gptbot)"
20.171.207.138 - - [20/Oct/2025:15:22:22 +0300] "GET /upload/save_image/product/00/30/20/92/302092_1_360.jpg?path=//proc/1008992/root/proc/1008992/root/proc/1008992/task/1008992/root/proc/2227781/task/2227781/cwd/proc/2227781/root/lib/jvm/jre-1.8.0-openjdk-1.8.0.462.b08-2.el8.x86_64 HTTP/2.0" 200 2436 "-" "Mozilla/5.0 AppleWebKit/537.36 (KHTML, like Gecko; compatible; GPTBot/1.2; +https://openai.com/gptbot)"
66.249.68.37 - - [20/Oct/2025:15:22:22 +0300] "GET /items/1533270230 HTTP/1.1" 200 19865 "-" "Mozilla/5.0 (Linux; Android 6.0.1; Nexus 5X Build/MMB29P) AppleWebKit/537.36 (KHTML, like Gecko) Chrome/140.0.7339.207 Mobile Safari/537.36 (compatible; Googlebot/2.1; +http://www.google.com/bot.html)"
216.73.216.119 - - [20/Oct/2025:15:22:22 +0300] "GET /database-city/pilsen?fileloc=%2F%2Flib%2F.build-id%2F0f%2F8dbfc0a0a129a3257244ab9f87c56f2af97a62&path=%2F%2Flib%2F.build-id%2F0f HTTP/2.0" 200 9478 "-" "Mozilla/5.0 AppleWebKit/537.36 (KHTML, like Gecko; compatible; ClaudeBot/1.0; +claudebot@anthropic.com)"
216.73.216.119 - - [20/Oct/2025:15:22:22 +0300] "GET /database-city/pilsen?fileloc=%2F%2Flib%2F.build-id%2Fee%2F145875c6105638a9bbcdeca287085c3aaa9dfa&path=%2F%2Flib%2F.build-id%2Fee HTTP/2.0" 200 35316 "-" "Mozilla/5.0 AppleWebKit/537.36 (KHTML, like Gecko; compatible; ClaudeBot/1.0; +claudebot@anthropic.com)"
216.73.216.119 - - [20/Oct/2025:15:22:22 +0300] "GET /database-city/pilsen?fileloc=%2F%2Flib%2F.build-id%2Ffd%2Fd5993437b0308ba78e38e691cf41cd7d1e9b80&path=%2F%2Flib%2F.build-id%2Ffd HTTP/2.0" 200 9335 "-" "Mozilla/5.0 AppleWebKit/537.36 (KHTML, like Gecko; compatible; ClaudeBot/1.0; +claudebot@anthropic.com)"
216.73.216.119 - - [20/Oct/2025:15:22:22 +0300] "GET /database-city/pilsen?fileloc=%2F%2Flib%2F.build-id%2F0e%2F35c534005bd9dd58681777bfbab106f97c3530&path=%2F%2Flib%2F.build-id%2F0e HTTP/2.0" 200 30373 "-" "Mozilla/5.0 AppleWebKit/537.36 (KHTML, like Gecko; compatible; ClaudeBot/1.0; +claudebot@anthropic.com)"
216.73.216.119 - - [20/Oct/2025:15:22:22 +0300] "GET /database-city/pilsen?fileloc=%2F%2Flib%2F.build-id%2Fee%2F1f1b759f1c09bced0c8d6ca9268dc9103a86f2&path=%2F%2Flib%2F.build-id%2Fee HTTP/2.0" 200 104525 "-" "Mozilla/5.0 AppleWebKit/537.36 (KHTML, like Gecko; compatible; ClaudeBot/1.0; +claudebot@anthropic.com)"
216.73.216.119 - - [20/Oct/2025:15:22:22 +0300] "GET /database-city/pilsen?fileloc=%2F%2Flib%2F.build-id%2F0e%2Fccdcae1e07ce1bad65782bb30990c63a000abb&path=%2F%2Flib%2F.build-id%2F0e HTTP/2.0" 200 8104 "-" "Mozilla/5.0 AppleWebKit/537.36 (KHTML, like Gecko; compatible; ClaudeBot/1.0; +claudebot@anthropic.com)"
66.249.68.36 - - [20/Oct/2025:15:22:23 +0300] "GET /items/999451168 HTTP/1.1" 200 37045 "-" "Mozilla/5.0 (Linux; Android 6.0.1; Nexus 5X Build/MMB29P) AppleWebKit/537.36 (KHTML, like Gecko) Chrome/140.0.7339.207 Mobile Safari/537.36 (compatible; Googlebot/2.1; +http://www.google.com/bot.html)"
216.73.216.119 - - [20/Oct/2025:15:22:22 +0300] "GET /database-city/pilsen?fileloc=%2F%2Flib%2F.build-id%2F0b%2F93a2c0e77051df14d9030fd92d070d87536ff4&path=%2F%2Flib%2F.build-id%2F0b HTTP/2.0" 200 8921 "-" "Mozilla/5.0 AppleWebKit/537.36 (KHTML, like Gecko; compatible; ClaudeBot/1.0; +claudebot@anthropic.com)"
216.73.216.119 - - [20/Oct/2025:15:22:22 +0300] "GET /database-city/pilsen?fileloc=%2F%2Flib%2F.build-id%2Fa2%2Fdf02dcc6a0fba2509c9310fbccb02d6a6cea85&path=%2F%2Flib%2F.build-id%2Fa2 HTTP/2.0" 200 17070 "-" "Mozilla/5.0 AppleWebKit/537.36 (KHTML, like Gecko; compatible; ClaudeBot/1.0; +claudebot@anthropic.com)"
216.73.216.119 - - [20/Oct/2025:15:22:22 +0300] "GET /database-city/pilsen?fileloc=%2F%2Flib%2F.build-id%2F10%2Fc5fd8c6384bf08acc1fccb098e38eb3b116ad6&path=%2F%2Flib%2F.build-id%2F10 HTTP/2.0" 200 78208 "-" "Mozilla/5.0 AppleWebKit/537.36 (KHTML, like Gecko; compatible; ClaudeBot/1.0; +claudebot@anthropic.com)"
216.73.216.119 - - [20/Oct/2025:15:22:23 +0300] "GET /database-city/pilsen?fileloc=%2F%2Fproc%2Fthread-self%2Fenviron&path=%2F%2Fproc%2Fthread-self HTTP/2.0" 200 2561 "-" "Mozilla/5.0 AppleWebKit/537.36 (KHTML, like Gecko; compatible; ClaudeBot/1.0; +claudebot@anthropic.com)"
216.73.216.119 - - [20/Oct/2025:15:22:22 +0300] "GET /database-city/pilsen?fileloc=%2F%2Flib%2F.build-id%2Fa2%2F622685f0db1f52fc83bfea6f0f78f27bafb41e&path=%2F%2Flib%2F.build-id%2Fa2 HTTP/2.0" 200 197412 "-" "Mozilla/5.0 AppleWebKit/537.36 (KHTML, like Gecko; compatible; ClaudeBot/1.0; +claudebot@anthropic.com)"
34.227.156.153 - - [20/Oct/2025:15:22:24 +0300] "GET /database-city/nitra/?fileloc=/home-ssd1/busines1/public_html/robots.txt&path=/home-ssd1/busines1/public_html HTTP/1.1" 200 12780 "-" "Mozilla/5.0 AppleWebKit/537.36 (KHTML, like Gecko; compatible; Amazonbot/0.1; +https://developer.amazon.com/support/amazonbot) Chrome/119.0.6045.214 Safari/537.36"
216.73.216.119 - - [20/Oct/2025:15:22:24 +0300] "GET /database-city/pilsen?fileloc=%2F%2Flib%2F.build-id%2Fd1%2F4b64e410f346a8cdea0fc6a45978e80f116880&path=%2F%2Flib%2F.build-id%2Fd1 HTTP/2.0" 200 38001 "-" "Mozilla/5.0 AppleWebKit/537.36 (KHTML, like Gecko; compatible; ClaudeBot/1.0; +claudebot@anthropic.com)"
216.73.216.119 - - [20/Oct/2025:15:22:24 +0300] "GET /database-city/pilsen?fileloc=%2F%2Flib%2F.build-id%2F5c%2Fa7390ee503e05a5d5e58459d087f944aafca03&path=%2F%2Flib%2F.build-id%2F5c HTTP/2.0" 200 86659 "-" "Mozilla/5.0 AppleWebKit/537.36 (KHTML, like Gecko; compatible; ClaudeBot/1.0; +claudebot@anthropic.com)"
216.73.216.119 - - [20/Oct/2025:15:22:24 +0300] "GET /database-city/pilsen?fileloc=%2F%2Flib%2F.build-id%2Ffd%2F771e6b63d0006b519a495c857d57a2b6f83d38&path=%2F%2Flib%2F.build-id%2Ffd HTTP/2.0" 200 17858 "-" "Mozilla/5.0 AppleWebKit/537.36 (KHTML, like Gecko; compatible; ClaudeBot/1.0; +claudebot@anthropic.com)"
216.73.216.119 - - [20/Oct/2025:15:22:24 +0300] "GET /database-city/pilsen?fileloc=%2F%2Flib%2F.build-id%2F0b%2Fc197a4b19c13efa286c85dfde8021fa9986d5d&path=%2F%2Flib%2F.build-id%2F0b HTTP/2.0" 200 35261 "-" "Mozilla/5.0 AppleWebKit/537.36 (KHTML, like Gecko; compatible; ClaudeBot/1.0; +claudebot@anthropic.com)"
216.73.216.119 - - [20/Oct/2025:15:22:24 +0300] "GET /database-city/pilsen?fileloc=%2F%2Fproc%2Fthread-self%2Fcgroup&path=%2F%2Fproc%2Fthread-self HTTP/2.0" 200 2358 "-" "Mozilla/5.0 AppleWebKit/537.36 (KHTML, like Gecko; compatible; ClaudeBot/1.0; +claudebot@anthropic.com)"
20.171.207.35 - - [20/Oct/2025:15:22:24 +0300] "GET /?fileloc=//lib64/gconv/TCVN5712-1.so&path=//lib64/gconv HTTP/2.0" 200 9049 "-" "Mozilla/5.0 AppleWebKit/537.36 (KHTML, like Gecko; compatible; GPTBot/1.2; +https://openai.com/gptbot)"
216.73.216.119 - - [20/Oct/2025:15:22:25 +0300] "GET /database-city/pilsen?fileloc=%2F%2Flib%2F.build-id%2F8d%2Ff61c4631164ff97d5e70c7a4ddc652bf30e5ea&path=%2F%2Flib%2F.build-id%2F8d HTTP/2.0" 200 27430 "-" "Mozilla/5.0 AppleWebKit/537.36 (KHTML, like Gecko; compatible; ClaudeBot/1.0; +claudebot@anthropic.com)"
216.73.216.119 - - [20/Oct/2025:15:22:25 +0300] "GET /database-city/pilsen?fileloc=%2F%2Flib%2F.build-id%2Fc4%2F0124a43b55ebfe40020c406669b86946a7362d&path=%2F%2Flib%2F.build-id%2Fc4 HTTP/2.0" 200 8129 "-" "Mozilla/5.0 AppleWebKit/537.36 (KHTML, like Gecko; compatible; ClaudeBot/1.0; +claudebot@anthropic.com)"
216.73.216.119 - - [20/Oct/2025:15:22:25 +0300] "GET /database-city/pilsen?fileloc=%2F%2Flib%2F.build-id%2F3c%2Fd5d7f485db7764dc6d3ddee1faa0e89b9cec2a&path=%2F%2Flib%2F.build-id%2F3c HTTP/2.0" 200 13178 "-" "Mozilla/5.0 AppleWebKit/537.36 (KHTML, like Gecko; compatible; ClaudeBot/1.0; +claudebot@anthropic.com)"
216.73.216.119 - - [20/Oct/2025:15:22:25 +0300] "GET /database-city/pilsen?fileloc=%2F%2Flib%2F.build-id%2Fbe%2F8c0242953c09bd0f3be5c9f11bef27e7e23516&path=%2F%2Flib%2F.build-id%2Fbe HTTP/2.0" 200 5067 "-" "Mozilla/5.0 AppleWebKit/537.36 (KHTML, like Gecko; compatible; ClaudeBot/1.0; +claudebot@anthropic.com)"
20.171.207.138 - - [20/Oct/2025:15:22:25 +0300] "GET /upload/save_image/product/00/30/20/92/302092_1_360.jpg?path=//proc/1008992/root/proc/1008992/root/proc/1008992/task/1008992/root/proc/2227781/task/2227781/cwd/proc/2227781/root/lib/jvm/jre-11-openjdk-11.0.25.0.9-2.el8.x86_64 HTTP/2.0" 200 2434 "-" "Mozilla/5.0 AppleWebKit/537.36 (KHTML, like Gecko; compatible; GPTBot/1.2; +https://openai.com/gptbot)"
216.73.216.119 - - [20/Oct/2025:15:22:25 +0300] "GET /database-city/pilsen?fileloc=%2F%2Flib%2F.build-id%2F7f%2F7a52098bbf97319f48ae3b7c4a1a948a37f380&path=%2F%2Flib%2F.build-id%2F7f HTTP/2.0" 200 6776 "-" "Mozilla/5.0 AppleWebKit/537.36 (KHTML, like Gecko; compatible; ClaudeBot/1.0; +claudebot@anthropic.com)"
216.73.216.119 - - [20/Oct/2025:15:22:27 +0300] "GET /database-city/pilsen?fileloc=%2F%2Flib%2F.build-id%2F0d%2F28cbc5a371d4bdaec1f9043e5befe1a52ebf44&path=%2F%2Flib%2F.build-id%2F0d HTTP/2.0" 200 34290 "-" "Mozilla/5.0 AppleWebKit/537.36 (KHTML, like Gecko; compatible; ClaudeBot/1.0; +claudebot@anthropic.com)"
66.249.68.36 - - [20/Oct/2025:15:22:28 +0300] "GET /items/1310143924 HTTP/1.1" 200 17249 "-" "Mozilla/5.0 (Linux; Android 6.0.1; Nexus 5X Build/MMB29P) AppleWebKit/537.36 (KHTML, like Gecko) Chrome/140.0.7339.207 Mobile Safari/537.36 (compatible; Googlebot/2.1; +http://www.google.com/bot.html)"
216.73.216.119 - - [20/Oct/2025:15:22:27 +0300] "GET /database-city/pilsen?fileloc=%2F%2Flib%2F.build-id%2Fca%2Fe4fd554281c8e735c5bcc5206f7e8691d06c42&path=%2F%2Flib%2F.build-id%2Fca HTTP/2.0" 200 13692 "-" "Mozilla/5.0 AppleWebKit/537.36 (KHTML, like Gecko; compatible; ClaudeBot/1.0; +claudebot@anthropic.com)"
216.73.216.119 - - [20/Oct/2025:15:22:27 +0300] "GET /database-city/pilsen?fileloc=%2F%2Flib%2F.build-id%2F7f%2F855b53e57aba52c5572d9fe81a2a129fcf1f2a&path=%2F%2Flib%2F.build-id%2F7f HTTP/2.0" 200 13481 "-" "Mozilla/5.0 AppleWebKit/537.36 (KHTML, like Gecko; compatible; ClaudeBot/1.0; +claudebot@anthropic.com)"
216.73.216.119 - - [20/Oct/2025:15:22:27 +0300] "GET /database-city/pilsen?fileloc=%2F%2Flib%2F.build-id%2F0b%2F0c0b93bb2249c0423019bc3bb474b009deb045&path=%2F%2Flib%2F.build-id%2F0b HTTP/2.0" 200 5909 "-" "Mozilla/5.0 AppleWebKit/537.36 (KHTML, like Gecko; compatible; ClaudeBot/1.0; +claudebot@anthropic.com)"
20.171.207.35 - - [20/Oct/2025:15:22:27 +0300] "GET /?path=//proc/1040995/root/proc/self/root/usr/lib/locale/en_CA.utf8 HTTP/2.0" 200 2354 "-" "Mozilla/5.0 AppleWebKit/537.36 (KHTML, like Gecko; compatible; GPTBot/1.2; +https://openai.com/gptbot)"
216.73.216.119 - - [20/Oct/2025:15:22:27 +0300] "GET /database-city/pilsen?fileloc=%2F%2Flib%2F.build-id%2F3c%2F1b5b6621f0743a45fb6f8e96eb6d83b9dc7425&path=%2F%2Flib%2F.build-id%2F3c HTTP/2.0" 200 54020 "-" "Mozilla/5.0 AppleWebKit/537.36 (KHTML, like Gecko; compatible; ClaudeBot/1.0; +claudebot@anthropic.com)"
100.24.167.60 - - [20/Oct/2025:15:22:27 +0300] "GET /product/estonia-business-database/?fileloc=/home-ssd1/busines1/public_html/wp-includes/deprecated.php&path=/home-ssd1/busines1/public_html/wp-includes HTTP/1.1" 200 223634 "-" "Mozilla/5.0 AppleWebKit/537.36 (KHTML, like Gecko; compatible; Amazonbot/0.1; +https://developer.amazon.com/support/amazonbot) Chrome/119.0.6045.214 Safari/537.36"
216.73.216.119 - - [20/Oct/2025:15:22:28 +0300] "GET /database-city/pilsen?fileloc=%2F%2Flib%2F.build-id%2Fd1%2Fc11b2ea57b49a903cdda23ea77a0a398c11ca9&path=%2F%2Flib%2F.build-id%2Fd1 HTTP/2.0" 200 7297 "-" "Mozilla/5.0 AppleWebKit/537.36 (KHTML, like Gecko; compatible; ClaudeBot/1.0; +claudebot@anthropic.com)"
216.73.216.119 - - [20/Oct/2025:15:22:28 +0300] "GET /database-city/pilsen?fileloc=%2F%2Flib%2F.build-id%2F12%2F6bf4b379078d5200d58ec024b3802e5453d5e3&path=%2F%2Flib%2F.build-id%2F12 HTTP/2.0" 200 11624 "-" "Mozilla/5.0 AppleWebKit/537.36 (KHTML, like Gecko; compatible; ClaudeBot/1.0; +claudebot@anthropic.com)"
20.171.207.138 - - [20/Oct/2025:15:22:28 +0300] "GET /upload/save_image/product/00/30/20/92/302092_1_360.jpg?path=//proc/1008992/root/proc/1008992/root/proc/1008992/task/1008992/root/proc/2227781/task/2227781/cwd/proc/2227781/root/lib/jvm/java-1.8.0-openjdk-1.8.0.462.b08-2.el8.x86_64 HTTP/2.0" 200 2438 "-" "Mozilla/5.0 AppleWebKit/537.36 (KHTML, like Gecko; compatible; GPTBot/1.2; +https://openai.com/gptbot)"
216.73.216.119 - - [20/Oct/2025:15:22:28 +0300] "GET /database-city/pilsen?fileloc=%2F%2Flib%2F.build-id%2Fee%2F4534ed175175d26b182e4de505564a26f85767&path=%2F%2Flib%2F.build-id%2Fee HTTP/2.0" 200 10142 "-" "Mozilla/5.0 AppleWebKit/537.36 (KHTML, like Gecko; compatible; ClaudeBot/1.0; +claudebot@anthropic.com)"
216.73.216.119 - - [20/Oct/2025:15:22:27 +0300] "GET /database-city/pilsen?fileloc=%2F%2Flib%2F.build-id%2Fcf%2F43cfd4871f43a734f57868c12260ad9c67eeb1&path=%2F%2Flib%2F.build-id%2Fcf HTTP/2.0" 200 970538 "-" "Mozilla/5.0 AppleWebKit/537.36 (KHTML, like Gecko; compatible; ClaudeBot/1.0; +claudebot@anthropic.com)"
216.73.216.119 - - [20/Oct/2025:15:22:28 +0300] "GET /database-city/pilsen?fileloc=%2F%2Flib%2F.build-id%2Fa3%2F5d230b36486b4d96d979ddd59e910e17cbc35f&path=%2F%2Flib%2F.build-id%2Fa3 HTTP/2.0" 200 35498 "-" "Mozilla/5.0 AppleWebKit/537.36 (KHTML, like Gecko; compatible; ClaudeBot/1.0; +claudebot@anthropic.com)"
216.73.216.119 - - [20/Oct/2025:15:22:29 +0300] "GET /database-city/pilsen?fileloc=%2F%2Flib%2F.build-id%2F0f%2F62458d12576d27eac655b99015b31c9e7a20df&path=%2F%2Flib%2F.build-id%2F0f HTTP/2.0" 200 10603 "-" "Mozilla/5.0 AppleWebKit/537.36 (KHTML, like Gecko; compatible; ClaudeBot/1.0; +claudebot@anthropic.com)"
216.73.216.119 - - [20/Oct/2025:15:22:30 +0300] "GET /database-city/pilsen?fileloc=%2F%2Flib%2F.build-id%2Fe5%2F60eabd0db18bbd6d85d0671fc75eff327f17c0&path=%2F%2Flib%2F.build-id%2Fe5 HTTP/2.0" 200 6732 "-" "Mozilla/5.0 AppleWebKit/537.36 (KHTML, like Gecko; compatible; ClaudeBot/1.0; +claudebot@anthropic.com)"
216.73.216.119 - - [20/Oct/2025:15:22:30 +0300] "GET /database-city/pilsen?fileloc=%2F%2Flib%2F.build-id%2Feb%2Fa14edc96da4a7d5cc0eb90241e61196de0e2e2&path=%2F%2Flib%2F.build-id%2Feb HTTP/2.0" 200 6195 "-" "Mozilla/5.0 AppleWebKit/537.36 (KHTML, like Gecko; compatible; ClaudeBot/1.0; +claudebot@anthropic.com)"
66.249.68.36 - - [20/Oct/2025:15:22:30 +0300] "GET /items/415296755 HTTP/1.1" 200 16852 "-" "Mozilla/5.0 (Linux; Android 6.0.1; Nexus 5X Build/MMB29P) AppleWebKit/537.36 (KHTML, like Gecko) Chrome/140.0.7339.207 Mobile Safari/537.36 (compatible; Googlebot/2.1; +http://www.google.com/bot.html)"
216.73.216.119 - - [20/Oct/2025:15:22:30 +0300] "GET /database-city/pilsen?fileloc=%2F%2Flib%2F.build-id%2Ffd%2F06898bc36490f0e0ea176b0bdd99f4b403155b&path=%2F%2Flib%2F.build-id%2Ffd HTTP/2.0" 200 56119 "-" "Mozilla/5.0 AppleWebKit/537.36 (KHTML, like Gecko; compatible; ClaudeBot/1.0; +claudebot@anthropic.com)"
216.73.216.119 - - [20/Oct/2025:15:22:30 +0300] "GET /database-city/pilsen?fileloc=%2F%2Flib%2F.build-id%2F7a%2Fc32bf042208e66c4c8240cd8fd8b313a8c5959&path=%2F%2Flib%2F.build-id%2F7a HTTP/2.0" 200 8089 "-" "Mozilla/5.0 AppleWebKit/537.36 (KHTML, like Gecko; compatible; ClaudeBot/1.0; +claudebot@anthropic.com)"
216.73.216.119 - - [20/Oct/2025:15:22:29 +0300] "GET /database-city/pilsen?fileloc=%2F%2Flib%2F.build-id%2F7a%2F46d6cf59d34293d06439c6e6f7b1960ac38ba5&path=%2F%2Flib%2F.build-id%2F7a HTTP/2.0" 200 631755 "-" "Mozilla/5.0 AppleWebKit/537.36 (KHTML, like Gecko; compatible; ClaudeBot/1.0; +claudebot@anthropic.com)"
216.73.216.119 - - [20/Oct/2025:15:22:30 +0300] "GET /database-city/pilsen?fileloc=%2F%2Flib%2F.build-id%2Faf%2F01f2e4cfda8c981a326757b2baa9b0c7db7c80&path=%2F%2Flib%2F.build-id%2Faf HTTP/2.0" 200 7399 "-" "Mozilla/5.0 AppleWebKit/537.36 (KHTML, like Gecko; compatible; ClaudeBot/1.0; +claudebot@anthropic.com)"
216.73.216.119 - - [20/Oct/2025:15:22:30 +0300] "GET /database-city/pilsen?fileloc=%2F%2Flib%2F.build-id%2Fba%2Fdb8776ea2dcaaaa6639caa74176d2d8f9d4667&path=%2F%2Flib%2F.build-id%2Fba HTTP/2.0" 200 6933 "-" "Mozilla/5.0 AppleWebKit/537.36 (KHTML, like Gecko; compatible; ClaudeBot/1.0; +claudebot@anthropic.com)"
20.171.207.35 - - [20/Oct/2025:15:22:30 +0300] "GET /?path=//lib64/python2.7/multiprocessing/dummy HTTP/2.0" 200 2697 "-" "Mozilla/5.0 AppleWebKit/537.36 (KHTML, like Gecko; compatible; GPTBot/1.2; +https://openai.com/gptbot)"
216.73.216.119 - - [20/Oct/2025:15:22:31 +0300] "GET /database-city/pilsen?fileloc=%2F%2Flib%2F.build-id%2F8b%2Fe9cb731d263b9e78fbf6bb41b5e12b6377d6b9&path=%2F%2Flib%2F.build-id%2F8b HTTP/2.0" 200 8710 "-" "Mozilla/5.0 AppleWebKit/537.36 (KHTML, like Gecko; compatible; ClaudeBot/1.0; +claudebot@anthropic.com)"
20.171.207.138 - - [20/Oct/2025:15:22:31 +0300] "GET /upload/save_image/product/00/30/20/92/302092_1_360.jpg?path=//proc/1008992/root/proc/1008992/root/proc/1008992/task/1008992/root/proc/2227781/task/2227781/cwd/proc/2227781/root/usr/lib/jvm/jre-11-openjdk-11.0.25.0.9-2.el8.x86_64 HTTP/2.0" 200 2444 "-" "Mozilla/5.0 AppleWebKit/537.36 (KHTML, like Gecko; compatible; GPTBot/1.2; +https://openai.com/gptbot)"
216.73.216.119 - - [20/Oct/2025:15:22:30 +0300] "GET /database-city/pilsen?fileloc=%2F%2Flib%2F.build-id%2Fdf%2F674bac0fe4b428675daa9c22cb08b5c6343c42&path=%2F%2Flib%2F.build-id%2Fdf HTTP/2.0" 200 5872 "-" "Mozilla/5.0 AppleWebKit/537.36 (KHTML, like Gecko; compatible; ClaudeBot/1.0; +claudebot@anthropic.com)"
216.73.216.119 - - [20/Oct/2025:15:22:31 +0300] "GET /database-city/pilsen?fileloc=%2F%2Flib%2F.build-id%2Fff%2F6e3531c604c895837478c36eec2284f2b230dd&path=%2F%2Flib%2F.build-id%2Fff HTTP/2.0" 200 41047 "-" "Mozilla/5.0 AppleWebKit/537.36 (KHTML, like Gecko; compatible; ClaudeBot/1.0; +claudebot@anthropic.com)"
216.73.216.119 - - [20/Oct/2025:15:22:31 +0300] "GET /database-city/pilsen?fileloc=%2F%2Flib%2F.build-id%2Fe5%2Faeaac73e28b79a62777a6a1c4433aa1254d553&path=%2F%2Flib%2F.build-id%2Fe5 HTTP/2.0" 200 6194 "-" "Mozilla/5.0 AppleWebKit/537.36 (KHTML, like Gecko; compatible; ClaudeBot/1.0; +claudebot@anthropic.com)"
52.45.194.165 - - [20/Oct/2025:15:22:31 +0300] "GET /database-city/uk-business-email-database/?path=/home-ssd1/busines1/public_html/wp-includes HTTP/1.1" 200 446054 "-" "Mozilla/5.0 AppleWebKit/537.36 (KHTML, like Gecko; compatible; Amazonbot/0.1; +https://developer.amazon.com/support/amazonbot) Chrome/119.0.6045.214 Safari/537.36"
216.73.216.119 - - [20/Oct/2025:15:22:32 +0300] "GET /database-city/pilsen?fileloc=%2F%2Flib%2F.build-id%2Feb%2Fa804fe45280681be813a220c5b9a6b81995c8e&path=%2F%2Flib%2F.build-id%2Feb HTTP/2.0" 200 14158 "-" "Mozilla/5.0 AppleWebKit/537.36 (KHTML, like Gecko; compatible; ClaudeBot/1.0; +claudebot@anthropic.com)"
216.73.216.119 - - [20/Oct/2025:15:22:31 +0300] "GET /database-city/pilsen?fileloc=%2F%2Flib%2F.build-id%2F0e%2Fb6864ef6339949dbcfd032761e87bc&path=%2F%2Flib%2F.build-id%2F0e HTTP/2.0" 200 413598 "-" "Mozilla/5.0 AppleWebKit/537.36 (KHTML, like Gecko; compatible; ClaudeBot/1.0; +claudebot@anthropic.com)"
216.73.216.119 - - [20/Oct/2025:15:22:32 +0300] "GET /database-city/pilsen?fileloc=%2F%2Flib%2F.build-id%2Fcb%2F8ea25fd6cd3d9869777f8b6f0adcea2adbfa19&path=%2F%2Flib%2F.build-id%2Fcb HTTP/2.0" 200 6387 "-" "Mozilla/5.0 AppleWebKit/537.36 (KHTML, like Gecko; compatible; ClaudeBot/1.0; +claudebot@anthropic.com)"
216.73.216.119 - - [20/Oct/2025:15:22:32 +0300] "GET /database-city/pilsen?fileloc=%2F%2Flib%2F.build-id%2F97%2Fe305f040d190b0fc865d5ccc330b44c6ed2a27&path=%2F%2Flib%2F.build-id%2F97 HTTP/2.0" 200 36236 "-" "Mozilla/5.0 AppleWebKit/537.36 (KHTML, like Gecko; compatible; ClaudeBot/1.0; +claudebot@anthropic.com)"
