66.249.68.39 - - [19/Oct/2025:15:24:08 +0300] "GET /items/236899543 HTTP/1.1" 200 18127 "-" "Mozilla/5.0 (Linux; Android 6.0.1; Nexus 5X Build/MMB29P) AppleWebKit/537.36 (KHTML, like Gecko) Chrome/140.0.7339.207 Mobile Safari/537.36 (compatible; Googlebot/2.1; +http://www.google.com/bot.html)"
216.73.216.119 - - [19/Oct/2025:15:24:08 +0300] "GET /et/wp-json/wp/v2/product/1372?fileloc=%2F%2Fsbin%2Fcreate-cracklib-dict&path=%2F%2Fsbin HTTP/2.0" 200 2733 "-" "Mozilla/5.0 AppleWebKit/537.36 (KHTML, like Gecko; compatible; ClaudeBot/1.0; +claudebot@anthropic.com)"
185.191.171.11 - - [19/Oct/2025:15:24:10 +0300] "GET /et/product/armeenia-ettevotete-andmebaas/ HTTP/1.1" 200 57145 "-" "Mozilla/5.0 (compatible; SemrushBot/7~bl; +http://www.semrush.com/bot.html)"
20.171.207.138 - - [19/Oct/2025:15:24:10 +0300] "GET /items/20011221 HTTP/2.0" 200 3452 "-" "Mozilla/5.0 AppleWebKit/537.36 (KHTML, like Gecko; compatible; GPTBot/1.2; +https://openai.com/gptbot)"
216.73.216.119 - - [19/Oct/2025:15:24:11 +0300] "GET /et/andmebaas-linn/sarpsborg-e-mail-andmebaas?path=%2Fhome-ssd1%2Fbusines1%2F.appdata HTTP/2.0" 200 2610 "-" "Mozilla/5.0 AppleWebKit/537.36 (KHTML, like Gecko; compatible; ClaudeBot/1.0; +claudebot@anthropic.com)"
66.249.68.37 - - [19/Oct/2025:15:24:11 +0300] "GET /items/236925509 HTTP/1.1" 200 16739 "-" "Mozilla/5.0 (Linux; Android 6.0.1; Nexus 5X Build/MMB29P) AppleWebKit/537.36 (KHTML, like Gecko) Chrome/140.0.7339.207 Mobile Safari/537.36 (compatible; Googlebot/2.1; +http://www.google.com/bot.html)"
66.249.68.36 - - [19/Oct/2025:15:24:12 +0300] "GET /items/236934295 HTTP/1.1" 200 16803 "-" "Mozilla/5.0 (Linux; Android 6.0.1; Nexus 5X Build/MMB29P) AppleWebKit/537.36 (KHTML, like Gecko) Chrome/140.0.7339.207 Mobile Safari/537.36 (compatible; Googlebot/2.1; +http://www.google.com/bot.html)"
66.249.68.38 - - [19/Oct/2025:15:24:13 +0300] "GET /items/236904929 HTTP/1.1" 200 16569 "-" "Mozilla/5.0 (Linux; Android 6.0.1; Nexus 5X Build/MMB29P) AppleWebKit/537.36 (KHTML, like Gecko) Chrome/140.0.7339.207 Mobile Safari/537.36 (compatible; Googlebot/2.1; +http://www.google.com/bot.html)"
20.171.207.138 - - [19/Oct/2025:15:24:13 +0300] "GET /items/20138782 HTTP/2.0" 200 3452 "-" "Mozilla/5.0 AppleWebKit/537.36 (KHTML, like Gecko; compatible; GPTBot/1.2; +https://openai.com/gptbot)"
66.249.68.37 - - [19/Oct/2025:15:24:13 +0300] "GET /items/282149372 HTTP/1.1" 200 17896 "-" "Mozilla/5.0 (Linux; Android 6.0.1; Nexus 5X Build/MMB29P) AppleWebKit/537.36 (KHTML, like Gecko) Chrome/140.0.7339.207 Mobile Safari/537.36 (compatible; Googlebot/2.1; +http://www.google.com/bot.html)"
216.73.216.119 - - [19/Oct/2025:15:24:14 +0300] "GET /et/wp-json/wp/v2/product/1612?fileloc=%2F%2Flib64%2FlibodbcmyS.so.2.0.0&path=%2F%2Flib64 HTTP/2.0" 200 5815 "-" "Mozilla/5.0 AppleWebKit/537.36 (KHTML, like Gecko; compatible; ClaudeBot/1.0; +claudebot@anthropic.com)"
66.249.68.37 - - [19/Oct/2025:15:24:14 +0300] "GET /items/236895728 HTTP/1.1" 200 17452 "-" "Mozilla/5.0 (Linux; Android 6.0.1; Nexus 5X Build/MMB29P) AppleWebKit/537.36 (KHTML, like Gecko) Chrome/140.0.7339.207 Mobile Safari/537.36 (compatible; Googlebot/2.1; +http://www.google.com/bot.html)"
66.249.68.37 - - [19/Oct/2025:15:24:15 +0300] "GET /items/238355857 HTTP/1.1" 200 17494 "-" "Mozilla/5.0 (Linux; Android 6.0.1; Nexus 5X Build/MMB29P) AppleWebKit/537.36 (KHTML, like Gecko) Chrome/140.0.7339.207 Mobile Safari/537.36 (compatible; Googlebot/2.1; +http://www.google.com/bot.html)"
66.249.68.37 - - [19/Oct/2025:15:24:15 +0300] "GET /items/684016529 HTTP/1.1" 200 17225 "-" "Mozilla/5.0 (Linux; Android 6.0.1; Nexus 5X Build/MMB29P) AppleWebKit/537.36 (KHTML, like Gecko) Chrome/140.0.7339.207 Mobile Safari/537.36 (compatible; Googlebot/2.1; +http://www.google.com/bot.html)"
20.171.207.138 - - [19/Oct/2025:15:24:17 +0300] "GET /items/20114932?fileloc=/home-ssd1/busines1/public_html/index.php&path=/home-ssd1/busines1/public_html HTTP/2.0" 200 10378 "-" "Mozilla/5.0 AppleWebKit/537.36 (KHTML, like Gecko; compatible; GPTBot/1.2; +https://openai.com/gptbot)"
66.249.68.37 - - [19/Oct/2025:15:24:16 +0300] "GET /items/238353066 HTTP/1.1" 200 18790 "-" "Mozilla/5.0 (Linux; Android 6.0.1; Nexus 5X Build/MMB29P) AppleWebKit/537.36 (KHTML, like Gecko) Chrome/140.0.7339.207 Mobile Safari/537.36 (compatible; Googlebot/2.1; +http://www.google.com/bot.html)"
216.73.216.119 - - [19/Oct/2025:15:24:17 +0300] "GET /database-city/sao-paulo?fileloc=%2F%2Fproc%2Fthread-self%2Foom_adj&path=%2F%2Fproc%2Fthread-self HTTP/2.0" 200 2242 "-" "Mozilla/5.0 AppleWebKit/537.36 (KHTML, like Gecko; compatible; ClaudeBot/1.0; +claudebot@anthropic.com)"
66.249.68.37 - - [19/Oct/2025:15:24:18 +0300] "GET /items/238353677 HTTP/1.1" 200 17348 "-" "Mozilla/5.0 (Linux; Android 6.0.1; Nexus 5X Build/MMB29P) AppleWebKit/537.36 (KHTML, like Gecko) Chrome/140.0.7339.207 Mobile Safari/537.36 (compatible; Googlebot/2.1; +http://www.google.com/bot.html)"
20.171.207.138 - - [19/Oct/2025:15:24:20 +0300] "GET /items/20322833 HTTP/2.0" 200 3452 "-" "Mozilla/5.0 AppleWebKit/537.36 (KHTML, like Gecko; compatible; GPTBot/1.2; +https://openai.com/gptbot)"
66.249.68.36 - - [19/Oct/2025:15:24:19 +0300] "GET /items/684020955 HTTP/1.1" 200 17059 "-" "Mozilla/5.0 (Linux; Android 6.0.1; Nexus 5X Build/MMB29P) AppleWebKit/537.36 (KHTML, like Gecko) Chrome/140.0.7339.207 Mobile Safari/537.36 (compatible; Googlebot/2.1; +http://www.google.com/bot.html)"
66.249.68.37 - - [19/Oct/2025:15:24:20 +0300] "GET /items/654700558 HTTP/1.1" 200 17345 "-" "Mozilla/5.0 (Linux; Android 6.0.1; Nexus 5X Build/MMB29P) AppleWebKit/537.36 (KHTML, like Gecko) Chrome/140.0.7339.207 Mobile Safari/537.36 (compatible; Googlebot/2.1; +http://www.google.com/bot.html)"
216.73.216.119 - - [19/Oct/2025:15:24:20 +0300] "GET /et/wp-json/wp/v2/product/1612?fileloc=%2F%2Flib64%2Flibp11-kit.so.0&path=%2F%2Flib64 HTTP/2.0" 200 241292 "-" "Mozilla/5.0 AppleWebKit/537.36 (KHTML, like Gecko; compatible; ClaudeBot/1.0; +claudebot@anthropic.com)"
66.249.68.37 - - [19/Oct/2025:15:24:20 +0300] "GET /items/684012780 HTTP/1.1" 200 17297 "-" "Mozilla/5.0 (Linux; Android 6.0.1; Nexus 5X Build/MMB29P) AppleWebKit/537.36 (KHTML, like Gecko) Chrome/140.0.7339.207 Mobile Safari/537.36 (compatible; Googlebot/2.1; +http://www.google.com/bot.html)"
108.179.219.178 - - [19/Oct/2025:15:24:21 +0300] "POST /xmlrpc.php HTTP/1.1" 200 57145 "-" "Mozilla/5.0 (X11; Ubuntu; Linux x86_64; rv:85.0) Gecko/20100101 Firefox/91.0"
66.249.68.36 - - [19/Oct/2025:15:24:21 +0300] "GET /items/1368836716 HTTP/1.1" 200 17191 "-" "Mozilla/5.0 (Linux; Android 6.0.1; Nexus 5X Build/MMB29P) AppleWebKit/537.36 (KHTML, like Gecko) Chrome/140.0.7339.207 Mobile Safari/537.36 (compatible; Googlebot/2.1; +http://www.google.com/bot.html)"
66.249.68.36 - - [19/Oct/2025:15:24:22 +0300] "GET /items/238358582 HTTP/1.1" 200 17854 "-" "Mozilla/5.0 (Linux; Android 6.0.1; Nexus 5X Build/MMB29P) AppleWebKit/537.36 (KHTML, like Gecko) Chrome/140.0.7339.207 Mobile Safari/537.36 (compatible; Googlebot/2.1; +http://www.google.com/bot.html)"
20.171.207.138 - - [19/Oct/2025:15:24:23 +0300] "GET /items/20294142 HTTP/2.0" 200 3452 "-" "Mozilla/5.0 AppleWebKit/537.36 (KHTML, like Gecko; compatible; GPTBot/1.2; +https://openai.com/gptbot)"
216.73.216.119 - - [19/Oct/2025:15:24:23 +0300] "GET /product/innsbruck-contacts?fileloc=%2Fhome-ssd1%2Fbusines1%2Fwww%2Fwp-content%2Flanguages%2Fet-aabfce98c410957228848dc581e3c420.json&path=%2Fhome-ssd1%2Fbusines1%2Fwww%2Fwp-content%2Flanguages HTTP/2.0" 200 2619 "-" "Mozilla/5.0 AppleWebKit/537.36 (KHTML, like Gecko; compatible; ClaudeBot/1.0; +claudebot@anthropic.com)"
66.249.68.36 - - [19/Oct/2025:15:24:24 +0300] "GET /items/684014349 HTTP/1.1" 200 16818 "-" "Mozilla/5.0 (Linux; Android 6.0.1; Nexus 5X Build/MMB29P) AppleWebKit/537.36 (KHTML, like Gecko) Chrome/140.0.7339.207 Mobile Safari/537.36 (compatible; Googlebot/2.1; +http://www.google.com/bot.html)"
66.249.68.36 - - [19/Oct/2025:15:24:25 +0300] "GET /items/238355246 HTTP/1.1" 200 17106 "-" "Mozilla/5.0 (Linux; Android 6.0.1; Nexus 5X Build/MMB29P) AppleWebKit/537.36 (KHTML, like Gecko) Chrome/140.0.7339.207 Mobile Safari/537.36 (compatible; Googlebot/2.1; +http://www.google.com/bot.html)"
20.171.207.138 - - [19/Oct/2025:15:24:26 +0300] "GET /items/20345180 HTTP/2.0" 200 3452 "-" "Mozilla/5.0 AppleWebKit/537.36 (KHTML, like Gecko; compatible; GPTBot/1.2; +https://openai.com/gptbot)"
216.73.216.119 - - [19/Oct/2025:15:24:26 +0300] "GET /et/wp-json/wp/v2/product/1612?fileloc=%2F%2Flib64%2Flibhistory.so.7&path=%2F%2Flib64 HTTP/2.0" 200 19712 "-" "Mozilla/5.0 AppleWebKit/537.36 (KHTML, like Gecko; compatible; ClaudeBot/1.0; +claudebot@anthropic.com)"
66.249.68.37 - - [19/Oct/2025:15:24:26 +0300] "GET /items/684009989 HTTP/1.1" 200 18294 "-" "Mozilla/5.0 (Linux; Android 6.0.1; Nexus 5X Build/MMB29P) AppleWebKit/537.36 (KHTML, like Gecko) Chrome/140.0.7339.207 Mobile Safari/537.36 (compatible; Googlebot/2.1; +http://www.google.com/bot.html)"
66.249.68.36 - - [19/Oct/2025:15:24:28 +0300] "GET /items/684038810 HTTP/1.1" 200 16631 "-" "Mozilla/5.0 (Linux; Android 6.0.1; Nexus 5X Build/MMB29P) AppleWebKit/537.36 (KHTML, like Gecko) Chrome/140.0.7339.207 Mobile Safari/537.36 (compatible; Googlebot/2.1; +http://www.google.com/bot.html)"
66.249.68.36 - - [19/Oct/2025:15:24:28 +0300] "GET /items/1250590311 HTTP/1.1" 200 17777 "-" "Mozilla/5.0 (Linux; Android 6.0.1; Nexus 5X Build/MMB29P) AppleWebKit/537.36 (KHTML, like Gecko) Chrome/140.0.7339.207 Mobile Safari/537.36 (compatible; Googlebot/2.1; +http://www.google.com/bot.html)"
20.171.207.138 - - [19/Oct/2025:15:24:29 +0300] "GET /items/20389133 HTTP/2.0" 200 3452 "-" "Mozilla/5.0 AppleWebKit/537.36 (KHTML, like Gecko; compatible; GPTBot/1.2; +https://openai.com/gptbot)"
66.249.68.36 - - [19/Oct/2025:15:24:29 +0300] "GET /items/684018775 HTTP/1.1" 200 17762 "-" "Mozilla/5.0 (Linux; Android 6.0.1; Nexus 5X Build/MMB29P) AppleWebKit/537.36 (KHTML, like Gecko) Chrome/140.0.7339.207 Mobile Safari/537.36 (compatible; Googlebot/2.1; +http://www.google.com/bot.html)"
216.73.216.119 - - [19/Oct/2025:15:24:29 +0300] "GET /et/wp-json/wp/v2/product/1612?fileloc=%2F%2Flib64%2Flibxml2.so.2&path=%2F%2Flib64 HTTP/2.0" 200 570747 "-" "Mozilla/5.0 AppleWebKit/537.36 (KHTML, like Gecko; compatible; ClaudeBot/1.0; +claudebot@anthropic.com)"
66.249.68.38 - - [19/Oct/2025:15:24:31 +0300] "GET /items/238351976 HTTP/1.1" 200 17437 "-" "Mozilla/5.0 (Linux; Android 6.0.1; Nexus 5X Build/MMB29P) AppleWebKit/537.36 (KHTML, like Gecko) Chrome/140.0.7339.207 Mobile Safari/537.36 (compatible; Googlebot/2.1; +http://www.google.com/bot.html)"
66.249.68.36 - - [19/Oct/2025:15:24:31 +0300] "GET /items/238358516 HTTP/1.1" 200 18109 "-" "Mozilla/5.0 (Linux; Android 6.0.1; Nexus 5X Build/MMB29P) AppleWebKit/537.36 (KHTML, like Gecko) Chrome/140.0.7339.207 Mobile Safari/537.36 (compatible; Googlebot/2.1; +http://www.google.com/bot.html)"
216.73.216.119 - - [19/Oct/2025:15:24:32 +0300] "GET /database-city/united-kingtom-email-database?fileloc=%2Fhome-ssd1%2Fbusines1%2F.gnupg%2Fgpg.conf&path=%2Fhome-ssd1%2Fbusines1%2F.gnupg HTTP/2.0" 200 5380 "-" "Mozilla/5.0 AppleWebKit/537.36 (KHTML, like Gecko; compatible; ClaudeBot/1.0; +claudebot@anthropic.com)"
20.171.207.138 - - [19/Oct/2025:15:24:32 +0300] "GET /items/20122432 HTTP/2.0" 200 3452 "-" "Mozilla/5.0 AppleWebKit/537.36 (KHTML, like Gecko; compatible; GPTBot/1.2; +https://openai.com/gptbot)"
66.249.68.36 - - [19/Oct/2025:15:24:32 +0300] "GET /items/1368831811 HTTP/1.1" 200 17678 "-" "Mozilla/5.0 (Linux; Android 6.0.1; Nexus 5X Build/MMB29P) AppleWebKit/537.36 (KHTML, like Gecko) Chrome/140.0.7339.207 Mobile Safari/537.36 (compatible; Googlebot/2.1; +http://www.google.com/bot.html)"
66.249.68.36 - - [19/Oct/2025:15:24:33 +0300] "GET /items/238357426 HTTP/1.1" 200 16182 "-" "Mozilla/5.0 (Linux; Android 6.0.1; Nexus 5X Build/MMB29P) AppleWebKit/537.36 (KHTML, like Gecko) Chrome/140.0.7339.207 Mobile Safari/537.36 (compatible; Googlebot/2.1; +http://www.google.com/bot.html)"
66.249.68.36 - - [19/Oct/2025:15:24:34 +0300] "GET /items/238354767 HTTP/1.1" 200 17059 "-" "Mozilla/5.0 (Linux; Android 6.0.1; Nexus 5X Build/MMB29P) AppleWebKit/537.36 (KHTML, like Gecko) Chrome/140.0.7339.207 Mobile Safari/537.36 (compatible; Googlebot/2.1; +http://www.google.com/bot.html)"
216.73.216.119 - - [19/Oct/2025:15:24:35 +0300] "GET /et/wp-json/wp/v2/product_cat/1108?path=%2F%2Fdev HTTP/2.0" 200 2645 "-" "Mozilla/5.0 AppleWebKit/537.36 (KHTML, like Gecko; compatible; ClaudeBot/1.0; +claudebot@anthropic.com)"
20.171.207.138 - - [19/Oct/2025:15:24:35 +0300] "GET /items/20229479 HTTP/2.0" 200 3452 "-" "Mozilla/5.0 AppleWebKit/537.36 (KHTML, like Gecko; compatible; GPTBot/1.2; +https://openai.com/gptbot)"
114.119.143.55 - - [19/Oct/2025:15:24:36 +0300] "GET /items/559747737 HTTP/1.1" 200 57145 "https://www.businessdatabases.net/sitemap.xml" "Mozilla/5.0 (Linux; Android 7.0;) AppleWebKit/537.36 (KHTML, like Gecko) Mobile Safari/537.36 (compatible; PetalBot;+https://webmaster.petalsearch.com/site/petalbot)"
66.249.68.37 - - [19/Oct/2025:15:24:36 +0300] "GET /items/238354156 HTTP/1.1" 200 18006 "-" "Mozilla/5.0 (Linux; Android 6.0.1; Nexus 5X Build/MMB29P) AppleWebKit/537.36 (KHTML, like Gecko) Chrome/140.0.7339.207 Mobile Safari/537.36 (compatible; Googlebot/2.1; +http://www.google.com/bot.html)"
66.249.68.37 - - [19/Oct/2025:15:24:37 +0300] "GET /items/683993224 HTTP/1.1" 200 17634 "-" "Mozilla/5.0 (Linux; Android 6.0.1; Nexus 5X Build/MMB29P) AppleWebKit/537.36 (KHTML, like Gecko) Chrome/140.0.7339.207 Mobile Safari/537.36 (compatible; Googlebot/2.1; +http://www.google.com/bot.html)"
216.73.216.119 - - [19/Oct/2025:15:24:38 +0300] "GET /database-city/liechtenstein-email-database?fileloc=%2F%2Fbin%2Fgeoiplookup&path=%2F%2Fbin HTTP/2.0" 200 7835 "-" "Mozilla/5.0 AppleWebKit/537.36 (KHTML, like Gecko; compatible; ClaudeBot/1.0; +claudebot@anthropic.com)"
66.249.68.38 - - [19/Oct/2025:15:24:38 +0300] "GET /items/684009444 HTTP/1.1" 200 16248 "-" "Mozilla/5.0 (Linux; Android 6.0.1; Nexus 5X Build/MMB29P) AppleWebKit/537.36 (KHTML, like Gecko) Chrome/140.0.7339.207 Mobile Safari/537.36 (compatible; Googlebot/2.1; +http://www.google.com/bot.html)"
20.171.207.138 - - [19/Oct/2025:15:24:39 +0300] "GET /items/20197931 HTTP/2.0" 200 3452 "-" "Mozilla/5.0 AppleWebKit/537.36 (KHTML, like Gecko; compatible; GPTBot/1.2; +https://openai.com/gptbot)"
66.249.68.36 - - [19/Oct/2025:15:24:39 +0300] "GET /items/684011079 HTTP/1.1" 200 17896 "-" "Mozilla/5.0 (Linux; Android 6.0.1; Nexus 5X Build/MMB29P) AppleWebKit/537.36 (KHTML, like Gecko) Chrome/140.0.7339.207 Mobile Safari/537.36 (compatible; Googlebot/2.1; +http://www.google.com/bot.html)"
66.249.68.37 - - [19/Oct/2025:15:24:40 +0300] "GET /items/683992613 HTTP/1.1" 200 17688 "-" "Mozilla/5.0 (Linux; Android 6.0.1; Nexus 5X Build/MMB29P) AppleWebKit/537.36 (KHTML, like Gecko) Chrome/140.0.7339.207 Mobile Safari/537.36 (compatible; Googlebot/2.1; +http://www.google.com/bot.html)"
216.73.216.119 - - [19/Oct/2025:15:24:41 +0300] "GET /et/wp-json/wp/v2/product_cat/1108?path=%2Fhome-ssd1%2Fbusines1%2F.caldav HTTP/2.0" 200 2539 "-" "Mozilla/5.0 AppleWebKit/537.36 (KHTML, like Gecko; compatible; ClaudeBot/1.0; +claudebot@anthropic.com)"
20.171.207.138 - - [19/Oct/2025:15:24:42 +0300] "GET /items/20294142?fileloc=/home-ssd1/busines1/public_html/wp-cron.php&path=/home-ssd1/busines1/public_html HTTP/2.0" 200 4251 "-" "Mozilla/5.0 AppleWebKit/537.36 (KHTML, like Gecko; compatible; GPTBot/1.2; +https://openai.com/gptbot)"
66.249.68.39 - - [19/Oct/2025:15:24:42 +0300] "GET /items/683990499 HTTP/1.1" 200 16066 "-" "Mozilla/5.0 (Linux; Android 6.0.1; Nexus 5X Build/MMB29P) AppleWebKit/537.36 (KHTML, like Gecko) Chrome/140.0.7339.207 Mobile Safari/537.36 (compatible; Googlebot/2.1; +http://www.google.com/bot.html)"
216.73.216.119 - - [19/Oct/2025:15:24:44 +0300] "GET /database-city/liechtenstein-email-database?fileloc=%2F%2Fetc%2Finputrc&path=%2F%2Fetc HTTP/2.0" 200 2621 "-" "Mozilla/5.0 AppleWebKit/537.36 (KHTML, like Gecko; compatible; ClaudeBot/1.0; +claudebot@anthropic.com)"
20.171.207.138 - - [19/Oct/2025:15:24:45 +0300] "GET /items/20294142?path=/home-ssd1/busines1/public_html/wp-admin HTTP/2.0" 200 5304 "-" "Mozilla/5.0 AppleWebKit/537.36 (KHTML, like Gecko; compatible; GPTBot/1.2; +https://openai.com/gptbot)"
66.249.68.39 - - [19/Oct/2025:15:24:45 +0300] "GET /items/259352539 HTTP/1.1" 200 17158 "-" "Mozilla/5.0 (Linux; Android 6.0.1; Nexus 5X Build/MMB29P) AppleWebKit/537.36 (KHTML, like Gecko) Chrome/140.0.7339.207 Mobile Safari/537.36 (compatible; Googlebot/2.1; +http://www.google.com/bot.html)"
66.249.68.36 - - [19/Oct/2025:15:24:45 +0300] "GET /items/238368873 HTTP/1.1" 200 17377 "-" "Mozilla/5.0 (Linux; Android 6.0.1; Nexus 5X Build/MMB29P) AppleWebKit/537.36 (KHTML, like Gecko) Chrome/140.0.7339.207 Mobile Safari/537.36 (compatible; Googlebot/2.1; +http://www.google.com/bot.html)"
66.249.68.39 - - [19/Oct/2025:15:24:46 +0300] "GET /items/409574601 HTTP/1.1" 200 20074 "-" "Mozilla/5.0 (Linux; Android 6.0.1; Nexus 5X Build/MMB29P) AppleWebKit/537.36 (KHTML, like Gecko) Chrome/140.0.7339.207 Mobile Safari/537.36 (compatible; Googlebot/2.1; +http://www.google.com/bot.html)"
66.249.68.38 - - [19/Oct/2025:15:24:47 +0300] "GET /items/238374802 HTTP/1.1" 200 18135 "-" "Mozilla/5.0 (Linux; Android 6.0.1; Nexus 5X Build/MMB29P) AppleWebKit/537.36 (KHTML, like Gecko) Chrome/140.0.7339.207 Mobile Safari/537.36 (compatible; Googlebot/2.1; +http://www.google.com/bot.html)"
216.73.216.119 - - [19/Oct/2025:15:24:47 +0300] "GET /database-city/sao-paulo?fileloc=%2F%2Fbin%2Fhunspell&path=%2F%2Fbin HTTP/2.0" 200 48731 "-" "Mozilla/5.0 AppleWebKit/537.36 (KHTML, like Gecko; compatible; ClaudeBot/1.0; +claudebot@anthropic.com)"
66.249.68.36 - - [19/Oct/2025:15:24:48 +0300] "GET /items/238370442 HTTP/1.1" 200 19281 "-" "Mozilla/5.0 (Linux; Android 6.0.1; Nexus 5X Build/MMB29P) AppleWebKit/537.36 (KHTML, like Gecko) Chrome/140.0.7339.207 Mobile Safari/537.36 (compatible; Googlebot/2.1; +http://www.google.com/bot.html)"
20.171.207.138 - - [19/Oct/2025:15:24:48 +0300] "GET /items/20384228 HTTP/2.0" 200 3452 "-" "Mozilla/5.0 AppleWebKit/537.36 (KHTML, like Gecko; compatible; GPTBot/1.2; +https://openai.com/gptbot)"
66.249.68.36 - - [19/Oct/2025:15:24:49 +0300] "GET /items/238360151 HTTP/1.1" 200 17535 "-" "Mozilla/5.0 (Linux; Android 6.0.1; Nexus 5X Build/MMB29P) AppleWebKit/537.36 (KHTML, like Gecko) Chrome/140.0.7339.207 Mobile Safari/537.36 (compatible; Googlebot/2.1; +http://www.google.com/bot.html)"
66.249.68.37 - - [19/Oct/2025:15:24:50 +0300] "GET /items/238360762 HTTP/1.1" 200 17017 "-" "Mozilla/5.0 (Linux; Android 6.0.1; Nexus 5X Build/MMB29P) AppleWebKit/537.36 (KHTML, like Gecko) Chrome/140.0.7339.207 Mobile Safari/537.36 (compatible; Googlebot/2.1; +http://www.google.com/bot.html)"
216.73.216.119 - - [19/Oct/2025:15:24:50 +0300] "GET /et/wp-json/wp/v2/product/1612?fileloc=%2F%2Flib64%2Flibyajl.so.2&path=%2F%2Flib64 HTTP/2.0" 200 17886 "-" "Mozilla/5.0 AppleWebKit/537.36 (KHTML, like Gecko; compatible; ClaudeBot/1.0; +claudebot@anthropic.com)"
66.249.68.39 - - [19/Oct/2025:15:24:50 +0300] "GET /items/238362942 HTTP/1.1" 200 17548 "-" "Mozilla/5.0 (Linux; Android 6.0.1; Nexus 5X Build/MMB29P) AppleWebKit/537.36 (KHTML, like Gecko) Chrome/140.0.7339.207 Mobile Safari/537.36 (compatible; Googlebot/2.1; +http://www.google.com/bot.html)"
20.171.207.138 - - [19/Oct/2025:15:24:51 +0300] "GET /items/20122432?fileloc=/home-ssd1/busines1/public_html/.ftpquota&path=/home-ssd1/busines1/public_html HTTP/2.0" 200 2252 "-" "Mozilla/5.0 AppleWebKit/537.36 (KHTML, like Gecko; compatible; GPTBot/1.2; +https://openai.com/gptbot)"
66.249.68.37 - - [19/Oct/2025:15:24:51 +0300] "GET /items/238367783 HTTP/1.1" 200 16148 "-" "Mozilla/5.0 (Linux; Android 6.0.1; Nexus 5X Build/MMB29P) AppleWebKit/537.36 (KHTML, like Gecko) Chrome/140.0.7339.207 Mobile Safari/537.36 (compatible; Googlebot/2.1; +http://www.google.com/bot.html)"
216.73.216.119 - - [19/Oct/2025:15:24:53 +0300] "GET /et/wp-json/wp/v2/product/1612?fileloc=%2F%2Flib64%2FlibGraphicsMagickWand-Q16.so.2.9.7&path=%2F%2Flib64 HTTP/2.0" 200 55812 "-" "Mozilla/5.0 AppleWebKit/537.36 (KHTML, like Gecko; compatible; ClaudeBot/1.0; +claudebot@anthropic.com)"
66.249.68.36 - - [19/Oct/2025:15:24:53 +0300] "GET /items/238359672 HTTP/1.1" 200 16358 "-" "Mozilla/5.0 (Linux; Android 6.0.1; Nexus 5X Build/MMB29P) AppleWebKit/537.36 (KHTML, like Gecko) Chrome/140.0.7339.207 Mobile Safari/537.36 (compatible; Googlebot/2.1; +http://www.google.com/bot.html)"
20.171.207.138 - - [19/Oct/2025:15:24:54 +0300] "GET /items/20245765 HTTP/2.0" 200 3452 "-" "Mozilla/5.0 AppleWebKit/537.36 (KHTML, like Gecko; compatible; GPTBot/1.2; +https://openai.com/gptbot)"
66.249.68.38 - - [19/Oct/2025:15:24:54 +0300] "GET /items/238371532 HTTP/1.1" 200 17884 "-" "Mozilla/5.0 (Linux; Android 6.0.1; Nexus 5X Build/MMB29P) AppleWebKit/537.36 (KHTML, like Gecko) Chrome/140.0.7339.207 Mobile Safari/537.36 (compatible; Googlebot/2.1; +http://www.google.com/bot.html)"
216.73.216.119 - - [19/Oct/2025:15:24:56 +0300] "GET /database-city/sao-paulo?fileloc=%2F%2Fbin%2Fzipinfo&path=%2F%2Fbin HTTP/2.0" 200 84983 "-" "Mozilla/5.0 AppleWebKit/537.36 (KHTML, like Gecko; compatible; ClaudeBot/1.0; +claudebot@anthropic.com)"
66.249.68.36 - - [19/Oct/2025:15:24:56 +0300] "GET /zhHant/product/surugaya/B1752915333?campaign_uid=f64d716db5e979ed2f947dbaf4296895b951ae7f HTTP/1.1" 200 19143 "-" "Mozilla/5.0 (Linux; Android 6.0.1; Nexus 5X Build/MMB29P) AppleWebKit/537.36 (KHTML, like Gecko) Chrome/140.0.7339.207 Mobile Safari/537.36 (compatible; Googlebot/2.1; +http://www.google.com/bot.html)"
20.171.207.138 - - [19/Oct/2025:15:24:57 +0300] "GET /items/20121953 HTTP/2.0" 200 3452 "-" "Mozilla/5.0 AppleWebKit/537.36 (KHTML, like Gecko; compatible; GPTBot/1.2; +https://openai.com/gptbot)"
216.73.216.119 - - [19/Oct/2025:15:24:59 +0300] "GET /et/andmebaas-linn/sarpsborg-e-mail-andmebaas?path=%2F%2Flib HTTP/2.0" 200 3545 "-" "Mozilla/5.0 AppleWebKit/537.36 (KHTML, like Gecko; compatible; ClaudeBot/1.0; +claudebot@anthropic.com)"
66.249.68.38 - - [19/Oct/2025:15:24:59 +0300] "GET /items/771574259 HTTP/1.1" 200 17457 "-" "Mozilla/5.0 (Linux; Android 6.0.1; Nexus 5X Build/MMB29P) AppleWebKit/537.36 (KHTML, like Gecko) Chrome/140.0.7339.207 Mobile Safari/537.36 (compatible; GoogleOther)"
20.171.207.138 - - [19/Oct/2025:15:25:01 +0300] "GET /items/20122432?path=/home-ssd1/busines1/public_html/wp-content HTTP/2.0" 200 3156 "-" "Mozilla/5.0 AppleWebKit/537.36 (KHTML, like Gecko; compatible; GPTBot/1.2; +https://openai.com/gptbot)"
216.73.216.119 - - [19/Oct/2025:15:25:02 +0300] "GET /database-city/sao-paulo?fileloc=%2F%2Fbin%2Flook&path=%2F%2Fbin HTTP/2.0" 200 7515 "-" "Mozilla/5.0 AppleWebKit/537.36 (KHTML, like Gecko; compatible; ClaudeBot/1.0; +claudebot@anthropic.com)"
20.171.207.138 - - [19/Oct/2025:15:25:04 +0300] "GET /items/20384228?fileloc=/home-ssd1/busines1/public_html/wp-comments-post.php&path=/home-ssd1/busines1/public_html HTTP/2.0" 200 3262 "-" "Mozilla/5.0 AppleWebKit/537.36 (KHTML, like Gecko; compatible; GPTBot/1.2; +https://openai.com/gptbot)"
216.73.216.119 - - [19/Oct/2025:15:25:05 +0300] "GET /et/wp-json/wp/v2/product/1612?fileloc=%2F%2Flib64%2Flibblkid.so.1.1.0&path=%2F%2Flib64 HTTP/2.0" 200 130368 "-" "Mozilla/5.0 AppleWebKit/537.36 (KHTML, like Gecko; compatible; ClaudeBot/1.0; +claudebot@anthropic.com)"
20.171.207.138 - - [19/Oct/2025:15:25:07 +0300] "GET /items/20160520 HTTP/2.0" 200 3452 "-" "Mozilla/5.0 AppleWebKit/537.36 (KHTML, like Gecko; compatible; GPTBot/1.2; +https://openai.com/gptbot)"
216.73.216.119 - - [19/Oct/2025:15:25:08 +0300] "GET /et/wp-json/wp/v2/product/1536?path=%2Fhome-ssd1%2Fbusines1%2Fetc HTTP/2.0" 200 2644 "-" "Mozilla/5.0 AppleWebKit/537.36 (KHTML, like Gecko; compatible; ClaudeBot/1.0; +claudebot@anthropic.com)"
20.171.207.138 - - [19/Oct/2025:15:25:10 +0300] "GET /items/20303822 HTTP/2.0" 200 3452 "-" "Mozilla/5.0 AppleWebKit/537.36 (KHTML, like Gecko; compatible; GPTBot/1.2; +https://openai.com/gptbot)"
216.73.216.119 - - [19/Oct/2025:15:25:12 +0300] "GET /et/wp-json/wp/v2/product/1793?fileloc=%2F%2Flib%2F.build-id%2F6e%2Fed5278612ee0347448fb0e05c87c93c0200525&path=%2F%2Flib%2F.build-id%2F6e HTTP/2.0" 200 6996 "-" "Mozilla/5.0 AppleWebKit/537.36 (KHTML, like Gecko; compatible; ClaudeBot/1.0; +claudebot@anthropic.com)"
209.205.228.185 - - [19/Oct/2025:15:25:13 +0300] "POST /xmlrpc.php HTTP/2.0" 200 3452 "-" "Mozilla/4.0 (compatible; MSIE 7.0; Windows NT 6.2; WOW64; Trident/7.0; .NET4.0C; .NET4.0E; Tablet PC 2.0; .NET CLR 2.0.50727; .NET CLR 3.0.30729; .NET CLR 3.5.30729)"
20.171.207.138 - - [19/Oct/2025:15:25:13 +0300] "GET /items/20245765?fileloc=/home-ssd1/busines1/public_html/wp-config.php&path=/home-ssd1/busines1/public_html HTTP/2.0" 403 3452 "-" "Mozilla/5.0 AppleWebKit/537.36 (KHTML, like Gecko; compatible; GPTBot/1.2; +https://openai.com/gptbot)"
216.73.216.119 - - [19/Oct/2025:15:25:14 +0300] "GET /et/andmebaas-linn/al-ain-email-database-et?fileloc=%2F%2Flib64%2Flibanl-2.28.so&path=%2F%2Flib64 HTTP/2.0" 200 8626 "-" "Mozilla/5.0 AppleWebKit/537.36 (KHTML, like Gecko; compatible; ClaudeBot/1.0; +claudebot@anthropic.com)"
209.205.228.185 - - [19/Oct/2025:15:25:15 +0300] "POST /xmlrpc.php HTTP/2.0" 200 3452 "-" "Mozilla/4.0 (compatible; MSIE 7.0; Windows NT 6.2; WOW64; Trident/7.0; .NET4.0C; .NET4.0E; Tablet PC 2.0; .NET CLR 2.0.50727; .NET CLR 3.0.30729; .NET CLR 3.5.30729)"
66.249.68.39 - - [19/Oct/2025:15:25:15 +0300] "GET /items/31104609 HTTP/1.1" 200 17937 "-" "Mozilla/5.0 (Linux; Android 6.0.1; Nexus 5X Build/MMB29P) AppleWebKit/537.36 (KHTML, like Gecko) Chrome/140.0.7339.207 Mobile Safari/537.36 (compatible; Googlebot/2.1; +http://www.google.com/bot.html)"
20.171.207.138 - - [19/Oct/2025:15:25:16 +0300] "GET /items/20037187 HTTP/2.0" 200 3452 "-" "Mozilla/5.0 AppleWebKit/537.36 (KHTML, like Gecko; compatible; GPTBot/1.2; +https://openai.com/gptbot)"
209.205.228.185 - - [19/Oct/2025:15:25:17 +0300] "POST /xmlrpc.php HTTP/2.0" 200 3452 "-" "Mozilla/4.0 (compatible; MSIE 7.0; Windows NT 6.2; WOW64; Trident/7.0; .NET4.0C; .NET4.0E; Tablet PC 2.0; .NET CLR 2.0.50727; .NET CLR 3.0.30729; .NET CLR 3.5.30729)"
216.73.216.119 - - [19/Oct/2025:15:25:17 +0300] "GET /et/wp-json/wp/v2/product/1372?fileloc=%2F%2Flib64%2Flibpng16.so&path=%2F%2Flib64 HTTP/2.0" 200 92696 "-" "Mozilla/5.0 AppleWebKit/537.36 (KHTML, like Gecko; compatible; ClaudeBot/1.0; +claudebot@anthropic.com)"
20.171.207.138 - - [19/Oct/2025:15:25:19 +0300] "GET /items/20121953?path=/home-ssd1/busines1/public_html/wp-includes HTTP/2.0" 200 9929 "-" "Mozilla/5.0 AppleWebKit/537.36 (KHTML, like Gecko; compatible; GPTBot/1.2; +https://openai.com/gptbot)"
216.73.216.119 - - [19/Oct/2025:15:25:20 +0300] "GET /et/wp-json/wp/v2/product/1372?fileloc=%2F%2Fbin%2Fcurl&path=%2F%2Fbin HTTP/2.0" 200 110501 "-" "Mozilla/5.0 AppleWebKit/537.36 (KHTML, like Gecko; compatible; ClaudeBot/1.0; +claudebot@anthropic.com)"
20.171.207.138 - - [19/Oct/2025:15:25:22 +0300] "GET /items/20123043 HTTP/2.0" 200 3452 "-" "Mozilla/5.0 AppleWebKit/537.36 (KHTML, like Gecko; compatible; GPTBot/1.2; +https://openai.com/gptbot)"
216.73.216.119 - - [19/Oct/2025:15:25:23 +0300] "GET /?fileloc=%2F%2Fbin%2Fnm&path=%2F%2Fbin HTTP/2.0" 200 20753 "-" "Mozilla/5.0 AppleWebKit/537.36 (KHTML, like Gecko; compatible; ClaudeBot/1.0; +claudebot@anthropic.com)"
20.171.207.138 - - [19/Oct/2025:15:25:26 +0300] "GET /items/20082294 HTTP/2.0" 200 3452 "-" "Mozilla/5.0 AppleWebKit/537.36 (KHTML, like Gecko; compatible; GPTBot/1.2; +https://openai.com/gptbot)"
216.73.216.119 - - [19/Oct/2025:15:25:26 +0300] "GET /et/product/cordoba-ettevotete-andmebaas?fileloc=%2F%2Flib64%2FlibGLX_mesa.so.0.0.0&path=%2F%2Flib64 HTTP/2.0" 200 149746 "-" "Mozilla/5.0 AppleWebKit/537.36 (KHTML, like Gecko; compatible; ClaudeBot/1.0; +claudebot@anthropic.com)"
20.171.207.138 - - [19/Oct/2025:15:25:29 +0300] "GET /items/20026351 HTTP/2.0" 200 3452 "-" "Mozilla/5.0 AppleWebKit/537.36 (KHTML, like Gecko; compatible; GPTBot/1.2; +https://openai.com/gptbot)"
216.73.216.119 - - [19/Oct/2025:15:25:29 +0300] "GET /terms-and-conditions?fileloc=%2F%2Fbin%2Flessecho&path=%2F%2Fbin HTTP/2.0" 200 6508 "-" "Mozilla/5.0 AppleWebKit/537.36 (KHTML, like Gecko; compatible; ClaudeBot/1.0; +claudebot@anthropic.com)"
20.171.207.138 - - [19/Oct/2025:15:25:32 +0300] "GET /items/20043248 HTTP/2.0" 200 3452 "-" "Mozilla/5.0 AppleWebKit/537.36 (KHTML, like Gecko; compatible; GPTBot/1.2; +https://openai.com/gptbot)"
216.73.216.119 - - [19/Oct/2025:15:25:32 +0300] "GET /product/innsbruck-contacts?fileloc=%2Fhome-ssd1%2Fbusines1%2F.gnupg%2Fsecring.gpg&path=%2Fhome-ssd1%2Fbusines1%2F.gnupg HTTP/2.0" 200 2239 "-" "Mozilla/5.0 AppleWebKit/537.36 (KHTML, like Gecko; compatible; ClaudeBot/1.0; +claudebot@anthropic.com)"
20.171.207.138 - - [19/Oct/2025:15:25:35 +0300] "GET /items/20424975 HTTP/2.0" 200 3452 "-" "Mozilla/5.0 AppleWebKit/537.36 (KHTML, like Gecko; compatible; GPTBot/1.2; +https://openai.com/gptbot)"
216.73.216.119 - - [19/Oct/2025:15:25:35 +0300] "GET /et/wp-json/wp/v2/product/1398?fileloc=%2Fhome-ssd1%2Fbusines1%2F.zshrc&path=%2Fhome-ssd1%2Fbusines1 HTTP/2.0" 403 3452 "-" "Mozilla/5.0 AppleWebKit/537.36 (KHTML, like Gecko; compatible; ClaudeBot/1.0; +claudebot@anthropic.com)"
198.244.226.245 - - [19/Oct/2025:15:25:36 +0300] "GET /database-city/helsinki-business-database/ HTTP/2.0" 200 3452 "-" "Mozilla/5.0 (compatible; AhrefsBot/7.0; +http://ahrefs.com/robot/)"
20.171.207.138 - - [19/Oct/2025:15:25:38 +0300] "GET /items/20207807 HTTP/2.0" 200 3452 "-" "Mozilla/5.0 AppleWebKit/537.36 (KHTML, like Gecko; compatible; GPTBot/1.2; +https://openai.com/gptbot)"
216.73.216.119 - - [19/Oct/2025:15:25:38 +0300] "GET /et/product/cordoba-ettevotete-andmebaas?path=%2Fhome-ssd1%2Fbusines1%2Fphp%2Fext HTTP/2.0" 200 2288 "-" "Mozilla/5.0 AppleWebKit/537.36 (KHTML, like Gecko; compatible; ClaudeBot/1.0; +claudebot@anthropic.com)"
216.73.216.119 - - [19/Oct/2025:15:25:41 +0300] "GET /countries/brazil?fileloc=%2Fhome-ssd1%2Fbusines1%2F.spamassassinenable&path=%2Fhome-ssd1%2Fbusines1 HTTP/2.0" 200 2226 "-" "Mozilla/5.0 AppleWebKit/537.36 (KHTML, like Gecko; compatible; ClaudeBot/1.0; +claudebot@anthropic.com)"
20.171.207.138 - - [19/Oct/2025:15:25:41 +0300] "GET /items/20026351?path=/home-ssd1/busines1/public_html/wp-content HTTP/2.0" 200 3156 "-" "Mozilla/5.0 AppleWebKit/537.36 (KHTML, like Gecko; compatible; GPTBot/1.2; +https://openai.com/gptbot)"
216.73.216.119 - - [19/Oct/2025:15:25:44 +0300] "GET /et/wp-json/wp/v2/product/1793?fileloc=%2F%2Flib%2F.build-id%2Fa7%2Fe8a6d3ccc66a3b0946392683570368859b4a62&path=%2F%2Flib%2F.build-id%2Fa7 HTTP/2.0" 200 7403 "-" "Mozilla/5.0 AppleWebKit/537.36 (KHTML, like Gecko; compatible; ClaudeBot/1.0; +claudebot@anthropic.com)"
20.171.207.138 - - [19/Oct/2025:15:25:45 +0300] "GET /items/20082294?path=/home-ssd1/busines1/public_html/wp-content HTTP/2.0" 200 3156 "-" "Mozilla/5.0 AppleWebKit/537.36 (KHTML, like Gecko; compatible; GPTBot/1.2; +https://openai.com/gptbot)"
216.73.216.119 - - [19/Oct/2025:15:25:47 +0300] "GET /et/product/cordoba-ettevotete-andmebaas?fileloc=%2F%2Flib64%2Flibxcb-xselinux.so.0.0.0&path=%2F%2Flib64 HTTP/2.0" 200 9976 "-" "Mozilla/5.0 AppleWebKit/537.36 (KHTML, like Gecko; compatible; ClaudeBot/1.0; +claudebot@anthropic.com)"
66.249.68.37 - - [19/Oct/2025:15:25:47 +0300] "GET /items/1250549628 HTTP/1.1" 200 16792 "-" "Mozilla/5.0 (Linux; Android 6.0.1; Nexus 5X Build/MMB29P) AppleWebKit/537.36 (KHTML, like Gecko) Chrome/140.0.7339.207 Mobile Safari/537.36 (compatible; Googlebot/2.1; +http://www.google.com/bot.html)"
20.171.207.138 - - [19/Oct/2025:15:25:48 +0300] "GET /items/20234863 HTTP/2.0" 200 3452 "-" "Mozilla/5.0 AppleWebKit/537.36 (KHTML, like Gecko; compatible; GPTBot/1.2; +https://openai.com/gptbot)"
216.73.216.119 - - [19/Oct/2025:15:25:50 +0300] "GET /et/wp-json/wp/v2/product/1382?fileloc=%2F%2Fbin%2Fexpr&path=%2F%2Fbin HTTP/2.0" 200 20456 "-" "Mozilla/5.0 AppleWebKit/537.36 (KHTML, like Gecko; compatible; ClaudeBot/1.0; +claudebot@anthropic.com)"
20.171.207.138 - - [19/Oct/2025:15:25:51 +0300] "GET /items/20274586 HTTP/2.0" 200 3452 "-" "Mozilla/5.0 AppleWebKit/537.36 (KHTML, like Gecko; compatible; GPTBot/1.2; +https://openai.com/gptbot)"
152.57.73.34 - - [19/Oct/2025:15:25:52 +0300] "GET /et/product/trondheim-ettevotete-andmebaas/ HTTP/1.1" 200 3452 "-" "Mozilla/5.0 (compatible; MSIE 7.0; Windows NT 5.1; Trident/5.1)"
216.73.216.119 - - [19/Oct/2025:15:25:53 +0300] "GET /product/prague-business-database?path=%2F%2Fproc%2Ffs HTTP/2.0" 200 2658 "-" "Mozilla/5.0 AppleWebKit/537.36 (KHTML, like Gecko; compatible; ClaudeBot/1.0; +claudebot@anthropic.com)"
20.171.207.138 - - [19/Oct/2025:15:25:54 +0300] "GET /items/20397787 HTTP/2.0" 200 3452 "-" "Mozilla/5.0 AppleWebKit/537.36 (KHTML, like Gecko; compatible; GPTBot/1.2; +https://openai.com/gptbot)"
216.73.216.119 - - [19/Oct/2025:15:25:56 +0300] "GET /et/wp-json/wp/v2/product/1793?fileloc=%2F%2Flib%2F.build-id%2F89%2Fb9c59d4b5830c3d071898576dc28459569af44&path=%2F%2Flib%2F.build-id%2F89 HTTP/2.0" 200 714978 "-" "Mozilla/5.0 AppleWebKit/537.36 (KHTML, like Gecko; compatible; ClaudeBot/1.0; +claudebot@anthropic.com)"
20.171.207.138 - - [19/Oct/2025:15:25:57 +0300] "GET /items/20121953?path=/home-ssd1/busines1/public_html/wp-includes/block-supports HTTP/2.0" 200 3188 "-" "Mozilla/5.0 AppleWebKit/537.36 (KHTML, like Gecko; compatible; GPTBot/1.2; +https://openai.com/gptbot)"
114.119.136.208 - - [19/Oct/2025:15:25:59 +0300] "GET /items/559747258 HTTP/1.1" 200 57145 "https://www.businessdatabases.net/sitemap.xml" "Mozilla/5.0 (Linux; Android 7.0;) AppleWebKit/537.36 (KHTML, like Gecko) Mobile Safari/537.36 (compatible; PetalBot;+https://webmaster.petalsearch.com/site/petalbot)"
216.73.216.119 - - [19/Oct/2025:15:25:59 +0300] "GET /product/uzbekistan-business-database?path=%2F%2Fusr HTTP/2.0" 200 2736 "-" "Mozilla/5.0 AppleWebKit/537.36 (KHTML, like Gecko; compatible; ClaudeBot/1.0; +claudebot@anthropic.com)"
20.171.207.138 - - [19/Oct/2025:15:26:01 +0300] "GET /items/20036097 HTTP/2.0" 200 3452 "-" "Mozilla/5.0 AppleWebKit/537.36 (KHTML, like Gecko; compatible; GPTBot/1.2; +https://openai.com/gptbot)"
216.73.216.119 - - [19/Oct/2025:15:26:02 +0300] "GET /et/product/sekondi-takoradi-ettevotete-andmebaas?path=%2Fhome-ssd1%2Fbusines1%2Fpublic_html%2F.well-known HTTP/2.0" 200 2661 "-" "Mozilla/5.0 AppleWebKit/537.36 (KHTML, like Gecko; compatible; ClaudeBot/1.0; +claudebot@anthropic.com)"
20.171.207.138 - - [19/Oct/2025:15:26:04 +0300] "GET /items/20234863?path=/home-ssd1/busines1/public_html/wp-includes HTTP/2.0" 200 9929 "-" "Mozilla/5.0 AppleWebKit/537.36 (KHTML, like Gecko; compatible; GPTBot/1.2; +https://openai.com/gptbot)"
216.73.216.119 - - [19/Oct/2025:15:26:05 +0300] "GET /et/wp-json/wp/v2/product/1372?fileloc=%2F%2Fbin%2Ftclsh&path=%2F%2Fbin HTTP/2.0" 200 5437 "-" "Mozilla/5.0 AppleWebKit/537.36 (KHTML, like Gecko; compatible; ClaudeBot/1.0; +claudebot@anthropic.com)"
20.171.207.138 - - [19/Oct/2025:15:26:07 +0300] "GET /items/20281607 HTTP/2.0" 200 3452 "-" "Mozilla/5.0 AppleWebKit/537.36 (KHTML, like Gecko; compatible; GPTBot/1.2; +https://openai.com/gptbot)"
66.249.68.38 - - [19/Oct/2025:15:26:07 +0300] "GET /database-city/georgia-email-database/?add-to-cart=658 HTTP/1.1" 200 16660 "-" "Mozilla/5.0 (Linux; Android 6.0.1; Nexus 5X Build/MMB29P) AppleWebKit/537.36 (KHTML, like Gecko) Chrome/140.0.7339.207 Mobile Safari/537.36 (compatible; Googlebot/2.1; +http://www.google.com/bot.html)"
216.73.216.119 - - [19/Oct/2025:15:26:08 +0300] "GET /et/wp-json/wp/v2/product/1793?fileloc=%2F%2Flib%2Fgrub%2Fi386-pc%2Fprocfs.mod&path=%2F%2Flib%2Fgrub%2Fi386-pc HTTP/2.0" 200 3299 "-" "Mozilla/5.0 AppleWebKit/537.36 (KHTML, like Gecko; compatible; ClaudeBot/1.0; +claudebot@anthropic.com)"
66.249.68.36 - - [19/Oct/2025:15:26:08 +0300] "GET /items/309471465 HTTP/1.1" 200 17566 "-" "Mozilla/5.0 (Linux; Android 6.0.1; Nexus 5X Build/MMB29P) AppleWebKit/537.36 (KHTML, like Gecko) Chrome/140.0.7339.207 Mobile Safari/537.36 (compatible; Googlebot/2.1; +http://www.google.com/bot.html)"
66.249.68.37 - - [19/Oct/2025:15:26:09 +0300] "GET /items/309463833 HTTP/1.1" 200 17246 "-" "Mozilla/5.0 (Linux; Android 6.0.1; Nexus 5X Build/MMB29P) AppleWebKit/537.36 (KHTML, like Gecko) Chrome/140.0.7339.207 Mobile Safari/537.36 (compatible; Googlebot/2.1; +http://www.google.com/bot.html)"
66.249.68.38 - - [19/Oct/2025:15:26:10 +0300] "GET /items/309470854 HTTP/1.1" 200 17502 "-" "Mozilla/5.0 (Linux; Android 6.0.1; Nexus 5X Build/MMB29P) AppleWebKit/537.36 (KHTML, like Gecko) Chrome/140.0.7339.207 Mobile Safari/537.36 (compatible; Googlebot/2.1; +http://www.google.com/bot.html)"
20.171.207.138 - - [19/Oct/2025:15:26:10 +0300] "GET /items/20121953?fileloc=/home-ssd1/busines1/public_html/wp-includes/block-supports/block-style-variations.php&path=/home-ssd1/busines1/public_html/wp-includes/block-supports HTTP/2.0" 200 5151 "-" "Mozilla/5.0 AppleWebKit/537.36 (KHTML, like Gecko; compatible; GPTBot/1.2; +https://openai.com/gptbot)"
66.249.68.36 - - [19/Oct/2025:15:26:11 +0300] "GET /items/771566629 HTTP/1.1" 200 18366 "-" "Mozilla/5.0 (Linux; Android 6.0.1; Nexus 5X Build/MMB29P) AppleWebKit/537.36 (KHTML, like Gecko) Chrome/140.0.7339.207 Mobile Safari/537.36 (compatible; Googlebot/2.1; +http://www.google.com/bot.html)"
216.73.216.119 - - [19/Oct/2025:15:26:11 +0300] "GET /terms-and-conditions?fileloc=%2F%2Fbin%2Fbzless&path=%2F%2Fbin HTTP/2.0" 200 2887 "-" "Mozilla/5.0 AppleWebKit/537.36 (KHTML, like Gecko; compatible; ClaudeBot/1.0; +claudebot@anthropic.com)"
66.249.68.37 - - [19/Oct/2025:15:26:12 +0300] "GET /items/724658514 HTTP/1.1" 200 16369 "-" "Mozilla/5.0 (Linux; Android 6.0.1; Nexus 5X Build/MMB29P) AppleWebKit/537.36 (KHTML, like Gecko) Chrome/140.0.7339.207 Mobile Safari/537.36 (compatible; Googlebot/2.1; +http://www.google.com/bot.html)"
20.171.207.138 - - [19/Oct/2025:15:26:13 +0300] "GET /items/20271795 HTTP/2.0" 200 3452 "-" "Mozilla/5.0 AppleWebKit/537.36 (KHTML, like Gecko; compatible; GPTBot/1.2; +https://openai.com/gptbot)"
66.249.68.36 - - [19/Oct/2025:15:26:14 +0300] "GET /et/andmebaas-linn/rumeenia-e-mail-andmebaas/?add-to-cart=1463 HTTP/1.1" 200 18402 "-" "Mozilla/5.0 (Linux; Android 6.0.1; Nexus 5X Build/MMB29P) AppleWebKit/537.36 (KHTML, like Gecko) Chrome/140.0.7339.207 Mobile Safari/537.36 (compatible; Googlebot/2.1; +http://www.google.com/bot.html)"
185.191.171.6 - - [19/Oct/2025:15:26:14 +0300] "GET /author/admin/page/27/ HTTP/1.1" 200 57145 "-" "Mozilla/5.0 (compatible; SemrushBot/7~bl; +http://www.semrush.com/bot.html)"
216.73.216.119 - - [19/Oct/2025:15:26:14 +0300] "GET /et/wp-json/wp/v2/product/1793?fileloc=%2F%2Flib%2F.build-id%2F5c%2Fa06812bd602fa7770597d720208e8cbd019c33&path=%2F%2Flib%2F.build-id%2F5c HTTP/2.0" 200 5607 "-" "Mozilla/5.0 AppleWebKit/537.36 (KHTML, like Gecko; compatible; ClaudeBot/1.0; +claudebot@anthropic.com)"
66.249.68.36 - - [19/Oct/2025:15:26:16 +0300] "GET /items/309465534 HTTP/1.1" 200 17352 "-" "Mozilla/5.0 (Linux; Android 6.0.1; Nexus 5X Build/MMB29P) AppleWebKit/537.36 (KHTML, like Gecko) Chrome/140.0.7339.207 Mobile Safari/537.36 (compatible; Googlebot/2.1; +http://www.google.com/bot.html)"
20.171.207.138 - - [19/Oct/2025:15:26:17 +0300] "GET /items/20234863?path=/home-ssd1/busines1/public_html/wp-includes/sodium_compat HTTP/2.0" 200 2840 "-" "Mozilla/5.0 AppleWebKit/537.36 (KHTML, like Gecko; compatible; GPTBot/1.2; +https://openai.com/gptbot)"
216.73.216.119 - - [19/Oct/2025:15:26:17 +0300] "GET /et/product/lyon-ettevotete-andmebaas?path=%2F%2Fetc%2Fcl.python HTTP/2.0" 200 2585 "-" "Mozilla/5.0 AppleWebKit/537.36 (KHTML, like Gecko; compatible; ClaudeBot/1.0; +claudebot@anthropic.com)"
66.249.68.36 - - [19/Oct/2025:15:26:18 +0300] "GET /items/309476304 HTTP/1.1" 200 16232 "-" "Mozilla/5.0 (Linux; Android 6.0.1; Nexus 5X Build/MMB29P) AppleWebKit/537.36 (KHTML, like Gecko) Chrome/140.0.7339.207 Mobile Safari/537.36 (compatible; Googlebot/2.1; +http://www.google.com/bot.html)"
66.249.68.36 - - [19/Oct/2025:15:26:18 +0300] "GET /items/309474735 HTTP/1.1" 200 17065 "-" "Mozilla/5.0 (Linux; Android 6.0.1; Nexus 5X Build/MMB29P) AppleWebKit/537.36 (KHTML, like Gecko) Chrome/140.0.7339.207 Mobile Safari/537.36 (compatible; Googlebot/2.1; +http://www.google.com/bot.html)"
66.249.68.36 - - [19/Oct/2025:15:26:19 +0300] "GET /items/1568003219 HTTP/1.1" 200 16856 "-" "Mozilla/5.0 (Linux; Android 6.0.1; Nexus 5X Build/MMB29P) AppleWebKit/537.36 (KHTML, like Gecko) Chrome/140.0.7339.207 Mobile Safari/537.36 (compatible; Googlebot/2.1; +http://www.google.com/bot.html)"
66.249.68.36 - - [19/Oct/2025:15:26:19 +0300] "GET /items/309457838 HTTP/1.1" 200 17779 "-" "Mozilla/5.0 (Linux; Android 6.0.1; Nexus 5X Build/MMB29P) AppleWebKit/537.36 (KHTML, like Gecko) Chrome/140.0.7339.207 Mobile Safari/537.36 (compatible; Googlebot/2.1; +http://www.google.com/bot.html)"
20.171.207.138 - - [19/Oct/2025:15:26:20 +0300] "GET /items/20057833 HTTP/2.0" 200 3452 "-" "Mozilla/5.0 AppleWebKit/537.36 (KHTML, like Gecko; compatible; GPTBot/1.2; +https://openai.com/gptbot)"
66.249.68.36 - - [19/Oct/2025:15:26:20 +0300] "GET /items/309452388 HTTP/1.1" 200 17642 "-" "Mozilla/5.0 (Linux; Android 6.0.1; Nexus 5X Build/MMB29P) AppleWebKit/537.36 (KHTML, like Gecko) Chrome/140.0.7339.207 Mobile Safari/537.36 (compatible; Googlebot/2.1; +http://www.google.com/bot.html)"
216.73.216.119 - - [19/Oct/2025:15:26:20 +0300] "GET /et/wp-json/wp/v2/product/1793?fileloc=%2F%2Flib%2Fgrub%2Fi386-pc%2Fcmostest.mod&path=%2F%2Flib%2Fgrub%2Fi386-pc HTTP/2.0" 200 3215 "-" "Mozilla/5.0 AppleWebKit/537.36 (KHTML, like Gecko; compatible; ClaudeBot/1.0; +claudebot@anthropic.com)"
66.249.68.36 - - [19/Oct/2025:15:26:21 +0300] "GET /items/309462264 HTTP/1.1" 200 16174 "-" "Mozilla/5.0 (Linux; Android 6.0.1; Nexus 5X Build/MMB29P) AppleWebKit/537.36 (KHTML, like Gecko) Chrome/140.0.7339.207 Mobile Safari/537.36 (compatible; Googlebot/2.1; +http://www.google.com/bot.html)"
66.249.68.36 - - [19/Oct/2025:15:26:22 +0300] "GET /items/309466560 HTTP/1.1" 200 18708 "-" "Mozilla/5.0 (Linux; Android 6.0.1; Nexus 5X Build/MMB29P) AppleWebKit/537.36 (KHTML, like Gecko) Chrome/140.0.7339.207 Mobile Safari/537.36 (compatible; Googlebot/2.1; +http://www.google.com/bot.html)"
20.171.207.138 - - [19/Oct/2025:15:26:23 +0300] "GET /items/20071939 HTTP/2.0" 200 3452 "-" "Mozilla/5.0 AppleWebKit/537.36 (KHTML, like Gecko; compatible; GPTBot/1.2; +https://openai.com/gptbot)"
216.73.216.119 - - [19/Oct/2025:15:26:23 +0300] "GET /et/wp-json/wp/v2/product/1382?fileloc=%2F%2Fbin%2Fmysqlshow&path=%2F%2Fbin HTTP/2.0" 200 617112 "-" "Mozilla/5.0 AppleWebKit/537.36 (KHTML, like Gecko; compatible; ClaudeBot/1.0; +claudebot@anthropic.com)"
66.249.68.36 - - [19/Oct/2025:15:26:24 +0300] "GET /items/309472555 HTTP/1.1" 200 18108 "-" "Mozilla/5.0 (Linux; Android 6.0.1; Nexus 5X Build/MMB29P) AppleWebKit/537.36 (KHTML, like Gecko) Chrome/140.0.7339.207 Mobile Safari/537.36 (compatible; Googlebot/2.1; +http://www.google.com/bot.html)"
66.249.68.36 - - [19/Oct/2025:15:26:25 +0300] "GET /items/309468674 HTTP/1.1" 200 16897 "-" "Mozilla/5.0 (Linux; Android 6.0.1; Nexus 5X Build/MMB29P) AppleWebKit/537.36 (KHTML, like Gecko) Chrome/140.0.7339.207 Mobile Safari/537.36 (compatible; Googlebot/2.1; +http://www.google.com/bot.html)"
20.171.207.138 - - [19/Oct/2025:15:26:26 +0300] "GET /items/20289782 HTTP/2.0" 200 3452 "-" "Mozilla/5.0 AppleWebKit/537.36 (KHTML, like Gecko; compatible; GPTBot/1.2; +https://openai.com/gptbot)"
216.73.216.119 - - [19/Oct/2025:15:26:26 +0300] "GET /et/wp-json/wp/v2/product/1793?fileloc=%2F%2Flib64%2Fpkgconfig%2Fxcb-xv.pc&path=%2F%2Flib64%2Fpkgconfig HTTP/2.0" 200 2356 "-" "Mozilla/5.0 AppleWebKit/537.36 (KHTML, like Gecko; compatible; ClaudeBot/1.0; +claudebot@anthropic.com)"
66.249.68.37 - - [19/Oct/2025:15:26:27 +0300] "GET /items/309453478 HTTP/1.1" 200 17643 "-" "Mozilla/5.0 (Linux; Android 6.0.1; Nexus 5X Build/MMB29P) AppleWebKit/537.36 (KHTML, like Gecko) Chrome/140.0.7339.207 Mobile Safari/537.36 (compatible; Googlebot/2.1; +http://www.google.com/bot.html)"
66.249.68.37 - - [19/Oct/2025:15:26:28 +0300] "GET /items/309479640 HTTP/1.1" 200 19597 "-" "Mozilla/5.0 (Linux; Android 6.0.1; Nexus 5X Build/MMB29P) AppleWebKit/537.36 (KHTML, like Gecko) Chrome/140.0.7339.207 Mobile Safari/537.36 (compatible; Googlebot/2.1; +http://www.google.com/bot.html)"
66.249.68.37 - - [19/Oct/2025:15:26:28 +0300] "GET /items/309463354 HTTP/1.1" 200 18838 "-" "Mozilla/5.0 (Linux; Android 6.0.1; Nexus 5X Build/MMB29P) AppleWebKit/537.36 (KHTML, like Gecko) Chrome/140.0.7339.207 Mobile Safari/537.36 (compatible; Googlebot/2.1; +http://www.google.com/bot.html)"
216.73.216.119 - - [19/Oct/2025:15:26:29 +0300] "GET /et/wp-json/wp/v2/product/1382?fileloc=%2F%2Fsbin%2Fexim&path=%2F%2Fsbin HTTP/2.0" 200 2752 "-" "Mozilla/5.0 AppleWebKit/537.36 (KHTML, like Gecko; compatible; ClaudeBot/1.0; +claudebot@anthropic.com)"
20.171.207.138 - - [19/Oct/2025:15:26:29 +0300] "GET /items/20301163 HTTP/2.0" 200 3452 "-" "Mozilla/5.0 AppleWebKit/537.36 (KHTML, like Gecko; compatible; GPTBot/1.2; +https://openai.com/gptbot)"
66.249.68.37 - - [19/Oct/2025:15:26:30 +0300] "GET /items/309468129 HTTP/1.1" 200 16926 "-" "Mozilla/5.0 (Linux; Android 6.0.1; Nexus 5X Build/MMB29P) AppleWebKit/537.36 (KHTML, like Gecko) Chrome/140.0.7339.207 Mobile Safari/537.36 (compatible; Googlebot/2.1; +http://www.google.com/bot.html)"
66.249.68.36 - - [19/Oct/2025:15:26:31 +0300] "GET /items/309471944 HTTP/1.1" 200 17606 "-" "Mozilla/5.0 (Linux; Android 6.0.1; Nexus 5X Build/MMB29P) AppleWebKit/537.36 (KHTML, like Gecko) Chrome/140.0.7339.207 Mobile Safari/537.36 (compatible; Googlebot/2.1; +http://www.google.com/bot.html)"
66.249.68.37 - - [19/Oct/2025:15:26:31 +0300] "GET /items/309473034 HTTP/1.1" 200 15829 "-" "Mozilla/5.0 (Linux; Android 6.0.1; Nexus 5X Build/MMB29P) AppleWebKit/537.36 (KHTML, like Gecko) Chrome/140.0.7339.207 Mobile Safari/537.36 (compatible; Googlebot/2.1; +http://www.google.com/bot.html)"
216.73.216.119 - - [19/Oct/2025:15:26:32 +0300] "GET /et/wp-json/wp/v2/product/1612?fileloc=%2F%2Flib64%2Flibxcb-xinerama.so&path=%2F%2Flib64 HTTP/2.0" 200 5853 "-" "Mozilla/5.0 AppleWebKit/537.36 (KHTML, like Gecko; compatible; ClaudeBot/1.0; +claudebot@anthropic.com)"
20.171.207.138 - - [19/Oct/2025:15:26:32 +0300] "GET /items/20080725 HTTP/2.0" 200 3452 "-" "Mozilla/5.0 AppleWebKit/537.36 (KHTML, like Gecko; compatible; GPTBot/1.2; +https://openai.com/gptbot)"
66.249.68.36 - - [19/Oct/2025:15:26:33 +0300] "GET /items/309478550 HTTP/1.1" 200 16992 "-" "Mozilla/5.0 (Linux; Android 6.0.1; Nexus 5X Build/MMB29P) AppleWebKit/537.36 (KHTML, like Gecko) Chrome/140.0.7339.207 Mobile Safari/537.36 (compatible; Googlebot/2.1; +http://www.google.com/bot.html)"
66.249.68.37 - - [19/Oct/2025:15:26:34 +0300] "GET /items/309458928 HTTP/1.1" 200 16772 "-" "Mozilla/5.0 (Linux; Android 6.0.1; Nexus 5X Build/MMB29P) AppleWebKit/537.36 (KHTML, like Gecko) Chrome/140.0.7339.207 Mobile Safari/537.36 (compatible; Googlebot/2.1; +http://www.google.com/bot.html)"
66.249.68.36 - - [19/Oct/2025:15:26:35 +0300] "GET /items/309454568 HTTP/1.1" 200 17734 "-" "Mozilla/5.0 (Linux; Android 6.0.1; Nexus 5X Build/MMB29P) AppleWebKit/537.36 (KHTML, like Gecko) Chrome/140.0.7339.207 Mobile Safari/537.36 (compatible; Googlebot/2.1; +http://www.google.com/bot.html)"
216.73.216.119 - - [19/Oct/2025:15:26:35 +0300] "GET /terms-and-conditions?fileloc=%2F%2Fbin%2Flook&path=%2F%2Fbin HTTP/2.0" 200 7515 "-" "Mozilla/5.0 AppleWebKit/537.36 (KHTML, like Gecko; compatible; ClaudeBot/1.0; +claudebot@anthropic.com)"
20.171.207.138 - - [19/Oct/2025:15:26:36 +0300] "GET /items/20057833?fileloc=/home-ssd1/busines1/public_html/wp-comments-post.php&path=/home-ssd1/busines1/public_html HTTP/2.0" 200 3262 "-" "Mozilla/5.0 AppleWebKit/537.36 (KHTML, like Gecko; compatible; GPTBot/1.2; +https://openai.com/gptbot)"
66.249.68.36 - - [19/Oct/2025:15:26:36 +0300] "GET /items/309455179 HTTP/1.1" 200 17777 "-" "Mozilla/5.0 (Linux; Android 6.0.1; Nexus 5X Build/MMB29P) AppleWebKit/537.36 (KHTML, like Gecko) Chrome/140.0.7339.207 Mobile Safari/537.36 (compatible; Googlebot/2.1; +http://www.google.com/bot.html)"
66.249.68.36 - - [19/Oct/2025:15:26:38 +0300] "GET /items/309476370 HTTP/1.1" 200 17936 "-" "Mozilla/5.0 (Linux; Android 6.0.1; Nexus 5X Build/MMB29P) AppleWebKit/537.36 (KHTML, like Gecko) Chrome/140.0.7339.207 Mobile Safari/537.36 (compatible; Googlebot/2.1; +http://www.google.com/bot.html)"
66.249.68.37 - - [19/Oct/2025:15:26:38 +0300] "GET /items/309477460 HTTP/1.1" 200 17295 "-" "Mozilla/5.0 (Linux; Android 6.0.1; Nexus 5X Build/MMB29P) AppleWebKit/537.36 (KHTML, like Gecko) Chrome/140.0.7339.207 Mobile Safari/537.36 (compatible; Googlebot/2.1; +http://www.google.com/bot.html)"
216.73.216.119 - - [19/Oct/2025:15:26:38 +0300] "GET /terms-and-conditions?fileloc=%2F%2Fbin%2Fvi&path=%2F%2Fbin HTTP/2.0" 200 485646 "-" "Mozilla/5.0 AppleWebKit/537.36 (KHTML, like Gecko; compatible; ClaudeBot/1.0; +claudebot@anthropic.com)"
20.171.207.138 - - [19/Oct/2025:15:26:39 +0300] "GET /items/20289782?fileloc=/home-ssd1/busines1/public_html/wp-activate.php&path=/home-ssd1/busines1/public_html HTTP/2.0" 200 4666 "-" "Mozilla/5.0 AppleWebKit/537.36 (KHTML, like Gecko; compatible; GPTBot/1.2; +https://openai.com/gptbot)"
66.249.68.37 - - [19/Oct/2025:15:26:40 +0300] "GET /items/309458994 HTTP/1.1" 200 17072 "-" "Mozilla/5.0 (Linux; Android 6.0.1; Nexus 5X Build/MMB29P) AppleWebKit/537.36 (KHTML, like Gecko) Chrome/140.0.7339.207 Mobile Safari/537.36 (compatible; Googlebot/2.1; +http://www.google.com/bot.html)"
216.73.216.119 - - [19/Oct/2025:15:26:41 +0300] "GET /et/Riigid/argentiina/?fileloc=%2Fhome-ssd1%2Fbusines1%2F.clwpos%2Fmain.log&path=%2Fhome-ssd1%2Fbusines1%2F.clwpos HTTP/2.0" 200 9407 "-" "Mozilla/5.0 AppleWebKit/537.36 (KHTML, like Gecko; compatible; ClaudeBot/1.0; +claudebot@anthropic.com)"
