66.249.68.38 - - [19/Oct/2025:15:44:35 +0300] "GET /items/1180503702 HTTP/1.1" 200 17520 "-" "Mozilla/5.0 (Linux; Android 6.0.1; Nexus 5X Build/MMB29P) AppleWebKit/537.36 (KHTML, like Gecko) Chrome/140.0.7339.207 Mobile Safari/537.36 (compatible; Googlebot/2.1; +http://www.google.com/bot.html)"
54.235.158.162 - - [19/Oct/2025:15:44:36 +0300] "GET /product/taipei-business-database/?fileloc=/home-ssd1/busines1/public_html/wp-trackback.php&path=/home-ssd1/busines1/public_html HTTP/1.1" 200 18366 "-" "Mozilla/5.0 AppleWebKit/537.36 (KHTML, like Gecko; compatible; Amazonbot/0.1; +https://developer.amazon.com/support/amazonbot) Chrome/119.0.6045.214 Safari/537.36"
216.73.216.119 - - [19/Oct/2025:15:44:38 +0300] "GET /product/prague-business-database?path=%2Fhome-ssd1%2Fbusines1%2Fpublic_html%2Fwp-includes%2Fcss%2Fdist%2Fpreferences HTTP/2.0" 200 2723 "-" "Mozilla/5.0 AppleWebKit/537.36 (KHTML, like Gecko; compatible; ClaudeBot/1.0; +claudebot@anthropic.com)"
198.244.240.131 - - [19/Oct/2025:15:44:37 +0300] "GET /sitemap-product-757.xml HTTP/2.0" 200 2997 "-" "Mozilla/5.0 (compatible; AhrefsBot/7.0; +http://ahrefs.com/robot/)"
20.171.207.138 - - [19/Oct/2025:15:44:38 +0300] "GET /items/20379932?fileloc=/home-ssd1/busines1/public_html/wp-links-opml.php&path=/home-ssd1/busines1/public_html HTTP/2.0" 200 3326 "-" "Mozilla/5.0 AppleWebKit/537.36 (KHTML, like Gecko; compatible; GPTBot/1.2; +https://openai.com/gptbot)"
66.249.68.38 - - [19/Oct/2025:15:44:38 +0300] "GET /items/239329458 HTTP/1.1" 200 17463 "-" "Mozilla/5.0 (Linux; Android 6.0.1; Nexus 5X Build/MMB29P) AppleWebKit/537.36 (KHTML, like Gecko) Chrome/140.0.7339.207 Mobile Safari/537.36 (compatible; Googlebot/2.1; +http://www.google.com/bot.html)"
66.249.68.36 - - [19/Oct/2025:15:44:40 +0300] "GET /items/937216876 HTTP/1.1" 200 17100 "-" "Mozilla/5.0 (Linux; Android 6.0.1; Nexus 5X Build/MMB29P) AppleWebKit/537.36 (KHTML, like Gecko) Chrome/140.0.7339.207 Mobile Safari/537.36 (compatible; Googlebot/2.1; +http://www.google.com/bot.html)"
216.73.216.119 - - [19/Oct/2025:15:44:41 +0300] "GET /et/andmebaas-linn/antwerpen-et?path=%2Fhome-ssd1%2Fbusines1%2Fpublic_html%2Fwp-admin%2Fcss%2Fcss HTTP/2.0" 200 2687 "-" "Mozilla/5.0 AppleWebKit/537.36 (KHTML, like Gecko; compatible; ClaudeBot/1.0; +claudebot@anthropic.com)"
66.249.68.36 - - [19/Oct/2025:15:44:40 +0300] "GET /items/1180515694 HTTP/1.1" 200 17895 "-" "Mozilla/5.0 (Linux; Android 6.0.1; Nexus 5X Build/MMB29P) AppleWebKit/537.36 (KHTML, like Gecko) Chrome/140.0.7339.207 Mobile Safari/537.36 (compatible; Googlebot/2.1; +http://www.google.com/bot.html)"
20.171.207.138 - - [19/Oct/2025:15:44:41 +0300] "GET /items/20095376 HTTP/2.0" 200 3452 "-" "Mozilla/5.0 AppleWebKit/537.36 (KHTML, like Gecko; compatible; GPTBot/1.2; +https://openai.com/gptbot)"
52.44.229.124 - - [19/Oct/2025:15:44:41 +0300] "GET /product/estonia-business-database/?fileloc=/home-ssd1/busines1/public_html/readme.html&path=/home-ssd1/busines1/public_html HTTP/1.1" 200 21698 "-" "Mozilla/5.0 AppleWebKit/537.36 (KHTML, like Gecko; compatible; Amazonbot/0.1; +https://developer.amazon.com/support/amazonbot) Chrome/119.0.6045.214 Safari/537.36"
66.249.68.38 - - [19/Oct/2025:15:44:41 +0300] "GET /items/937213606 HTTP/1.1" 200 19361 "-" "Mozilla/5.0 (Linux; Android 6.0.1; Nexus 5X Build/MMB29P) AppleWebKit/537.36 (KHTML, like Gecko) Chrome/140.0.7339.207 Mobile Safari/537.36 (compatible; Googlebot/2.1; +http://www.google.com/bot.html)"
198.244.183.154 - - [19/Oct/2025:15:44:42 +0300] "GET /sitemap-product-801.xml HTTP/2.0" 200 3026 "-" "Mozilla/5.0 (compatible; AhrefsBot/7.0; +http://ahrefs.com/robot/)"
66.249.68.37 - - [19/Oct/2025:15:44:43 +0300] "GET /items/1180522168 HTTP/1.1" 200 16786 "-" "Mozilla/5.0 (Linux; Android 6.0.1; Nexus 5X Build/MMB29P) AppleWebKit/537.36 (KHTML, like Gecko) Chrome/140.0.7339.207 Mobile Safari/537.36 (compatible; Googlebot/2.1; +http://www.google.com/bot.html)"
216.73.216.119 - - [19/Oct/2025:15:44:44 +0300] "GET /et/andmebaas-linn/nantes-ettevotete-andmebaas?fileloc=%2Fhome-ssd1%2Fbusines1%2Fpublic_html%2Fwp-admin%2Fwidgets-form.php&path=%2Fhome-ssd1%2Fbusines1%2Fpublic_html%2Fwp-admin HTTP/2.0" 200 8141 "-" "Mozilla/5.0 AppleWebKit/537.36 (KHTML, like Gecko; compatible; ClaudeBot/1.0; +claudebot@anthropic.com)"
66.249.68.36 - - [19/Oct/2025:15:44:44 +0300] "GET /items/389792536 HTTP/1.1" 200 16265 "-" "Mozilla/5.0 (Linux; Android 6.0.1; Nexus 5X Build/MMB29P) AppleWebKit/537.36 (KHTML, like Gecko) Chrome/140.0.7339.207 Mobile Safari/537.36 (compatible; Googlebot/2.1; +http://www.google.com/bot.html)"
20.171.207.138 - - [19/Oct/2025:15:44:44 +0300] "GET /items/20385863 HTTP/2.0" 200 3452 "-" "Mozilla/5.0 AppleWebKit/537.36 (KHTML, like Gecko; compatible; GPTBot/1.2; +https://openai.com/gptbot)"
66.249.68.38 - - [19/Oct/2025:15:44:44 +0300] "GET /items/1180540155 HTTP/1.1" 200 16870 "-" "Mozilla/5.0 (Linux; Android 6.0.1; Nexus 5X Build/MMB29P) AppleWebKit/537.36 (KHTML, like Gecko) Chrome/140.0.7339.207 Mobile Safari/537.36 (compatible; Googlebot/2.1; +http://www.google.com/bot.html)"
66.249.68.36 - - [19/Oct/2025:15:44:45 +0300] "GET /items/1476534254 HTTP/1.1" 200 16427 "-" "Mozilla/5.0 (Linux; Android 6.0.1; Nexus 5X Build/MMB29P) AppleWebKit/537.36 (KHTML, like Gecko) Chrome/140.0.7339.207 Mobile Safari/537.36 (compatible; Googlebot/2.1; +http://www.google.com/bot.html)"
100.29.160.53 - - [19/Oct/2025:15:44:45 +0300] "GET /product/damascus-business-database/?fileloc=/home-ssd1/busines1/public_html/readme.html&path=/home-ssd1/busines1/public_html HTTP/1.1" 200 21698 "-" "Mozilla/5.0 AppleWebKit/537.36 (KHTML, like Gecko; compatible; Amazonbot/0.1; +https://developer.amazon.com/support/amazonbot) Chrome/119.0.6045.214 Safari/537.36"
66.249.68.38 - - [19/Oct/2025:15:44:46 +0300] "GET /items/607649075 HTTP/1.1" 200 16874 "-" "Mozilla/5.0 (Linux; Android 6.0.1; Nexus 5X Build/MMB29P) AppleWebKit/537.36 (KHTML, like Gecko) Chrome/140.0.7339.207 Mobile Safari/537.36 (compatible; Googlebot/2.1; +http://www.google.com/bot.html)"
216.73.216.119 - - [19/Oct/2025:15:44:47 +0300] "GET /et/Riigid/argentiina/?fileloc=%2Fhome-ssd1%2Fbusines1%2Fpublic_html%2Fwp-includes%2Fblocks%2Ffile%2Feditor-rtl.min.css&path=%2Fhome-ssd1%2Fbusines1%2Fpublic_html%2Fwp-includes%2Fblocks%2Ffile HTTP/2.0" 200 2508 "-" "Mozilla/5.0 AppleWebKit/537.36 (KHTML, like Gecko; compatible; ClaudeBot/1.0; +claudebot@anthropic.com)"
66.249.68.36 - - [19/Oct/2025:15:44:46 +0300] "GET /items/1476542495 HTTP/1.1" 200 18442 "-" "Mozilla/5.0 (Linux; Android 6.0.1; Nexus 5X Build/MMB29P) AppleWebKit/537.36 (KHTML, like Gecko) Chrome/140.0.7339.207 Mobile Safari/537.36 (compatible; Googlebot/2.1; +http://www.google.com/bot.html)"
20.171.207.138 - - [19/Oct/2025:15:44:48 +0300] "GET /items/20170875 HTTP/2.0" 200 3452 "-" "Mozilla/5.0 AppleWebKit/537.36 (KHTML, like Gecko; compatible; GPTBot/1.2; +https://openai.com/gptbot)"
66.249.68.38 - - [19/Oct/2025:15:44:48 +0300] "GET /items/1180521078 HTTP/1.1" 200 17108 "-" "Mozilla/5.0 (Linux; Android 6.0.1; Nexus 5X Build/MMB29P) AppleWebKit/537.36 (KHTML, like Gecko) Chrome/140.0.7339.207 Mobile Safari/537.36 (compatible; Googlebot/2.1; +http://www.google.com/bot.html)"
198.244.226.113 - - [19/Oct/2025:15:44:48 +0300] "GET /sitemap-product-852.xml HTTP/2.0" 200 3038 "-" "Mozilla/5.0 (compatible; AhrefsBot/7.0; +http://ahrefs.com/robot/)"
66.249.68.37 - - [19/Oct/2025:15:44:49 +0300] "GET /items/1476552786 HTTP/1.1" 200 16528 "-" "Mozilla/5.0 (Linux; Android 6.0.1; Nexus 5X Build/MMB29P) AppleWebKit/537.36 (KHTML, like Gecko) Chrome/140.0.7339.207 Mobile Safari/537.36 (compatible; Googlebot/2.1; +http://www.google.com/bot.html)"
18.215.112.101 - - [19/Oct/2025:15:44:49 +0300] "GET /et/andmebaas-linn/ghana-email-database-et/?path=/home-ssd1/busines1/public_html/.tmb HTTP/1.1" 200 48090 "-" "Mozilla/5.0 AppleWebKit/537.36 (KHTML, like Gecko; compatible; Amazonbot/0.1; +https://developer.amazon.com/support/amazonbot) Chrome/119.0.6045.214 Safari/537.36"
216.73.216.119 - - [19/Oct/2025:15:44:50 +0300] "GET /et/andmebaas-linn/nantes-ettevotete-andmebaas?fileloc=%2Fhome-ssd1%2Fbusines1%2Fpublic_html%2Fwp-admin%2Fwidgets.php&path=%2Fhome-ssd1%2Fbusines1%2Fpublic_html%2Fwp-admin HTTP/2.0" 200 2767 "-" "Mozilla/5.0 AppleWebKit/537.36 (KHTML, like Gecko; compatible; ClaudeBot/1.0; +claudebot@anthropic.com)"
40.77.167.44 - - [19/Oct/2025:15:44:49 +0300] "GET /zhHant/product/surugaya/B4110099189?campaign_uid=f64d716db5e979ed2f947dbaf4296895b951ae7f HTTP/2.0" 200 18321 "-" "Mozilla/5.0 AppleWebKit/537.36 (KHTML, like Gecko; compatible; bingbot/2.0; +http://www.bing.com/bingbot.htm) Chrome/116.0.1938.76 Safari/537.36"
66.249.68.39 - - [19/Oct/2025:15:44:50 +0300] "GET /items/937223961 HTTP/1.1" 200 17684 "-" "Mozilla/5.0 (Linux; Android 6.0.1; Nexus 5X Build/MMB29P) AppleWebKit/537.36 (KHTML, like Gecko) Chrome/140.0.7339.207 Mobile Safari/537.36 (compatible; Googlebot/2.1; +http://www.google.com/bot.html)"
66.249.68.37 - - [19/Oct/2025:15:44:50 +0300] "GET /items/1475601466 HTTP/1.1" 200 17214 "-" "Mozilla/5.0 (Linux; Android 6.0.1; Nexus 5X Build/MMB29P) AppleWebKit/537.36 (KHTML, like Gecko) Chrome/140.0.7339.207 Mobile Safari/537.36 (compatible; Googlebot/2.1; +http://www.google.com/bot.html)"
20.171.207.138 - - [19/Oct/2025:15:44:51 +0300] "GET /items/19965024 HTTP/2.0" 200 3452 "-" "Mozilla/5.0 AppleWebKit/537.36 (KHTML, like Gecko; compatible; GPTBot/1.2; +https://openai.com/gptbot)"
34.236.185.101 - - [19/Oct/2025:15:44:51 +0300] "GET /product/ras-al-khaimah-contacts/?path=/home-ssd1/busines1/public_html/businessdatabases.net HTTP/1.1" 200 17469 "-" "Mozilla/5.0 AppleWebKit/537.36 (KHTML, like Gecko; compatible; Amazonbot/0.1; +https://developer.amazon.com/support/amazonbot) Chrome/119.0.6045.214 Safari/537.36"
66.249.68.38 - - [19/Oct/2025:15:44:51 +0300] "GET /items/1476544611 HTTP/1.1" 200 16801 "-" "Mozilla/5.0 (Linux; Android 6.0.1; Nexus 5X Build/MMB29P) AppleWebKit/537.36 (KHTML, like Gecko) Chrome/140.0.7339.207 Mobile Safari/537.36 (compatible; Googlebot/2.1; +http://www.google.com/bot.html)"
216.73.216.119 - - [19/Oct/2025:15:44:53 +0300] "GET /ru/database-city/antwerpen-ru?fileloc=%2Fhome-ssd1%2Fbusines1%2Fpublic_html%2Fwp-content%2Flanguages%2Fet-0eebe503220d4a00341eb011b92769b4.json&path=%2Fhome-ssd1%2Fbusines1%2Fpublic_html%2Fwp-content%2Flanguages HTTP/2.0" 200 2610 "-" "Mozilla/5.0 AppleWebKit/537.36 (KHTML, like Gecko; compatible; ClaudeBot/1.0; +claudebot@anthropic.com)"
66.249.68.38 - - [19/Oct/2025:15:44:52 +0300] "GET /items/1457866435 HTTP/1.1" 200 18222 "-" "Mozilla/5.0 (Linux; Android 6.0.1; Nexus 5X Build/MMB29P) AppleWebKit/537.36 (KHTML, like Gecko) Chrome/140.0.7339.207 Mobile Safari/537.36 (compatible; Googlebot/2.1; +http://www.google.com/bot.html)"
66.249.68.36 - - [19/Oct/2025:15:44:52 +0300] "GET /items/1476534799 HTTP/1.1" 200 17062 "-" "Mozilla/5.0 (Linux; Android 6.0.1; Nexus 5X Build/MMB29P) AppleWebKit/537.36 (KHTML, like Gecko) Chrome/140.0.7339.207 Mobile Safari/537.36 (compatible; Googlebot/2.1; +http://www.google.com/bot.html)"
66.249.68.39 - - [19/Oct/2025:15:44:53 +0300] "GET /items/937245699 HTTP/1.1" 200 17332 "-" "Mozilla/5.0 (Linux; Android 6.0.1; Nexus 5X Build/MMB29P) AppleWebKit/537.36 (KHTML, like Gecko) Chrome/140.0.7339.207 Mobile Safari/537.36 (compatible; Googlebot/2.1; +http://www.google.com/bot.html)"
20.171.207.138 - - [19/Oct/2025:15:44:54 +0300] "GET /items/20430970 HTTP/2.0" 200 3452 "-" "Mozilla/5.0 AppleWebKit/537.36 (KHTML, like Gecko; compatible; GPTBot/1.2; +https://openai.com/gptbot)"
66.249.68.38 - - [19/Oct/2025:15:44:54 +0300] "GET /items/937202836 HTTP/1.1" 200 17659 "-" "Mozilla/5.0 (Linux; Android 6.0.1; Nexus 5X Build/MMB29P) AppleWebKit/537.36 (KHTML, like Gecko) Chrome/140.0.7339.207 Mobile Safari/537.36 (compatible; Googlebot/2.1; +http://www.google.com/bot.html)"
51.195.183.193 - - [19/Oct/2025:15:44:55 +0300] "GET /sitemap-product-886.xml HTTP/2.0" 200 2985 "-" "Mozilla/5.0 (compatible; AhrefsBot/7.0; +http://ahrefs.com/robot/)"
216.73.216.119 - - [19/Oct/2025:15:44:56 +0300] "GET /product/prague-business-database?path=%2Fhome-ssd1%2Fbusines1%2Fpublic_html%2Fwp-includes%2Fjs%2Ftinymce%2Fskins%2Flightgray HTTP/2.0" 200 2807 "-" "Mozilla/5.0 AppleWebKit/537.36 (KHTML, like Gecko; compatible; ClaudeBot/1.0; +claudebot@anthropic.com)"
66.249.68.37 - - [19/Oct/2025:15:44:55 +0300] "GET /items/1476545090 HTTP/1.1" 200 18190 "-" "Mozilla/5.0 (Linux; Android 6.0.1; Nexus 5X Build/MMB29P) AppleWebKit/537.36 (KHTML, like Gecko) Chrome/140.0.7339.207 Mobile Safari/537.36 (compatible; Googlebot/2.1; +http://www.google.com/bot.html)"
18.205.91.101 - - [19/Oct/2025:15:44:56 +0300] "GET /product/finland-email-database/?fileloc=/home-ssd1/busines1/public_html/wp-trackback.php&path=/home-ssd1/busines1/public_html HTTP/1.1" 200 18366 "-" "Mozilla/5.0 AppleWebKit/537.36 (KHTML, like Gecko; compatible; Amazonbot/0.1; +https://developer.amazon.com/support/amazonbot) Chrome/119.0.6045.214 Safari/537.36"
66.249.68.36 - - [19/Oct/2025:15:44:57 +0300] "GET /items/1180516173 HTTP/1.1" 200 17266 "-" "Mozilla/5.0 (Linux; Android 6.0.1; Nexus 5X Build/MMB29P) AppleWebKit/537.36 (KHTML, like Gecko) Chrome/140.0.7339.207 Mobile Safari/537.36 (compatible; Googlebot/2.1; +http://www.google.com/bot.html)"
20.171.207.138 - - [19/Oct/2025:15:44:57 +0300] "GET /items/20117657 HTTP/2.0" 200 3452 "-" "Mozilla/5.0 AppleWebKit/537.36 (KHTML, like Gecko; compatible; GPTBot/1.2; +https://openai.com/gptbot)"
216.73.216.119 - - [19/Oct/2025:15:44:59 +0300] "GET /et/Riigid/argentiina/?path=%2Fhome-ssd1%2Fbusines1%2Fpublic_html%2Fwp-includes%2Fcss%2Fdist%2Fnux HTTP/2.0" 200 2723 "-" "Mozilla/5.0 AppleWebKit/537.36 (KHTML, like Gecko; compatible; ClaudeBot/1.0; +claudebot@anthropic.com)"
66.249.68.37 - - [19/Oct/2025:15:44:58 +0300] "GET /items/937238067 HTTP/1.1" 200 17289 "-" "Mozilla/5.0 (Linux; Android 6.0.1; Nexus 5X Build/MMB29P) AppleWebKit/537.36 (KHTML, like Gecko) Chrome/140.0.7339.207 Mobile Safari/537.36 (compatible; Googlebot/2.1; +http://www.google.com/bot.html)"
20.171.207.138 - - [19/Oct/2025:15:45:00 +0300] "GET /items/20283787 HTTP/2.0" 200 3452 "-" "Mozilla/5.0 AppleWebKit/537.36 (KHTML, like Gecko; compatible; GPTBot/1.2; +https://openai.com/gptbot)"
66.249.68.38 - - [19/Oct/2025:15:45:01 +0300] "GET /items/1476569006 HTTP/1.1" 200 17053 "-" "Mozilla/5.0 (Linux; Android 6.0.1; Nexus 5X Build/MMB29P) AppleWebKit/537.36 (KHTML, like Gecko) Chrome/140.0.7339.207 Mobile Safari/537.36 (compatible; Googlebot/2.1; +http://www.google.com/bot.html)"
54.38.147.186 - - [19/Oct/2025:15:45:01 +0300] "GET /sitemap-product-972.xml HTTP/2.0" 200 3043 "-" "Mozilla/5.0 (compatible; AhrefsBot/7.0; +http://ahrefs.com/robot/)"
216.73.216.119 - - [19/Oct/2025:15:45:02 +0300] "GET /et/Riigid/argentiina/?fileloc=%2Fhome-ssd1%2Fbusines1%2Fpublic_html%2Fwp-includes%2Fblocks%2Fpreformatted%2Fstyle-rtl.min.css&path=%2Fhome-ssd1%2Fbusines1%2Fpublic_html%2Fwp-includes%2Fblocks%2Fpreformatted HTTP/2.0" 200 2342 "-" "Mozilla/5.0 AppleWebKit/537.36 (KHTML, like Gecko; compatible; ClaudeBot/1.0; +claudebot@anthropic.com)"
66.249.68.37 - - [19/Oct/2025:15:45:01 +0300] "GET /items/389838669 HTTP/1.1" 200 16722 "-" "Mozilla/5.0 (Linux; Android 6.0.1; Nexus 5X Build/MMB29P) AppleWebKit/537.36 (KHTML, like Gecko) Chrome/140.0.7339.207 Mobile Safari/537.36 (compatible; Googlebot/2.1; +http://www.google.com/bot.html)"
3.219.81.66 - - [19/Oct/2025:15:45:02 +0300] "GET /product/surabaya-business-database/?fileloc=/home-ssd1/busines1/public_html/.ftpquota&path=/home-ssd1/busines1/public_html HTTP/1.1" 200 12378 "-" "Mozilla/5.0 AppleWebKit/537.36 (KHTML, like Gecko; compatible; Amazonbot/0.1; +https://developer.amazon.com/support/amazonbot) Chrome/119.0.6045.214 Safari/537.36"
66.249.68.39 - - [19/Oct/2025:15:45:03 +0300] "GET /items/1476558236 HTTP/1.1" 200 17621 "-" "Mozilla/5.0 (Linux; Android 6.0.1; Nexus 5X Build/MMB29P) AppleWebKit/537.36 (KHTML, like Gecko) Chrome/140.0.7339.207 Mobile Safari/537.36 (compatible; Googlebot/2.1; +http://www.google.com/bot.html)"
20.171.207.138 - - [19/Oct/2025:15:45:03 +0300] "GET /items/20155679 HTTP/2.0" 200 3452 "-" "Mozilla/5.0 AppleWebKit/537.36 (KHTML, like Gecko; compatible; GPTBot/1.2; +https://openai.com/gptbot)"
66.249.68.39 - - [19/Oct/2025:15:45:03 +0300] "GET /items/1180542814 HTTP/1.1" 200 17354 "-" "Mozilla/5.0 (Linux; Android 6.0.1; Nexus 5X Build/MMB29P) AppleWebKit/537.36 (KHTML, like Gecko) Chrome/140.0.7339.207 Mobile Safari/537.36 (compatible; Googlebot/2.1; +http://www.google.com/bot.html)"
216.73.216.119 - - [19/Oct/2025:15:45:05 +0300] "GET /et/Riigid/argentiina/?path=%2Fhome-ssd1%2Fbusines1%2Fpublic_html%2Fwp-includes%2Fjs%2Ftinymce%2Fskins%2Flightgray HTTP/2.0" 200 2807 "-" "Mozilla/5.0 AppleWebKit/537.36 (KHTML, like Gecko; compatible; ClaudeBot/1.0; +claudebot@anthropic.com)"
66.249.68.39 - - [19/Oct/2025:15:45:04 +0300] "GET /items/937225051 HTTP/1.1" 200 17866 "-" "Mozilla/5.0 (Linux; Android 6.0.1; Nexus 5X Build/MMB29P) AppleWebKit/537.36 (KHTML, like Gecko) Chrome/140.0.7339.207 Mobile Safari/537.36 (compatible; Googlebot/2.1; +http://www.google.com/bot.html)"
66.249.68.36 - - [19/Oct/2025:15:45:05 +0300] "GET /items/937208286 HTTP/1.1" 200 17634 "-" "Mozilla/5.0 (Linux; Android 6.0.1; Nexus 5X Build/MMB29P) AppleWebKit/537.36 (KHTML, like Gecko) Chrome/140.0.7339.207 Mobile Safari/537.36 (compatible; Googlebot/2.1; +http://www.google.com/bot.html)"
184.72.95.195 - - [19/Oct/2025:15:45:06 +0300] "GET /et/product/leedu-ettevotete-andmebaas/?fileloc=/home-ssd1/busines1/public_html/wp-cron.php&path=/home-ssd1/busines1/public_html HTTP/1.1" 200 18325 "-" "Mozilla/5.0 AppleWebKit/537.36 (KHTML, like Gecko; compatible; Amazonbot/0.1; +https://developer.amazon.com/support/amazonbot) Chrome/119.0.6045.214 Safari/537.36"
66.249.68.38 - - [19/Oct/2025:15:45:06 +0300] "GET /items/937212037 HTTP/1.1" 200 17006 "-" "Mozilla/5.0 (Linux; Android 6.0.1; Nexus 5X Build/MMB29P) AppleWebKit/537.36 (KHTML, like Gecko) Chrome/140.0.7339.207 Mobile Safari/537.36 (compatible; Googlebot/2.1; +http://www.google.com/bot.html)"
20.171.207.138 - - [19/Oct/2025:15:45:06 +0300] "GET /items/20430970?fileloc=/home-ssd1/busines1/public_html/wp-activate.php&path=/home-ssd1/busines1/public_html HTTP/2.0" 200 4666 "-" "Mozilla/5.0 AppleWebKit/537.36 (KHTML, like Gecko; compatible; GPTBot/1.2; +https://openai.com/gptbot)"
66.249.68.38 - - [19/Oct/2025:15:45:06 +0300] "GET /items/1476548360 HTTP/1.1" 200 16634 "-" "Mozilla/5.0 (Linux; Android 6.0.1; Nexus 5X Build/MMB29P) AppleWebKit/537.36 (KHTML, like Gecko) Chrome/140.0.7339.207 Mobile Safari/537.36 (compatible; Googlebot/2.1; +http://www.google.com/bot.html)"
198.244.168.196 - - [19/Oct/2025:15:45:06 +0300] "GET /sitemap-product-996.xml HTTP/2.0" 200 3050 "-" "Mozilla/5.0 (compatible; AhrefsBot/7.0; +http://ahrefs.com/robot/)"
216.73.216.119 - - [19/Oct/2025:15:45:08 +0300] "GET /ru/database-city/antwerpen-ru?path=%2F%2Fopt%2Fcpanel%2Fea-php74 HTTP/2.0" 200 2611 "-" "Mozilla/5.0 AppleWebKit/537.36 (KHTML, like Gecko; compatible; ClaudeBot/1.0; +claudebot@anthropic.com)"
66.249.68.38 - - [19/Oct/2025:15:45:07 +0300] "GET /items/389794237 HTTP/1.1" 200 17407 "-" "Mozilla/5.0 (Linux; Android 6.0.1; Nexus 5X Build/MMB29P) AppleWebKit/537.36 (KHTML, like Gecko) Chrome/140.0.7339.207 Mobile Safari/537.36 (compatible; Googlebot/2.1; +http://www.google.com/bot.html)"
66.249.68.37 - - [19/Oct/2025:15:45:08 +0300] "GET /items/351051622 HTTP/1.1" 200 16553 "-" "Mozilla/5.0 (Linux; Android 6.0.1; Nexus 5X Build/MMB29P) AppleWebKit/537.36 (KHTML, like Gecko) Chrome/140.0.7339.207 Mobile Safari/537.36 (compatible; Googlebot/2.1; +http://www.google.com/bot.html)"
54.197.102.71 - - [19/Oct/2025:15:45:09 +0300] "GET /product/dubai-contacts/?fileloc=/home-ssd1/busines1/public_html/xmlrpc.php&path=/home-ssd1/busines1/public_html HTTP/1.1" 200 16235 "-" "Mozilla/5.0 AppleWebKit/537.36 (KHTML, like Gecko; compatible; Amazonbot/0.1; +https://developer.amazon.com/support/amazonbot) Chrome/119.0.6045.214 Safari/537.36"
66.249.68.37 - - [19/Oct/2025:15:45:09 +0300] "GET /items/1476555445 HTTP/1.1" 200 17472 "-" "Mozilla/5.0 (Linux; Android 6.0.1; Nexus 5X Build/MMB29P) AppleWebKit/537.36 (KHTML, like Gecko) Chrome/140.0.7339.207 Mobile Safari/537.36 (compatible; Googlebot/2.1; +http://www.google.com/bot.html)"
66.249.68.37 - - [19/Oct/2025:15:45:09 +0300] "GET /items/388951948 HTTP/1.1" 200 16914 "-" "Mozilla/5.0 (Linux; Android 6.0.1; Nexus 5X Build/MMB29P) AppleWebKit/537.36 (KHTML, like Gecko) Chrome/140.0.7339.207 Mobile Safari/537.36 (compatible; Googlebot/2.1; +http://www.google.com/bot.html)"
20.171.207.138 - - [19/Oct/2025:15:45:10 +0300] "GET /items/20135512 HTTP/2.0" 200 3452 "-" "Mozilla/5.0 AppleWebKit/537.36 (KHTML, like Gecko; compatible; GPTBot/1.2; +https://openai.com/gptbot)"
216.73.216.119 - - [19/Oct/2025:15:45:11 +0300] "GET /et/Riigid/argentiina/?fileloc=%2Fhome-ssd1%2Fbusines1%2Fpublic_html%2Fwp-includes%2Fblocks%2Fcover%2Feditor.css&path=%2Fhome-ssd1%2Fbusines1%2Fpublic_html%2Fwp-includes%2Fblocks%2Fcover HTTP/2.0" 200 2810 "-" "Mozilla/5.0 AppleWebKit/537.36 (KHTML, like Gecko; compatible; ClaudeBot/1.0; +claudebot@anthropic.com)"
106.73.67.32 - - [19/Oct/2025:15:45:12 +0300] "GET /items/723449279 HTTP/2.0" 200 497 "https://www.google.com/" "Mozilla/5.0 (Windows NT 10.0; Win64; x64) AppleWebKit/537.36 (KHTML, like Gecko) Chrome/141.0.0.0 Safari/537.36"
66.249.68.37 - - [19/Oct/2025:15:45:11 +0300] "GET /items/1476559805 HTTP/1.1" 200 16961 "-" "Mozilla/5.0 (Linux; Android 6.0.1; Nexus 5X Build/MMB29P) AppleWebKit/537.36 (KHTML, like Gecko) Chrome/140.0.7339.207 Mobile Safari/537.36 (compatible; Googlebot/2.1; +http://www.google.com/bot.html)"
20.171.207.138 - - [19/Oct/2025:15:45:13 +0300] "GET /items/20367397 HTTP/2.0" 200 3452 "-" "Mozilla/5.0 AppleWebKit/537.36 (KHTML, like Gecko; compatible; GPTBot/1.2; +https://openai.com/gptbot)"
66.249.68.36 - - [19/Oct/2025:15:45:13 +0300] "GET /items/239296275 HTTP/1.1" 200 18931 "-" "Mozilla/5.0 (Linux; Android 6.0.1; Nexus 5X Build/MMB29P) AppleWebKit/537.36 (KHTML, like Gecko) Chrome/140.0.7339.207 Mobile Safari/537.36 (compatible; Googlebot/2.1; +http://www.google.com/bot.html)"
107.20.25.33 - - [19/Oct/2025:15:45:14 +0300] "GET /database-city/villach-email-database/?fileloc=/home-ssd1/busines1/public_html/wp-mail.php&path=/home-ssd1/busines1/public_html HTTP/1.1" 200 22260 "-" "Mozilla/5.0 AppleWebKit/537.36 (KHTML, like Gecko; compatible; Amazonbot/0.1; +https://developer.amazon.com/support/amazonbot) Chrome/119.0.6045.214 Safari/537.36"
66.249.68.37 - - [19/Oct/2025:15:45:14 +0300] "GET /items/1476565257 HTTP/1.1" 200 17141 "-" "Mozilla/5.0 (Linux; Android 6.0.1; Nexus 5X Build/MMB29P) AppleWebKit/537.36 (KHTML, like Gecko) Chrome/140.0.7339.207 Mobile Safari/537.36 (compatible; Googlebot/2.1; +http://www.google.com/bot.html)"
66.249.68.36 - - [19/Oct/2025:15:45:14 +0300] "GET /items/238252146 HTTP/1.1" 200 16180 "-" "Mozilla/5.0 (Linux; Android 6.0.1; Nexus 5X Build/MMB29P) AppleWebKit/537.36 (KHTML, like Gecko) Chrome/140.0.7339.207 Mobile Safari/537.36 (compatible; Googlebot/2.1; +http://www.google.com/bot.html)"
66.249.68.37 - - [19/Oct/2025:15:45:14 +0300] "GET /items/1180505403 HTTP/1.1" 200 16635 "-" "Mozilla/5.0 (Linux; Android 6.0.1; Nexus 5X Build/MMB29P) AppleWebKit/537.36 (KHTML, like Gecko) Chrome/140.0.7339.207 Mobile Safari/537.36 (compatible; Googlebot/2.1; +http://www.google.com/bot.html)"
66.249.68.36 - - [19/Oct/2025:15:45:15 +0300] "GET /items/1180525438 HTTP/1.1" 200 16447 "-" "Mozilla/5.0 (Linux; Android 6.0.1; Nexus 5X Build/MMB29P) AppleWebKit/537.36 (KHTML, like Gecko) Chrome/140.0.7339.207 Mobile Safari/537.36 (compatible; Googlebot/2.1; +http://www.google.com/bot.html)"
34.224.9.144 - - [19/Oct/2025:15:45:16 +0300] "GET /product/bydgoszcz-contacts/?fileloc=/home-ssd1/busines1/public_html/license.txt&path=/home-ssd1/busines1/public_html HTTP/1.1" 200 32445 "-" "Mozilla/5.0 AppleWebKit/537.36 (KHTML, like Gecko; compatible; Amazonbot/0.1; +https://developer.amazon.com/support/amazonbot) Chrome/119.0.6045.214 Safari/537.36"
20.171.207.138 - - [19/Oct/2025:15:45:16 +0300] "GET /items/20201812 HTTP/2.0" 200 3452 "-" "Mozilla/5.0 AppleWebKit/537.36 (KHTML, like Gecko; compatible; GPTBot/1.2; +https://openai.com/gptbot)"
198.244.226.236 - - [19/Oct/2025:15:45:16 +0300] "GET /database-city/riga-email-database/ HTTP/2.0" 200 3452 "-" "Mozilla/5.0 (compatible; AhrefsBot/7.0; +http://ahrefs.com/robot/)"
66.249.68.37 - - [19/Oct/2025:15:45:16 +0300] "GET /items/1180510178 HTTP/1.1" 200 18048 "-" "Mozilla/5.0 (Linux; Android 6.0.1; Nexus 5X Build/MMB29P) AppleWebKit/537.36 (KHTML, like Gecko) Chrome/140.0.7339.207 Mobile Safari/537.36 (compatible; Googlebot/2.1; +http://www.google.com/bot.html)"
216.73.216.119 - - [19/Oct/2025:15:45:18 +0300] "GET /ru/database-city/antwerpen-ru?fileloc=%2F%2Flib%2Ffirmware%2FTAS2XXX3EF00.bin&path=%2F%2Flib%2Ffirmware HTTP/2.0" 200 9489 "-" "Mozilla/5.0 AppleWebKit/537.36 (KHTML, like Gecko; compatible; ClaudeBot/1.0; +claudebot@anthropic.com)"
66.249.68.36 - - [19/Oct/2025:15:45:18 +0300] "GET /items/1476560895 HTTP/1.1" 200 17749 "-" "Mozilla/5.0 (Linux; Android 6.0.1; Nexus 5X Build/MMB29P) AppleWebKit/537.36 (KHTML, like Gecko) Chrome/140.0.7339.207 Mobile Safari/537.36 (compatible; Googlebot/2.1; +http://www.google.com/bot.html)"
20.171.207.138 - - [19/Oct/2025:15:45:19 +0300] "GET /items/20194727 HTTP/2.0" 200 3452 "-" "Mozilla/5.0 AppleWebKit/537.36 (KHTML, like Gecko; compatible; GPTBot/1.2; +https://openai.com/gptbot)"
66.249.68.37 - - [19/Oct/2025:15:45:19 +0300] "GET /items/1180508609 HTTP/1.1" 200 17727 "-" "Mozilla/5.0 (Linux; Android 6.0.1; Nexus 5X Build/MMB29P) AppleWebKit/537.36 (KHTML, like Gecko) Chrome/140.0.7339.207 Mobile Safari/537.36 (compatible; Googlebot/2.1; +http://www.google.com/bot.html)"
34.206.193.60 - - [19/Oct/2025:15:45:19 +0300] "GET /database-city/poznan-business-email-database/?fileloc=/home-ssd1/busines1/public_html/wp-links-opml.php&path=/home-ssd1/busines1/public_html HTTP/1.1" 200 15427 "-" "Mozilla/5.0 AppleWebKit/537.36 (KHTML, like Gecko; compatible; Amazonbot/0.1; +https://developer.amazon.com/support/amazonbot) Chrome/119.0.6045.214 Safari/537.36"
216.73.216.119 - - [19/Oct/2025:15:45:20 +0300] "GET /et/wp-json/oembed/1.0/embed?fileloc=%2F%2Flib64%2FlibIexMath-2_2.so.12.0.0&path=%2F%2Flib64 HTTP/2.0" 200 7566 "-" "Mozilla/5.0 AppleWebKit/537.36 (KHTML, like Gecko; compatible; ClaudeBot/1.0; +claudebot@anthropic.com)"
66.249.68.37 - - [19/Oct/2025:15:45:21 +0300] "GET /items/1476550540 HTTP/1.1" 200 16525 "-" "Mozilla/5.0 (Linux; Android 6.0.1; Nexus 5X Build/MMB29P) AppleWebKit/537.36 (KHTML, like Gecko) Chrome/140.0.7339.207 Mobile Safari/537.36 (compatible; Googlebot/2.1; +http://www.google.com/bot.html)"
51.195.183.228 - - [19/Oct/2025:15:45:21 +0300] "GET /sitemap-product-1033.xml HTTP/2.0" 200 3005 "-" "Mozilla/5.0 (compatible; AhrefsBot/7.0; +http://ahrefs.com/robot/)"
66.249.68.37 - - [19/Oct/2025:15:45:22 +0300] "GET /items/937208765 HTTP/1.1" 200 17841 "-" "Mozilla/5.0 (Linux; Android 6.0.1; Nexus 5X Build/MMB29P) AppleWebKit/537.36 (KHTML, like Gecko) Chrome/140.0.7339.207 Mobile Safari/537.36 (compatible; Googlebot/2.1; +http://www.google.com/bot.html)"
20.171.207.138 - - [19/Oct/2025:15:45:22 +0300] "GET /items/20135512?path=/home-ssd1/busines1/public_html/wp-admin HTTP/2.0" 200 5304 "-" "Mozilla/5.0 AppleWebKit/537.36 (KHTML, like Gecko; compatible; GPTBot/1.2; +https://openai.com/gptbot)"
66.249.68.36 - - [19/Oct/2025:15:45:22 +0300] "GET /items/1476564646 HTTP/1.1" 200 17113 "-" "Mozilla/5.0 (Linux; Android 6.0.1; Nexus 5X Build/MMB29P) AppleWebKit/537.36 (KHTML, like Gecko) Chrome/140.0.7339.207 Mobile Safari/537.36 (compatible; Googlebot/2.1; +http://www.google.com/bot.html)"
216.73.216.119 - - [19/Oct/2025:15:45:23 +0300] "GET /ru/database-city/antwerpen-ru?fileloc=%2F%2Flib%2Ffirmware%2FTAS2XXX2326.bin&path=%2F%2Flib%2Ffirmware HTTP/2.0" 200 6464 "-" "Mozilla/5.0 AppleWebKit/537.36 (KHTML, like Gecko; compatible; ClaudeBot/1.0; +claudebot@anthropic.com)"
35.171.141.42 - - [19/Oct/2025:15:45:24 +0300] "GET /product/poznan-contacts/?fileloc=/home-ssd1/busines1/public_html/wp-blog-header.php&path=/home-ssd1/busines1/public_html HTTP/1.1" 200 12891 "-" "Mozilla/5.0 AppleWebKit/537.36 (KHTML, like Gecko; compatible; Amazonbot/0.1; +https://developer.amazon.com/support/amazonbot) Chrome/119.0.6045.214 Safari/537.36"
66.249.68.36 - - [19/Oct/2025:15:45:24 +0300] "GET /items/389796832 HTTP/1.1" 200 17827 "-" "Mozilla/5.0 (Linux; Android 6.0.1; Nexus 5X Build/MMB29P) AppleWebKit/537.36 (KHTML, like Gecko) Chrome/140.0.7339.207 Mobile Safari/537.36 (compatible; Googlebot/2.1; +http://www.google.com/bot.html)"
66.249.68.36 - - [19/Oct/2025:15:45:24 +0300] "GET /items/1180538454 HTTP/1.1" 200 16784 "-" "Mozilla/5.0 (Linux; Android 6.0.1; Nexus 5X Build/MMB29P) AppleWebKit/537.36 (KHTML, like Gecko) Chrome/140.0.7339.207 Mobile Safari/537.36 (compatible; Googlebot/2.1; +http://www.google.com/bot.html)"
20.171.207.138 - - [19/Oct/2025:15:45:25 +0300] "GET /items/20394038 HTTP/2.0" 200 3452 "-" "Mozilla/5.0 AppleWebKit/537.36 (KHTML, like Gecko; compatible; GPTBot/1.2; +https://openai.com/gptbot)"
66.249.68.37 - - [19/Oct/2025:15:45:25 +0300] "GET /items/1476553876 HTTP/1.1" 200 19858 "-" "Mozilla/5.0 (Linux; Android 6.0.1; Nexus 5X Build/MMB29P) AppleWebKit/537.36 (KHTML, like Gecko) Chrome/140.0.7339.207 Mobile Safari/537.36 (compatible; Googlebot/2.1; +http://www.google.com/bot.html)"
216.73.216.119 - - [19/Oct/2025:15:45:26 +0300] "GET /ru/database-city/antwerpen-ru?fileloc=%2F%2Flib64%2Flibwebp.so.7.0.2&path=%2F%2Flib64 HTTP/2.0" 200 183583 "-" "Mozilla/5.0 AppleWebKit/537.36 (KHTML, like Gecko; compatible; ClaudeBot/1.0; +claudebot@anthropic.com)"
66.249.68.36 - - [19/Oct/2025:15:45:27 +0300] "GET /items/704880200 HTTP/1.1" 200 16733 "-" "Mozilla/5.0 (Linux; Android 6.0.1; Nexus 5X Build/MMB29P) AppleWebKit/537.36 (KHTML, like Gecko) Chrome/140.0.7339.207 Mobile Safari/537.36 (compatible; Googlebot/2.1; +http://www.google.com/bot.html)"
66.249.68.37 - - [19/Oct/2025:15:45:27 +0300] "GET /items/1180520599 HTTP/1.1" 200 18440 "-" "Mozilla/5.0 (Linux; Android 6.0.1; Nexus 5X Build/MMB29P) AppleWebKit/537.36 (KHTML, like Gecko) Chrome/140.0.7339.207 Mobile Safari/537.36 (compatible; Googlebot/2.1; +http://www.google.com/bot.html)"
66.249.68.36 - - [19/Oct/2025:15:45:28 +0300] "GET /items/937246789 HTTP/1.1" 200 18613 "-" "Mozilla/5.0 (Linux; Android 6.0.1; Nexus 5X Build/MMB29P) AppleWebKit/537.36 (KHTML, like Gecko) Chrome/140.0.7339.207 Mobile Safari/537.36 (compatible; Googlebot/2.1; +http://www.google.com/bot.html)"
20.171.207.138 - - [19/Oct/2025:15:45:29 +0300] "GET /items/20201812?fileloc=/home-ssd1/busines1/public_html/wp-blog-header.php&path=/home-ssd1/busines1/public_html HTTP/2.0" 200 2543 "-" "Mozilla/5.0 AppleWebKit/537.36 (KHTML, like Gecko; compatible; GPTBot/1.2; +https://openai.com/gptbot)"
66.249.68.36 - - [19/Oct/2025:15:45:29 +0300] "GET /items/937247268 HTTP/1.1" 200 16869 "-" "Mozilla/5.0 (Linux; Android 6.0.1; Nexus 5X Build/MMB29P) AppleWebKit/537.36 (KHTML, like Gecko) Chrome/140.0.7339.207 Mobile Safari/537.36 (compatible; Googlebot/2.1; +http://www.google.com/bot.html)"
216.73.216.119 - - [19/Oct/2025:15:45:29 +0300] "GET /database-city/vienna?path=%2Fhome-ssd1%2Fbusines1%2F.caldav HTTP/2.0" 200 2539 "-" "Mozilla/5.0 AppleWebKit/537.36 (KHTML, like Gecko; compatible; ClaudeBot/1.0; +claudebot@anthropic.com)"
50.16.72.185 - - [19/Oct/2025:15:45:30 +0300] "GET /product/ras-al-khaimah-contacts/?fileloc=/home-ssd1/busines1/public_html/license.txt&path=/home-ssd1/busines1/public_html HTTP/1.1" 200 32445 "-" "Mozilla/5.0 AppleWebKit/537.36 (KHTML, like Gecko; compatible; Amazonbot/0.1; +https://developer.amazon.com/support/amazonbot) Chrome/119.0.6045.214 Safari/537.36"
114.119.130.147 - - [19/Oct/2025:15:45:30 +0300] "GET /items/559739562 HTTP/1.1" 200 57145 "https://www.businessdatabases.net/sitemap.xml" "Mozilla/5.0 (Linux; Android 7.0;) AppleWebKit/537.36 (KHTML, like Gecko) Mobile Safari/537.36 (compatible; PetalBot;+https://webmaster.petalsearch.com/site/petalbot)"
66.249.68.37 - - [19/Oct/2025:15:45:30 +0300] "GET /items/240614737 HTTP/1.1" 200 18097 "-" "Mozilla/5.0 (Linux; Android 6.0.1; Nexus 5X Build/MMB29P) AppleWebKit/537.36 (KHTML, like Gecko) Chrome/140.0.7339.207 Mobile Safari/537.36 (compatible; Googlebot/2.1; +http://www.google.com/bot.html)"
66.249.68.38 - - [19/Oct/2025:15:45:30 +0300] "GET /items/937228323 HTTP/1.1" 200 16739 "-" "Mozilla/5.0 (Linux; Android 6.0.1; Nexus 5X Build/MMB29P) AppleWebKit/537.36 (KHTML, like Gecko) Chrome/140.0.7339.207 Mobile Safari/537.36 (compatible; Googlebot/2.1; +http://www.google.com/bot.html)"
51.89.129.242 - - [19/Oct/2025:15:45:31 +0300] "GET /sitemap-product-1052.xml HTTP/2.0" 200 3019 "-" "Mozilla/5.0 (compatible; AhrefsBot/7.0; +http://ahrefs.com/robot/)"
20.171.207.138 - - [19/Oct/2025:15:45:32 +0300] "GET /items/20383138 HTTP/2.0" 200 3452 "-" "Mozilla/5.0 AppleWebKit/537.36 (KHTML, like Gecko; compatible; GPTBot/1.2; +https://openai.com/gptbot)"
216.73.216.119 - - [19/Oct/2025:15:45:32 +0300] "GET /et/wp-json/oembed/1.0/embed?fileloc=%2F%2Flib64%2Flibm.so&path=%2F%2Flib64 HTTP/2.0" 200 2315 "-" "Mozilla/5.0 AppleWebKit/537.36 (KHTML, like Gecko; compatible; ClaudeBot/1.0; +claudebot@anthropic.com)"
66.249.68.37 - - [19/Oct/2025:15:45:32 +0300] "GET /items/1476537590 HTTP/1.1" 200 17734 "-" "Mozilla/5.0 (Linux; Android 6.0.1; Nexus 5X Build/MMB29P) AppleWebKit/537.36 (KHTML, like Gecko) Chrome/140.0.7339.207 Mobile Safari/537.36 (compatible; Googlebot/2.1; +http://www.google.com/bot.html)"
34.196.114.170 - - [19/Oct/2025:15:45:33 +0300] "GET /database-city/uppsala-email-database/?fileloc=/home-ssd1/busines1/public_html/wp-trackback.php&path=/home-ssd1/busines1/public_html HTTP/1.1" 200 18366 "-" "Mozilla/5.0 AppleWebKit/537.36 (KHTML, like Gecko; compatible; Amazonbot/0.1; +https://developer.amazon.com/support/amazonbot) Chrome/119.0.6045.214 Safari/537.36"
66.249.68.37 - - [19/Oct/2025:15:45:33 +0300] "GET /items/1476571731 HTTP/1.1" 200 16486 "-" "Mozilla/5.0 (Linux; Android 6.0.1; Nexus 5X Build/MMB29P) AppleWebKit/537.36 (KHTML, like Gecko) Chrome/140.0.7339.207 Mobile Safari/537.36 (compatible; Googlebot/2.1; +http://www.google.com/bot.html)"
66.249.68.36 - - [19/Oct/2025:15:45:33 +0300] "GET /items/1180523258 HTTP/1.1" 200 17556 "-" "Mozilla/5.0 (Linux; Android 6.0.1; Nexus 5X Build/MMB29P) AppleWebKit/537.36 (KHTML, like Gecko) Chrome/140.0.7339.207 Mobile Safari/537.36 (compatible; Googlebot/2.1; +http://www.google.com/bot.html)"
20.171.207.138 - - [19/Oct/2025:15:45:35 +0300] "GET /items/20082905 HTTP/2.0" 200 3452 "-" "Mozilla/5.0 AppleWebKit/537.36 (KHTML, like Gecko; compatible; GPTBot/1.2; +https://openai.com/gptbot)"
216.73.216.119 - - [19/Oct/2025:15:45:35 +0300] "GET /et/wp-json/oembed/1.0/embed?fileloc=%2F%2Flib64%2Flibutil.so&path=%2F%2Flib64 HTTP/2.0" 200 6967 "-" "Mozilla/5.0 AppleWebKit/537.36 (KHTML, like Gecko; compatible; ClaudeBot/1.0; +claudebot@anthropic.com)"
66.249.68.36 - - [19/Oct/2025:15:45:35 +0300] "GET /items/1180519509 HTTP/1.1" 200 17678 "-" "Mozilla/5.0 (Linux; Android 6.0.1; Nexus 5X Build/MMB29P) AppleWebKit/537.36 (KHTML, like Gecko) Chrome/140.0.7339.207 Mobile Safari/537.36 (compatible; Googlebot/2.1; +http://www.google.com/bot.html)"
198.244.240.168 - - [19/Oct/2025:15:45:36 +0300] "GET /sitemap-product-1064.xml HTTP/2.0" 200 3021 "-" "Mozilla/5.0 (compatible; AhrefsBot/7.0; +http://ahrefs.com/robot/)"
66.249.68.37 - - [19/Oct/2025:15:45:37 +0300] "GET /items/1476534320 HTTP/1.1" 200 18068 "-" "Mozilla/5.0 (Linux; Android 6.0.1; Nexus 5X Build/MMB29P) AppleWebKit/537.36 (KHTML, like Gecko) Chrome/140.0.7339.207 Mobile Safari/537.36 (compatible; Googlebot/2.1; +http://www.google.com/bot.html)"
20.171.207.138 - - [19/Oct/2025:15:45:38 +0300] "GET /items/20171354 HTTP/2.0" 200 3452 "-" "Mozilla/5.0 AppleWebKit/537.36 (KHTML, like Gecko; compatible; GPTBot/1.2; +https://openai.com/gptbot)"
216.73.216.119 - - [19/Oct/2025:15:45:38 +0300] "GET /et/wp-json/oembed/1.0/embed?fileloc=%2F%2Flib64%2Flibsecureio.so.1&path=%2F%2Flib64 HTTP/2.0" 200 7023 "-" "Mozilla/5.0 AppleWebKit/537.36 (KHTML, like Gecko; compatible; ClaudeBot/1.0; +claudebot@anthropic.com)"
66.249.68.37 - - [19/Oct/2025:15:45:38 +0300] "GET /items/1180525985 HTTP/1.1" 200 17897 "-" "Mozilla/5.0 (Linux; Android 6.0.1; Nexus 5X Build/MMB29P) AppleWebKit/537.36 (KHTML, like Gecko) Chrome/140.0.7339.207 Mobile Safari/537.36 (compatible; Googlebot/2.1; +http://www.google.com/bot.html)"
66.249.68.37 - - [19/Oct/2025:15:45:38 +0300] "GET /items/1180534639 HTTP/1.1" 200 17732 "-" "Mozilla/5.0 (Linux; Android 6.0.1; Nexus 5X Build/MMB29P) AppleWebKit/537.36 (KHTML, like Gecko) Chrome/140.0.7339.207 Mobile Safari/537.36 (compatible; Googlebot/2.1; +http://www.google.com/bot.html)"
52.3.156.186 - - [19/Oct/2025:15:45:39 +0300] "GET /product/saudi-arabia-email-database/?fileloc=/home-ssd1/busines1/public_html/.ftpquota&path=/home-ssd1/busines1/public_html HTTP/1.1" 200 12378 "-" "Mozilla/5.0 AppleWebKit/537.36 (KHTML, like Gecko; compatible; Amazonbot/0.1; +https://developer.amazon.com/support/amazonbot) Chrome/119.0.6045.214 Safari/537.36"
66.249.68.36 - - [19/Oct/2025:15:45:39 +0300] "GET /items/33891854 HTTP/1.1" 200 16223 "-" "Mozilla/5.0 (Linux; Android 6.0.1; Nexus 5X Build/MMB29P) AppleWebKit/537.36 (KHTML, like Gecko) Chrome/140.0.7339.207 Mobile Safari/537.36 (compatible; Googlebot/2.1; +http://www.google.com/bot.html)"
98.82.107.102 - - [19/Oct/2025:15:45:40 +0300] "GET /product/krakow-contacts/?fileloc=/home-ssd1/busines1/public_html/wp-load.php&path=/home-ssd1/busines1/public_html HTTP/1.1" 200 17025 "-" "Mozilla/5.0 AppleWebKit/537.36 (KHTML, like Gecko; compatible; Amazonbot/0.1; +https://developer.amazon.com/support/amazonbot) Chrome/119.0.6045.214 Safari/537.36"
66.249.68.37 - - [19/Oct/2025:15:45:40 +0300] "GET /items/937240247 HTTP/1.1" 200 17631 "-" "Mozilla/5.0 (Linux; Android 6.0.1; Nexus 5X Build/MMB29P) AppleWebKit/537.36 (KHTML, like Gecko) Chrome/140.0.7339.207 Mobile Safari/537.36 (compatible; Googlebot/2.1; +http://www.google.com/bot.html)"
20.171.207.138 - - [19/Oct/2025:15:45:41 +0300] "GET /items/20208286 HTTP/2.0" 200 3452 "-" "Mozilla/5.0 AppleWebKit/537.36 (KHTML, like Gecko; compatible; GPTBot/1.2; +https://openai.com/gptbot)"
216.73.216.119 - - [19/Oct/2025:15:45:41 +0300] "GET /ru/database-city/antwerpen-ru?fileloc=%2F%2Flib64%2Flibmodulemd.so.2&path=%2F%2Flib64 HTTP/2.0" 200 188189 "-" "Mozilla/5.0 AppleWebKit/537.36 (KHTML, like Gecko; compatible; ClaudeBot/1.0; +claudebot@anthropic.com)"
66.249.68.36 - - [19/Oct/2025:15:45:41 +0300] "GET /items/239332117 HTTP/1.1" 200 18019 "-" "Mozilla/5.0 (Linux; Android 6.0.1; Nexus 5X Build/MMB29P) AppleWebKit/537.36 (KHTML, like Gecko) Chrome/140.0.7339.207 Mobile Safari/537.36 (compatible; Googlebot/2.1; +http://www.google.com/bot.html)"
198.244.183.229 - - [19/Oct/2025:15:45:41 +0300] "GET /sitemap-product-1134.xml HTTP/2.0" 200 3062 "-" "Mozilla/5.0 (compatible; AhrefsBot/7.0; +http://ahrefs.com/robot/)"
66.249.68.36 - - [19/Oct/2025:15:45:43 +0300] "GET /items/1180499887 HTTP/1.1" 200 17638 "-" "Mozilla/5.0 (Linux; Android 6.0.1; Nexus 5X Build/MMB29P) AppleWebKit/537.36 (KHTML, like Gecko) Chrome/140.0.7339.207 Mobile Safari/537.36 (compatible; Googlebot/2.1; +http://www.google.com/bot.html)"
216.73.216.119 - - [19/Oct/2025:15:45:44 +0300] "GET /et/wp-json/oembed/1.0/embed?fileloc=%2F%2Flib64%2Flibyaz_icu.so.5&path=%2F%2Flib64 HTTP/2.0" 200 22280 "-" "Mozilla/5.0 AppleWebKit/537.36 (KHTML, like Gecko; compatible; ClaudeBot/1.0; +claudebot@anthropic.com)"
20.171.207.138 - - [19/Oct/2025:15:45:44 +0300] "GET /items/20146414 HTTP/2.0" 200 3452 "-" "Mozilla/5.0 AppleWebKit/537.36 (KHTML, like Gecko; compatible; GPTBot/1.2; +https://openai.com/gptbot)"
66.249.68.38 - - [19/Oct/2025:15:45:45 +0300] "GET /items/937235342 HTTP/1.1" 200 16882 "-" "Mozilla/5.0 (Linux; Android 6.0.1; Nexus 5X Build/MMB29P) AppleWebKit/537.36 (KHTML, like Gecko) Chrome/140.0.7339.207 Mobile Safari/537.36 (compatible; Googlebot/2.1; +http://www.google.com/bot.html)"
52.203.152.231 - - [19/Oct/2025:15:45:45 +0300] "GET /et/product/leedu-ettevotete-andmebaas/?fileloc=/home-ssd1/busines1/public_html/readme.html&path=/home-ssd1/busines1/public_html HTTP/1.1" 200 21698 "-" "Mozilla/5.0 AppleWebKit/537.36 (KHTML, like Gecko; compatible; Amazonbot/0.1; +https://developer.amazon.com/support/amazonbot) Chrome/119.0.6045.214 Safari/537.36"
66.249.68.38 - - [19/Oct/2025:15:45:46 +0300] "GET /items/239330548 HTTP/1.1" 200 16677 "-" "Mozilla/5.0 (Linux; Android 6.0.1; Nexus 5X Build/MMB29P) AppleWebKit/537.36 (KHTML, like Gecko) Chrome/140.0.7339.207 Mobile Safari/537.36 (compatible; Googlebot/2.1; +http://www.google.com/bot.html)"
216.73.216.119 - - [19/Oct/2025:15:45:47 +0300] "GET /et/wp-json/oembed/1.0/embed?fileloc=%2F%2Flib64%2Flibbsock.so&path=%2F%2Flib64 HTTP/2.0" 200 12071 "-" "Mozilla/5.0 AppleWebKit/537.36 (KHTML, like Gecko; compatible; ClaudeBot/1.0; +claudebot@anthropic.com)"
20.171.207.138 - - [19/Oct/2025:15:45:47 +0300] "GET /items/20082905?fileloc=/home-ssd1/busines1/public_html/wp-cron.php&path=/home-ssd1/busines1/public_html HTTP/2.0" 200 4251 "-" "Mozilla/5.0 AppleWebKit/537.36 (KHTML, like Gecko; compatible; GPTBot/1.2; +https://openai.com/gptbot)"
66.249.68.37 - - [19/Oct/2025:15:45:47 +0300] "GET /items/1180512424 HTTP/1.1" 200 17543 "-" "Mozilla/5.0 (Linux; Android 6.0.1; Nexus 5X Build/MMB29P) AppleWebKit/537.36 (KHTML, like Gecko) Chrome/140.0.7339.207 Mobile Safari/537.36 (compatible; Googlebot/2.1; +http://www.google.com/bot.html)"
66.249.68.36 - - [19/Oct/2025:15:45:48 +0300] "GET /items/1180500977 HTTP/1.1" 200 15847 "-" "Mozilla/5.0 (Linux; Android 6.0.1; Nexus 5X Build/MMB29P) AppleWebKit/537.36 (KHTML, like Gecko) Chrome/140.0.7339.207 Mobile Safari/537.36 (compatible; Googlebot/2.1; +http://www.google.com/bot.html)"
66.249.68.37 - - [19/Oct/2025:15:45:49 +0300] "GET /items/1476530505 HTTP/1.1" 200 16959 "-" "Mozilla/5.0 (Linux; Android 6.0.1; Nexus 5X Build/MMB29P) AppleWebKit/537.36 (KHTML, like Gecko) Chrome/140.0.7339.207 Mobile Safari/537.36 (compatible; Googlebot/2.1; +http://www.google.com/bot.html)"
216.73.216.119 - - [19/Oct/2025:15:45:50 +0300] "GET /et/wp-json/oembed/1.0/embed?path=%2F%2Fhome-ssd1%2Fbusines1%2Fssl HTTP/2.0" 200 2682 "-" "Mozilla/5.0 AppleWebKit/537.36 (KHTML, like Gecko; compatible; ClaudeBot/1.0; +claudebot@anthropic.com)"
20.171.207.138 - - [19/Oct/2025:15:45:50 +0300] "GET /items/20121406 HTTP/2.0" 200 3452 "-" "Mozilla/5.0 AppleWebKit/537.36 (KHTML, like Gecko; compatible; GPTBot/1.2; +https://openai.com/gptbot)"
66.249.68.38 - - [19/Oct/2025:15:45:50 +0300] "GET /items/937229892 HTTP/1.1" 200 18102 "-" "Mozilla/5.0 (Linux; Android 6.0.1; Nexus 5X Build/MMB29P) AppleWebKit/537.36 (KHTML, like Gecko) Chrome/140.0.7339.207 Mobile Safari/537.36 (compatible; Googlebot/2.1; +http://www.google.com/bot.html)"
66.249.68.36 - - [19/Oct/2025:15:45:50 +0300] "GET /items/1472541589 HTTP/1.1" 200 17099 "-" "Mozilla/5.0 (Linux; Android 6.0.1; Nexus 5X Build/MMB29P) AppleWebKit/537.36 (KHTML, like Gecko) Chrome/140.0.7339.207 Mobile Safari/537.36 (compatible; Googlebot/2.1; +http://www.google.com/bot.html)"
3.213.213.161 - - [19/Oct/2025:15:45:51 +0300] "GET /product/lille-contacts/?fileloc=/home-ssd1/busines1/public_html/wp-cron.php&path=/home-ssd1/busines1/public_html HTTP/1.1" 200 18325 "-" "Mozilla/5.0 AppleWebKit/537.36 (KHTML, like Gecko; compatible; Amazonbot/0.1; +https://developer.amazon.com/support/amazonbot) Chrome/119.0.6045.214 Safari/537.36"
52.3.102.51 - - [19/Oct/2025:15:45:52 +0300] "GET /database-city/vilnius-business-email-database/?fileloc=/home-ssd1/busines1/public_html/wp-activate.php&path=/home-ssd1/busines1/public_html HTTP/1.1" 200 21391 "-" "Mozilla/5.0 AppleWebKit/537.36 (KHTML, like Gecko; compatible; Amazonbot/0.1; +https://developer.amazon.com/support/amazonbot) Chrome/119.0.6045.214 Safari/537.36"
66.249.68.38 - - [19/Oct/2025:15:45:52 +0300] "GET /items/937248969 HTTP/1.1" 200 17330 "-" "Mozilla/5.0 (Linux; Android 6.0.1; Nexus 5X Build/MMB29P) AppleWebKit/537.36 (KHTML, like Gecko) Chrome/140.0.7339.207 Mobile Safari/537.36 (compatible; Googlebot/2.1; +http://www.google.com/bot.html)"
66.249.68.38 - - [19/Oct/2025:15:45:52 +0300] "GET /items/680698803 HTTP/1.1" 200 16686 "-" "Mozilla/5.0 (Linux; Android 6.0.1; Nexus 5X Build/MMB29P) AppleWebKit/537.36 (KHTML, like Gecko) Chrome/140.0.7339.207 Mobile Safari/537.36 (compatible; Googlebot/2.1; +http://www.google.com/bot.html)"
51.195.183.198 - - [19/Oct/2025:15:45:52 +0300] "GET /sitemap-product-1139.xml HTTP/2.0" 200 3017 "-" "Mozilla/5.0 (compatible; AhrefsBot/7.0; +http://ahrefs.com/robot/)"
216.73.216.119 - - [19/Oct/2025:15:45:53 +0300] "GET /et/wp-json/oembed/1.0/embed?fileloc=%2F%2Flib64%2FlibXpm.so.4.11.0&path=%2F%2Flib64 HTTP/2.0" 200 32843 "-" "Mozilla/5.0 AppleWebKit/537.36 (KHTML, like Gecko; compatible; ClaudeBot/1.0; +claudebot@anthropic.com)"
20.171.207.138 - - [19/Oct/2025:15:45:54 +0300] "GET /items/20375027 HTTP/2.0" 200 3452 "-" "Mozilla/5.0 AppleWebKit/537.36 (KHTML, like Gecko; compatible; GPTBot/1.2; +https://openai.com/gptbot)"
66.249.68.36 - - [19/Oct/2025:15:45:54 +0300] "GET /items/937217966 HTTP/1.1" 200 16259 "-" "Mozilla/5.0 (Linux; Android 6.0.1; Nexus 5X Build/MMB29P) AppleWebKit/537.36 (KHTML, like Gecko) Chrome/140.0.7339.207 Mobile Safari/537.36 (compatible; Googlebot/2.1; +http://www.google.com/bot.html)"
66.249.68.38 - - [19/Oct/2025:15:45:55 +0300] "GET /items/937224572 HTTP/1.1" 200 17476 "-" "Mozilla/5.0 (Linux; Android 6.0.1; Nexus 5X Build/MMB29P) AppleWebKit/537.36 (KHTML, like Gecko) Chrome/140.0.7339.207 Mobile Safari/537.36 (compatible; Googlebot/2.1; +http://www.google.com/bot.html)"
216.73.216.119 - - [19/Oct/2025:15:45:56 +0300] "GET /et/wp-json/oembed/1.0/embed?fileloc=%2F%2Flib64%2Flibpci.so.3&path=%2F%2Flib64 HTTP/2.0" 200 24958 "-" "Mozilla/5.0 AppleWebKit/537.36 (KHTML, like Gecko; compatible; ClaudeBot/1.0; +claudebot@anthropic.com)"
66.249.68.38 - - [19/Oct/2025:15:45:56 +0300] "GET /items/937207196 HTTP/1.1" 200 16681 "-" "Mozilla/5.0 (Linux; Android 6.0.1; Nexus 5X Build/MMB29P) AppleWebKit/537.36 (KHTML, like Gecko) Chrome/140.0.7339.207 Mobile Safari/537.36 (compatible; Googlebot/2.1; +http://www.google.com/bot.html)"
20.171.207.138 - - [19/Oct/2025:15:45:57 +0300] "GET /items/20427155 HTTP/2.0" 200 3452 "-" "Mozilla/5.0 AppleWebKit/537.36 (KHTML, like Gecko; compatible; GPTBot/1.2; +https://openai.com/gptbot)"
66.249.68.39 - - [19/Oct/2025:15:45:57 +0300] "GET /items/937245154 HTTP/1.1" 200 18757 "-" "Mozilla/5.0 (Linux; Android 6.0.1; Nexus 5X Build/MMB29P) AppleWebKit/537.36 (KHTML, like Gecko) Chrome/140.0.7339.207 Mobile Safari/537.36 (compatible; Googlebot/2.1; +http://www.google.com/bot.html)"
52.71.203.206 - - [19/Oct/2025:15:45:58 +0300] "GET /product/la-paz-business-database/?fileloc=/home-ssd1/busines1/public_html/wp-settings.php&path=/home-ssd1/busines1/public_html HTTP/1.1" 200 45842 "-" "Mozilla/5.0 AppleWebKit/537.36 (KHTML, like Gecko; compatible; Amazonbot/0.1; +https://developer.amazon.com/support/amazonbot) Chrome/119.0.6045.214 Safari/537.36"
198.244.226.98 - - [19/Oct/2025:15:45:58 +0300] "GET /sitemap-product-1188.xml HTTP/2.0" 200 3087 "-" "Mozilla/5.0 (compatible; AhrefsBot/7.0; +http://ahrefs.com/robot/)"
66.249.68.32 - - [19/Oct/2025:15:45:58 +0300] "GET /items/1457897502 HTTP/1.1" 200 17138 "-" "Mozilla/5.0 (Linux; Android 6.0.1; Nexus 5X Build/MMB29P) AppleWebKit/537.36 (KHTML, like Gecko) Chrome/140.0.7339.207 Mobile Safari/537.36 (compatible; Googlebot/2.1; +http://www.google.com/bot.html)"
66.249.68.32 - - [19/Oct/2025:15:45:58 +0300] "GET /items/937233162 HTTP/1.1" 200 16679 "-" "Mozilla/5.0 (Linux; Android 6.0.1; Nexus 5X Build/MMB29P) AppleWebKit/537.36 (KHTML, like Gecko) Chrome/140.0.7339.207 Mobile Safari/537.36 (compatible; Googlebot/2.1; +http://www.google.com/bot.html)"
216.73.216.119 - - [19/Oct/2025:15:45:59 +0300] "GET /ru/database-city/antwerpen-ru?fileloc=%2F%2Flib64%2Flibrabbitmq.so.4.3.0&path=%2F%2Flib64 HTTP/2.0" 200 34105 "-" "Mozilla/5.0 AppleWebKit/537.36 (KHTML, like Gecko; compatible; ClaudeBot/1.0; +claudebot@anthropic.com)"
66.249.68.39 - - [19/Oct/2025:15:45:59 +0300] "GET /items/1180540634 HTTP/1.1" 200 18389 "-" "Mozilla/5.0 (Linux; Android 6.0.1; Nexus 5X Build/MMB29P) AppleWebKit/537.36 (KHTML, like Gecko) Chrome/140.0.7339.207 Mobile Safari/537.36 (compatible; Googlebot/2.1; +http://www.google.com/bot.html)"
20.171.207.138 - - [19/Oct/2025:15:46:00 +0300] "GET /items/20139808 HTTP/2.0" 200 3452 "-" "Mozilla/5.0 AppleWebKit/537.36 (KHTML, like Gecko; compatible; GPTBot/1.2; +https://openai.com/gptbot)"
66.249.68.36 - - [19/Oct/2025:15:46:01 +0300] "GET /items/1476567437 HTTP/1.1" 200 17043 "-" "Mozilla/5.0 (Linux; Android 6.0.1; Nexus 5X Build/MMB29P) AppleWebKit/537.36 (KHTML, like Gecko) Chrome/140.0.7339.207 Mobile Safari/537.36 (compatible; Googlebot/2.1; +http://www.google.com/bot.html)"
52.203.237.170 - - [19/Oct/2025:15:46:02 +0300] "GET /product/brazil-email-database/?fileloc=/home-ssd1/busines1/public_html/wp-settings.php&path=/home-ssd1/busines1/public_html HTTP/1.1" 200 45842 "-" "Mozilla/5.0 AppleWebKit/537.36 (KHTML, like Gecko; compatible; Amazonbot/0.1; +https://developer.amazon.com/support/amazonbot) Chrome/119.0.6045.214 Safari/537.36"
216.73.216.119 - - [19/Oct/2025:15:46:02 +0300] "GET /et/wp-json/oembed/1.0/embed?fileloc=%2F%2Flib64%2Flibgdbm.so.6.0.0&path=%2F%2Flib64 HTTP/2.0" 200 27000 "-" "Mozilla/5.0 AppleWebKit/537.36 (KHTML, like Gecko; compatible; ClaudeBot/1.0; +claudebot@anthropic.com)"
