45.165.97.197 - - [19/Oct/2025:16:07:27 +0300] "GET /product/riyadh-business-database/ HTTP/1.1" 200 3452 "-" "Mozilla/5.0 (X11; Linux x86_64; rv:123.0) Gecko/20100101 Firefox/123.0"
66.249.68.36 - - [19/Oct/2025:16:07:26 +0300] "GET /items/590811120 HTTP/1.1" 200 16924 "-" "Mozilla/5.0 (Linux; Android 6.0.1; Nexus 5X Build/MMB29P) AppleWebKit/537.36 (KHTML, like Gecko) Chrome/140.0.7339.207 Mobile Safari/537.36 (compatible; Googlebot/2.1; +http://www.google.com/bot.html)"
201.182.32.122 - - [19/Oct/2025:16:07:27 +0300] "GET /database-city/abu-dhabi/ HTTP/1.1" 200 3452 "-" "Mozilla/5.0 (Linux; Android 10; K) AppleWebKit/537.36 (KHTML, like Gecko) Chrome/121.0.0.0 Mobile Safari/537.36 EdgA/121.0.0.0"
216.73.216.119 - - [19/Oct/2025:16:07:27 +0300] "GET /database-city/pilsen?fileloc=%2Fhome-ssd1%2Fbusines1%2Fpublic_html%2Fwp-content%2Flanguages%2Fadmin-fi.l10n.php&path=%2Fhome-ssd1%2Fbusines1%2Fpublic_html%2Fwp-content%2Flanguages HTTP/2.0" 200 144169 "-" "Mozilla/5.0 AppleWebKit/537.36 (KHTML, like Gecko; compatible; ClaudeBot/1.0; +claudebot@anthropic.com)"
200.39.53.251 - - [19/Oct/2025:16:07:28 +0300] "GET /product/luxembourg-business-database-2/ HTTP/1.1" 200 3452 "-" "Mozilla/5.0 (Linux; Android 10; K) AppleWebKit/537.36 (KHTML, like Gecko) Chrome/122.0.0.0 Mobile Safari/537.36"
14.191.133.100 - - [19/Oct/2025:16:07:28 +0300] "GET /et/andmebaas-linn/indoneesia-e-mail-andmebaas/ HTTP/1.1" 200 3452 "-" "Mozilla/5.0 (Windows NT 10.0; Win64; x64) AppleWebKit/537.36 (KHTML, like Gecko) Chrome/122.0.0.0 Safari/537.36"
66.249.68.36 - - [19/Oct/2025:16:07:27 +0300] "GET /items/571774175 HTTP/1.1" 200 17569 "-" "Mozilla/5.0 (Linux; Android 6.0.1; Nexus 5X Build/MMB29P) AppleWebKit/537.36 (KHTML, like Gecko) Chrome/140.0.7339.207 Mobile Safari/537.36 (compatible; Googlebot/2.1; +http://www.google.com/bot.html)"
45.229.34.2 - - [19/Oct/2025:16:07:28 +0300] "GET /database-city/lithuanian-business-email-database/ HTTP/1.1" 200 3452 "-" "Mozilla/5.0 (Windows NT 10.0; Win64; x64) AppleWebKit/537.36 (KHTML, like Gecko) Chrome/121.0.0.0 Safari/537.36 Edg/121.0.0.0"
66.249.68.37 - - [19/Oct/2025:16:07:28 +0300] "GET /items/1533756147 HTTP/1.1" 200 16657 "-" "Mozilla/5.0 (Linux; Android 6.0.1; Nexus 5X Build/MMB29P) AppleWebKit/537.36 (KHTML, like Gecko) Chrome/140.0.7339.207 Mobile Safari/537.36 (compatible; Googlebot/2.1; +http://www.google.com/bot.html)"
14.191.22.132 - - [19/Oct/2025:16:07:29 +0300] "GET /database-city/berlin-email-database/ HTTP/1.1" 200 3452 "-" "Mozilla/5.0 (iPhone; CPU iPhone OS 17_0_2 like Mac OS X) AppleWebKit/605.1.15 (KHTML, like Gecko) Version/17.0 Mobile/15E148 Safari/604.1 Ddg/17.0"
66.249.68.38 - - [19/Oct/2025:16:07:28 +0300] "GET /items/1533777883 HTTP/1.1" 200 18042 "-" "Mozilla/5.0 (Linux; Android 6.0.1; Nexus 5X Build/MMB29P) AppleWebKit/537.36 (KHTML, like Gecko) Chrome/140.0.7339.207 Mobile Safari/537.36 (compatible; Googlebot/2.1; +http://www.google.com/bot.html)"
20.171.207.138 - - [19/Oct/2025:16:07:30 +0300] "GET /items/850826740?path=/home-ssd1/busines1/public_html/.tmb HTTP/2.0" 200 3303 "-" "Mozilla/5.0 AppleWebKit/537.36 (KHTML, like Gecko; compatible; GPTBot/1.2; +https://openai.com/gptbot)"
66.249.68.36 - - [19/Oct/2025:16:07:29 +0300] "GET /items/1533743197 HTTP/1.1" 200 17746 "-" "Mozilla/5.0 (Linux; Android 6.0.1; Nexus 5X Build/MMB29P) AppleWebKit/537.36 (KHTML, like Gecko) Chrome/140.0.7339.207 Mobile Safari/537.36 (compatible; Googlebot/2.1; +http://www.google.com/bot.html)"
216.73.216.119 - - [19/Oct/2025:16:07:30 +0300] "GET /database-city/pilsen?path=%2Fhome-ssd1%2Fbusines1%2Fpublic_html%2Fwp-content%2Fcache%2Ftmp HTTP/2.0" 200 2578 "-" "Mozilla/5.0 AppleWebKit/537.36 (KHTML, like Gecko; compatible; ClaudeBot/1.0; +claudebot@anthropic.com)"
66.249.68.39 - - [19/Oct/2025:16:07:31 +0300] "GET /items/910595275 HTTP/1.1" 200 18546 "-" "Mozilla/5.0 (Linux; Android 6.0.1; Nexus 5X Build/MMB29P) AppleWebKit/537.36 (KHTML, like Gecko) Chrome/140.0.7339.207 Mobile Safari/537.36 (compatible; Googlebot/2.1; +http://www.google.com/bot.html)"
186.249.212.55 - - [19/Oct/2025:16:07:31 +0300] "GET /hello-world/ HTTP/1.1" 200 3452 "-" "Mozilla/5.0 (Windows NT 10.0; Win64; x64; rv:123.0) Gecko/20100101 Firefox/123.0"
66.249.68.37 - - [19/Oct/2025:16:07:31 +0300] "GET /items/305720908 HTTP/1.1" 200 16675 "-" "Mozilla/5.0 (Linux; Android 6.0.1; Nexus 5X Build/MMB29P) AppleWebKit/537.36 (KHTML, like Gecko) Chrome/140.0.7339.207 Mobile Safari/537.36 (compatible; Googlebot/2.1; +http://www.google.com/bot.html)"
66.249.68.38 - - [19/Oct/2025:16:07:32 +0300] "GET /items/1533733932 HTTP/1.1" 200 17005 "-" "Mozilla/5.0 (Linux; Android 6.0.1; Nexus 5X Build/MMB29P) AppleWebKit/537.36 (KHTML, like Gecko) Chrome/140.0.7339.207 Mobile Safari/537.36 (compatible; Googlebot/2.1; +http://www.google.com/bot.html)"
109.161.182.123 - - [19/Oct/2025:16:07:32 +0300] "GET /product/japan-business-database/ HTTP/1.1" 200 3452 "-" "Mozilla/5.0 (iPhone; CPU iPhone OS 17_2 like Mac OS X) AppleWebKit/605.1.15 (KHTML, like Gecko) EdgiOS/119.0.2151.96 Version/17.0 Mobile/15E148 Safari/604.1"
37.239.55.11 - - [19/Oct/2025:16:07:32 +0300] "GET /et/product/fortaleza-ettevotete-kontaktid/ HTTP/1.1" 200 3452 "-" "Mozilla/5.0 (Windows NT 10.0; Win64; x64; rv:123.0) Gecko/20100101 Firefox/123.0"
204.199.139.37 - - [19/Oct/2025:16:07:32 +0300] "GET /et/product/namur-ettevotete-andmebaas/ HTTP/1.1" 200 3452 "-" "Mozilla/5.0 (Windows NT 10.0; Win64; x64) AppleWebKit/537.36 (KHTML, like Gecko) Chrome/121.0.0.0 Safari/537.36 Edg/121.0.0.0"
66.249.68.36 - - [19/Oct/2025:16:07:32 +0300] "GET /items/996679183 HTTP/1.1" 200 17035 "-" "Mozilla/5.0 (Linux; Android 6.0.1; Nexus 5X Build/MMB29P) AppleWebKit/537.36 (KHTML, like Gecko) Chrome/140.0.7339.207 Mobile Safari/537.36 (compatible; Googlebot/2.1; +http://www.google.com/bot.html)"
20.171.207.138 - - [19/Oct/2025:16:07:33 +0300] "GET /items/850826740?path=/home-ssd1/busines1/public_html/wp-content HTTP/2.0" 200 3156 "-" "Mozilla/5.0 AppleWebKit/537.36 (KHTML, like Gecko; compatible; GPTBot/1.2; +https://openai.com/gptbot)"
216.73.216.119 - - [19/Oct/2025:16:07:33 +0300] "GET /database-city/pilsen?path=%2Fhome-ssd1%2Fbusines1%2Fpublic_html%2Fwp-content%2Fplugins%2Fwordpress-seo HTTP/2.0" 200 3096 "-" "Mozilla/5.0 AppleWebKit/537.36 (KHTML, like Gecko; compatible; ClaudeBot/1.0; +claudebot@anthropic.com)"
66.249.68.39 - - [19/Oct/2025:16:07:33 +0300] "GET /items/305705712 HTTP/1.1" 200 19429 "-" "Mozilla/5.0 (Linux; Android 6.0.1; Nexus 5X Build/MMB29P) AppleWebKit/537.36 (KHTML, like Gecko) Chrome/140.0.7339.207 Mobile Safari/537.36 (compatible; Googlebot/2.1; +http://www.google.com/bot.html)"
45.236.72.68 - - [19/Oct/2025:16:07:34 +0300] "GET /et/andmebaas-linn/rumeenia-e-mail-andmebaas/ HTTP/1.1" 200 3452 "-" "Mozilla/5.0 (Windows NT 10.0; Win64; x64) AppleWebKit/537.36 (KHTML, like Gecko) Chrome/122.0.0.0 Safari/537.36"
177.221.131.198 - - [19/Oct/2025:16:07:34 +0300] "GET /database-city/bydgoszcz-business-database/ HTTP/1.1" 200 3452 "-" "Mozilla/5.0 (Windows NT 10.0; Win64; x64) AppleWebKit/537.36 (KHTML, like Gecko) Chrome/121.0.0.0 Safari/537.36 Edg/121.0.0.0"
14.225.59.48 - - [19/Oct/2025:16:07:34 +0300] "GET /database-city/portugal-email-database/ HTTP/1.1" 200 3452 "-" "Mozilla/5.0 (Android 8.1.0; Mobile; rv:123.0) Gecko/123.0 Firefox/123.0"
66.249.68.38 - - [19/Oct/2025:16:07:34 +0300] "GET /items/590801921 HTTP/1.1" 200 16254 "-" "Mozilla/5.0 (Linux; Android 6.0.1; Nexus 5X Build/MMB29P) AppleWebKit/537.36 (KHTML, like Gecko) Chrome/140.0.7339.207 Mobile Safari/537.36 (compatible; Googlebot/2.1; +http://www.google.com/bot.html)"
66.249.68.36 - - [19/Oct/2025:16:07:34 +0300] "GET /items/590832922 HTTP/1.1" 200 16899 "-" "Mozilla/5.0 (Linux; Android 6.0.1; Nexus 5X Build/MMB29P) AppleWebKit/537.36 (KHTML, like Gecko) Chrome/140.0.7339.207 Mobile Safari/537.36 (compatible; Googlebot/2.1; +http://www.google.com/bot.html)"
45.226.74.51 - - [19/Oct/2025:16:07:35 +0300] "GET /database-city/jonkoping-business-email-database/ HTTP/1.1" 200 3452 "-" "Mozilla/5.0 (iPhone; CPU iPhone OS 17_2 like Mac OS X) AppleWebKit/605.1.15 (KHTML, like Gecko) EdgiOS/119.0.2151.96 Version/17.0 Mobile/15E148 Safari/604.1"
222.252.35.214 - - [19/Oct/2025:16:07:36 +0300] "GET /product/szczecin-contacts/ HTTP/1.1" 200 3452 "-" "Mozilla/5.0 (Windows NT 10.0; Win64; x64; rv:123.0) Gecko/20100101 Firefox/123.0 OpenWave/94.4.4504.39"
66.249.68.36 - - [19/Oct/2025:16:07:35 +0300] "GET /items/305737805 HTTP/1.1" 200 17889 "-" "Mozilla/5.0 (Linux; Android 6.0.1; Nexus 5X Build/MMB29P) AppleWebKit/537.36 (KHTML, like Gecko) Chrome/140.0.7339.207 Mobile Safari/537.36 (compatible; Googlebot/2.1; +http://www.google.com/bot.html)"
20.171.207.138 - - [19/Oct/2025:16:07:36 +0300] "GET /items/850836420 HTTP/2.0" 200 3452 "-" "Mozilla/5.0 AppleWebKit/537.36 (KHTML, like Gecko; compatible; GPTBot/1.2; +https://openai.com/gptbot)"
66.249.68.39 - - [19/Oct/2025:16:07:36 +0300] "GET /items/305731263 HTTP/1.1" 200 16482 "-" "Mozilla/5.0 (Linux; Android 6.0.1; Nexus 5X Build/MMB29P) AppleWebKit/537.36 (KHTML, like Gecko) Chrome/140.0.7339.207 Mobile Safari/537.36 (compatible; Googlebot/2.1; +http://www.google.com/bot.html)"
216.73.216.119 - - [19/Oct/2025:16:07:36 +0300] "GET /database-city/pilsen?path=%2Fhome-ssd1%2Fbusines1%2Fpublic_html%2Fwp-content%2Fplugins%2Fgzztr%2Flanguages HTTP/2.0" 200 2782 "-" "Mozilla/5.0 AppleWebKit/537.36 (KHTML, like Gecko; compatible; ClaudeBot/1.0; +claudebot@anthropic.com)"
170.150.255.41 - - [19/Oct/2025:16:07:36 +0300] "GET /et/product/sloveenia-e-maili-andmebaas/ HTTP/1.1" 200 3452 "-" "Mozilla/5.0 (iPhone; CPU iPhone OS 17_2 like Mac OS X) AppleWebKit/605.1.15 (KHTML, like Gecko) EdgiOS/120.0.2210.141 Version/17.0 Mobile/15E148 Safari/604.1"
66.249.68.36 - - [19/Oct/2025:16:07:36 +0300] "GET /items/1533776314 HTTP/1.1" 200 16788 "-" "Mozilla/5.0 (Linux; Android 6.0.1; Nexus 5X Build/MMB29P) AppleWebKit/537.36 (KHTML, like Gecko) Chrome/140.0.7339.207 Mobile Safari/537.36 (compatible; Googlebot/2.1; +http://www.google.com/bot.html)"
66.249.68.38 - - [19/Oct/2025:16:07:37 +0300] "GET /items/387642819 HTTP/1.1" 200 16507 "-" "Mozilla/5.0 (Linux; Android 6.0.1; Nexus 5X Build/MMB29P) AppleWebKit/537.36 (KHTML, like Gecko) Chrome/140.0.7339.207 Mobile Safari/537.36 (compatible; Googlebot/2.1; +http://www.google.com/bot.html)"
177.221.176.100 - - [19/Oct/2025:16:07:38 +0300] "GET /database-city/montpellier-business-email-database/ HTTP/1.1" 200 3452 "-" "Mozilla/5.0 (Windows NT 10.0; Win64; x64) AppleWebKit/537.36 (KHTML, like Gecko) Chrome/121.0.0.0 Safari/537.36 Edg/121.0.0.0 GLS/100.10.9979.100"
66.249.68.39 - - [19/Oct/2025:16:07:37 +0300] "GET /items/1533741562 HTTP/1.1" 200 17299 "-" "Mozilla/5.0 (Linux; Android 6.0.1; Nexus 5X Build/MMB29P) AppleWebKit/537.36 (KHTML, like Gecko) Chrome/140.0.7339.207 Mobile Safari/537.36 (compatible; Googlebot/2.1; +http://www.google.com/bot.html)"
66.249.68.39 - - [19/Oct/2025:16:07:38 +0300] "GET /items/1533748583 HTTP/1.1" 200 16871 "-" "Mozilla/5.0 (Linux; Android 6.0.1; Nexus 5X Build/MMB29P) AppleWebKit/537.36 (KHTML, like Gecko) Chrome/140.0.7339.207 Mobile Safari/537.36 (compatible; Googlebot/2.1; +http://www.google.com/bot.html)"
191.5.154.90 - - [19/Oct/2025:16:07:39 +0300] "GET /product/chelyabinsk-business-database/ HTTP/1.1" 200 3452 "-" "Mozilla/5.0 (Android 11; Mobile; rv:123.0) Gecko/123.0 Firefox/123.0"
181.78.202.227 - - [19/Oct/2025:16:07:39 +0300] "GET /et/product/kazan-ettevotete-andmebaas/ HTTP/1.1" 200 3452 "-" "Mozilla/5.0 (Android 8.1.0; Mobile; rv:123.0) Gecko/123.0 Firefox/123.0"
20.171.207.138 - - [19/Oct/2025:16:07:39 +0300] "GET /items/707758206 HTTP/2.0" 200 3452 "-" "Mozilla/5.0 AppleWebKit/537.36 (KHTML, like Gecko; compatible; GPTBot/1.2; +https://openai.com/gptbot)"
216.73.216.119 - - [19/Oct/2025:16:07:39 +0300] "GET /database-city/pilsen?path=%2Fhome-ssd1%2Fbusines1%2Fpublic_html%2Fwp-content%2Fplugins%2Fsmart-manager-for-wp-e-commerce%2Fclasses HTTP/2.0" 200 3133 "-" "Mozilla/5.0 AppleWebKit/537.36 (KHTML, like Gecko; compatible; ClaudeBot/1.0; +claudebot@anthropic.com)"
66.249.68.38 - - [19/Oct/2025:16:07:39 +0300] "GET /items/305713344 HTTP/1.1" 200 16813 "-" "Mozilla/5.0 (Linux; Android 6.0.1; Nexus 5X Build/MMB29P) AppleWebKit/537.36 (KHTML, like Gecko) Chrome/140.0.7339.207 Mobile Safari/537.36 (compatible; Googlebot/2.1; +http://www.google.com/bot.html)"
66.249.68.37 - - [19/Oct/2025:16:07:39 +0300] "GET /items/305730720 HTTP/1.1" 200 17885 "-" "Mozilla/5.0 (Linux; Android 6.0.1; Nexus 5X Build/MMB29P) AppleWebKit/537.36 (KHTML, like Gecko) Chrome/140.0.7339.207 Mobile Safari/537.36 (compatible; Googlebot/2.1; +http://www.google.com/bot.html)"
66.249.68.36 - - [19/Oct/2025:16:07:40 +0300] "GET /items/684000309 HTTP/1.1" 200 16609 "-" "Mozilla/5.0 (Linux; Android 6.0.1; Nexus 5X Build/MMB29P) AppleWebKit/537.36 (KHTML, like Gecko) Chrome/140.0.7339.207 Mobile Safari/537.36 (compatible; Googlebot/2.1; +http://www.google.com/bot.html)"
105.186.89.246 - - [19/Oct/2025:16:07:40 +0300] "GET /product/zagreb-business-database/ HTTP/1.1" 200 3452 "-" "Mozilla/5.0 (iPhone; CPU iPhone OS 17_2 like Mac OS X) AppleWebKit/605.1.15 (KHTML, like Gecko) EdgiOS/120.0.2210.141 Version/17.0 Mobile/15E148 Safari/604.1"
179.127.198.18 - - [19/Oct/2025:16:07:40 +0300] "GET /et/product/rumeenia-ettevotete-andmebaas/ HTTP/1.1" 200 3452 "-" "Mozilla/5.0 (Windows NT 10.0; Win64; x64) AppleWebKit/537.36 (KHTML, like Gecko) Chrome/122.0.0.0 Safari/537.36"
187.189.221.28 - - [19/Oct/2025:16:07:41 +0300] "GET /et/product/riyadh-ettevotete-andmebaas/ HTTP/1.1" 200 3452 "-" "Mozilla/5.0 (iPad; CPU OS 17_0 like Mac OS X) AppleWebKit/605.1.15 (KHTML, like Gecko) Version/17.0 Mobile/15E148 Safari/604.1"
14.187.243.152 - - [19/Oct/2025:16:07:41 +0300] "GET /et/product/almaty-ettevotete-andmebaas/ HTTP/1.1" 200 3452 "-" "Mozilla/5.0 (Windows NT 10.0; Win64; x64) AppleWebKit/537.36 (KHTML, like Gecko) Chrome/121.0.0.0 Safari/537.36 Edg/121.0.0.0 Unique/97.7.7239.70"
66.249.68.37 - - [19/Oct/2025:16:07:41 +0300] "GET /items/409507756 HTTP/1.1" 200 17548 "-" "Mozilla/5.0 (Linux; Android 6.0.1; Nexus 5X Build/MMB29P) AppleWebKit/537.36 (KHTML, like Gecko) Chrome/140.0.7339.207 Mobile Safari/537.36 (compatible; Googlebot/2.1; +http://www.google.com/bot.html)"
66.249.68.32 - - [19/Oct/2025:16:07:41 +0300] "GET /items/1533745792 HTTP/1.1" 200 17275 "-" "Mozilla/5.0 (Linux; Android 6.0.1; Nexus 5X Build/MMB29P) AppleWebKit/537.36 (KHTML, like Gecko) Chrome/140.0.7339.207 Mobile Safari/537.36 (compatible; Googlebot/2.1; +http://www.google.com/bot.html)"
216.73.216.119 - - [19/Oct/2025:16:07:42 +0300] "GET /database-city/pilsen?path=%2Fhome-ssd1%2Fbusines1%2Fpublic_html%2Fwp-content%2Fplugins%2Fgzztr%2Fincludes HTTP/2.0" 200 2797 "-" "Mozilla/5.0 AppleWebKit/537.36 (KHTML, like Gecko; compatible; ClaudeBot/1.0; +claudebot@anthropic.com)"
20.171.207.138 - - [19/Oct/2025:16:07:42 +0300] "GET /items/850602966 HTTP/2.0" 200 3452 "-" "Mozilla/5.0 AppleWebKit/537.36 (KHTML, like Gecko; compatible; GPTBot/1.2; +https://openai.com/gptbot)"
14.237.110.114 - - [19/Oct/2025:16:07:43 +0300] "GET /et/product/tema-ettevotete-andmebaas/ HTTP/1.1" 200 3452 "-" "Mozilla/5.0 (Windows NT 10.0; Win64; x64) AppleWebKit/537.36 (KHTML, like Gecko) Chrome/121.0.0.0 Safari/537.36 Edg/121.0.0.0"
66.249.68.38 - - [19/Oct/2025:16:07:43 +0300] "GET /items/1533773523 HTTP/1.1" 200 18409 "-" "Mozilla/5.0 (Linux; Android 6.0.1; Nexus 5X Build/MMB29P) AppleWebKit/537.36 (KHTML, like Gecko) Chrome/140.0.7339.207 Mobile Safari/537.36 (compatible; Googlebot/2.1; +http://www.google.com/bot.html)"
201.88.122.176 - - [19/Oct/2025:16:07:44 +0300] "GET /et/product/skopje-ettevotete-andmebaas/ HTTP/1.1" 200 3452 "-" "Mozilla/5.0 (iPhone; CPU iPhone OS 17_3 like Mac OS X) AppleWebKit/605.1.15 (KHTML, like Gecko) CriOS/122.0.6261.62 Mobile/15E148 Safari/604.1"
160.20.161.58 - - [19/Oct/2025:16:07:45 +0300] "GET /database-city/abu-dhabi-business-database/ HTTP/1.1" 200 3452 "-" "Mozilla/5.0 (Windows NT 10.0; Win64; x64) AppleWebKit/537.36 (KHTML, like Gecko) Chrome/121.0.0.0 Safari/537.36 Edg/121.0.0.0"
66.249.68.37 - - [19/Oct/2025:16:07:45 +0300] "GET /items/409508846 HTTP/1.1" 200 17805 "-" "Mozilla/5.0 (Linux; Android 6.0.1; Nexus 5X Build/MMB29P) AppleWebKit/537.36 (KHTML, like Gecko) Chrome/140.0.7339.207 Mobile Safari/537.36 (compatible; Googlebot/2.1; +http://www.google.com/bot.html)"
20.171.207.138 - - [19/Oct/2025:16:07:45 +0300] "GET /items/850851616?fileloc=/home-ssd1/busines1/public_html/wp-load.php&path=/home-ssd1/busines1/public_html HTTP/2.0" 200 3952 "-" "Mozilla/5.0 AppleWebKit/537.36 (KHTML, like Gecko; compatible; GPTBot/1.2; +https://openai.com/gptbot)"
216.73.216.119 - - [19/Oct/2025:16:07:45 +0300] "GET /database-city/pilsen?fileloc=%2Fhome-ssd1%2Fbusines1%2Fpublic_html%2Fwp-content%2Flanguages%2Fadmin-et.mo&path=%2Fhome-ssd1%2Fbusines1%2Fpublic_html%2Fwp-content%2Flanguages HTTP/2.0" 200 147315 "-" "Mozilla/5.0 AppleWebKit/537.36 (KHTML, like Gecko; compatible; ClaudeBot/1.0; +claudebot@anthropic.com)"
66.249.68.37 - - [19/Oct/2025:16:07:45 +0300] "GET /items/590820387 HTTP/1.1" 200 17370 "-" "Mozilla/5.0 (Linux; Android 6.0.1; Nexus 5X Build/MMB29P) AppleWebKit/537.36 (KHTML, like Gecko) Chrome/140.0.7339.207 Mobile Safari/537.36 (compatible; Googlebot/2.1; +http://www.google.com/bot.html)"
66.249.68.39 - - [19/Oct/2025:16:07:46 +0300] "GET /items/409511571 HTTP/1.1" 200 16177 "-" "Mozilla/5.0 (Linux; Android 6.0.1; Nexus 5X Build/MMB29P) AppleWebKit/537.36 (KHTML, like Gecko) Chrome/140.0.7339.207 Mobile Safari/537.36 (compatible; Googlebot/2.1; +http://www.google.com/bot.html)"
66.249.68.37 - - [19/Oct/2025:16:07:47 +0300] "GET /items/388928643 HTTP/1.1" 200 17889 "-" "Mozilla/5.0 (Linux; Android 6.0.1; Nexus 5X Build/MMB29P) AppleWebKit/537.36 (KHTML, like Gecko) Chrome/140.0.7339.207 Mobile Safari/537.36 (compatible; Googlebot/2.1; +http://www.google.com/bot.html)"
103.185.75.197 - - [19/Oct/2025:16:07:48 +0300] "POST /xmlrpc.php HTTP/2.0" 200 3452 "-" "Mozilla/4.0 (compatible; MSIE 7.0; Windows NT 10.0; Win64; x64; Trident/7.0; .NET4.0C; .NET4.0E; .NET CLR 2.0.50727; .NET CLR 3.0.30729; .NET CLR 3.5.30729)"
66.249.68.37 - - [19/Oct/2025:16:07:47 +0300] "GET /items/590842123 HTTP/1.1" 200 17817 "-" "Mozilla/5.0 (Linux; Android 6.0.1; Nexus 5X Build/MMB29P) AppleWebKit/537.36 (KHTML, like Gecko) Chrome/140.0.7339.207 Mobile Safari/537.36 (compatible; Googlebot/2.1; +http://www.google.com/bot.html)"
216.73.216.119 - - [19/Oct/2025:16:07:48 +0300] "GET /database-city/pilsen?path=%2Fhome-ssd1%2Fbusines1%2Fpublic_html%2Fwp-content%2Fcache%2Fminify HTTP/2.0" 200 2625 "-" "Mozilla/5.0 AppleWebKit/537.36 (KHTML, like Gecko; compatible; ClaudeBot/1.0; +claudebot@anthropic.com)"
20.171.207.138 - - [19/Oct/2025:16:07:48 +0300] "GET /items/707420911 HTTP/2.0" 200 3452 "-" "Mozilla/5.0 AppleWebKit/537.36 (KHTML, like Gecko; compatible; GPTBot/1.2; +https://openai.com/gptbot)"
66.249.68.36 - - [19/Oct/2025:16:07:48 +0300] "GET /items/996659693 HTTP/1.1" 200 17929 "-" "Mozilla/5.0 (Linux; Android 6.0.1; Nexus 5X Build/MMB29P) AppleWebKit/537.36 (KHTML, like Gecko) Chrome/140.0.7339.207 Mobile Safari/537.36 (compatible; Googlebot/2.1; +http://www.google.com/bot.html)"
114.119.136.208 - - [19/Oct/2025:16:07:49 +0300] "GET /items/559730972 HTTP/1.1" 200 57145 "https://www.businessdatabases.net/sitemap.xml" "Mozilla/5.0 (Linux; Android 7.0;) AppleWebKit/537.36 (KHTML, like Gecko) Mobile Safari/537.36 (compatible; PetalBot;+https://webmaster.petalsearch.com/site/petalbot)"
66.249.68.32 - - [19/Oct/2025:16:07:49 +0300] "GET /items/1533753488 HTTP/1.1" 200 16885 "-" "Mozilla/5.0 (Linux; Android 6.0.1; Nexus 5X Build/MMB29P) AppleWebKit/537.36 (KHTML, like Gecko) Chrome/140.0.7339.207 Mobile Safari/537.36 (compatible; Googlebot/2.1; +http://www.google.com/bot.html)"
66.249.68.33 - - [19/Oct/2025:16:07:50 +0300] "GET /items/590823657 HTTP/1.1" 200 17309 "-" "Mozilla/5.0 (Linux; Android 6.0.1; Nexus 5X Build/MMB29P) AppleWebKit/537.36 (KHTML, like Gecko) Chrome/140.0.7339.207 Mobile Safari/537.36 (compatible; Googlebot/2.1; +http://www.google.com/bot.html)"
66.249.68.32 - - [19/Oct/2025:16:07:51 +0300] "GET /items/305735559 HTTP/1.1" 200 16661 "-" "Mozilla/5.0 (Linux; Android 6.0.1; Nexus 5X Build/MMB29P) AppleWebKit/537.36 (KHTML, like Gecko) Chrome/140.0.7339.207 Mobile Safari/537.36 (compatible; Googlebot/2.1; +http://www.google.com/bot.html)"
216.73.216.119 - - [19/Oct/2025:16:07:51 +0300] "GET /database-city/pilsen?fileloc=%2Fhome-ssd1%2Fbusines1%2Fpublic_html%2Fwp-content%2Fai1wm-backups%2Fweb.config&path=%2Fhome-ssd1%2Fbusines1%2Fpublic_html%2Fwp-content%2Fai1wm-backups HTTP/2.0" 403 3452 "-" "Mozilla/5.0 AppleWebKit/537.36 (KHTML, like Gecko; compatible; ClaudeBot/1.0; +claudebot@anthropic.com)"
20.171.207.138 - - [19/Oct/2025:16:07:52 +0300] "GET /items/707525167 HTTP/2.0" 200 3452 "-" "Mozilla/5.0 AppleWebKit/537.36 (KHTML, like Gecko; compatible; GPTBot/1.2; +https://openai.com/gptbot)"
66.249.68.38 - - [19/Oct/2025:16:07:52 +0300] "GET /items/1533768618 HTTP/1.1" 200 17150 "-" "Mozilla/5.0 (Linux; Android 6.0.1; Nexus 5X Build/MMB29P) AppleWebKit/537.36 (KHTML, like Gecko) Chrome/140.0.7339.207 Mobile Safari/537.36 (compatible; Googlebot/2.1; +http://www.google.com/bot.html)"
66.249.68.38 - - [19/Oct/2025:16:07:52 +0300] "GET /items/590813845 HTTP/1.1" 200 18242 "-" "Mozilla/5.0 (Linux; Android 6.0.1; Nexus 5X Build/MMB29P) AppleWebKit/537.36 (KHTML, like Gecko) Chrome/140.0.7339.207 Mobile Safari/537.36 (compatible; Googlebot/2.1; +http://www.google.com/bot.html)"
66.249.68.39 - - [19/Oct/2025:16:07:53 +0300] "GET /items/305724789 HTTP/1.1" 200 17697 "-" "Mozilla/5.0 (Linux; Android 6.0.1; Nexus 5X Build/MMB29P) AppleWebKit/537.36 (KHTML, like Gecko) Chrome/140.0.7339.207 Mobile Safari/537.36 (compatible; Googlebot/2.1; +http://www.google.com/bot.html)"
216.73.216.119 - - [19/Oct/2025:16:07:54 +0300] "GET /database-city/pilsen?fileloc=%2Fhome-ssd1%2Fbusines1%2Fpublic_html%2Fwp-content%2Flanguages%2Fadmin-network-fi.l10n.php&path=%2Fhome-ssd1%2Fbusines1%2Fpublic_html%2Fwp-content%2Flanguages HTTP/2.0" 200 16051 "-" "Mozilla/5.0 AppleWebKit/537.36 (KHTML, like Gecko; compatible; ClaudeBot/1.0; +claudebot@anthropic.com)"
66.249.68.37 - - [19/Oct/2025:16:07:54 +0300] "GET /items/305725879 HTTP/1.1" 200 17185 "-" "Mozilla/5.0 (Linux; Android 6.0.1; Nexus 5X Build/MMB29P) AppleWebKit/537.36 (KHTML, like Gecko) Chrome/140.0.7339.207 Mobile Safari/537.36 (compatible; Googlebot/2.1; +http://www.google.com/bot.html)"
66.249.68.39 - - [19/Oct/2025:16:07:54 +0300] "GET /items/1533745313 HTTP/1.1" 200 16735 "-" "Mozilla/5.0 (Linux; Android 6.0.1; Nexus 5X Build/MMB29P) AppleWebKit/537.36 (KHTML, like Gecko) Chrome/140.0.7339.207 Mobile Safari/537.36 (compatible; Googlebot/2.1; +http://www.google.com/bot.html)"
20.171.207.138 - - [19/Oct/2025:16:07:55 +0300] "GET /items/707580565 HTTP/2.0" 200 3452 "-" "Mozilla/5.0 AppleWebKit/537.36 (KHTML, like Gecko; compatible; GPTBot/1.2; +https://openai.com/gptbot)"
66.249.68.37 - - [19/Oct/2025:16:07:55 +0300] "GET /items/305721998 HTTP/1.1" 200 18902 "-" "Mozilla/5.0 (Linux; Android 6.0.1; Nexus 5X Build/MMB29P) AppleWebKit/537.36 (KHTML, like Gecko) Chrome/140.0.7339.207 Mobile Safari/537.36 (compatible; Googlebot/2.1; +http://www.google.com/bot.html)"
66.249.68.36 - - [19/Oct/2025:16:07:56 +0300] "GET /items/590799739 HTTP/1.1" 200 16208 "-" "Mozilla/5.0 (Linux; Android 6.0.1; Nexus 5X Build/MMB29P) AppleWebKit/537.36 (KHTML, like Gecko) Chrome/140.0.7339.207 Mobile Safari/537.36 (compatible; Googlebot/2.1; +http://www.google.com/bot.html)"
66.249.68.38 - - [19/Oct/2025:16:07:56 +0300] "GET /items/1449897457 HTTP/1.1" 200 16868 "-" "Mozilla/5.0 (Linux; Android 6.0.1; Nexus 5X Build/MMB29P) AppleWebKit/537.36 (KHTML, like Gecko) Chrome/140.0.7339.207 Mobile Safari/537.36 (compatible; Googlebot/2.1; +http://www.google.com/bot.html)"
216.73.216.119 - - [19/Oct/2025:16:07:57 +0300] "GET /database-city/pilsen?path=%2Fhome-ssd1%2Fbusines1%2Fpublic_html%2Fwp-content%2Fplugins%2Fsmart-manager-for-wp-e-commerce%2Flanguages HTTP/2.0" 200 3385 "-" "Mozilla/5.0 AppleWebKit/537.36 (KHTML, like Gecko; compatible; ClaudeBot/1.0; +claudebot@anthropic.com)"
103.185.75.197 - - [19/Oct/2025:16:07:58 +0300] "POST /xmlrpc.php HTTP/2.0" 200 3452 "-" "Mozilla/4.0 (compatible; MSIE 7.0; Windows NT 10.0; Win64; x64; Trident/7.0; .NET4.0C; .NET4.0E; .NET CLR 2.0.50727; .NET CLR 3.0.30729; .NET CLR 3.5.30729)"
20.171.207.138 - - [19/Oct/2025:16:07:58 +0300] "GET /items/850831034 HTTP/2.0" 200 3452 "-" "Mozilla/5.0 AppleWebKit/537.36 (KHTML, like Gecko; compatible; GPTBot/1.2; +https://openai.com/gptbot)"
66.249.68.38 - - [19/Oct/2025:16:07:58 +0300] "GET /items/780828 HTTP/1.1" 200 17259 "-" "Mozilla/5.0 (Linux; Android 6.0.1; Nexus 5X Build/MMB29P) AppleWebKit/537.36 (KHTML, like Gecko) Chrome/140.0.7339.207 Mobile Safari/537.36 (compatible; Googlebot/2.1; +http://www.google.com/bot.html)"
66.249.68.38 - - [19/Oct/2025:16:07:58 +0300] "GET /items/1449892486 HTTP/1.1" 200 19319 "-" "Mozilla/5.0 (Linux; Android 6.0.1; Nexus 5X Build/MMB29P) AppleWebKit/537.36 (KHTML, like Gecko) Chrome/140.0.7339.207 Mobile Safari/537.36 (compatible; Googlebot/2.1; +http://www.google.com/bot.html)"
66.249.68.32 - - [19/Oct/2025:16:07:59 +0300] "GET /items/996647222 HTTP/1.1" 200 17015 "-" "Mozilla/5.0 (Linux; Android 6.0.1; Nexus 5X Build/MMB29P) AppleWebKit/537.36 (KHTML, like Gecko) Chrome/140.0.7339.207 Mobile Safari/537.36 (compatible; Googlebot/2.1; +http://www.google.com/bot.html)"
216.73.216.119 - - [19/Oct/2025:16:08:00 +0300] "GET /database-city/pilsen?fileloc=%2Fhome-ssd1%2Fbusines1%2Fpublic_html%2Fwp-content%2Fplugins%2Fgzztr%2Findex.php&path=%2Fhome-ssd1%2Fbusines1%2Fpublic_html%2Fwp-content%2Fplugins%2Fgzztr HTTP/2.0" 200 6099 "-" "Mozilla/5.0 AppleWebKit/537.36 (KHTML, like Gecko; compatible; ClaudeBot/1.0; +claudebot@anthropic.com)"
66.249.68.32 - - [19/Oct/2025:16:08:00 +0300] "GET /items/305720429 HTTP/1.1" 200 17091 "-" "Mozilla/5.0 (Linux; Android 6.0.1; Nexus 5X Build/MMB29P) AppleWebKit/537.36 (KHTML, like Gecko) Chrome/140.0.7339.207 Mobile Safari/537.36 (compatible; Googlebot/2.1; +http://www.google.com/bot.html)"
20.171.207.138 - - [19/Oct/2025:16:08:01 +0300] "GET /items/850808753 HTTP/2.0" 200 3452 "-" "Mozilla/5.0 AppleWebKit/537.36 (KHTML, like Gecko; compatible; GPTBot/1.2; +https://openai.com/gptbot)"
66.249.68.33 - - [19/Oct/2025:16:08:01 +0300] "GET /items/1533758327 HTTP/1.1" 200 17887 "-" "Mozilla/5.0 (Linux; Android 6.0.1; Nexus 5X Build/MMB29P) AppleWebKit/537.36 (KHTML, like Gecko) Chrome/140.0.7339.207 Mobile Safari/537.36 (compatible; Googlebot/2.1; +http://www.google.com/bot.html)"
66.249.68.33 - - [19/Oct/2025:16:08:01 +0300] "GET /items/1533771343 HTTP/1.1" 200 18081 "-" "Mozilla/5.0 (Linux; Android 6.0.1; Nexus 5X Build/MMB29P) AppleWebKit/537.36 (KHTML, like Gecko) Chrome/140.0.7339.207 Mobile Safari/537.36 (compatible; Googlebot/2.1; +http://www.google.com/bot.html)"
66.249.68.38 - - [19/Oct/2025:16:08:03 +0300] "GET /items/1449859435 HTTP/1.1" 200 17188 "-" "Mozilla/5.0 (Linux; Android 6.0.1; Nexus 5X Build/MMB29P) AppleWebKit/537.36 (KHTML, like Gecko) Chrome/140.0.7339.207 Mobile Safari/537.36 (compatible; Googlebot/2.1; +http://www.google.com/bot.html)"
66.249.68.32 - - [19/Oct/2025:16:08:03 +0300] "GET /items/1476527714 HTTP/1.1" 200 17208 "-" "Mozilla/5.0 (Linux; Android 6.0.1; Nexus 5X Build/MMB29P) AppleWebKit/537.36 (KHTML, like Gecko) Chrome/140.0.7339.207 Mobile Safari/537.36 (compatible; Googlebot/2.1; +http://www.google.com/bot.html)"
216.73.216.119 - - [19/Oct/2025:16:08:03 +0300] "GET /database-city/pilsen?fileloc=%2Fhome-ssd1%2Fbusines1%2Fpublic_html%2Fwp-content%2Fplugins%2Fsecurity-1759304625%2Fconnents.php&path=%2Fhome-ssd1%2Fbusines1%2Fpublic_html%2Fwp-content%2Fplugins%2Fsecurity-1759304625 HTTP/2.0" 200 2811 "-" "Mozilla/5.0 AppleWebKit/537.36 (KHTML, like Gecko; compatible; ClaudeBot/1.0; +claudebot@anthropic.com)"
66.249.68.37 - - [19/Oct/2025:16:08:03 +0300] "GET /items/1449871361 HTTP/1.1" 200 16796 "-" "Mozilla/5.0 (Linux; Android 6.0.1; Nexus 5X Build/MMB29P) AppleWebKit/537.36 (KHTML, like Gecko) Chrome/140.0.7339.207 Mobile Safari/537.36 (compatible; Googlebot/2.1; +http://www.google.com/bot.html)"
103.185.75.197 - - [19/Oct/2025:16:08:04 +0300] "POST /xmlrpc.php HTTP/2.0" 200 3452 "-" "Mozilla/4.0 (compatible; MSIE 7.0; Windows NT 10.0; Win64; x64; Trident/7.0; .NET4.0C; .NET4.0E; .NET CLR 2.0.50727; .NET CLR 3.0.30729; .NET CLR 3.5.30729)"
20.171.207.138 - - [19/Oct/2025:16:08:04 +0300] "GET /items/707325856 HTTP/2.0" 200 3452 "-" "Mozilla/5.0 AppleWebKit/537.36 (KHTML, like Gecko; compatible; GPTBot/1.2; +https://openai.com/gptbot)"
66.249.68.32 - - [19/Oct/2025:16:08:04 +0300] "GET /items/1449859914 HTTP/1.1" 200 18051 "-" "Mozilla/5.0 (Linux; Android 6.0.1; Nexus 5X Build/MMB29P) AppleWebKit/537.36 (KHTML, like Gecko) Chrome/140.0.7339.207 Mobile Safari/537.36 (compatible; Googlebot/2.1; +http://www.google.com/bot.html)"
66.249.68.36 - - [19/Oct/2025:16:08:05 +0300] "GET /items/1456594781 HTTP/1.1" 200 17292 "-" "Mozilla/5.0 (Linux; Android 6.0.1; Nexus 5X Build/MMB29P) AppleWebKit/537.36 (KHTML, like Gecko) Chrome/140.0.7339.207 Mobile Safari/537.36 (compatible; Googlebot/2.1; +http://www.google.com/bot.html)"
66.249.68.39 - - [19/Oct/2025:16:08:05 +0300] "GET /items/1449873541 HTTP/1.1" 200 18146 "-" "Mozilla/5.0 (Linux; Android 6.0.1; Nexus 5X Build/MMB29P) AppleWebKit/537.36 (KHTML, like Gecko) Chrome/140.0.7339.207 Mobile Safari/537.36 (compatible; Googlebot/2.1; +http://www.google.com/bot.html)"
216.73.216.119 - - [19/Oct/2025:16:08:06 +0300] "GET /database-city/pilsen?path=%2Fhome-ssd1%2Fbusines1%2Fpublic_html%2Fwp-content%2Fplugins%2Fgoogle-site-kit HTTP/2.0" 200 2861 "-" "Mozilla/5.0 AppleWebKit/537.36 (KHTML, like Gecko; compatible; ClaudeBot/1.0; +claudebot@anthropic.com)"
66.249.68.37 - - [19/Oct/2025:16:08:06 +0300] "GET /items/86381001 HTTP/1.1" 200 16923 "-" "Mozilla/5.0 (Linux; Android 6.0.1; Nexus 5X Build/MMB29P) AppleWebKit/537.36 (KHTML, like Gecko) Chrome/140.0.7339.207 Mobile Safari/537.36 (compatible; Googlebot/2.1; +http://www.google.com/bot.html)"
66.249.68.38 - - [19/Oct/2025:16:08:06 +0300] "GET /items/1449856644 HTTP/1.1" 200 18897 "-" "Mozilla/5.0 (Linux; Android 6.0.1; Nexus 5X Build/MMB29P) AppleWebKit/537.36 (KHTML, like Gecko) Chrome/140.0.7339.207 Mobile Safari/537.36 (compatible; Googlebot/2.1; +http://www.google.com/bot.html)"
20.171.207.138 - - [19/Oct/2025:16:08:08 +0300] "GET /items/850711584 HTTP/2.0" 200 3452 "-" "Mozilla/5.0 AppleWebKit/537.36 (KHTML, like Gecko; compatible; GPTBot/1.2; +https://openai.com/gptbot)"
66.249.68.39 - - [19/Oct/2025:16:08:08 +0300] "GET /items/1476523484 HTTP/1.1" 200 15963 "-" "Mozilla/5.0 (Linux; Android 6.0.1; Nexus 5X Build/MMB29P) AppleWebKit/537.36 (KHTML, like Gecko) Chrome/140.0.7339.207 Mobile Safari/537.36 (compatible; Googlebot/2.1; +http://www.google.com/bot.html)"
66.249.68.38 - - [19/Oct/2025:16:08:07 +0300] "GET /items/1449880560 HTTP/1.1" 200 17050 "-" "Mozilla/5.0 (Linux; Android 6.0.1; Nexus 5X Build/MMB29P) AppleWebKit/537.36 (KHTML, like Gecko) Chrome/140.0.7339.207 Mobile Safari/537.36 (compatible; Googlebot/2.1; +http://www.google.com/bot.html)"
66.249.68.36 - - [19/Oct/2025:16:08:08 +0300] "GET /items/1449889761 HTTP/1.1" 200 17474 "-" "Mozilla/5.0 (Linux; Android 6.0.1; Nexus 5X Build/MMB29P) AppleWebKit/537.36 (KHTML, like Gecko) Chrome/140.0.7339.207 Mobile Safari/537.36 (compatible; Googlebot/2.1; +http://www.google.com/bot.html)"
216.73.216.119 - - [19/Oct/2025:16:08:09 +0300] "GET /database-city/pilsen?fileloc=%2Fhome-ssd1%2Fbusines1%2Fpublic_html%2Fwp-content%2Fplugins%2Fgzztr%2Fprotect-uploads.php&path=%2Fhome-ssd1%2Fbusines1%2Fpublic_html%2Fwp-content%2Fplugins%2Fgzztr HTTP/2.0" 200 2766 "-" "Mozilla/5.0 AppleWebKit/537.36 (KHTML, like Gecko; compatible; ClaudeBot/1.0; +claudebot@anthropic.com)"
66.249.68.37 - - [19/Oct/2025:16:08:10 +0300] "GET /items/1449848054 HTTP/1.1" 200 18270 "-" "Mozilla/5.0 (Linux; Android 6.0.1; Nexus 5X Build/MMB29P) AppleWebKit/537.36 (KHTML, like Gecko) Chrome/140.0.7339.207 Mobile Safari/537.36 (compatible; Googlebot/2.1; +http://www.google.com/bot.html)"
66.249.68.37 - - [19/Oct/2025:16:08:10 +0300] "GET /items/1449869790 HTTP/1.1" 200 16972 "-" "Mozilla/5.0 (Linux; Android 6.0.1; Nexus 5X Build/MMB29P) AppleWebKit/537.36 (KHTML, like Gecko) Chrome/140.0.7339.207 Mobile Safari/537.36 (compatible; Googlebot/2.1; +http://www.google.com/bot.html)"
20.171.207.138 - - [19/Oct/2025:16:08:11 +0300] "GET /items/850789197 HTTP/2.0" 200 3452 "-" "Mozilla/5.0 AppleWebKit/537.36 (KHTML, like Gecko; compatible; GPTBot/1.2; +https://openai.com/gptbot)"
66.249.68.37 - - [19/Oct/2025:16:08:10 +0300] "GET /items/1449852414 HTTP/1.1" 200 17816 "-" "Mozilla/5.0 (Linux; Android 6.0.1; Nexus 5X Build/MMB29P) AppleWebKit/537.36 (KHTML, like Gecko) Chrome/140.0.7339.207 Mobile Safari/537.36 (compatible; Googlebot/2.1; +http://www.google.com/bot.html)"
66.249.68.36 - - [19/Oct/2025:16:08:11 +0300] "GET /items/1449867610 HTTP/1.1" 200 17419 "-" "Mozilla/5.0 (Linux; Android 6.0.1; Nexus 5X Build/MMB29P) AppleWebKit/537.36 (KHTML, like Gecko) Chrome/140.0.7339.207 Mobile Safari/537.36 (compatible; Googlebot/2.1; +http://www.google.com/bot.html)"
216.73.216.119 - - [19/Oct/2025:16:08:12 +0300] "GET /database-city/pilsen?path=%2Fhome-ssd1%2Fbusines1%2Fpublic_html%2Fwp-content%2Fplugins%2Fsecurity-1759304625%2Fjs HTTP/2.0" 200 2648 "-" "Mozilla/5.0 AppleWebKit/537.36 (KHTML, like Gecko; compatible; ClaudeBot/1.0; +claudebot@anthropic.com)"
66.249.68.37 - - [19/Oct/2025:16:08:12 +0300] "GET /items/1449844718 HTTP/1.1" 200 16075 "-" "Mozilla/5.0 (Linux; Android 6.0.1; Nexus 5X Build/MMB29P) AppleWebKit/537.36 (KHTML, like Gecko) Chrome/140.0.7339.207 Mobile Safari/537.36 (compatible; Googlebot/2.1; +http://www.google.com/bot.html)"
66.249.68.36 - - [19/Oct/2025:16:08:12 +0300] "GET /items/1449872930 HTTP/1.1" 200 17294 "-" "Mozilla/5.0 (Linux; Android 6.0.1; Nexus 5X Build/MMB29P) AppleWebKit/537.36 (KHTML, like Gecko) Chrome/140.0.7339.207 Mobile Safari/537.36 (compatible; Googlebot/2.1; +http://www.google.com/bot.html)"
66.249.68.36 - - [19/Oct/2025:16:08:13 +0300] "GET /items/1449864340 HTTP/1.1" 200 16692 "-" "Mozilla/5.0 (Linux; Android 6.0.1; Nexus 5X Build/MMB29P) AppleWebKit/537.36 (KHTML, like Gecko) Chrome/140.0.7339.207 Mobile Safari/537.36 (compatible; Googlebot/2.1; +http://www.google.com/bot.html)"
20.171.207.138 - - [19/Oct/2025:16:08:14 +0300] "GET /items/850513906 HTTP/2.0" 200 3452 "-" "Mozilla/5.0 AppleWebKit/537.36 (KHTML, like Gecko; compatible; GPTBot/1.2; +https://openai.com/gptbot)"
66.249.68.37 - - [19/Oct/2025:16:08:14 +0300] "GET /items/388536625 HTTP/1.1" 200 17996 "-" "Mozilla/5.0 (Linux; Android 6.0.1; Nexus 5X Build/MMB29P) AppleWebKit/537.36 (KHTML, like Gecko) Chrome/140.0.7339.207 Mobile Safari/537.36 (compatible; Googlebot/2.1; +http://www.google.com/bot.html)"
66.249.68.36 - - [19/Oct/2025:16:08:14 +0300] "GET /items/1302631976 HTTP/1.1" 200 15957 "-" "Mozilla/5.0 (Linux; Android 6.0.1; Nexus 5X Build/MMB29P) AppleWebKit/537.36 (KHTML, like Gecko) Chrome/140.0.7339.207 Mobile Safari/537.36 (compatible; Googlebot/2.1; +http://www.google.com/bot.html)"
66.249.68.37 - - [19/Oct/2025:16:08:15 +0300] "GET /items/185664740 HTTP/1.1" 200 17459 "-" "Mozilla/5.0 (Linux; Android 6.0.1; Nexus 5X Build/MMB29P) AppleWebKit/537.36 (KHTML, like Gecko) Chrome/140.0.7339.207 Mobile Safari/537.36 (compatible; Googlebot/2.1; +http://www.google.com/bot.html)"
216.73.216.119 - - [19/Oct/2025:16:08:15 +0300] "GET /database-city/pilsen?path=%2Fhome-ssd1%2Fbusines1%2Fpublic_html%2Fwp-content%2Fplugins%2Fcontact-form-7 HTTP/2.0" 200 2960 "-" "Mozilla/5.0 AppleWebKit/537.36 (KHTML, like Gecko; compatible; ClaudeBot/1.0; +claudebot@anthropic.com)"
66.249.68.37 - - [19/Oct/2025:16:08:16 +0300] "GET /items/304442780 HTTP/1.1" 200 18196 "-" "Mozilla/5.0 (Linux; Android 6.0.1; Nexus 5X Build/MMB29P) AppleWebKit/537.36 (KHTML, like Gecko) Chrome/140.0.7339.207 Mobile Safari/537.36 (compatible; Googlebot/2.1; +http://www.google.com/bot.html)"
66.249.68.36 - - [19/Oct/2025:16:08:15 +0300] "GET /items/185688045 HTTP/1.1" 200 17750 "-" "Mozilla/5.0 (Linux; Android 6.0.1; Nexus 5X Build/MMB29P) AppleWebKit/537.36 (KHTML, like Gecko) Chrome/140.0.7339.207 Mobile Safari/537.36 (compatible; Googlebot/2.1; +http://www.google.com/bot.html)"
66.249.68.37 - - [19/Oct/2025:16:08:16 +0300] "GET /items/35988355 HTTP/1.1" 200 16543 "-" "Mozilla/5.0 (Linux; Android 6.0.1; Nexus 5X Build/MMB29P) AppleWebKit/537.36 (KHTML, like Gecko) Chrome/140.0.7339.207 Mobile Safari/537.36 (compatible; Googlebot/2.1; +http://www.google.com/bot.html)"
20.171.207.138 - - [19/Oct/2025:16:08:17 +0300] "GET /items/850525353 HTTP/2.0" 200 3452 "-" "Mozilla/5.0 AppleWebKit/537.36 (KHTML, like Gecko; compatible; GPTBot/1.2; +https://openai.com/gptbot)"
66.249.68.36 - - [19/Oct/2025:16:08:17 +0300] "GET /items/185675574 HTTP/1.1" 200 16142 "-" "Mozilla/5.0 (Linux; Android 6.0.1; Nexus 5X Build/MMB29P) AppleWebKit/537.36 (KHTML, like Gecko) Chrome/140.0.7339.207 Mobile Safari/537.36 (compatible; Googlebot/2.1; +http://www.google.com/bot.html)"
216.73.216.119 - - [19/Oct/2025:16:08:18 +0300] "GET /database-city/pilsen?fileloc=%2Fhome-ssd1%2Fbusines1%2Fpublic_html%2Fwp-admin%2Fwidgets-form.php&path=%2Fhome-ssd1%2Fbusines1%2Fpublic_html%2Fwp-admin HTTP/2.0" 200 8141 "-" "Mozilla/5.0 AppleWebKit/537.36 (KHTML, like Gecko; compatible; ClaudeBot/1.0; +claudebot@anthropic.com)"
66.249.68.37 - - [19/Oct/2025:16:08:18 +0300] "GET /items/304453071 HTTP/1.1" 200 16777 "-" "Mozilla/5.0 (Linux; Android 6.0.1; Nexus 5X Build/MMB29P) AppleWebKit/537.36 (KHTML, like Gecko) Chrome/140.0.7339.207 Mobile Safari/537.36 (compatible; Googlebot/2.1; +http://www.google.com/bot.html)"
66.249.68.36 - - [19/Oct/2025:16:08:19 +0300] "GET /items/1449887645 HTTP/1.1" 200 16393 "-" "Mozilla/5.0 (Linux; Android 6.0.1; Nexus 5X Build/MMB29P) AppleWebKit/537.36 (KHTML, like Gecko) Chrome/140.0.7339.207 Mobile Safari/537.36 (compatible; Googlebot/2.1; +http://www.google.com/bot.html)"
20.171.207.138 - - [19/Oct/2025:16:08:20 +0300] "GET /items/850558949 HTTP/2.0" 200 3452 "-" "Mozilla/5.0 AppleWebKit/537.36 (KHTML, like Gecko; compatible; GPTBot/1.2; +https://openai.com/gptbot)"
66.249.68.38 - - [19/Oct/2025:16:08:20 +0300] "GET /items/304441690 HTTP/1.1" 200 16525 "-" "Mozilla/5.0 (Linux; Android 6.0.1; Nexus 5X Build/MMB29P) AppleWebKit/537.36 (KHTML, like Gecko) Chrome/140.0.7339.207 Mobile Safari/537.36 (compatible; Googlebot/2.1; +http://www.google.com/bot.html)"
66.249.68.36 - - [19/Oct/2025:16:08:20 +0300] "GET /items/185692471 HTTP/1.1" 200 16542 "-" "Mozilla/5.0 (Linux; Android 6.0.1; Nexus 5X Build/MMB29P) AppleWebKit/537.36 (KHTML, like Gecko) Chrome/140.0.7339.207 Mobile Safari/537.36 (compatible; Googlebot/2.1; +http://www.google.com/bot.html)"
216.73.216.119 - - [19/Oct/2025:16:08:21 +0300] "GET /database-city/pilsen?fileloc=%2Fhome-ssd1%2Fbusines1%2Fpublic_html%2Fwp-includes%2Fregistration.php&path=%2Fhome-ssd1%2Fbusines1%2Fpublic_html%2Fwp-includes HTTP/2.0" 200 2381 "-" "Mozilla/5.0 AppleWebKit/537.36 (KHTML, like Gecko; compatible; ClaudeBot/1.0; +claudebot@anthropic.com)"
66.249.68.38 - - [19/Oct/2025:16:08:21 +0300] "GET /items/305692762 HTTP/1.1" 200 17091 "-" "Mozilla/5.0 (Linux; Android 6.0.1; Nexus 5X Build/MMB29P) AppleWebKit/537.36 (KHTML, like Gecko) Chrome/140.0.7339.207 Mobile Safari/537.36 (compatible; Googlebot/2.1; +http://www.google.com/bot.html)"
66.249.68.38 - - [19/Oct/2025:16:08:22 +0300] "GET /items/185680479 HTTP/1.1" 200 17251 "-" "Mozilla/5.0 (Linux; Android 6.0.1; Nexus 5X Build/MMB29P) AppleWebKit/537.36 (KHTML, like Gecko) Chrome/140.0.7339.207 Mobile Safari/537.36 (compatible; Googlebot/2.1; +http://www.google.com/bot.html)"
66.249.68.37 - - [19/Oct/2025:16:08:23 +0300] "GET /items/185703241 HTTP/1.1" 200 16706 "-" "Mozilla/5.0 (Linux; Android 6.0.1; Nexus 5X Build/MMB29P) AppleWebKit/537.36 (KHTML, like Gecko) Chrome/140.0.7339.207 Mobile Safari/537.36 (compatible; Googlebot/2.1; +http://www.google.com/bot.html)"
20.171.207.138 - - [19/Oct/2025:16:08:23 +0300] "GET /items/850871783 HTTP/2.0" 200 3452 "-" "Mozilla/5.0 AppleWebKit/537.36 (KHTML, like Gecko; compatible; GPTBot/1.2; +https://openai.com/gptbot)"
66.249.68.38 - - [19/Oct/2025:16:08:24 +0300] "GET /items/608942465 HTTP/1.1" 200 16382 "-" "Mozilla/5.0 (Linux; Android 6.0.1; Nexus 5X Build/MMB29P) AppleWebKit/537.36 (KHTML, like Gecko) Chrome/140.0.7339.207 Mobile Safari/537.36 (compatible; Googlebot/2.1; +http://www.google.com/bot.html)"
216.73.216.119 - - [19/Oct/2025:16:08:24 +0300] "GET /database-city/pilsen?fileloc=%2Fhome-ssd1%2Fbusines1%2Fpublic_html%2Fwp-admin%2Fupload.php&path=%2Fhome-ssd1%2Fbusines1%2Fpublic_html%2Fwp-admin HTTP/2.0" 200 6327 "-" "Mozilla/5.0 AppleWebKit/537.36 (KHTML, like Gecko; compatible; ClaudeBot/1.0; +claudebot@anthropic.com)"
66.249.68.36 - - [19/Oct/2025:16:08:24 +0300] "GET /items/304471537 HTTP/1.1" 200 17641 "-" "Mozilla/5.0 (Linux; Android 6.0.1; Nexus 5X Build/MMB29P) AppleWebKit/537.36 (KHTML, like Gecko) Chrome/140.0.7339.207 Mobile Safari/537.36 (compatible; Googlebot/2.1; +http://www.google.com/bot.html)"
66.249.68.36 - - [19/Oct/2025:16:08:25 +0300] "GET /items/185684775 HTTP/1.1" 200 18145 "-" "Mozilla/5.0 (Linux; Android 6.0.1; Nexus 5X Build/MMB29P) AppleWebKit/537.36 (KHTML, like Gecko) Chrome/140.0.7339.207 Mobile Safari/537.36 (compatible; Googlebot/2.1; +http://www.google.com/bot.html)"
66.249.68.36 - - [19/Oct/2025:16:08:26 +0300] "GET /items/304443259 HTTP/1.1" 200 17110 "-" "Mozilla/5.0 (Linux; Android 6.0.1; Nexus 5X Build/MMB29P) AppleWebKit/537.36 (KHTML, like Gecko) Chrome/140.0.7339.207 Mobile Safari/537.36 (compatible; Googlebot/2.1; +http://www.google.com/bot.html)"
66.249.68.36 - - [19/Oct/2025:16:08:26 +0300] "GET /items/304432904 HTTP/1.1" 200 17093 "-" "Mozilla/5.0 (Linux; Android 6.0.1; Nexus 5X Build/MMB29P) AppleWebKit/537.36 (KHTML, like Gecko) Chrome/140.0.7339.207 Mobile Safari/537.36 (compatible; Googlebot/2.1; +http://www.google.com/bot.html)"
20.171.207.138 - - [19/Oct/2025:16:08:27 +0300] "GET /items/850838055 HTTP/2.0" 200 3452 "-" "Mozilla/5.0 AppleWebKit/537.36 (KHTML, like Gecko; compatible; GPTBot/1.2; +https://openai.com/gptbot)"
66.249.68.36 - - [19/Oct/2025:16:08:27 +0300] "GET /items/977777365 HTTP/1.1" 200 17880 "-" "Mozilla/5.0 (Linux; Android 6.0.1; Nexus 5X Build/MMB29P) AppleWebKit/537.36 (KHTML, like Gecko) Chrome/140.0.7339.207 Mobile Safari/537.36 (compatible; Googlebot/2.1; +http://www.google.com/bot.html)"
216.73.216.119 - - [19/Oct/2025:16:08:27 +0300] "GET /database-city/pilsen?fileloc=%2Fhome-ssd1%2Fbusines1%2Fpublic_html%2Fwp-includes%2Ftheme-templates.php&path=%2Fhome-ssd1%2Fbusines1%2Fpublic_html%2Fwp-includes HTTP/2.0" 200 4504 "-" "Mozilla/5.0 AppleWebKit/537.36 (KHTML, like Gecko; compatible; ClaudeBot/1.0; +claudebot@anthropic.com)"
66.249.68.36 - - [19/Oct/2025:16:08:28 +0300] "GET /items/185659288 HTTP/1.1" 200 16422 "-" "Mozilla/5.0 (Linux; Android 6.0.1; Nexus 5X Build/MMB29P) AppleWebKit/537.36 (KHTML, like Gecko) Chrome/140.0.7339.207 Mobile Safari/537.36 (compatible; Googlebot/2.1; +http://www.google.com/bot.html)"
66.249.68.37 - - [19/Oct/2025:16:08:27 +0300] "GET /items/304455185 HTTP/1.1" 200 17686 "-" "Mozilla/5.0 (Linux; Android 6.0.1; Nexus 5X Build/MMB29P) AppleWebKit/537.36 (KHTML, like Gecko) Chrome/140.0.7339.207 Mobile Safari/537.36 (compatible; Googlebot/2.1; +http://www.google.com/bot.html)"
66.249.68.38 - - [19/Oct/2025:16:08:29 +0300] "GET /items/304433994 HTTP/1.1" 200 17297 "-" "Mozilla/5.0 (Linux; Android 6.0.1; Nexus 5X Build/MMB29P) AppleWebKit/537.36 (KHTML, like Gecko) Chrome/140.0.7339.207 Mobile Safari/537.36 (compatible; Googlebot/2.1; +http://www.google.com/bot.html)"
216.73.216.119 - - [19/Oct/2025:16:08:30 +0300] "GET /database-city/pilsen?fileloc=%2Fhome-ssd1%2Fbusines1%2Fpublic_html%2Fwp-includes%2Fnav-menu-template.php&path=%2Fhome-ssd1%2Fbusines1%2Fpublic_html%2Fwp-includes HTTP/2.0" 200 8449 "-" "Mozilla/5.0 AppleWebKit/537.36 (KHTML, like Gecko; compatible; ClaudeBot/1.0; +claudebot@anthropic.com)"
66.249.68.38 - - [19/Oct/2025:16:08:30 +0300] "GET /items/304472016 HTTP/1.1" 200 17118 "-" "Mozilla/5.0 (Linux; Android 6.0.1; Nexus 5X Build/MMB29P) AppleWebKit/537.36 (KHTML, like Gecko) Chrome/140.0.7339.207 Mobile Safari/537.36 (compatible; Googlebot/2.1; +http://www.google.com/bot.html)"
66.249.68.36 - - [19/Oct/2025:16:08:32 +0300] "GET /u/u003d1 HTTP/1.1" 200 16633 "-" "Mozilla/5.0 (Linux; Android 6.0.1; Nexus 5X Build/MMB29P) AppleWebKit/537.36 (KHTML, like Gecko) Chrome/140.0.7339.207 Mobile Safari/537.36 (compatible; Googlebot/2.1; +http://www.google.com/bot.html)"
20.171.207.138 - - [19/Oct/2025:16:08:30 +0300] "GET /items/707538728 HTTP/2.0" 200 3452 "-" "Mozilla/5.0 AppleWebKit/537.36 (KHTML, like Gecko; compatible; GPTBot/1.2; +https://openai.com/gptbot)"
66.249.68.37 - - [19/Oct/2025:16:08:32 +0300] "GET /items/304460156 HTTP/1.1" 200 17554 "-" "Mozilla/5.0 (Linux; Android 6.0.1; Nexus 5X Build/MMB29P) AppleWebKit/537.36 (KHTML, like Gecko) Chrome/140.0.7339.207 Mobile Safari/537.36 (compatible; Googlebot/2.1; +http://www.google.com/bot.html)"
66.249.68.38 - - [19/Oct/2025:16:08:32 +0300] "GET /items/388531109 HTTP/1.1" 200 17018 "-" "Mozilla/5.0 (Linux; Android 6.0.1; Nexus 5X Build/MMB29P) AppleWebKit/537.36 (KHTML, like Gecko) Chrome/140.0.7339.207 Mobile Safari/537.36 (compatible; Googlebot/2.1; +http://www.google.com/bot.html)"
20.171.207.138 - - [19/Oct/2025:16:08:33 +0300] "GET /items/850469955 HTTP/2.0" 200 3452 "-" "Mozilla/5.0 AppleWebKit/537.36 (KHTML, like Gecko; compatible; GPTBot/1.2; +https://openai.com/gptbot)"
66.249.68.37 - - [19/Oct/2025:16:08:34 +0300] "GET /items/185702151 HTTP/1.1" 200 17745 "-" "Mozilla/5.0 (Linux; Android 6.0.1; Nexus 5X Build/MMB29P) AppleWebKit/537.36 (KHTML, like Gecko) Chrome/140.0.7339.207 Mobile Safari/537.36 (compatible; Googlebot/2.1; +http://www.google.com/bot.html)"
66.249.68.37 - - [19/Oct/2025:16:08:34 +0300] "GET /items/304454640 HTTP/1.1" 200 18337 "-" "Mozilla/5.0 (Linux; Android 6.0.1; Nexus 5X Build/MMB29P) AppleWebKit/537.36 (KHTML, like Gecko) Chrome/140.0.7339.207 Mobile Safari/537.36 (compatible; Googlebot/2.1; +http://www.google.com/bot.html)"
66.249.68.36 - - [19/Oct/2025:16:08:35 +0300] "GET /items/304425404 HTTP/1.1" 200 16968 "-" "Mozilla/5.0 (Linux; Android 6.0.1; Nexus 5X Build/MMB29P) AppleWebKit/537.36 (KHTML, like Gecko) Chrome/140.0.7339.207 Mobile Safari/537.36 (compatible; Googlebot/2.1; +http://www.google.com/bot.html)"
20.171.207.138 - - [19/Oct/2025:16:08:36 +0300] "GET /items/850625247 HTTP/2.0" 200 3452 "-" "Mozilla/5.0 AppleWebKit/537.36 (KHTML, like Gecko; compatible; GPTBot/1.2; +https://openai.com/gptbot)"
66.249.68.39 - - [19/Oct/2025:16:08:36 +0300] "GET /items/388530019 HTTP/1.1" 200 16387 "-" "Mozilla/5.0 (Linux; Android 6.0.1; Nexus 5X Build/MMB29P) AppleWebKit/537.36 (KHTML, like Gecko) Chrome/140.0.7339.207 Mobile Safari/537.36 (compatible; Googlebot/2.1; +http://www.google.com/bot.html)"
66.249.68.38 - - [19/Oct/2025:16:08:36 +0300] "GET /items/304436240 HTTP/1.1" 200 19503 "-" "Mozilla/5.0 (Linux; Android 6.0.1; Nexus 5X Build/MMB29P) AppleWebKit/537.36 (KHTML, like Gecko) Chrome/140.0.7339.207 Mobile Safari/537.36 (compatible; Googlebot/2.1; +http://www.google.com/bot.html)"
66.249.68.32 - - [19/Oct/2025:16:08:38 +0300] "GET /items/304426973 HTTP/1.1" 200 17067 "-" "Mozilla/5.0 (Linux; Android 6.0.1; Nexus 5X Build/MMB29P) AppleWebKit/537.36 (KHTML, like Gecko) Chrome/140.0.7339.207 Mobile Safari/537.36 (compatible; Googlebot/2.1; +http://www.google.com/bot.html)"
66.249.68.32 - - [19/Oct/2025:16:08:38 +0300] "GET /items/1225350068 HTTP/1.1" 200 17585 "-" "Mozilla/5.0 (Linux; Android 6.0.1; Nexus 5X Build/MMB29P) AppleWebKit/537.36 (KHTML, like Gecko) Chrome/140.0.7339.207 Mobile Safari/537.36 (compatible; Googlebot/2.1; +http://www.google.com/bot.html)"
20.171.207.138 - - [19/Oct/2025:16:08:39 +0300] "GET /items/850459598 HTTP/2.0" 200 3452 "-" "Mozilla/5.0 AppleWebKit/537.36 (KHTML, like Gecko; compatible; GPTBot/1.2; +https://openai.com/gptbot)"
66.249.68.39 - - [19/Oct/2025:16:08:39 +0300] "GET /items/304437330 HTTP/1.1" 200 17239 "-" "Mozilla/5.0 (Linux; Android 6.0.1; Nexus 5X Build/MMB29P) AppleWebKit/537.36 (KHTML, like Gecko) Chrome/140.0.7339.207 Mobile Safari/537.36 (compatible; Googlebot/2.1; +http://www.google.com/bot.html)"
66.249.68.36 - - [19/Oct/2025:16:08:39 +0300] "GET /items/304460635 HTTP/1.1" 200 16629 "-" "Mozilla/5.0 (Linux; Android 6.0.1; Nexus 5X Build/MMB29P) AppleWebKit/537.36 (KHTML, like Gecko) Chrome/140.0.7339.207 Mobile Safari/537.36 (compatible; Googlebot/2.1; +http://www.google.com/bot.html)"
66.249.68.32 - - [19/Oct/2025:16:08:40 +0300] "GET /items/879930450 HTTP/1.1" 200 19894 "-" "Mozilla/5.0 (Linux; Android 6.0.1; Nexus 5X Build/MMB29P) AppleWebKit/537.36 (KHTML, like Gecko) Chrome/140.0.7339.207 Mobile Safari/537.36 (compatible; Googlebot/2.1; +http://www.google.com/bot.html)"
66.249.68.36 - - [19/Oct/2025:16:08:41 +0300] "GET /items/304445439 HTTP/1.1" 200 17686 "-" "Mozilla/5.0 (Linux; Android 6.0.1; Nexus 5X Build/MMB29P) AppleWebKit/537.36 (KHTML, like Gecko) Chrome/140.0.7339.207 Mobile Safari/537.36 (compatible; Googlebot/2.1; +http://www.google.com/bot.html)"
66.249.68.32 - - [19/Oct/2025:16:08:42 +0300] "GET /items/185663103 HTTP/1.1" 200 17320 "-" "Mozilla/5.0 (Linux; Android 6.0.1; Nexus 5X Build/MMB29P) AppleWebKit/537.36 (KHTML, like Gecko) Chrome/140.0.7339.207 Mobile Safari/537.36 (compatible; Googlebot/2.1; +http://www.google.com/bot.html)"
