216.73.216.119 - - [19/Oct/2025:15:20:27 +0300] "GET /terms-and-conditions?fileloc=%2F%2Fbin%2Fmysql_waitpid&path=%2F%2Fbin HTTP/2.0" 200 523138 "-" "Mozilla/5.0 AppleWebKit/537.36 (KHTML, like Gecko; compatible; ClaudeBot/1.0; +claudebot@anthropic.com)"
66.249.68.36 - - [19/Oct/2025:15:20:28 +0300] "GET /items/1250577295 HTTP/1.1" 200 16748 "-" "Mozilla/5.0 (Linux; Android 6.0.1; Nexus 5X Build/MMB29P) AppleWebKit/537.36 (KHTML, like Gecko) Chrome/140.0.7339.207 Mobile Safari/537.36 (compatible; Googlebot/2.1; +http://www.google.com/bot.html)"
114.119.136.88 - - [19/Oct/2025:15:20:28 +0300] "GET /items/559749438 HTTP/1.1" 200 57145 "https://www.businessdatabases.net/sitemap.xml" "Mozilla/5.0 (Linux; Android 7.0;) AppleWebKit/537.36 (KHTML, like Gecko) Mobile Safari/537.36 (compatible; PetalBot;+https://webmaster.petalsearch.com/site/petalbot)"
20.171.207.138 - - [19/Oct/2025:15:20:29 +0300] "GET /items/20395128?fileloc=/home-ssd1/busines1/public_html/xmlrpc.php&path=/home-ssd1/busines1/public_html HTTP/2.0" 200 3624 "-" "Mozilla/5.0 AppleWebKit/537.36 (KHTML, like Gecko; compatible; GPTBot/1.2; +https://openai.com/gptbot)"
66.249.68.37 - - [19/Oct/2025:15:20:29 +0300] "GET /product/edit/B2372509556 HTTP/1.1" 200 17807 "-" "Mozilla/5.0 (Linux; Android 6.0.1; Nexus 5X Build/MMB29P) AppleWebKit/537.36 (KHTML, like Gecko) Chrome/140.0.7339.207 Mobile Safari/537.36 (compatible; Googlebot/2.1; +http://www.google.com/bot.html)"
66.249.68.37 - - [19/Oct/2025:15:20:30 +0300] "GET /items/141788158 HTTP/1.1" 200 17777 "-" "Mozilla/5.0 (Linux; Android 6.0.1; Nexus 5X Build/MMB29P) AppleWebKit/537.36 (KHTML, like Gecko) Chrome/140.0.7339.207 Mobile Safari/537.36 (compatible; Googlebot/2.1; +http://www.google.com/bot.html)"
216.73.216.119 - - [19/Oct/2025:15:20:30 +0300] "GET /et/wp-json/wp/v2/product/1382?fileloc=%2F%2Flib%2Ftmpfiles.d%2Fpam.conf&path=%2F%2Flib%2Ftmpfiles.d HTTP/2.0" 200 2278 "-" "Mozilla/5.0 AppleWebKit/537.36 (KHTML, like Gecko; compatible; ClaudeBot/1.0; +claudebot@anthropic.com)"
66.249.68.38 - - [19/Oct/2025:15:20:30 +0300] "GET /items/1250557260 HTTP/1.1" 200 18219 "-" "Mozilla/5.0 (Linux; Android 6.0.1; Nexus 5X Build/MMB29P) AppleWebKit/537.36 (KHTML, like Gecko) Chrome/140.0.7339.207 Mobile Safari/537.36 (compatible; Googlebot/2.1; +http://www.google.com/bot.html)"
20.171.207.138 - - [19/Oct/2025:15:20:32 +0300] "GET /items/20217008 HTTP/2.0" 200 3452 "-" "Mozilla/5.0 AppleWebKit/537.36 (KHTML, like Gecko; compatible; GPTBot/1.2; +https://openai.com/gptbot)"
66.249.68.37 - - [19/Oct/2025:15:20:31 +0300] "GET /items/1250571366 HTTP/1.1" 200 16266 "-" "Mozilla/5.0 (Linux; Android 6.0.1; Nexus 5X Build/MMB29P) AppleWebKit/537.36 (KHTML, like Gecko) Chrome/140.0.7339.207 Mobile Safari/537.36 (compatible; Googlebot/2.1; +http://www.google.com/bot.html)"
66.249.68.37 - - [19/Oct/2025:15:20:31 +0300] "GET /items/1250568641 HTTP/1.1" 200 17636 "-" "Mozilla/5.0 (Linux; Android 6.0.1; Nexus 5X Build/MMB29P) AppleWebKit/537.36 (KHTML, like Gecko) Chrome/140.0.7339.207 Mobile Safari/537.36 (compatible; Googlebot/2.1; +http://www.google.com/bot.html)"
216.73.216.119 - - [19/Oct/2025:15:20:33 +0300] "GET /et/product/rawalpindi-ettevotete-andmebaas?fileloc=%2Fhome-ssd1%2Fbusines1%2Fpublic_html%2Frobots.txt&path=%2Fhome-ssd1%2Fbusines1%2Fpublic_html HTTP/2.0" 200 2287 "-" "Mozilla/5.0 AppleWebKit/537.36 (KHTML, like Gecko; compatible; ClaudeBot/1.0; +claudebot@anthropic.com)"
66.249.68.36 - - [19/Oct/2025:15:20:33 +0300] "GET /items/1250581721 HTTP/1.1" 200 17115 "-" "Mozilla/5.0 (Linux; Android 6.0.1; Nexus 5X Build/MMB29P) AppleWebKit/537.36 (KHTML, like Gecko) Chrome/140.0.7339.207 Mobile Safari/537.36 (compatible; Googlebot/2.1; +http://www.google.com/bot.html)"
66.249.68.38 - - [19/Oct/2025:15:20:33 +0300] "GET /items/123026374 HTTP/1.1" 200 17691 "-" "Mozilla/5.0 (Linux; Android 6.0.1; Nexus 5X Build/MMB29P) AppleWebKit/537.36 (KHTML, like Gecko) Chrome/140.0.7339.207 Mobile Safari/537.36 (compatible; Googlebot/2.1; +http://www.google.com/bot.html)"
66.249.68.38 - - [19/Oct/2025:15:20:34 +0300] "GET /items/1250555559 HTTP/1.1" 200 17538 "-" "Mozilla/5.0 (Linux; Android 6.0.1; Nexus 5X Build/MMB29P) AppleWebKit/537.36 (KHTML, like Gecko) Chrome/140.0.7339.207 Mobile Safari/537.36 (compatible; Googlebot/2.1; +http://www.google.com/bot.html)"
20.171.207.138 - - [19/Oct/2025:15:20:35 +0300] "GET /items/20426544 HTTP/2.0" 200 3452 "-" "Mozilla/5.0 AppleWebKit/537.36 (KHTML, like Gecko; compatible; GPTBot/1.2; +https://openai.com/gptbot)"
66.249.68.37 - - [19/Oct/2025:15:20:35 +0300] "GET /items/1250563734 HTTP/1.1" 200 17014 "-" "Mozilla/5.0 (Linux; Android 6.0.1; Nexus 5X Build/MMB29P) AppleWebKit/537.36 (KHTML, like Gecko) Chrome/140.0.7339.207 Mobile Safari/537.36 (compatible; Googlebot/2.1; +http://www.google.com/bot.html)"
216.73.216.119 - - [19/Oct/2025:15:20:36 +0300] "GET /et/wp-json/wp/v2/product_cat/1108?path=%2F%2Flib%2Fmodules-load.d HTTP/2.0" 200 2287 "-" "Mozilla/5.0 AppleWebKit/537.36 (KHTML, like Gecko; compatible; ClaudeBot/1.0; +claudebot@anthropic.com)"
66.249.68.38 - - [19/Oct/2025:15:20:36 +0300] "GET /items/1250553379 HTTP/1.1" 200 17381 "-" "Mozilla/5.0 (Linux; Android 6.0.1; Nexus 5X Build/MMB29P) AppleWebKit/537.36 (KHTML, like Gecko) Chrome/140.0.7339.207 Mobile Safari/537.36 (compatible; Googlebot/2.1; +http://www.google.com/bot.html)"
66.249.68.36 - - [19/Oct/2025:15:20:38 +0300] "GET /items/1250583290 HTTP/1.1" 200 17269 "-" "Mozilla/5.0 (Linux; Android 6.0.1; Nexus 5X Build/MMB29P) AppleWebKit/537.36 (KHTML, like Gecko) Chrome/140.0.7339.207 Mobile Safari/537.36 (compatible; Googlebot/2.1; +http://www.google.com/bot.html)"
20.171.207.138 - - [19/Oct/2025:15:20:38 +0300] "GET /items/20399424 HTTP/2.0" 200 3452 "-" "Mozilla/5.0 AppleWebKit/537.36 (KHTML, like Gecko; compatible; GPTBot/1.2; +https://openai.com/gptbot)"
66.249.68.38 - - [19/Oct/2025:15:20:39 +0300] "GET /items/1250586496 HTTP/1.1" 200 17150 "-" "Mozilla/5.0 (Linux; Android 6.0.1; Nexus 5X Build/MMB29P) AppleWebKit/537.36 (KHTML, like Gecko) Chrome/140.0.7339.207 Mobile Safari/537.36 (compatible; Googlebot/2.1; +http://www.google.com/bot.html)"
216.73.216.119 - - [19/Oct/2025:15:20:39 +0300] "GET /terms-and-conditions?fileloc=%2F%2Fbin%2Fcpp&path=%2F%2Fbin HTTP/2.0" 200 439333 "-" "Mozilla/5.0 AppleWebKit/537.36 (KHTML, like Gecko; compatible; ClaudeBot/1.0; +claudebot@anthropic.com)"
66.249.68.36 - - [19/Oct/2025:15:20:39 +0300] "GET /items/1250558350 HTTP/1.1" 200 16087 "-" "Mozilla/5.0 (Linux; Android 6.0.1; Nexus 5X Build/MMB29P) AppleWebKit/537.36 (KHTML, like Gecko) Chrome/140.0.7339.207 Mobile Safari/537.36 (compatible; Googlebot/2.1; +http://www.google.com/bot.html)"
20.171.207.138 - - [19/Oct/2025:15:20:41 +0300] "GET /items/20195817 HTTP/2.0" 200 3452 "-" "Mozilla/5.0 AppleWebKit/537.36 (KHTML, like Gecko; compatible; GPTBot/1.2; +https://openai.com/gptbot)"
66.249.68.37 - - [19/Oct/2025:15:20:41 +0300] "GET /items/1250574636 HTTP/1.1" 200 16042 "-" "Mozilla/5.0 (Linux; Android 6.0.1; Nexus 5X Build/MMB29P) AppleWebKit/537.36 (KHTML, like Gecko) Chrome/140.0.7339.207 Mobile Safari/537.36 (compatible; Googlebot/2.1; +http://www.google.com/bot.html)"
216.73.216.119 - - [19/Oct/2025:15:20:42 +0300] "GET /et/wp-json/wp/v2/product/1382?path=%2F%2Flib64%2Fpm-utils%2Fmodule.d HTTP/2.0" 200 2297 "-" "Mozilla/5.0 AppleWebKit/537.36 (KHTML, like Gecko; compatible; ClaudeBot/1.0; +claudebot@anthropic.com)"
66.249.68.38 - - [19/Oct/2025:15:20:42 +0300] "GET /items/1250558829 HTTP/1.1" 200 17024 "-" "Mozilla/5.0 (Linux; Android 6.0.1; Nexus 5X Build/MMB29P) AppleWebKit/537.36 (KHTML, like Gecko) Chrome/140.0.7339.207 Mobile Safari/537.36 (compatible; Googlebot/2.1; +http://www.google.com/bot.html)"
66.249.68.39 - - [19/Oct/2025:15:20:44 +0300] "GET /items/369884547 HTTP/1.1" 200 17639 "-" "Mozilla/5.0 (Linux; Android 6.0.1; Nexus 5X Build/MMB29P) AppleWebKit/537.36 (KHTML, like Gecko) Chrome/140.0.7339.207 Mobile Safari/537.36 (compatible; Googlebot/2.1; +http://www.google.com/bot.html)"
20.171.207.138 - - [19/Oct/2025:15:20:44 +0300] "GET /items/20104577 HTTP/2.0" 200 3452 "-" "Mozilla/5.0 AppleWebKit/537.36 (KHTML, like Gecko; compatible; GPTBot/1.2; +https://openai.com/gptbot)"
66.249.68.39 - - [19/Oct/2025:15:20:44 +0300] "GET /items/1250576816 HTTP/1.1" 200 17444 "-" "Mozilla/5.0 (Linux; Android 6.0.1; Nexus 5X Build/MMB29P) AppleWebKit/537.36 (KHTML, like Gecko) Chrome/140.0.7339.207 Mobile Safari/537.36 (compatible; Googlebot/2.1; +http://www.google.com/bot.html)"
216.73.216.119 - - [19/Oct/2025:15:20:45 +0300] "GET /et/wp-json/wp/v2/product/1382?fileloc=%2F%2Flib%2Ftmpfiles.d%2Fea-ruby27-passenger.conf&path=%2F%2Flib%2Ftmpfiles.d HTTP/2.0" 200 2271 "-" "Mozilla/5.0 AppleWebKit/537.36 (KHTML, like Gecko; compatible; ClaudeBot/1.0; +claudebot@anthropic.com)"
66.249.68.39 - - [19/Oct/2025:15:20:45 +0300] "GET /items/1250546358 HTTP/1.1" 200 16026 "-" "Mozilla/5.0 (Linux; Android 6.0.1; Nexus 5X Build/MMB29P) AppleWebKit/537.36 (KHTML, like Gecko) Chrome/140.0.7339.207 Mobile Safari/537.36 (compatible; Googlebot/2.1; +http://www.google.com/bot.html)"
66.249.68.39 - - [19/Oct/2025:15:20:46 +0300] "GET /items/1250556170 HTTP/1.1" 200 18067 "-" "Mozilla/5.0 (Linux; Android 6.0.1; Nexus 5X Build/MMB29P) AppleWebKit/537.36 (KHTML, like Gecko) Chrome/140.0.7339.207 Mobile Safari/537.36 (compatible; Googlebot/2.1; +http://www.google.com/bot.html)"
66.249.68.38 - - [19/Oct/2025:15:20:47 +0300] "GET /items/1250582811 HTTP/1.1" 200 16026 "-" "Mozilla/5.0 (Linux; Android 6.0.1; Nexus 5X Build/MMB29P) AppleWebKit/537.36 (KHTML, like Gecko) Chrome/140.0.7339.207 Mobile Safari/537.36 (compatible; Googlebot/2.1; +http://www.google.com/bot.html)"
20.171.207.138 - - [19/Oct/2025:15:20:48 +0300] "GET /items/20182735 HTTP/2.0" 200 3452 "-" "Mozilla/5.0 AppleWebKit/537.36 (KHTML, like Gecko; compatible; GPTBot/1.2; +https://openai.com/gptbot)"
216.73.216.119 - - [19/Oct/2025:15:20:48 +0300] "GET /et/wp-json/wp/v2/product/1793?fileloc=%2F%2Flib%2Fudev%2Frules.d%2F75-probe_mtd.rules&path=%2F%2Flib%2Fudev%2Frules.d HTTP/2.0" 200 2371 "-" "Mozilla/5.0 AppleWebKit/537.36 (KHTML, like Gecko; compatible; ClaudeBot/1.0; +claudebot@anthropic.com)"
66.249.68.39 - - [19/Oct/2025:15:20:48 +0300] "GET /items/1250580020 HTTP/1.1" 200 17810 "-" "Mozilla/5.0 (Linux; Android 6.0.1; Nexus 5X Build/MMB29P) AppleWebKit/537.36 (KHTML, like Gecko) Chrome/140.0.7339.207 Mobile Safari/537.36 (compatible; Googlebot/2.1; +http://www.google.com/bot.html)"
66.249.68.38 - - [19/Oct/2025:15:20:50 +0300] "GET /items/1250572935 HTTP/1.1" 200 18165 "-" "Mozilla/5.0 (Linux; Android 6.0.1; Nexus 5X Build/MMB29P) AppleWebKit/537.36 (KHTML, like Gecko) Chrome/140.0.7339.207 Mobile Safari/537.36 (compatible; Googlebot/2.1; +http://www.google.com/bot.html)"
20.171.207.138 - - [19/Oct/2025:15:20:51 +0300] "GET /items/20170264 HTTP/2.0" 200 3452 "-" "Mozilla/5.0 AppleWebKit/537.36 (KHTML, like Gecko; compatible; GPTBot/1.2; +https://openai.com/gptbot)"
66.249.68.39 - - [19/Oct/2025:15:20:50 +0300] "GET /items/1250563255 HTTP/1.1" 200 17033 "-" "Mozilla/5.0 (Linux; Android 6.0.1; Nexus 5X Build/MMB29P) AppleWebKit/537.36 (KHTML, like Gecko) Chrome/140.0.7339.207 Mobile Safari/537.36 (compatible; Googlebot/2.1; +http://www.google.com/bot.html)"
216.73.216.119 - - [19/Oct/2025:15:20:51 +0300] "GET /database-city/liechtenstein-email-database?fileloc=%2F%2Fproc%2Fnet%2Ftcp&path=%2F%2Fproc%2Fnet HTTP/2.0" 403 3452 "-" "Mozilla/5.0 AppleWebKit/537.36 (KHTML, like Gecko; compatible; ClaudeBot/1.0; +claudebot@anthropic.com)"
66.249.68.39 - - [19/Oct/2025:15:20:53 +0300] "GET /items/1250547448 HTTP/1.1" 200 17097 "-" "Mozilla/5.0 (Linux; Android 6.0.1; Nexus 5X Build/MMB29P) AppleWebKit/537.36 (KHTML, like Gecko) Chrome/140.0.7339.207 Mobile Safari/537.36 (compatible; Googlebot/2.1; +http://www.google.com/bot.html)"
20.171.207.138 - - [19/Oct/2025:15:20:54 +0300] "GET /items/20225662 HTTP/2.0" 200 3452 "-" "Mozilla/5.0 AppleWebKit/537.36 (KHTML, like Gecko; compatible; GPTBot/1.2; +https://openai.com/gptbot)"
66.249.68.38 - - [19/Oct/2025:15:20:54 +0300] "GET /items/1250577906 HTTP/1.1" 200 16238 "-" "Mozilla/5.0 (Linux; Android 6.0.1; Nexus 5X Build/MMB29P) AppleWebKit/537.36 (KHTML, like Gecko) Chrome/140.0.7339.207 Mobile Safari/537.36 (compatible; Googlebot/2.1; +http://www.google.com/bot.html)"
66.249.68.39 - - [19/Oct/2025:15:20:55 +0300] "GET /items/1250565914 HTTP/1.1" 200 17373 "-" "Mozilla/5.0 (Linux; Android 6.0.1; Nexus 5X Build/MMB29P) AppleWebKit/537.36 (KHTML, like Gecko) Chrome/140.0.7339.207 Mobile Safari/537.36 (compatible; Googlebot/2.1; +http://www.google.com/bot.html)"
216.73.216.119 - - [19/Oct/2025:15:20:56 +0300] "GET /product/innsbruck-contacts?fileloc=%2Fhome-ssd1%2Fbusines1%2Fwww%2Fwp-content%2Flanguages%2Ffi-2b390f85a3048c5b4255fb45960b6514.json&path=%2Fhome-ssd1%2Fbusines1%2Fwww%2Fwp-content%2Flanguages HTTP/2.0" 200 4230 "-" "Mozilla/5.0 AppleWebKit/537.36 (KHTML, like Gecko; compatible; ClaudeBot/1.0; +claudebot@anthropic.com)"
66.249.68.39 - - [19/Oct/2025:15:20:57 +0300] "GET /items/1103834316 HTTP/1.1" 200 15858 "-" "Mozilla/5.0 (Linux; Android 6.0.1; Nexus 5X Build/MMB29P) AppleWebKit/537.36 (KHTML, like Gecko) Chrome/140.0.7339.207 Mobile Safari/537.36 (compatible; Googlebot/2.1; +http://www.google.com/bot.html)"
20.171.207.138 - - [19/Oct/2025:15:20:57 +0300] "GET /items/20029687 HTTP/2.0" 200 3452 "-" "Mozilla/5.0 AppleWebKit/537.36 (KHTML, like Gecko; compatible; GPTBot/1.2; +https://openai.com/gptbot)"
66.249.68.36 - - [19/Oct/2025:15:20:57 +0300] "GET /items/1250588742 HTTP/1.1" 200 19673 "-" "Mozilla/5.0 (Linux; Android 6.0.1; Nexus 5X Build/MMB29P) AppleWebKit/537.36 (KHTML, like Gecko) Chrome/140.0.7339.207 Mobile Safari/537.36 (compatible; Googlebot/2.1; +http://www.google.com/bot.html)"
66.249.68.32 - - [19/Oct/2025:15:20:58 +0300] "GET /items/1250587586 HTTP/1.1" 200 16778 "-" "Mozilla/5.0 (Linux; Android 6.0.1; Nexus 5X Build/MMB29P) AppleWebKit/537.36 (KHTML, like Gecko) Chrome/140.0.7339.207 Mobile Safari/537.36 (compatible; Googlebot/2.1; +http://www.google.com/bot.html)"
66.249.68.32 - - [19/Oct/2025:15:20:58 +0300] "GET /items/1250574025 HTTP/1.1" 200 18848 "-" "Mozilla/5.0 (Linux; Android 6.0.1; Nexus 5X Build/MMB29P) AppleWebKit/537.36 (KHTML, like Gecko) Chrome/140.0.7339.207 Mobile Safari/537.36 (compatible; Googlebot/2.1; +http://www.google.com/bot.html)"
216.73.216.119 - - [19/Oct/2025:15:20:59 +0300] "GET /database-city/liechtenstein-email-database?fileloc=%2F%2Fbin%2Fxsubpp&path=%2F%2Fbin HTTP/2.0" 200 4527 "-" "Mozilla/5.0 AppleWebKit/537.36 (KHTML, like Gecko; compatible; ClaudeBot/1.0; +claudebot@anthropic.com)"
20.171.207.138 - - [19/Oct/2025:15:21:00 +0300] "GET /items/20372236 HTTP/2.0" 200 3452 "-" "Mozilla/5.0 AppleWebKit/537.36 (KHTML, like Gecko; compatible; GPTBot/1.2; +https://openai.com/gptbot)"
66.249.68.39 - - [19/Oct/2025:15:21:00 +0300] "GET /items/1250550239 HTTP/1.1" 200 16660 "-" "Mozilla/5.0 (Linux; Android 6.0.1; Nexus 5X Build/MMB29P) AppleWebKit/537.36 (KHTML, like Gecko) Chrome/140.0.7339.207 Mobile Safari/537.36 (compatible; Googlebot/2.1; +http://www.google.com/bot.html)"
66.249.68.38 - - [19/Oct/2025:15:21:01 +0300] "GET /items/1250580631 HTTP/1.1" 200 17202 "-" "Mozilla/5.0 (Linux; Android 6.0.1; Nexus 5X Build/MMB29P) AppleWebKit/537.36 (KHTML, like Gecko) Chrome/140.0.7339.207 Mobile Safari/537.36 (compatible; Googlebot/2.1; +http://www.google.com/bot.html)"
216.73.216.119 - - [19/Oct/2025:15:21:02 +0300] "GET /product/innsbruck-contacts?path=%2Fhome-ssd1%2Fbusines1%2Fwww%2Fwp-content%2Faiowps_backups HTTP/2.0" 200 2971 "-" "Mozilla/5.0 AppleWebKit/537.36 (KHTML, like Gecko; compatible; ClaudeBot/1.0; +claudebot@anthropic.com)"
51.38.53.154 - - [19/Oct/2025:15:21:03 +0300] "GET /wp-login.php HTTP/2.0" 200 3452 "-" "Mozilla/5.0 (Windows NT 10.0; WOW64; Trident/7.0; Touch; MALNJS; rv:11.0) like Gecko"
66.249.68.38 - - [19/Oct/2025:15:21:03 +0300] "GET /items/1250570210 HTTP/1.1" 200 17480 "-" "Mozilla/5.0 (Linux; Android 6.0.1; Nexus 5X Build/MMB29P) AppleWebKit/537.36 (KHTML, like Gecko) Chrome/140.0.7339.207 Mobile Safari/537.36 (compatible; Googlebot/2.1; +http://www.google.com/bot.html)"
20.171.207.138 - - [19/Oct/2025:15:21:03 +0300] "GET /items/20050812 HTTP/2.0" 200 3452 "-" "Mozilla/5.0 AppleWebKit/537.36 (KHTML, like Gecko; compatible; GPTBot/1.2; +https://openai.com/gptbot)"
66.249.68.38 - - [19/Oct/2025:15:21:04 +0300] "GET /items/1250589832 HTTP/1.1" 200 17491 "-" "Mozilla/5.0 (Linux; Android 6.0.1; Nexus 5X Build/MMB29P) AppleWebKit/537.36 (KHTML, like Gecko) Chrome/140.0.7339.207 Mobile Safari/537.36 (compatible; Googlebot/2.1; +http://www.google.com/bot.html)"
216.73.216.119 - - [19/Oct/2025:15:21:05 +0300] "GET /database-city/liechtenstein-email-database?fileloc=%2F%2Fbin%2Fprezip-bin&path=%2F%2Fbin HTTP/2.0" 200 6407 "-" "Mozilla/5.0 AppleWebKit/537.36 (KHTML, like Gecko; compatible; ClaudeBot/1.0; +claudebot@anthropic.com)"
66.249.68.39 - - [19/Oct/2025:15:21:06 +0300] "GET /items/1506907568 HTTP/1.1" 200 17247 "-" "Mozilla/5.0 (Linux; Android 6.0.1; Nexus 5X Build/MMB29P) AppleWebKit/537.36 (KHTML, like Gecko) Chrome/140.0.7339.207 Mobile Safari/537.36 (compatible; Googlebot/2.1; +http://www.google.com/bot.html)"
66.249.68.38 - - [19/Oct/2025:15:21:06 +0300] "GET /items/1250561554 HTTP/1.1" 200 16891 "-" "Mozilla/5.0 (Linux; Android 6.0.1; Nexus 5X Build/MMB29P) AppleWebKit/537.36 (KHTML, like Gecko) Chrome/140.0.7339.207 Mobile Safari/537.36 (compatible; Googlebot/2.1; +http://www.google.com/bot.html)"
20.171.207.138 - - [19/Oct/2025:15:21:07 +0300] "GET /items/20193637 HTTP/2.0" 200 3452 "-" "Mozilla/5.0 AppleWebKit/537.36 (KHTML, like Gecko; compatible; GPTBot/1.2; +https://openai.com/gptbot)"
51.38.53.154 - - [19/Oct/2025:15:21:07 +0300] "POST /wp-login.php HTTP/2.0" 200 3452 "https://www.businessdatabases.net/wp-login.php" "Mozilla/5.0 (Windows NT 10.0; WOW64; Trident/7.0; Touch; MALNJS; rv:11.0) like Gecko"
216.73.216.119 - - [19/Oct/2025:15:21:08 +0300] "GET /database-city/sao-paulo?fileloc=%2F%2Fbin%2Fprove&path=%2F%2Fbin HTTP/2.0" 200 7427 "-" "Mozilla/5.0 AppleWebKit/537.36 (KHTML, like Gecko; compatible; ClaudeBot/1.0; +claudebot@anthropic.com)"
66.249.68.38 - - [19/Oct/2025:15:21:08 +0300] "GET /items/1250586017 HTTP/1.1" 200 15977 "-" "Mozilla/5.0 (Linux; Android 6.0.1; Nexus 5X Build/MMB29P) AppleWebKit/537.36 (KHTML, like Gecko) Chrome/140.0.7339.207 Mobile Safari/537.36 (compatible; Googlebot/2.1; +http://www.google.com/bot.html)"
66.249.68.38 - - [19/Oct/2025:15:21:07 +0300] "GET /items/1250581110 HTTP/1.1" 200 19552 "-" "Mozilla/5.0 (Linux; Android 6.0.1; Nexus 5X Build/MMB29P) AppleWebKit/537.36 (KHTML, like Gecko) Chrome/140.0.7339.207 Mobile Safari/537.36 (compatible; Googlebot/2.1; +http://www.google.com/bot.html)"
20.171.207.138 - - [19/Oct/2025:15:21:10 +0300] "GET /items/20292441 HTTP/2.0" 200 3452 "-" "Mozilla/5.0 AppleWebKit/537.36 (KHTML, like Gecko; compatible; GPTBot/1.2; +https://openai.com/gptbot)"
66.249.68.36 - - [19/Oct/2025:15:21:10 +0300] "GET /items/1250543699 HTTP/1.1" 200 17178 "-" "Mozilla/5.0 (Linux; Android 6.0.1; Nexus 5X Build/MMB29P) AppleWebKit/537.36 (KHTML, like Gecko) Chrome/140.0.7339.207 Mobile Safari/537.36 (compatible; Googlebot/2.1; +http://www.google.com/bot.html)"
66.249.68.38 - - [19/Oct/2025:15:21:10 +0300] "GET /items/714616276 HTTP/1.1" 200 17783 "-" "Mozilla/5.0 (Linux; Android 6.0.1; Nexus 5X Build/MMB29P) AppleWebKit/537.36 (KHTML, like Gecko) Chrome/140.0.7339.207 Mobile Safari/537.36 (compatible; Googlebot/2.1; +http://www.google.com/bot.html)"
66.249.68.37 - - [19/Oct/2025:15:21:10 +0300] "GET /items/1250561009 HTTP/1.1" 200 16072 "-" "Mozilla/5.0 (Linux; Android 6.0.1; Nexus 5X Build/MMB29P) AppleWebKit/537.36 (KHTML, like Gecko) Chrome/140.0.7339.207 Mobile Safari/537.36 (compatible; Googlebot/2.1; +http://www.google.com/bot.html)"
216.73.216.119 - - [19/Oct/2025:15:21:11 +0300] "GET /et/wp-json/wp/v2/product/1612?fileloc=%2F%2Flib64%2Flibsctp.so.1.0.18&path=%2F%2Flib64 HTTP/2.0" 200 8010 "-" "Mozilla/5.0 AppleWebKit/537.36 (KHTML, like Gecko; compatible; ClaudeBot/1.0; +claudebot@anthropic.com)"
66.249.68.37 - - [19/Oct/2025:15:21:11 +0300] "GET /items/1250556649 HTTP/1.1" 200 17504 "-" "Mozilla/5.0 (Linux; Android 6.0.1; Nexus 5X Build/MMB29P) AppleWebKit/537.36 (KHTML, like Gecko) Chrome/140.0.7339.207 Mobile Safari/537.36 (compatible; Googlebot/2.1; +http://www.google.com/bot.html)"
66.249.68.37 - - [19/Oct/2025:15:21:12 +0300] "GET /items/1250578451 HTTP/1.1" 200 17433 "-" "Mozilla/5.0 (Linux; Android 6.0.1; Nexus 5X Build/MMB29P) AppleWebKit/537.36 (KHTML, like Gecko) Chrome/140.0.7339.207 Mobile Safari/537.36 (compatible; Googlebot/2.1; +http://www.google.com/bot.html)"
20.171.207.138 - - [19/Oct/2025:15:21:13 +0300] "GET /items/20241403 HTTP/2.0" 200 3452 "-" "Mozilla/5.0 AppleWebKit/537.36 (KHTML, like Gecko; compatible; GPTBot/1.2; +https://openai.com/gptbot)"
66.249.68.36 - - [19/Oct/2025:15:21:13 +0300] "GET /items/1250576205 HTTP/1.1" 200 17131 "-" "Mozilla/5.0 (Linux; Android 6.0.1; Nexus 5X Build/MMB29P) AppleWebKit/537.36 (KHTML, like Gecko) Chrome/140.0.7339.207 Mobile Safari/537.36 (compatible; Googlebot/2.1; +http://www.google.com/bot.html)"
216.73.216.119 - - [19/Oct/2025:15:21:14 +0300] "GET /database-city/sao-paulo?fileloc=%2F%2Fbin%2Fbunzip2&path=%2F%2Fbin HTTP/2.0" 200 15951 "-" "Mozilla/5.0 AppleWebKit/537.36 (KHTML, like Gecko; compatible; ClaudeBot/1.0; +claudebot@anthropic.com)"
66.249.68.37 - - [19/Oct/2025:15:21:14 +0300] "GET /items/1250578385 HTTP/1.1" 200 18215 "-" "Mozilla/5.0 (Linux; Android 6.0.1; Nexus 5X Build/MMB29P) AppleWebKit/537.36 (KHTML, like Gecko) Chrome/140.0.7339.207 Mobile Safari/537.36 (compatible; Googlebot/2.1; +http://www.google.com/bot.html)"
20.171.207.138 - - [19/Oct/2025:15:21:16 +0300] "GET /items/20094765 HTTP/2.0" 200 3452 "-" "Mozilla/5.0 AppleWebKit/537.36 (KHTML, like Gecko; compatible; GPTBot/1.2; +https://openai.com/gptbot)"
66.249.68.37 - - [19/Oct/2025:15:21:16 +0300] "GET /items/1250545268 HTTP/1.1" 200 16514 "-" "Mozilla/5.0 (Linux; Android 6.0.1; Nexus 5X Build/MMB29P) AppleWebKit/537.36 (KHTML, like Gecko) Chrome/140.0.7339.207 Mobile Safari/537.36 (compatible; Googlebot/2.1; +http://www.google.com/bot.html)"
216.73.216.119 - - [19/Oct/2025:15:21:17 +0300] "GET /database-city/liechtenstein-email-database?fileloc=%2F%2Fbin%2Fflock&path=%2F%2Fbin HTTP/2.0" 200 13749 "-" "Mozilla/5.0 AppleWebKit/537.36 (KHTML, like Gecko; compatible; ClaudeBot/1.0; +claudebot@anthropic.com)"
66.249.68.37 - - [19/Oct/2025:15:21:17 +0300] "GET /items/1250551744 HTTP/1.1" 200 17286 "-" "Mozilla/5.0 (Linux; Android 6.0.1; Nexus 5X Build/MMB29P) AppleWebKit/537.36 (KHTML, like Gecko) Chrome/140.0.7339.207 Mobile Safari/537.36 (compatible; Googlebot/2.1; +http://www.google.com/bot.html)"
66.249.68.37 - - [19/Oct/2025:15:21:19 +0300] "GET /items/637023716 HTTP/1.1" 200 16805 "-" "Mozilla/5.0 (Linux; Android 6.0.1; Nexus 5X Build/MMB29P) AppleWebKit/537.36 (KHTML, like Gecko) Chrome/140.0.7339.207 Mobile Safari/537.36 (compatible; Googlebot/2.1; +http://www.google.com/bot.html)"
20.171.207.138 - - [19/Oct/2025:15:21:19 +0300] "GET /items/20392882 HTTP/2.0" 200 3452 "-" "Mozilla/5.0 AppleWebKit/537.36 (KHTML, like Gecko; compatible; GPTBot/1.2; +https://openai.com/gptbot)"
216.73.216.119 - - [19/Oct/2025:15:21:20 +0300] "GET /database-city/sao-paulo?fileloc=%2F%2Fproc%2Fkmsg&path=%2F%2Fproc HTTP/2.0" 200 2220 "-" "Mozilla/5.0 AppleWebKit/537.36 (KHTML, like Gecko; compatible; ClaudeBot/1.0; +claudebot@anthropic.com)"
66.249.68.37 - - [19/Oct/2025:15:21:20 +0300] "GET /items/1250550718 HTTP/1.1" 200 17360 "-" "Mozilla/5.0 (Linux; Android 6.0.1; Nexus 5X Build/MMB29P) AppleWebKit/537.36 (KHTML, like Gecko) Chrome/140.0.7339.207 Mobile Safari/537.36 (compatible; Googlebot/2.1; +http://www.google.com/bot.html)"
66.249.68.36 - - [19/Oct/2025:15:21:22 +0300] "GET /items/1250583901 HTTP/1.1" 200 18989 "-" "Mozilla/5.0 (Linux; Android 6.0.1; Nexus 5X Build/MMB29P) AppleWebKit/537.36 (KHTML, like Gecko) Chrome/140.0.7339.207 Mobile Safari/537.36 (compatible; Googlebot/2.1; +http://www.google.com/bot.html)"
20.171.207.138 - - [19/Oct/2025:15:21:22 +0300] "GET /items/20072550 HTTP/2.0" 200 3452 "-" "Mozilla/5.0 AppleWebKit/537.36 (KHTML, like Gecko; compatible; GPTBot/1.2; +https://openai.com/gptbot)"
66.249.68.36 - - [19/Oct/2025:15:21:22 +0300] "GET /items/944046255 HTTP/1.1" 200 18059 "-" "Mozilla/5.0 (Linux; Android 6.0.1; Nexus 5X Build/MMB29P) AppleWebKit/537.36 (KHTML, like Gecko) Chrome/140.0.7339.207 Mobile Safari/537.36 (compatible; Googlebot/2.1; +http://www.google.com/bot.html)"
216.73.216.119 - - [19/Oct/2025:15:21:23 +0300] "GET /database-city/sao-paulo?fileloc=%2F%2Fbin%2Ffgrep&path=%2F%2Fbin HTTP/2.0" 200 2243 "-" "Mozilla/5.0 AppleWebKit/537.36 (KHTML, like Gecko; compatible; ClaudeBot/1.0; +claudebot@anthropic.com)"
66.249.68.36 - - [19/Oct/2025:15:21:24 +0300] "GET /items/1250564824 HTTP/1.1" 200 17330 "-" "Mozilla/5.0 (Linux; Android 6.0.1; Nexus 5X Build/MMB29P) AppleWebKit/537.36 (KHTML, like Gecko) Chrome/140.0.7339.207 Mobile Safari/537.36 (compatible; Googlebot/2.1; +http://www.google.com/bot.html)"
66.249.68.37 - - [19/Oct/2025:15:21:23 +0300] "GET /items/572694558 HTTP/1.1" 200 16911 "-" "Mozilla/5.0 (Linux; Android 6.0.1; Nexus 5X Build/MMB29P) AppleWebKit/537.36 (KHTML, like Gecko) Chrome/140.0.7339.207 Mobile Safari/537.36 (compatible; Googlebot/2.1; +http://www.google.com/bot.html)"
66.249.68.36 - - [19/Oct/2025:15:21:24 +0300] "GET /items/1250542609 HTTP/1.1" 200 18240 "-" "Mozilla/5.0 (Linux; Android 6.0.1; Nexus 5X Build/MMB29P) AppleWebKit/537.36 (KHTML, like Gecko) Chrome/140.0.7339.207 Mobile Safari/537.36 (compatible; Googlebot/2.1; +http://www.google.com/bot.html)"
20.171.207.138 - - [19/Oct/2025:15:21:26 +0300] "GET /items/20396218 HTTP/2.0" 200 3452 "-" "Mozilla/5.0 AppleWebKit/537.36 (KHTML, like Gecko; compatible; GPTBot/1.2; +https://openai.com/gptbot)"
66.249.68.36 - - [19/Oct/2025:15:21:25 +0300] "GET /items/1475609032 HTTP/1.1" 200 16062 "-" "Mozilla/5.0 (Linux; Android 6.0.1; Nexus 5X Build/MMB29P) AppleWebKit/537.36 (KHTML, like Gecko) Chrome/140.0.7339.207 Mobile Safari/537.36 (compatible; Googlebot/2.1; +http://www.google.com/bot.html)"
66.249.68.36 - - [19/Oct/2025:15:21:26 +0300] "GET /items/1250552900 HTTP/1.1" 200 18067 "-" "Mozilla/5.0 (Linux; Android 6.0.1; Nexus 5X Build/MMB29P) AppleWebKit/537.36 (KHTML, like Gecko) Chrome/140.0.7339.207 Mobile Safari/537.36 (compatible; Googlebot/2.1; +http://www.google.com/bot.html)"
216.73.216.119 - - [19/Oct/2025:15:21:26 +0300] "GET /et/wp-json/wp/v2/product/1612?fileloc=%2F%2Flib64%2Flibcblas.so.3.8&path=%2F%2Flib64 HTTP/2.0" 200 28389 "-" "Mozilla/5.0 AppleWebKit/537.36 (KHTML, like Gecko; compatible; ClaudeBot/1.0; +claudebot@anthropic.com)"
66.249.68.37 - - [19/Oct/2025:15:21:26 +0300] "GET /items/1250575115 HTTP/1.1" 200 18878 "-" "Mozilla/5.0 (Linux; Android 6.0.1; Nexus 5X Build/MMB29P) AppleWebKit/537.36 (KHTML, like Gecko) Chrome/140.0.7339.207 Mobile Safari/537.36 (compatible; Googlebot/2.1; +http://www.google.com/bot.html)"
66.249.68.37 - - [19/Oct/2025:15:21:27 +0300] "GET /items/1250587107 HTTP/1.1" 200 18152 "-" "Mozilla/5.0 (Linux; Android 6.0.1; Nexus 5X Build/MMB29P) AppleWebKit/537.36 (KHTML, like Gecko) Chrome/140.0.7339.207 Mobile Safari/537.36 (compatible; Googlebot/2.1; +http://www.google.com/bot.html)"
66.249.68.37 - - [19/Oct/2025:15:21:28 +0300] "GET /items/1250584380 HTTP/1.1" 200 17124 "-" "Mozilla/5.0 (Linux; Android 6.0.1; Nexus 5X Build/MMB29P) AppleWebKit/537.36 (KHTML, like Gecko) Chrome/140.0.7339.207 Mobile Safari/537.36 (compatible; Googlebot/2.1; +http://www.google.com/bot.html)"
20.171.207.138 - - [19/Oct/2025:15:21:29 +0300] "GET /items/20075209 HTTP/2.0" 200 3452 "-" "Mozilla/5.0 AppleWebKit/537.36 (KHTML, like Gecko; compatible; GPTBot/1.2; +https://openai.com/gptbot)"
66.249.68.36 - - [19/Oct/2025:15:21:28 +0300] "GET /items/1250549149 HTTP/1.1" 200 17575 "-" "Mozilla/5.0 (Linux; Android 6.0.1; Nexus 5X Build/MMB29P) AppleWebKit/537.36 (KHTML, like Gecko) Chrome/140.0.7339.207 Mobile Safari/537.36 (compatible; Googlebot/2.1; +http://www.google.com/bot.html)"
216.73.216.119 - - [19/Oct/2025:15:21:29 +0300] "GET /database-city/liechtenstein-email-database?fileloc=%2F%2Fproc%2Fcmdline&path=%2F%2Fproc HTTP/2.0" 200 2369 "-" "Mozilla/5.0 AppleWebKit/537.36 (KHTML, like Gecko; compatible; ClaudeBot/1.0; +claudebot@anthropic.com)"
66.249.68.36 - - [19/Oct/2025:15:21:29 +0300] "GET /items/524579869 HTTP/1.1" 200 16579 "-" "Mozilla/5.0 (Linux; Android 6.0.1; Nexus 5X Build/MMB29P) AppleWebKit/537.36 (KHTML, like Gecko) Chrome/140.0.7339.207 Mobile Safari/537.36 (compatible; Googlebot/2.1; +http://www.google.com/bot.html)"
66.249.68.37 - - [19/Oct/2025:15:21:29 +0300] "GET /items/1250544789 HTTP/1.1" 200 16544 "-" "Mozilla/5.0 (Linux; Android 6.0.1; Nexus 5X Build/MMB29P) AppleWebKit/537.36 (KHTML, like Gecko) Chrome/140.0.7339.207 Mobile Safari/537.36 (compatible; Googlebot/2.1; +http://www.google.com/bot.html)"
66.249.68.37 - - [19/Oct/2025:15:21:30 +0300] "GET /items/1250559919 HTTP/1.1" 200 17745 "-" "Mozilla/5.0 (Linux; Android 6.0.1; Nexus 5X Build/MMB29P) AppleWebKit/537.36 (KHTML, like Gecko) Chrome/140.0.7339.207 Mobile Safari/537.36 (compatible; Googlebot/2.1; +http://www.google.com/bot.html)"
80.250.114.243 - - [19/Oct/2025:15:21:31 +0300] "GET / HTTP/1.1" 200 57145 "-" "Python/3.11 aiohttp/3.9.2"
66.249.68.38 - - [19/Oct/2025:15:21:31 +0300] "GET /items/937215786 HTTP/1.1" 200 18651 "-" "Mozilla/5.0 (Linux; Android 6.0.1; Nexus 5X Build/MMB29P) AppleWebKit/537.36 (KHTML, like Gecko) Chrome/140.0.7339.207 Mobile Safari/537.36 (compatible; Googlebot/2.1; +http://www.google.com/bot.html)"
20.171.207.138 - - [19/Oct/2025:15:21:32 +0300] "GET /items/20092106 HTTP/2.0" 200 3452 "-" "Mozilla/5.0 AppleWebKit/537.36 (KHTML, like Gecko; compatible; GPTBot/1.2; +https://openai.com/gptbot)"
216.73.216.119 - - [19/Oct/2025:15:21:32 +0300] "GET /database-city/sao-paulo?fileloc=%2F%2Fbin%2Finstall&path=%2F%2Fbin HTTP/2.0" 200 65682 "-" "Mozilla/5.0 AppleWebKit/537.36 (KHTML, like Gecko; compatible; ClaudeBot/1.0; +claudebot@anthropic.com)"
66.249.68.38 - - [19/Oct/2025:15:21:32 +0300] "GET /items/937229413 HTTP/1.1" 200 16666 "-" "Mozilla/5.0 (Linux; Android 6.0.1; Nexus 5X Build/MMB29P) AppleWebKit/537.36 (KHTML, like Gecko) Chrome/140.0.7339.207 Mobile Safari/537.36 (compatible; Googlebot/2.1; +http://www.google.com/bot.html)"
66.249.68.38 - - [19/Oct/2025:15:21:33 +0300] "GET /items/937238678 HTTP/1.1" 200 18121 "-" "Mozilla/5.0 (Linux; Android 6.0.1; Nexus 5X Build/MMB29P) AppleWebKit/537.36 (KHTML, like Gecko) Chrome/140.0.7339.207 Mobile Safari/537.36 (compatible; Googlebot/2.1; +http://www.google.com/bot.html)"
20.171.207.138 - - [19/Oct/2025:15:21:35 +0300] "GET /items/20086175 HTTP/2.0" 200 3452 "-" "Mozilla/5.0 AppleWebKit/537.36 (KHTML, like Gecko; compatible; GPTBot/1.2; +https://openai.com/gptbot)"
216.73.216.119 - - [19/Oct/2025:15:21:35 +0300] "GET /et/wp-json/wp/v2/product/1612?path=%2F%2Flib%2Fgrub HTTP/2.0" 200 2522 "-" "Mozilla/5.0 AppleWebKit/537.36 (KHTML, like Gecko; compatible; ClaudeBot/1.0; +claudebot@anthropic.com)"
66.249.68.36 - - [19/Oct/2025:15:21:35 +0300] "GET /items/937219056 HTTP/1.1" 200 18213 "-" "Mozilla/5.0 (Linux; Android 6.0.1; Nexus 5X Build/MMB29P) AppleWebKit/537.36 (KHTML, like Gecko) Chrome/140.0.7339.207 Mobile Safari/537.36 (compatible; Googlebot/2.1; +http://www.google.com/bot.html)"
192.141.191.226 - - [19/Oct/2025:15:21:36 +0300] "GET /et/product/austria-e-maili-andmebaas/ HTTP/1.1" 200 3452 "-" "Mozilla/5.0 (Windows; U; Windows 98) AppleWebKit/532.30.6 (KHTML, like Gecko) Version/4.1 Safari/532.30.6"
66.249.68.37 - - [19/Oct/2025:15:21:36 +0300] "GET /items/937214696 HTTP/1.1" 200 16273 "-" "Mozilla/5.0 (Linux; Android 6.0.1; Nexus 5X Build/MMB29P) AppleWebKit/537.36 (KHTML, like Gecko) Chrome/140.0.7339.207 Mobile Safari/537.36 (compatible; Googlebot/2.1; +http://www.google.com/bot.html)"
20.171.207.138 - - [19/Oct/2025:15:21:38 +0300] "GET /items/20338574 HTTP/2.0" 200 3452 "-" "Mozilla/5.0 AppleWebKit/537.36 (KHTML, like Gecko; compatible; GPTBot/1.2; +https://openai.com/gptbot)"
216.73.216.119 - - [19/Oct/2025:15:21:38 +0300] "GET /et/wp-json/wp/v2/product/1612?fileloc=%2F%2Flib64%2Flibpcre2-8.so.0.7.1&path=%2F%2Flib64 HTTP/2.0" 200 181062 "-" "Mozilla/5.0 AppleWebKit/537.36 (KHTML, like Gecko; compatible; ClaudeBot/1.0; +claudebot@anthropic.com)"
66.249.68.38 - - [19/Oct/2025:15:21:38 +0300] "GET /items/937227231 HTTP/1.1" 200 17434 "-" "Mozilla/5.0 (Linux; Android 6.0.1; Nexus 5X Build/MMB29P) AppleWebKit/537.36 (KHTML, like Gecko) Chrome/140.0.7339.207 Mobile Safari/537.36 (compatible; Googlebot/2.1; +http://www.google.com/bot.html)"
66.249.68.36 - - [19/Oct/2025:15:21:39 +0300] "GET /items/937247879 HTTP/1.1" 200 15939 "-" "Mozilla/5.0 (Linux; Android 6.0.1; Nexus 5X Build/MMB29P) AppleWebKit/537.36 (KHTML, like Gecko) Chrome/140.0.7339.207 Mobile Safari/537.36 (compatible; Googlebot/2.1; +http://www.google.com/bot.html)"
66.249.68.36 - - [19/Oct/2025:15:21:40 +0300] "GET /items/1567999883 HTTP/1.1" 200 16856 "-" "Mozilla/5.0 (Linux; Android 6.0.1; Nexus 5X Build/MMB29P) AppleWebKit/537.36 (KHTML, like Gecko) Chrome/140.0.7339.207 Mobile Safari/537.36 (compatible; Googlebot/2.1; +http://www.google.com/bot.html)"
66.249.68.37 - - [19/Oct/2025:15:21:40 +0300] "GET /items/937248358 HTTP/1.1" 200 18851 "-" "Mozilla/5.0 (Linux; Android 6.0.1; Nexus 5X Build/MMB29P) AppleWebKit/537.36 (KHTML, like Gecko) Chrome/140.0.7339.207 Mobile Safari/537.36 (compatible; Googlebot/2.1; +http://www.google.com/bot.html)"
66.249.68.36 - - [19/Oct/2025:15:21:41 +0300] "GET /items/937245633 HTTP/1.1" 200 16619 "-" "Mozilla/5.0 (Linux; Android 6.0.1; Nexus 5X Build/MMB29P) AppleWebKit/537.36 (KHTML, like Gecko) Chrome/140.0.7339.207 Mobile Safari/537.36 (compatible; Googlebot/2.1; +http://www.google.com/bot.html)"
216.73.216.119 - - [19/Oct/2025:15:21:41 +0300] "GET /database-city/liechtenstein-email-database?fileloc=%2F%2Fbin%2Ficonv&path=%2F%2Fbin HTTP/2.0" 200 25408 "-" "Mozilla/5.0 AppleWebKit/537.36 (KHTML, like Gecko; compatible; ClaudeBot/1.0; +claudebot@anthropic.com)"
20.171.207.138 - - [19/Oct/2025:15:21:41 +0300] "GET /items/20147983 HTTP/2.0" 200 3452 "-" "Mozilla/5.0 AppleWebKit/537.36 (KHTML, like Gecko; compatible; GPTBot/1.2; +https://openai.com/gptbot)"
66.249.68.38 - - [19/Oct/2025:15:21:42 +0300] "GET /items/937219601 HTTP/1.1" 200 16671 "-" "Mozilla/5.0 (Linux; Android 6.0.1; Nexus 5X Build/MMB29P) AppleWebKit/537.36 (KHTML, like Gecko) Chrome/140.0.7339.207 Mobile Safari/537.36 (compatible; Googlebot/2.1; +http://www.google.com/bot.html)"
66.249.68.38 - - [19/Oct/2025:15:21:43 +0300] "GET /items/239526523 HTTP/1.1" 200 18008 "-" "Mozilla/5.0 (Linux; Android 6.0.1; Nexus 5X Build/MMB29P) AppleWebKit/537.36 (KHTML, like Gecko) Chrome/140.0.7339.207 Mobile Safari/537.36 (compatible; Googlebot/2.1; +http://www.google.com/bot.html)"
216.73.216.119 - - [19/Oct/2025:15:21:44 +0300] "GET /product/innsbruck-contacts?path=%2Fhome-ssd1%2Fbusines1%2F.cpanel%2Fea-php-cli HTTP/2.0" 200 2542 "-" "Mozilla/5.0 AppleWebKit/537.36 (KHTML, like Gecko; compatible; ClaudeBot/1.0; +claudebot@anthropic.com)"
20.171.207.138 - - [19/Oct/2025:15:21:45 +0300] "GET /items/20378231 HTTP/2.0" 200 3452 "-" "Mozilla/5.0 AppleWebKit/537.36 (KHTML, like Gecko; compatible; GPTBot/1.2; +https://openai.com/gptbot)"
66.249.68.39 - - [19/Oct/2025:15:21:44 +0300] "GET /items/385156959 HTTP/1.1" 200 17390 "-" "Mozilla/5.0 (Linux; Android 6.0.1; Nexus 5X Build/MMB29P) AppleWebKit/537.36 (KHTML, like Gecko) Chrome/140.0.7339.207 Mobile Safari/537.36 (compatible; Googlebot/2.1; +http://www.google.com/bot.html)"
66.249.68.36 - - [19/Oct/2025:15:21:44 +0300] "GET /items/385163980 HTTP/1.1" 200 17704 "-" "Mozilla/5.0 (Linux; Android 6.0.1; Nexus 5X Build/MMB29P) AppleWebKit/537.36 (KHTML, like Gecko) Chrome/140.0.7339.207 Mobile Safari/537.36 (compatible; Googlebot/2.1; +http://www.google.com/bot.html)"
66.249.68.37 - - [19/Oct/2025:15:21:45 +0300] "GET /items/2914327 HTTP/1.1" 200 16815 "-" "Mozilla/5.0 (Linux; Android 6.0.1; Nexus 5X Build/MMB29P) AppleWebKit/537.36 (KHTML, like Gecko) Chrome/140.0.7339.207 Mobile Safari/537.36 (compatible; Googlebot/2.1; +http://www.google.com/bot.html)"
66.249.68.39 - - [19/Oct/2025:15:21:46 +0300] "GET /items/1302632587 HTTP/1.1" 200 15961 "-" "Mozilla/5.0 (Linux; Android 6.0.1; Nexus 5X Build/MMB29P) AppleWebKit/537.36 (KHTML, like Gecko) Chrome/140.0.7339.207 Mobile Safari/537.36 (compatible; Googlebot/2.1; +http://www.google.com/bot.html)"
66.249.68.36 - - [19/Oct/2025:15:21:46 +0300] "GET /items/141808195 HTTP/1.1" 200 16463 "-" "Mozilla/5.0 (Linux; Android 6.0.1; Nexus 5X Build/MMB29P) AppleWebKit/537.36 (KHTML, like Gecko) Chrome/140.0.7339.207 Mobile Safari/537.36 (compatible; Googlebot/2.1; +http://www.google.com/bot.html)"
216.73.216.119 - - [19/Oct/2025:15:21:47 +0300] "GET /et/wp-json/wp/v2/product/1612?fileloc=%2F%2Flib64%2Flibharfbuzz.so.0&path=%2F%2Flib64 HTTP/2.0" 200 244811 "-" "Mozilla/5.0 AppleWebKit/537.36 (KHTML, like Gecko; compatible; ClaudeBot/1.0; +claudebot@anthropic.com)"
20.171.207.138 - - [19/Oct/2025:15:21:48 +0300] "GET /items/20335915 HTTP/2.0" 200 3452 "-" "Mozilla/5.0 AppleWebKit/537.36 (KHTML, like Gecko; compatible; GPTBot/1.2; +https://openai.com/gptbot)"
66.249.68.36 - - [19/Oct/2025:15:21:48 +0300] "GET /items/1302646148 HTTP/1.1" 200 17223 "-" "Mozilla/5.0 (Linux; Android 6.0.1; Nexus 5X Build/MMB29P) AppleWebKit/537.36 (KHTML, like Gecko) Chrome/140.0.7339.207 Mobile Safari/537.36 (compatible; Googlebot/2.1; +http://www.google.com/bot.html)"
66.249.68.38 - - [19/Oct/2025:15:21:48 +0300] "GET /items/1302626045 HTTP/1.1" 200 16945 "-" "Mozilla/5.0 (Linux; Android 6.0.1; Nexus 5X Build/MMB29P) AppleWebKit/537.36 (KHTML, like Gecko) Chrome/140.0.7339.207 Mobile Safari/537.36 (compatible; Googlebot/2.1; +http://www.google.com/bot.html)"
66.249.68.38 - - [19/Oct/2025:15:21:49 +0300] "GET /items/1302640762 HTTP/1.1" 200 16732 "-" "Mozilla/5.0 (Linux; Android 6.0.1; Nexus 5X Build/MMB29P) AppleWebKit/537.36 (KHTML, like Gecko) Chrome/140.0.7339.207 Mobile Safari/537.36 (compatible; Googlebot/2.1; +http://www.google.com/bot.html)"
216.73.216.119 - - [19/Oct/2025:15:21:50 +0300] "GET /et/wp-json/wp/v2/product/1612?fileloc=%2F%2Flib64%2Flibjbig2dec.so.0.0.0&path=%2F%2Flib64 HTTP/2.0" 200 46198 "-" "Mozilla/5.0 AppleWebKit/537.36 (KHTML, like Gecko; compatible; ClaudeBot/1.0; +claudebot@anthropic.com)"
66.249.68.37 - - [19/Oct/2025:15:21:50 +0300] "GET /items/1302625566 HTTP/1.1" 200 18337 "-" "Mozilla/5.0 (Linux; Android 6.0.1; Nexus 5X Build/MMB29P) AppleWebKit/537.36 (KHTML, like Gecko) Chrome/140.0.7339.207 Mobile Safari/537.36 (compatible; Googlebot/2.1; +http://www.google.com/bot.html)"
20.171.207.138 - - [19/Oct/2025:15:21:51 +0300] "GET /items/20347296 HTTP/2.0" 200 3452 "-" "Mozilla/5.0 AppleWebKit/537.36 (KHTML, like Gecko; compatible; GPTBot/1.2; +https://openai.com/gptbot)"
66.249.68.38 - - [19/Oct/2025:15:21:51 +0300] "GET /items/1302649352 HTTP/1.1" 200 16963 "-" "Mozilla/5.0 (Linux; Android 6.0.1; Nexus 5X Build/MMB29P) AppleWebKit/537.36 (KHTML, like Gecko) Chrome/140.0.7339.207 Mobile Safari/537.36 (compatible; Googlebot/2.1; +http://www.google.com/bot.html)"
114.119.129.74 - - [19/Oct/2025:15:21:52 +0300] "GET /items/559748827 HTTP/1.1" 200 57145 "https://www.businessdatabases.net/sitemap.xml" "Mozilla/5.0 (Linux; Android 7.0;) AppleWebKit/537.36 (KHTML, like Gecko) Mobile Safari/537.36 (compatible; PetalBot;+https://webmaster.petalsearch.com/site/petalbot)"
216.73.216.119 - - [19/Oct/2025:15:21:53 +0300] "GET /database-city/sao-paulo?fileloc=%2F%2Fbin%2Fps2pdfwr&path=%2F%2Fbin HTTP/2.0" 200 2795 "-" "Mozilla/5.0 AppleWebKit/537.36 (KHTML, like Gecko; compatible; ClaudeBot/1.0; +claudebot@anthropic.com)"
66.249.68.32 - - [19/Oct/2025:15:21:53 +0300] "GET /items/1302648807 HTTP/1.1" 200 18741 "-" "Mozilla/5.0 (Linux; Android 6.0.1; Nexus 5X Build/MMB29P) AppleWebKit/537.36 (KHTML, like Gecko) Chrome/140.0.7339.207 Mobile Safari/537.36 (compatible; Googlebot/2.1; +http://www.google.com/bot.html)"
66.249.68.37 - - [19/Oct/2025:15:21:54 +0300] "GET /items/1302627682 HTTP/1.1" 200 15961 "-" "Mozilla/5.0 (Linux; Android 6.0.1; Nexus 5X Build/MMB29P) AppleWebKit/537.36 (KHTML, like Gecko) Chrome/140.0.7339.207 Mobile Safari/537.36 (compatible; Googlebot/2.1; +http://www.google.com/bot.html)"
20.171.207.138 - - [19/Oct/2025:15:21:54 +0300] "GET /items/20146893 HTTP/2.0" 200 3452 "-" "Mozilla/5.0 AppleWebKit/537.36 (KHTML, like Gecko; compatible; GPTBot/1.2; +https://openai.com/gptbot)"
66.249.68.38 - - [19/Oct/2025:15:21:55 +0300] "GET /items/1302630407 HTTP/1.1" 200 17023 "-" "Mozilla/5.0 (Linux; Android 6.0.1; Nexus 5X Build/MMB29P) AppleWebKit/537.36 (KHTML, like Gecko) Chrome/140.0.7339.207 Mobile Safari/537.36 (compatible; Googlebot/2.1; +http://www.google.com/bot.html)"
51.195.183.149 - - [19/Oct/2025:15:21:55 +0300] "GET /database-city/turku-business-database/ HTTP/2.0" 200 3452 "-" "Mozilla/5.0 (compatible; AhrefsBot/7.0; +http://ahrefs.com/robot/)"
66.249.68.32 - - [19/Oct/2025:15:21:56 +0300] "GET /items/385156416 HTTP/1.1" 200 17252 "-" "Mozilla/5.0 (Linux; Android 6.0.1; Nexus 5X Build/MMB29P) AppleWebKit/537.36 (KHTML, like Gecko) Chrome/140.0.7339.207 Mobile Safari/537.36 (compatible; Googlebot/2.1; +http://www.google.com/bot.html)"
216.73.216.119 - - [19/Oct/2025:15:21:56 +0300] "GET /database-city/sao-paulo?fileloc=%2F%2Fbin%2Fpod2text&path=%2F%2Fbin HTTP/2.0" 200 6645 "-" "Mozilla/5.0 AppleWebKit/537.36 (KHTML, like Gecko; compatible; ClaudeBot/1.0; +claudebot@anthropic.com)"
66.249.68.32 - - [19/Oct/2025:15:21:57 +0300] "GET /items/1302648873 HTTP/1.1" 200 17554 "-" "Mozilla/5.0 (Linux; Android 6.0.1; Nexus 5X Build/MMB29P) AppleWebKit/537.36 (KHTML, like Gecko) Chrome/140.0.7339.207 Mobile Safari/537.36 (compatible; Googlebot/2.1; +http://www.google.com/bot.html)"
20.171.207.138 - - [19/Oct/2025:15:21:58 +0300] "GET /items/20120927 HTTP/2.0" 200 3452 "-" "Mozilla/5.0 AppleWebKit/537.36 (KHTML, like Gecko; compatible; GPTBot/1.2; +https://openai.com/gptbot)"
66.249.68.36 - - [19/Oct/2025:15:21:58 +0300] "GET /items/1302650442 HTTP/1.1" 200 19588 "-" "Mozilla/5.0 (Linux; Android 6.0.1; Nexus 5X Build/MMB29P) AppleWebKit/537.36 (KHTML, like Gecko) Chrome/140.0.7339.207 Mobile Safari/537.36 (compatible; Googlebot/2.1; +http://www.google.com/bot.html)"
216.73.216.119 - - [19/Oct/2025:15:21:59 +0300] "GET /terms-and-conditions?fileloc=%2F%2Fbin%2Fzipgrep&path=%2F%2Fbin HTTP/2.0" 200 3444 "-" "Mozilla/5.0 AppleWebKit/537.36 (KHTML, like Gecko; compatible; ClaudeBot/1.0; +claudebot@anthropic.com)"
66.249.68.36 - - [19/Oct/2025:15:21:59 +0300] "GET /items/1302642942 HTTP/1.1" 200 18347 "-" "Mozilla/5.0 (Linux; Android 6.0.1; Nexus 5X Build/MMB29P) AppleWebKit/537.36 (KHTML, like Gecko) Chrome/140.0.7339.207 Mobile Safari/537.36 (compatible; Googlebot/2.1; +http://www.google.com/bot.html)"
20.171.207.138 - - [19/Oct/2025:15:22:01 +0300] "GET /items/20045362 HTTP/2.0" 200 3452 "-" "Mozilla/5.0 AppleWebKit/537.36 (KHTML, like Gecko; compatible; GPTBot/1.2; +https://openai.com/gptbot)"
216.73.216.119 - - [19/Oct/2025:15:22:02 +0300] "GET /et/wp-json/wp/v2/product/1612?fileloc=%2F%2Flib64%2Flibpipeline.so.1&path=%2F%2Flib64 HTTP/2.0" 200 25728 "-" "Mozilla/5.0 AppleWebKit/537.36 (KHTML, like Gecko; compatible; ClaudeBot/1.0; +claudebot@anthropic.com)"
66.249.68.36 - - [19/Oct/2025:15:22:02 +0300] "GET /items/1302629862 HTTP/1.1" 200 17628 "-" "Mozilla/5.0 (Linux; Android 6.0.1; Nexus 5X Build/MMB29P) AppleWebKit/537.36 (KHTML, like Gecko) Chrome/140.0.7339.207 Mobile Safari/537.36 (compatible; Googlebot/2.1; +http://www.google.com/bot.html)"
66.249.68.37 - - [19/Oct/2025:15:22:02 +0300] "GET /items/1512063814 HTTP/1.1" 200 17114 "-" "Mozilla/5.0 (Linux; Android 6.0.1; Nexus 5X Build/MMB29P) AppleWebKit/537.36 (KHTML, like Gecko) Chrome/140.0.7339.207 Mobile Safari/537.36 (compatible; Googlebot/2.1; +http://www.google.com/bot.html)"
66.249.68.37 - - [19/Oct/2025:15:22:03 +0300] "GET /items/1302630341 HTTP/1.1" 200 16884 "-" "Mozilla/5.0 (Linux; Android 6.0.1; Nexus 5X Build/MMB29P) AppleWebKit/537.36 (KHTML, like Gecko) Chrome/140.0.7339.207 Mobile Safari/537.36 (compatible; Googlebot/2.1; +http://www.google.com/bot.html)"
20.171.207.138 - - [19/Oct/2025:15:22:04 +0300] "GET /items/20387432 HTTP/2.0" 200 3452 "-" "Mozilla/5.0 AppleWebKit/537.36 (KHTML, like Gecko; compatible; GPTBot/1.2; +https://openai.com/gptbot)"
216.73.216.119 - - [19/Oct/2025:15:22:05 +0300] "GET /database-city/liechtenstein-email-database?fileloc=%2F%2Fproc%2Fnet%2Fudplite6&path=%2F%2Fproc%2Fnet HTTP/2.0" 403 3452 "-" "Mozilla/5.0 AppleWebKit/537.36 (KHTML, like Gecko; compatible; ClaudeBot/1.0; +claudebot@anthropic.com)"
66.249.68.37 - - [19/Oct/2025:15:22:05 +0300] "GET /items/1302635857 HTTP/1.1" 200 17124 "-" "Mozilla/5.0 (Linux; Android 6.0.1; Nexus 5X Build/MMB29P) AppleWebKit/537.36 (KHTML, like Gecko) Chrome/140.0.7339.207 Mobile Safari/537.36 (compatible; Googlebot/2.1; +http://www.google.com/bot.html)"
66.249.68.38 - - [19/Oct/2025:15:22:04 +0300] "GET /items/385159075 HTTP/1.1" 200 16587 "-" "Mozilla/5.0 (Linux; Android 6.0.1; Nexus 5X Build/MMB29P) AppleWebKit/537.36 (KHTML, like Gecko) Chrome/140.0.7339.207 Mobile Safari/537.36 (compatible; Googlebot/2.1; +http://www.google.com/bot.html)"
66.249.68.37 - - [19/Oct/2025:15:22:06 +0300] "GET /items/1302629251 HTTP/1.1" 200 18507 "-" "Mozilla/5.0 (Linux; Android 6.0.1; Nexus 5X Build/MMB29P) AppleWebKit/537.36 (KHTML, like Gecko) Chrome/140.0.7339.207 Mobile Safari/537.36 (compatible; Googlebot/2.1; +http://www.google.com/bot.html)"
66.249.68.37 - - [19/Oct/2025:15:22:07 +0300] "GET /items/1302626592 HTTP/1.1" 200 17049 "-" "Mozilla/5.0 (Linux; Android 6.0.1; Nexus 5X Build/MMB29P) AppleWebKit/537.36 (KHTML, like Gecko) Chrome/140.0.7339.207 Mobile Safari/537.36 (compatible; Googlebot/2.1; +http://www.google.com/bot.html)"
20.171.207.138 - - [19/Oct/2025:15:22:07 +0300] "GET /items/20093675 HTTP/2.0" 200 3452 "-" "Mozilla/5.0 AppleWebKit/537.36 (KHTML, like Gecko; compatible; GPTBot/1.2; +https://openai.com/gptbot)"
216.73.216.119 - - [19/Oct/2025:15:22:08 +0300] "GET /et/wp-json/wp/v2/product/1793?fileloc=%2F%2Flib%2Ffirmware%2Fbrcm%2Fbrcmfmac43455-sdio.acepc-t8.txt&path=%2F%2Flib%2Ffirmware%2Fbrcm HTTP/2.0" 200 3041 "-" "Mozilla/5.0 AppleWebKit/537.36 (KHTML, like Gecko; compatible; ClaudeBot/1.0; +claudebot@anthropic.com)"
66.249.68.36 - - [19/Oct/2025:15:22:08 +0300] "GET /items/1302647717 HTTP/1.1" 200 17136 "-" "Mozilla/5.0 (Linux; Android 6.0.1; Nexus 5X Build/MMB29P) AppleWebKit/537.36 (KHTML, like Gecko) Chrome/140.0.7339.207 Mobile Safari/537.36 (compatible; Googlebot/2.1; +http://www.google.com/bot.html)"
66.249.68.36 - - [19/Oct/2025:15:22:10 +0300] "GET /items/1302646627 HTTP/1.1" 200 17745 "-" "Mozilla/5.0 (Linux; Android 6.0.1; Nexus 5X Build/MMB29P) AppleWebKit/537.36 (KHTML, like Gecko) Chrome/140.0.7339.207 Mobile Safari/537.36 (compatible; Googlebot/2.1; +http://www.google.com/bot.html)"
20.171.207.138 - - [19/Oct/2025:15:22:10 +0300] "GET /items/20079090 HTTP/2.0" 200 3452 "-" "Mozilla/5.0 AppleWebKit/537.36 (KHTML, like Gecko; compatible; GPTBot/1.2; +https://openai.com/gptbot)"
66.249.68.36 - - [19/Oct/2025:15:22:11 +0300] "GET /items/1449857734 HTTP/1.1" 200 16890 "-" "Mozilla/5.0 (Linux; Android 6.0.1; Nexus 5X Build/MMB29P) AppleWebKit/537.36 (KHTML, like Gecko) Chrome/140.0.7339.207 Mobile Safari/537.36 (compatible; Googlebot/2.1; +http://www.google.com/bot.html)"
66.249.68.37 - - [19/Oct/2025:15:22:11 +0300] "GET /items/1302638516 HTTP/1.1" 200 16654 "-" "Mozilla/5.0 (Linux; Android 6.0.1; Nexus 5X Build/MMB29P) AppleWebKit/537.36 (KHTML, like Gecko) Chrome/140.0.7339.207 Mobile Safari/537.36 (compatible; Googlebot/2.1; +http://www.google.com/bot.html)"
216.73.216.119 - - [19/Oct/2025:15:22:11 +0300] "GET /product/innsbruck-contacts?fileloc=%2Fhome-ssd1%2Fbusines1%2Fwww%2Fwp-content%2Flanguages%2Fcontinents-cities-et.l10n.php&path=%2Fhome-ssd1%2Fbusines1%2Fwww%2Fwp-content%2Flanguages HTTP/2.0" 200 7212 "-" "Mozilla/5.0 AppleWebKit/537.36 (KHTML, like Gecko; compatible; ClaudeBot/1.0; +claudebot@anthropic.com)"
66.249.68.36 - - [19/Oct/2025:15:22:12 +0300] "GET /items/385161321 HTTP/1.1" 200 18487 "-" "Mozilla/5.0 (Linux; Android 6.0.1; Nexus 5X Build/MMB29P) AppleWebKit/537.36 (KHTML, like Gecko) Chrome/140.0.7339.207 Mobile Safari/537.36 (compatible; Googlebot/2.1; +http://www.google.com/bot.html)"
66.249.68.36 - - [19/Oct/2025:15:22:12 +0300] "GET /items/385162890 HTTP/1.1" 200 17223 "-" "Mozilla/5.0 (Linux; Android 6.0.1; Nexus 5X Build/MMB29P) AppleWebKit/537.36 (KHTML, like Gecko) Chrome/140.0.7339.207 Mobile Safari/537.36 (compatible; Googlebot/2.1; +http://www.google.com/bot.html)"
20.171.207.138 - - [19/Oct/2025:15:22:13 +0300] "GET /items/19972109 HTTP/2.0" 200 3452 "-" "Mozilla/5.0 AppleWebKit/537.36 (KHTML, like Gecko; compatible; GPTBot/1.2; +https://openai.com/gptbot)"
66.249.68.36 - - [19/Oct/2025:15:22:14 +0300] "GET /items/385157985 HTTP/1.1" 200 17168 "-" "Mozilla/5.0 (Linux; Android 6.0.1; Nexus 5X Build/MMB29P) AppleWebKit/537.36 (KHTML, like Gecko) Chrome/140.0.7339.207 Mobile Safari/537.36 (compatible; Googlebot/2.1; +http://www.google.com/bot.html)"
216.73.216.119 - - [19/Oct/2025:15:22:14 +0300] "GET /et/wp-json/wp/v2/product/1612?fileloc=%2F%2Flib64%2Flibpciaccess.so.0.11.1&path=%2F%2Flib64 HTTP/2.0" 200 17019 "-" "Mozilla/5.0 AppleWebKit/537.36 (KHTML, like Gecko; compatible; ClaudeBot/1.0; +claudebot@anthropic.com)"
