File: //home/busines1/access-logs/businessdatabases.net
105.235.138.75 - - [21/Oct/2025:15:12:46 +0300] "GET /administrator/ HTTP/1.1" 200 67360 "-" "Mozilla/5.0 (Windows NT 10.0; Win64; x64) AppleWebKit/537.36 (KHTML, like Gecko) Chrome/116.0.0.0 Safari/537.36"
105.235.138.75 - - [21/Oct/2025:15:12:49 +0300] "GET /administrator/index.php HTTP/1.1" 200 67360 "-" "Mozilla/5.0 (Windows NT 10.0; Win64; x64) AppleWebKit/537.36 (KHTML, like Gecko) Chrome/116.0.0.0 Safari/537.36"
105.235.138.75 - - [21/Oct/2025:15:12:53 +0300] "GET /wp-admin/install.php?step=2 HTTP/1.1" 200 1340 "-" "Mozilla/5.0 (Windows NT 10.0; Win64; x64) AppleWebKit/537.36 (KHTML, like Gecko) Chrome/116.0.0.0 Safari/537.36"
80.250.114.243 - - [21/Oct/2025:15:12:53 +0300] "POST /wp-cron.php?doing_wp_cron=1761048773.9718770980834960937500 HTTP/1.1" 403 3649 "-" "WordPress/6.8.2; https://www.businessdatabases.net"
105.235.138.75 - - [21/Oct/2025:15:12:55 +0300] "GET /wp-admin/setup-config.php?step=1 HTTP/1.1" 403 67360 "-" "Mozilla/5.0 (Windows NT 10.0; Win64; x64) AppleWebKit/537.36 (KHTML, like Gecko) Chrome/116.0.0.0 Safari/537.36"
105.235.138.75 - - [21/Oct/2025:15:12:57 +0300] "GET /wp-admin/install.php?step=2 HTTP/1.1" 200 1340 "-" "Mozilla/5.0 (Windows NT 10.0; Win64; x64) AppleWebKit/537.36 (KHTML, like Gecko) Chrome/116.0.0.0 Safari/537.36"
80.250.114.243 - - [21/Oct/2025:15:12:58 +0300] "POST /wp-cron.php?doing_wp_cron=1761048778.4591259956359863281250 HTTP/1.1" 403 3649 "-" "WordPress/6.8.2; https://www.businessdatabases.net"
105.235.138.75 - - [21/Oct/2025:15:13:00 +0300] "GET /wp-admin/setup-config.php?step=1 HTTP/1.1" 403 67360 "-" "Mozilla/5.0 (Windows NT 10.0; Win64; x64) AppleWebKit/537.36 (KHTML, like Gecko) Chrome/116.0.0.0 Safari/537.36"
105.235.138.75 - - [21/Oct/2025:15:13:03 +0300] "GET /wp-admin/install.php?step=2 HTTP/1.1" 200 1340 "-" "Mozilla/5.0 (Windows NT 10.0; Win64; x64) AppleWebKit/537.36 (KHTML, like Gecko) Chrome/116.0.0.0 Safari/537.36"
80.250.114.243 - - [21/Oct/2025:15:13:03 +0300] "POST /wp-cron.php?doing_wp_cron=1761048783.8007929325103759765625 HTTP/1.1" 403 3655 "-" "WordPress/6.8.2; https://www.businessdatabases.net"
105.235.138.75 - - [21/Oct/2025:15:13:05 +0300] "GET /wp-admin/setup-config.php?step=1 HTTP/1.1" 403 67360 "-" "Mozilla/5.0 (Windows NT 10.0; Win64; x64) AppleWebKit/537.36 (KHTML, like Gecko) Chrome/116.0.0.0 Safari/537.36"
105.235.138.75 - - [21/Oct/2025:15:13:07 +0300] "GET /wp-admin/install.php?step=2 HTTP/1.1" 200 1340 "-" "Mozilla/5.0 (Windows NT 10.0; Win64; x64) AppleWebKit/537.36 (KHTML, like Gecko) Chrome/116.0.0.0 Safari/537.36"
80.250.114.243 - - [21/Oct/2025:15:13:09 +0300] "POST /wp-cron.php?doing_wp_cron=1761048789.1803359985351562500000 HTTP/1.1" 403 3649 "-" "WordPress/6.8.2; https://www.businessdatabases.net"
105.235.138.75 - - [21/Oct/2025:15:13:10 +0300] "GET /wp-admin/setup-config.php?step=1 HTTP/1.1" 403 67360 "-" "Mozilla/5.0 (Windows NT 10.0; Win64; x64) AppleWebKit/537.36 (KHTML, like Gecko) Chrome/116.0.0.0 Safari/537.36"
105.235.138.75 - - [21/Oct/2025:15:13:13 +0300] "GET /wp-admin/install.php?step=2 HTTP/1.1" 200 1340 "-" "Mozilla/5.0 (Windows NT 10.0; Win64; x64) AppleWebKit/537.36 (KHTML, like Gecko) Chrome/116.0.0.0 Safari/537.36"
80.250.114.243 - - [21/Oct/2025:15:13:13 +0300] "POST /wp-cron.php?doing_wp_cron=1761048793.4708869457244873046875 HTTP/1.1" 403 3655 "-" "WordPress/6.8.2; https://www.businessdatabases.net"
105.235.138.75 - - [21/Oct/2025:15:13:14 +0300] "GET /wp-admin/setup-config.php?step=1 HTTP/1.1" 403 67360 "-" "Mozilla/5.0 (Windows NT 10.0; Win64; x64) AppleWebKit/537.36 (KHTML, like Gecko) Chrome/116.0.0.0 Safari/537.36"
105.235.138.75 - - [21/Oct/2025:15:13:17 +0300] "GET /wp-admin/install.php?step=2 HTTP/1.1" 200 1340 "-" "Mozilla/5.0 (Windows NT 10.0; Win64; x64) AppleWebKit/537.36 (KHTML, like Gecko) Chrome/116.0.0.0 Safari/537.36"
80.250.114.243 - - [21/Oct/2025:15:13:18 +0300] "POST /wp-cron.php?doing_wp_cron=1761048797.9992389678955078125000 HTTP/1.1" 403 3649 "-" "WordPress/6.8.2; https://www.businessdatabases.net"
105.235.138.75 - - [21/Oct/2025:15:13:19 +0300] "GET /wp-admin/setup-config.php?step=1 HTTP/1.1" 403 67360 "-" "Mozilla/5.0 (Windows NT 10.0; Win64; x64) AppleWebKit/537.36 (KHTML, like Gecko) Chrome/116.0.0.0 Safari/537.36"
105.235.138.75 - - [21/Oct/2025:15:13:21 +0300] "GET /wp-admin/install.php?step=2 HTTP/1.1" 200 1340 "-" "Mozilla/5.0 (Windows NT 10.0; Win64; x64) AppleWebKit/537.36 (KHTML, like Gecko) Chrome/116.0.0.0 Safari/537.36"
80.250.114.243 - - [21/Oct/2025:15:13:22 +0300] "POST /wp-cron.php?doing_wp_cron=1761048802.0935220718383789062500 HTTP/1.1" 403 3649 "-" "WordPress/6.8.2; https://www.businessdatabases.net"
105.235.138.75 - - [21/Oct/2025:15:13:23 +0300] "GET /wp-admin/setup-config.php?step=1 HTTP/1.1" 403 67360 "-" "Mozilla/5.0 (Windows NT 10.0; Win64; x64) AppleWebKit/537.36 (KHTML, like Gecko) Chrome/116.0.0.0 Safari/537.36"
105.235.138.75 - - [21/Oct/2025:15:13:26 +0300] "GET /wp-admin/install.php?step=2 HTTP/1.1" 200 1340 "-" "Mozilla/5.0 (Windows NT 10.0; Win64; x64) AppleWebKit/537.36 (KHTML, like Gecko) Chrome/116.0.0.0 Safari/537.36"
80.250.114.243 - - [21/Oct/2025:15:13:27 +0300] "POST /wp-cron.php?doing_wp_cron=1761048807.5819621086120605468750 HTTP/1.1" 403 3649 "-" "WordPress/6.8.2; https://www.businessdatabases.net"
105.235.138.75 - - [21/Oct/2025:15:13:28 +0300] "GET /wp-admin/setup-config.php?step=1 HTTP/1.1" 403 67360 "-" "Mozilla/5.0 (Windows NT 10.0; Win64; x64) AppleWebKit/537.36 (KHTML, like Gecko) Chrome/116.0.0.0 Safari/537.36"
105.235.138.75 - - [21/Oct/2025:15:13:31 +0300] "GET /wp-admin/install.php?step=2 HTTP/1.1" 200 1340 "-" "Mozilla/5.0 (Windows NT 10.0; Win64; x64) AppleWebKit/537.36 (KHTML, like Gecko) Chrome/116.0.0.0 Safari/537.36"
80.250.114.243 - - [21/Oct/2025:15:13:32 +0300] "POST /wp-cron.php?doing_wp_cron=1761048812.3883121013641357421875 HTTP/1.1" 403 3649 "-" "WordPress/6.8.2; https://www.businessdatabases.net"
105.235.138.75 - - [21/Oct/2025:15:13:33 +0300] "GET /wp-admin/setup-config.php?step=1 HTTP/1.1" 403 67360 "-" "Mozilla/5.0 (Windows NT 10.0; Win64; x64) AppleWebKit/537.36 (KHTML, like Gecko) Chrome/116.0.0.0 Safari/537.36"
105.235.138.75 - - [21/Oct/2025:15:13:36 +0300] "GET /wp-admin/install.php?step=2 HTTP/1.1" 200 1340 "-" "Mozilla/5.0 (Windows NT 10.0; Win64; x64) AppleWebKit/537.36 (KHTML, like Gecko) Chrome/116.0.0.0 Safari/537.36"
80.250.114.243 - - [21/Oct/2025:15:13:36 +0300] "POST /wp-cron.php?doing_wp_cron=1761048816.7878060340881347656250 HTTP/1.1" 403 3649 "-" "WordPress/6.8.2; https://www.businessdatabases.net"
105.235.138.75 - - [21/Oct/2025:15:13:38 +0300] "GET /wp-admin/setup-config.php?step=1 HTTP/1.1" 403 67360 "-" "Mozilla/5.0 (Windows NT 10.0; Win64; x64) AppleWebKit/537.36 (KHTML, like Gecko) Chrome/116.0.0.0 Safari/537.36"
105.235.138.75 - - [21/Oct/2025:15:13:39 +0300] "GET /wp-admin/install.php?step=2 HTTP/1.1" 200 1340 "-" "Mozilla/5.0 (Windows NT 10.0; Win64; x64) AppleWebKit/537.36 (KHTML, like Gecko) Chrome/116.0.0.0 Safari/537.36"
80.250.114.243 - - [21/Oct/2025:15:13:40 +0300] "POST /wp-cron.php?doing_wp_cron=1761048820.0993430614471435546875 HTTP/1.1" 403 3649 "-" "WordPress/6.8.2; https://www.businessdatabases.net"
105.235.138.75 - - [21/Oct/2025:15:13:41 +0300] "GET /wp-admin/setup-config.php?step=1 HTTP/1.1" 403 67360 "-" "Mozilla/5.0 (Windows NT 10.0; Win64; x64) AppleWebKit/537.36 (KHTML, like Gecko) Chrome/116.0.0.0 Safari/537.36"
105.235.138.75 - - [21/Oct/2025:15:13:44 +0300] "GET /wp-admin/install.php?step=2 HTTP/1.1" 200 1340 "-" "Mozilla/5.0 (Windows NT 10.0; Win64; x64) AppleWebKit/537.36 (KHTML, like Gecko) Chrome/116.0.0.0 Safari/537.36"
80.250.114.243 - - [21/Oct/2025:15:13:44 +0300] "POST /wp-cron.php?doing_wp_cron=1761048824.5712990760803222656250 HTTP/1.1" 403 3649 "-" "WordPress/6.8.2; https://www.businessdatabases.net"
105.235.138.75 - - [21/Oct/2025:15:13:45 +0300] "GET /wp-admin/setup-config.php?step=1 HTTP/1.1" 403 67360 "-" "Mozilla/5.0 (Windows NT 10.0; Win64; x64) AppleWebKit/537.36 (KHTML, like Gecko) Chrome/116.0.0.0 Safari/537.36"
105.235.138.75 - - [21/Oct/2025:15:13:47 +0300] "GET /wp-admin/install.php?step=2 HTTP/1.1" 200 1340 "-" "Mozilla/5.0 (Windows NT 10.0; Win64; x64) AppleWebKit/537.36 (KHTML, like Gecko) Chrome/116.0.0.0 Safari/537.36"
80.250.114.243 - - [21/Oct/2025:15:13:48 +0300] "POST /wp-cron.php?doing_wp_cron=1761048828.1649498939514160156250 HTTP/1.1" 403 3655 "-" "WordPress/6.8.2; https://www.businessdatabases.net"
105.235.138.75 - - [21/Oct/2025:15:13:49 +0300] "GET /wp-admin/setup-config.php?step=1 HTTP/1.1" 403 67360 "-" "Mozilla/5.0 (Windows NT 10.0; Win64; x64) AppleWebKit/537.36 (KHTML, like Gecko) Chrome/116.0.0.0 Safari/537.36"
105.235.138.75 - - [21/Oct/2025:15:13:51 +0300] "GET /wp-admin/install.php?step=2 HTTP/1.1" 200 1340 "-" "Mozilla/5.0 (Windows NT 10.0; Win64; x64) AppleWebKit/537.36 (KHTML, like Gecko) Chrome/116.0.0.0 Safari/537.36"
80.250.114.243 - - [21/Oct/2025:15:13:51 +0300] "POST /wp-cron.php?doing_wp_cron=1761048831.8875820636749267578125 HTTP/1.1" 403 3649 "-" "WordPress/6.8.2; https://www.businessdatabases.net"
105.235.138.75 - - [21/Oct/2025:15:13:53 +0300] "GET /wp-admin/setup-config.php?step=1 HTTP/1.1" 403 67360 "-" "Mozilla/5.0 (Windows NT 10.0; Win64; x64) AppleWebKit/537.36 (KHTML, like Gecko) Chrome/116.0.0.0 Safari/537.36"
105.235.138.75 - - [21/Oct/2025:15:13:55 +0300] "GET /wp-admin/install.php?step=2 HTTP/1.1" 200 1340 "-" "Mozilla/5.0 (Windows NT 10.0; Win64; x64) AppleWebKit/537.36 (KHTML, like Gecko) Chrome/116.0.0.0 Safari/537.36"
80.250.114.243 - - [21/Oct/2025:15:13:55 +0300] "POST /wp-cron.php?doing_wp_cron=1761048835.5854840278625488281250 HTTP/1.1" 403 3649 "-" "WordPress/6.8.2; https://www.businessdatabases.net"
105.235.138.75 - - [21/Oct/2025:15:13:56 +0300] "GET /wp-admin/setup-config.php?step=1 HTTP/1.1" 403 67360 "-" "Mozilla/5.0 (Windows NT 10.0; Win64; x64) AppleWebKit/537.36 (KHTML, like Gecko) Chrome/116.0.0.0 Safari/537.36"
105.235.138.75 - - [21/Oct/2025:15:13:58 +0300] "GET /wp-login.php HTTP/1.1" 200 67360 "-" "Mozilla/5.0 (Windows NT 10.0; Win64; x64) AppleWebKit/537.36 (KHTML, like Gecko) Chrome/116.0.0.0 Safari/537.36"
105.235.138.75 - - [21/Oct/2025:15:14:00 +0300] "GET /wp-admin/style.php HTTP/1.1" 403 67360 "-" "Mozilla/5.0 (Windows NT 10.0; Win64; x64) AppleWebKit/537.36 (KHTML, like Gecko) Chrome/116.0.0.0 Safari/537.36"
105.235.138.75 - - [21/Oct/2025:15:14:04 +0300] "GET /wp-content/style.php HTTP/1.1" 403 67360 "-" "Mozilla/5.0 (Windows NT 10.0; Win64; x64) AppleWebKit/537.36 (KHTML, like Gecko) Chrome/116.0.0.0 Safari/537.36"
105.235.138.75 - - [21/Oct/2025:15:14:06 +0300] "GET /wp-includes/style.php HTTP/1.1" 403 67360 "-" "Mozilla/5.0 (Windows NT 10.0; Win64; x64) AppleWebKit/537.36 (KHTML, like Gecko) Chrome/116.0.0.0 Safari/537.36"
105.235.138.75 - - [21/Oct/2025:15:14:08 +0300] "GET /wp.php HTTP/1.1" 403 67360 "-" "Mozilla/5.0 (Windows NT 10.0; Win64; x64) AppleWebKit/537.36 (KHTML, like Gecko) Chrome/116.0.0.0 Safari/537.36"
105.235.138.75 - - [21/Oct/2025:15:14:11 +0300] "GET /file.php HTTP/1.1" 403 67360 "-" "Mozilla/5.0 (Windows NT 10.0; Win64; x64) AppleWebKit/537.36 (KHTML, like Gecko) Chrome/116.0.0.0 Safari/537.36"
105.235.138.75 - - [21/Oct/2025:15:14:13 +0300] "GET /wp-content/akp.php HTTP/1.1" 403 67360 "-" "Mozilla/5.0 (Windows NT 10.0; Win64; x64) AppleWebKit/537.36 (KHTML, like Gecko) Chrome/116.0.0.0 Safari/537.36"
105.235.138.75 - - [21/Oct/2025:15:14:15 +0300] "GET /aw.php HTTP/1.1" 403 67360 "-" "Mozilla/5.0 (Windows NT 10.0; Win64; x64) AppleWebKit/537.36 (KHTML, like Gecko) Chrome/116.0.0.0 Safari/537.36"
105.235.138.75 - - [21/Oct/2025:15:14:17 +0300] "GET /wp-content/plugins/geu/geu.php HTTP/1.1" 200 67360 "-" "Mozilla/5.0 (Windows NT 10.0; Win64; x64) AppleWebKit/537.36 (KHTML, like Gecko) Chrome/116.0.0.0 Safari/537.36"
105.235.138.75 - - [21/Oct/2025:15:14:21 +0300] "GET /simple.php HTTP/1.1" 403 67360 "-" "Mozilla/5.0 (Windows NT 10.0; Win64; x64) AppleWebKit/537.36 (KHTML, like Gecko) Chrome/116.0.0.0 Safari/537.36"
105.235.138.75 - - [21/Oct/2025:15:14:24 +0300] "GET /wp-login.php HTTP/1.1" 200 67360 "-" "Mozilla/5.0 (Windows NT 10.0; Win64; x64) AppleWebKit/537.36 (KHTML, like Gecko) Chrome/116.0.0.0 Safari/537.36"
105.235.138.75 - - [21/Oct/2025:15:14:26 +0300] "GET /xmlrpc.php HTTP/1.1" 403 67360 "-" "Mozilla/5.0 (Windows NT 10.0; Win64; x64) AppleWebKit/537.36 (KHTML, like Gecko) Chrome/116.0.0.0 Safari/537.36"
105.235.138.75 - - [21/Oct/2025:15:14:28 +0300] "GET /admin.php HTTP/1.1" 200 67360 "-" "Mozilla/5.0 (Windows NT 10.0; Win64; x64) AppleWebKit/537.36 (KHTML, like Gecko) Chrome/116.0.0.0 Safari/537.36"
105.235.138.75 - - [21/Oct/2025:15:14:31 +0300] "GET /install.php HTTP/1.1" 200 67360 "-" "Mozilla/5.0 (Windows NT 10.0; Win64; x64) AppleWebKit/537.36 (KHTML, like Gecko) Chrome/116.0.0.0 Safari/537.36"
105.235.138.75 - - [21/Oct/2025:15:14:33 +0300] "GET /wp-blog-header.php HTTP/1.1" 403 67360 "-" "Mozilla/5.0 (Windows NT 10.0; Win64; x64) AppleWebKit/537.36 (KHTML, like Gecko) Chrome/116.0.0.0 Safari/537.36"
105.235.138.75 - - [21/Oct/2025:15:14:34 +0300] "GET /wp-cli.php HTTP/1.1" 403 67360 "-" "Mozilla/5.0 (Windows NT 10.0; Win64; x64) AppleWebKit/537.36 (KHTML, like Gecko) Chrome/116.0.0.0 Safari/537.36"
105.235.138.75 - - [21/Oct/2025:15:14:36 +0300] "GET /options.php HTTP/1.1" 200 67360 "-" "Mozilla/5.0 (Windows NT 10.0; Win64; x64) AppleWebKit/537.36 (KHTML, like Gecko) Chrome/116.0.0.0 Safari/537.36"
105.235.138.75 - - [21/Oct/2025:15:14:39 +0300] "GET /click.php HTTP/1.1" 200 67360 "-" "Mozilla/5.0 (Windows NT 10.0; Win64; x64) AppleWebKit/537.36 (KHTML, like Gecko) Chrome/116.0.0.0 Safari/537.36"
105.235.138.75 - - [21/Oct/2025:15:14:40 +0300] "GET /saiga.php HTTP/1.1" 403 67360 "-" "Mozilla/5.0 (Windows NT 10.0; Win64; x64) AppleWebKit/537.36 (KHTML, like Gecko) Chrome/116.0.0.0 Safari/537.36"
105.235.138.75 - - [21/Oct/2025:15:14:42 +0300] "GET /wp-content/themes/twentytwentythree/ HTTP/1.1" 200 67360 "-" "Mozilla/5.0 (Windows NT 10.0; Win64; x64) AppleWebKit/537.36 (KHTML, like Gecko) Chrome/116.0.0.0 Safari/537.36"
105.235.138.75 - - [21/Oct/2025:15:14:44 +0300] "GET /wp-content/themes/twentytwentythree/images/ HTTP/1.1" 200 67360 "-" "Mozilla/5.0 (Windows NT 10.0; Win64; x64) AppleWebKit/537.36 (KHTML, like Gecko) Chrome/116.0.0.0 Safari/537.36"
105.235.138.75 - - [21/Oct/2025:15:14:46 +0300] "GET /wp-content/themes/twentytwentytwo/ HTTP/1.1" 200 67360 "-" "Mozilla/5.0 (Windows NT 10.0; Win64; x64) AppleWebKit/537.36 (KHTML, like Gecko) Chrome/116.0.0.0 Safari/537.36"
105.235.138.75 - - [21/Oct/2025:15:14:48 +0300] "GET /wp-content/themes/twentytwentytwo/images/ HTTP/1.1" 200 67360 "-" "Mozilla/5.0 (Windows NT 10.0; Win64; x64) AppleWebKit/537.36 (KHTML, like Gecko) Chrome/116.0.0.0 Safari/537.36"
105.235.138.75 - - [21/Oct/2025:15:14:50 +0300] "GET /wp-content/themes/twentytwentyone/ HTTP/1.1" 200 67360 "-" "Mozilla/5.0 (Windows NT 10.0; Win64; x64) AppleWebKit/537.36 (KHTML, like Gecko) Chrome/116.0.0.0 Safari/537.36"
105.235.138.75 - - [21/Oct/2025:15:14:51 +0300] "GET /wp-content/themes/twentytwentyone/images/ HTTP/1.1" 200 67360 "-" "Mozilla/5.0 (Windows NT 10.0; Win64; x64) AppleWebKit/537.36 (KHTML, like Gecko) Chrome/116.0.0.0 Safari/537.36"
105.235.138.75 - - [21/Oct/2025:15:14:53 +0300] "GET /wp-content/themes/twentytwenty/ HTTP/1.1" 200 67360 "-" "Mozilla/5.0 (Windows NT 10.0; Win64; x64) AppleWebKit/537.36 (KHTML, like Gecko) Chrome/116.0.0.0 Safari/537.36"
105.235.138.75 - - [21/Oct/2025:15:14:55 +0300] "GET /wp-content/themes/twentytwenty/images/ HTTP/1.1" 200 67360 "-" "Mozilla/5.0 (Windows NT 10.0; Win64; x64) AppleWebKit/537.36 (KHTML, like Gecko) Chrome/116.0.0.0 Safari/537.36"
105.235.138.75 - - [21/Oct/2025:15:14:58 +0300] "GET /wp-content/themes/twentynineteen/ HTTP/1.1" 200 67360 "-" "Mozilla/5.0 (Windows NT 10.0; Win64; x64) AppleWebKit/537.36 (KHTML, like Gecko) Chrome/116.0.0.0 Safari/537.36"
105.235.138.75 - - [21/Oct/2025:15:15:01 +0300] "GET /wp-content/themes/twentynineteen/images/ HTTP/1.1" 200 67360 "-" "Mozilla/5.0 (Windows NT 10.0; Win64; x64) AppleWebKit/537.36 (KHTML, like Gecko) Chrome/116.0.0.0 Safari/537.36"
105.235.138.75 - - [21/Oct/2025:15:15:03 +0300] "GET /wp-content/themes/astra/ HTTP/1.1" 200 67360 "-" "Mozilla/5.0 (Windows NT 10.0; Win64; x64) AppleWebKit/537.36 (KHTML, like Gecko) Chrome/116.0.0.0 Safari/537.36"
105.235.138.75 - - [21/Oct/2025:15:15:05 +0300] "GET /wp-content/themes/astra/images/ HTTP/1.1" 200 67360 "-" "Mozilla/5.0 (Windows NT 10.0; Win64; x64) AppleWebKit/537.36 (KHTML, like Gecko) Chrome/116.0.0.0 Safari/537.36"
105.235.138.75 - - [21/Oct/2025:15:15:07 +0300] "GET /wp-content/themes/hello-elementor/ HTTP/1.1" 200 67360 "-" "Mozilla/5.0 (Windows NT 10.0; Win64; x64) AppleWebKit/537.36 (KHTML, like Gecko) Chrome/116.0.0.0 Safari/537.36"
105.235.138.75 - - [21/Oct/2025:15:15:09 +0300] "GET /wp-content/themes/hello-elementor/images/ HTTP/1.1" 200 67360 "-" "Mozilla/5.0 (Windows NT 10.0; Win64; x64) AppleWebKit/537.36 (KHTML, like Gecko) Chrome/116.0.0.0 Safari/537.36"
105.235.138.75 - - [21/Oct/2025:15:15:11 +0300] "GET /wp-content/themes/generatepress/ HTTP/1.1" 200 67360 "-" "Mozilla/5.0 (Windows NT 10.0; Win64; x64) AppleWebKit/537.36 (KHTML, like Gecko) Chrome/116.0.0.0 Safari/537.36"
105.235.138.75 - - [21/Oct/2025:15:15:13 +0300] "GET /wp-content/themes/generatepress/images/ HTTP/1.1" 200 67360 "-" "Mozilla/5.0 (Windows NT 10.0; Win64; x64) AppleWebKit/537.36 (KHTML, like Gecko) Chrome/116.0.0.0 Safari/537.36"
105.235.138.75 - - [21/Oct/2025:15:15:17 +0300] "GET /wp-content/themes/oceanwp/ HTTP/1.1" 200 67360 "-" "Mozilla/5.0 (Windows NT 10.0; Win64; x64) AppleWebKit/537.36 (KHTML, like Gecko) Chrome/116.0.0.0 Safari/537.36"
105.235.138.75 - - [21/Oct/2025:15:15:19 +0300] "GET /wp-content/themes/oceanwp/images/ HTTP/1.1" 200 67360 "-" "Mozilla/5.0 (Windows NT 10.0; Win64; x64) AppleWebKit/537.36 (KHTML, like Gecko) Chrome/116.0.0.0 Safari/537.36"
105.235.138.75 - - [21/Oct/2025:15:15:20 +0300] "GET /wp-content/plugins/contact-form-7/ HTTP/1.1" 200 1912 "-" "Mozilla/5.0 (Windows NT 10.0; Win64; x64) AppleWebKit/537.36 (KHTML, like Gecko) Chrome/116.0.0.0 Safari/537.36"
105.235.138.75 - - [21/Oct/2025:15:15:20 +0300] "GET /wp-content/plugins/contact-form-7/assets/ HTTP/1.1" 200 1056 "-" "Mozilla/5.0 (Windows NT 10.0; Win64; x64) AppleWebKit/537.36 (KHTML, like Gecko) Chrome/116.0.0.0 Safari/537.36"
105.235.138.75 - - [21/Oct/2025:15:15:21 +0300] "GET /wp-content/plugins/woocommerce/ HTTP/1.1" 200 2782 "-" "Mozilla/5.0 (Windows NT 10.0; Win64; x64) AppleWebKit/537.36 (KHTML, like Gecko) Chrome/116.0.0.0 Safari/537.36"
105.235.138.75 - - [21/Oct/2025:15:15:21 +0300] "GET /wp-content/plugins/woocommerce/assets/ HTTP/1.1" 200 1562 "-" "Mozilla/5.0 (Windows NT 10.0; Win64; x64) AppleWebKit/537.36 (KHTML, like Gecko) Chrome/116.0.0.0 Safari/537.36"
105.235.138.75 - - [21/Oct/2025:15:15:21 +0300] "GET /wp-content/plugins/akismet/ HTTP/1.1" 200 834 "-" "Mozilla/5.0 (Windows NT 10.0; Win64; x64) AppleWebKit/537.36 (KHTML, like Gecko) Chrome/116.0.0.0 Safari/537.36"
105.235.138.75 - - [21/Oct/2025:15:15:21 +0300] "GET /wp-content/plugins/akismet/assets/ HTTP/1.1" 200 67360 "-" "Mozilla/5.0 (Windows NT 10.0; Win64; x64) AppleWebKit/537.36 (KHTML, like Gecko) Chrome/116.0.0.0 Safari/537.36"
105.235.138.75 - - [21/Oct/2025:15:15:23 +0300] "GET /wp-content/plugins/jetpack/ HTTP/1.1" 200 67360 "-" "Mozilla/5.0 (Windows NT 10.0; Win64; x64) AppleWebKit/537.36 (KHTML, like Gecko) Chrome/116.0.0.0 Safari/537.36"
105.235.138.75 - - [21/Oct/2025:15:15:26 +0300] "GET /wp-content/plugins/jetpack/assets/ HTTP/1.1" 200 67360 "-" "Mozilla/5.0 (Windows NT 10.0; Win64; x64) AppleWebKit/537.36 (KHTML, like Gecko) Chrome/116.0.0.0 Safari/537.36"
105.235.138.75 - - [21/Oct/2025:15:15:28 +0300] "GET /wp-content/plugins/elementor/ HTTP/1.1" 200 67360 "-" "Mozilla/5.0 (Windows NT 10.0; Win64; x64) AppleWebKit/537.36 (KHTML, like Gecko) Chrome/116.0.0.0 Safari/537.36"
105.235.138.75 - - [21/Oct/2025:15:15:30 +0300] "GET /wp-content/plugins/elementor/assets/ HTTP/1.1" 200 67360 "-" "Mozilla/5.0 (Windows NT 10.0; Win64; x64) AppleWebKit/537.36 (KHTML, like Gecko) Chrome/116.0.0.0 Safari/537.36"
105.235.138.75 - - [21/Oct/2025:15:15:32 +0300] "GET /wp-content/plugins/wordpress-seo/ HTTP/1.1" 200 - "-" "Mozilla/5.0 (Windows NT 10.0; Win64; x64) AppleWebKit/537.36 (KHTML, like Gecko) Chrome/116.0.0.0 Safari/537.36"
105.235.138.75 - - [21/Oct/2025:15:15:32 +0300] "GET /wp-content/plugins/wordpress-seo/assets/ HTTP/1.1" 200 67360 "-" "Mozilla/5.0 (Windows NT 10.0; Win64; x64) AppleWebKit/537.36 (KHTML, like Gecko) Chrome/116.0.0.0 Safari/537.36"
105.235.138.75 - - [21/Oct/2025:15:15:34 +0300] "GET /wp-content/plugins/classic-editor/ HTTP/1.1" 200 67360 "-" "Mozilla/5.0 (Windows NT 10.0; Win64; x64) AppleWebKit/537.36 (KHTML, like Gecko) Chrome/116.0.0.0 Safari/537.36"
105.235.138.75 - - [21/Oct/2025:15:15:36 +0300] "GET /wp-content/plugins/classic-editor/assets/ HTTP/1.1" 200 67360 "-" "Mozilla/5.0 (Windows NT 10.0; Win64; x64) AppleWebKit/537.36 (KHTML, like Gecko) Chrome/116.0.0.0 Safari/537.36"
105.235.138.75 - - [21/Oct/2025:15:15:38 +0300] "GET /wp-content/plugins/wpforms-lite/ HTTP/1.1" 200 67360 "-" "Mozilla/5.0 (Windows NT 10.0; Win64; x64) AppleWebKit/537.36 (KHTML, like Gecko) Chrome/116.0.0.0 Safari/537.36"
105.235.138.75 - - [21/Oct/2025:15:15:40 +0300] "GET /wp-content/plugins/wpforms-lite/assets/ HTTP/1.1" 200 67360 "-" "Mozilla/5.0 (Windows NT 10.0; Win64; x64) AppleWebKit/537.36 (KHTML, like Gecko) Chrome/116.0.0.0 Safari/537.36"
105.235.138.75 - - [21/Oct/2025:15:15:43 +0300] "GET /wp-content/plugins/updraftplus/ HTTP/1.1" 200 67360 "-" "Mozilla/5.0 (Windows NT 10.0; Win64; x64) AppleWebKit/537.36 (KHTML, like Gecko) Chrome/116.0.0.0 Safari/537.36"
105.235.138.75 - - [21/Oct/2025:15:15:45 +0300] "GET /wp-content/plugins/updraftplus/assets/ HTTP/1.1" 200 67360 "-" "Mozilla/5.0 (Windows NT 10.0; Win64; x64) AppleWebKit/537.36 (KHTML, like Gecko) Chrome/116.0.0.0 Safari/537.36"
105.235.138.75 - - [21/Oct/2025:15:15:47 +0300] "GET /wp-content/uploads/2025/ HTTP/1.1" 403 67360 "-" "Mozilla/5.0 (Windows NT 10.0; Win64; x64) AppleWebKit/537.36 (KHTML, like Gecko) Chrome/116.0.0.0 Safari/537.36"
105.235.138.75 - - [21/Oct/2025:15:15:48 +0300] "GET /wp-content/uploads/2025/01/ HTTP/1.1" 403 67360 "-" "Mozilla/5.0 (Windows NT 10.0; Win64; x64) AppleWebKit/537.36 (KHTML, like Gecko) Chrome/116.0.0.0 Safari/537.36"
105.235.138.75 - - [21/Oct/2025:15:15:50 +0300] "GET /wp-content/uploads/2024/ HTTP/1.1" 403 67360 "-" "Mozilla/5.0 (Windows NT 10.0; Win64; x64) AppleWebKit/537.36 (KHTML, like Gecko) Chrome/116.0.0.0 Safari/537.36"
149.154.161.219 - - [21/Oct/2025:15:16:09 +0300] "GET /wp-content/plugins/geu/geu.php HTTP/1.1" 200 3649 "-" "TelegramBot (like TwitterBot)"
105.235.138.75 - - [21/Oct/2025:15:15:53 +0300] "GET /wp-content/uploads/2024/01/ HTTP/1.1" 403 67360 "-" "Mozilla/5.0 (Windows NT 10.0; Win64; x64) AppleWebKit/537.36 (KHTML, like Gecko) Chrome/116.0.0.0 Safari/537.36"
149.154.161.216 - - [21/Oct/2025:15:16:10 +0300] "GET /click.php HTTP/1.1" 200 3649 "-" "TelegramBot (like TwitterBot)"
149.154.161.232 - - [21/Oct/2025:15:16:11 +0300] "GET /wp-content/themes/twentytwentythree/ HTTP/1.1" 200 3649 "-" "TelegramBot (like TwitterBot)"
149.154.161.214 - - [21/Oct/2025:15:16:11 +0300] "GET /wp-content/themes/twentytwentythree/images/ HTTP/1.1" 200 3649 "-" "TelegramBot (like TwitterBot)"
149.154.161.203 - - [21/Oct/2025:15:16:12 +0300] "GET /wp-content/themes/twentytwentytwo/ HTTP/1.1" 200 3649 "-" "TelegramBot (like TwitterBot)"
149.154.161.244 - - [21/Oct/2025:15:16:12 +0300] "GET /wp-content/themes/twentytwentytwo/images/ HTTP/1.1" 200 3649 "-" "TelegramBot (like TwitterBot)"
149.154.161.201 - - [21/Oct/2025:15:16:13 +0300] "GET /wp-content/themes/twentytwentyone/ HTTP/1.1" 200 3649 "-" "TelegramBot (like TwitterBot)"
149.154.161.197 - - [21/Oct/2025:15:16:13 +0300] "GET /wp-content/themes/twentytwenty/ HTTP/1.1" 200 3649 "-" "TelegramBot (like TwitterBot)"
149.154.161.231 - - [21/Oct/2025:15:16:15 +0300] "GET /wp-content/themes/twentynineteen/images/ HTTP/1.1" 200 3649 "-" "TelegramBot (like TwitterBot)"
149.154.161.230 - - [21/Oct/2025:15:16:15 +0300] "GET /wp-content/themes/astra/ HTTP/1.1" 200 3649 "-" "TelegramBot (like TwitterBot)"
149.154.161.215 - - [21/Oct/2025:15:16:13 +0300] "GET /wp-content/themes/twentytwentyone/images/ HTTP/1.1" 200 3655 "-" "TelegramBot (like TwitterBot)"
149.154.161.252 - - [21/Oct/2025:15:16:16 +0300] "GET /wp-content/themes/astra/images/ HTTP/1.1" 200 3649 "-" "TelegramBot (like TwitterBot)"
149.154.161.221 - - [21/Oct/2025:15:16:14 +0300] "GET /wp-content/themes/twentytwenty/images/ HTTP/1.1" 200 3649 "-" "TelegramBot (like TwitterBot)"
149.154.161.200 - - [21/Oct/2025:15:16:17 +0300] "GET /wp-content/themes/hello-elementor/images/ HTTP/1.1" 200 3649 "-" "TelegramBot (like TwitterBot)"
95.161.76.54 - - [21/Oct/2025:15:16:17 +0300] "GET /options.php HTTP/1.1" 200 3649 "-" "Mozilla/5.0 (Windows NT 10.0; Win64; x64) AppleWebKit/537.36 (KHTML, like Gecko) Chrome/96.0.4664.110 Safari/537.36"
149.154.161.249 - - [21/Oct/2025:15:16:10 +0300] "GET /options.php HTTP/1.1" 200 3649 "-" "TelegramBot (like TwitterBot)"
149.154.161.198 - - [21/Oct/2025:15:16:18 +0300] "GET /wp-content/themes/generatepress/images/ HTTP/1.1" 200 3649 "-" "TelegramBot (like TwitterBot)"
149.154.161.248 - - [21/Oct/2025:15:16:19 +0300] "GET /wp-content/plugins/akismet/assets/ HTTP/1.1" 200 3649 "-" "TelegramBot (like TwitterBot)"
149.154.161.212 - - [21/Oct/2025:15:16:17 +0300] "GET /wp-content/themes/generatepress/ HTTP/1.1" 200 3649 "-" "TelegramBot (like TwitterBot)"
149.154.161.202 - - [21/Oct/2025:15:16:19 +0300] "GET /wp-content/themes/oceanwp/images/ HTTP/1.1" 200 3649 "-" "TelegramBot (like TwitterBot)"
149.154.161.252 - - [21/Oct/2025:15:16:20 +0300] "GET /wp-content/plugins/jetpack/assets/ HTTP/1.1" 200 3649 "-" "TelegramBot (like TwitterBot)"
149.154.161.200 - - [21/Oct/2025:15:16:16 +0300] "GET /wp-content/themes/hello-elementor/ HTTP/1.1" 200 3649 "-" "TelegramBot (like TwitterBot)"
149.154.161.251 - - [21/Oct/2025:15:16:18 +0300] "GET /wp-content/themes/oceanwp/ HTTP/1.1" 200 3649 "-" "TelegramBot (like TwitterBot)"
149.154.161.217 - - [21/Oct/2025:15:16:21 +0300] "GET /wp-content/plugins/elementor/assets/ HTTP/1.1" 200 3649 "-" "TelegramBot (like TwitterBot)"
149.154.161.196 - - [21/Oct/2025:15:16:19 +0300] "GET /wp-content/plugins/jetpack/ HTTP/1.1" 200 3649 "-" "TelegramBot (like TwitterBot)"
149.154.161.221 - - [21/Oct/2025:15:16:14 +0300] "GET /wp-content/themes/twentynineteen/ HTTP/1.1" 200 3649 "-" "TelegramBot (like TwitterBot)"
105.235.138.75 - - [21/Oct/2025:15:16:24 +0300] "GET /images/ HTTP/1.1" 200 962 "-" "python-requests/2.32.3"
95.161.76.26 - - [21/Oct/2025:15:16:21 +0300] "GET /wp-content/themes/twentynineteen/ HTTP/1.1" 200 3649 "-" "Mozilla/5.0 (Windows NT 10.0; Win64; x64) AppleWebKit/537.36 (KHTML, like Gecko) Chrome/96.0.4664.110 Safari/537.36 Edg/96.0.1054.62"
149.154.161.200 - - [21/Oct/2025:15:16:22 +0300] "GET /wp-content/plugins/classic-editor/ HTTP/1.1" 200 3649 "-" "TelegramBot (like TwitterBot)"
149.154.161.218 - - [21/Oct/2025:15:16:20 +0300] "GET /wp-content/plugins/elementor/ HTTP/1.1" 200 3649 "-" "TelegramBot (like TwitterBot)"
149.154.161.249 - - [21/Oct/2025:15:16:23 +0300] "GET /wp-content/plugins/wpforms-lite/ HTTP/1.1" 200 3649 "-" "TelegramBot (like TwitterBot)"
149.154.161.202 - - [21/Oct/2025:15:16:22 +0300] "GET /wp-content/plugins/wordpress-seo/assets/ HTTP/1.1" 200 3649 "-" "TelegramBot (like TwitterBot)"
149.154.161.200 - - [21/Oct/2025:15:16:23 +0300] "GET /wp-content/plugins/updraftplus/ HTTP/1.1" 200 3649 "-" "TelegramBot (like TwitterBot)"
149.154.161.198 - - [21/Oct/2025:15:16:23 +0300] "GET /wp-content/plugins/wpforms-lite/assets/ HTTP/1.1" 200 3649 "-" "TelegramBot (like TwitterBot)"
149.154.161.198 - - [21/Oct/2025:15:16:24 +0300] "GET /wp-content/plugins/updraftplus/assets/ HTTP/1.1" 200 3649 "-" "TelegramBot (like TwitterBot)"
149.154.161.218 - - [21/Oct/2025:15:16:22 +0300] "GET /wp-content/plugins/classic-editor/assets/ HTTP/1.1" 200 3649 "-" "TelegramBot (like TwitterBot)"
105.235.138.75 - - [21/Oct/2025:15:16:24 +0300] "GET /assets/ HTTP/1.1" 200 67360 "-" "python-requests/2.32.3"
105.235.138.75 - - [21/Oct/2025:15:16:28 +0300] "GET /.well-known/ HTTP/1.1" 403 67360 "-" "python-requests/2.32.3"
105.235.138.75 - - [21/Oct/2025:15:16:29 +0300] "GET /wp-content/uploads/2015/ HTTP/1.1" 200 67360 "-" "python-requests/2.32.3"
105.235.138.75 - - [21/Oct/2025:15:16:32 +0300] "GET /wp-content/uploads/2016/ HTTP/1.1" 200 67360 "-" "python-requests/2.32.3"
105.235.138.75 - - [21/Oct/2025:15:16:36 +0300] "GET /wp-content/uploads/2017/ HTTP/1.1" 200 67360 "-" "python-requests/2.32.3"
105.235.138.75 - - [21/Oct/2025:15:16:38 +0300] "GET /wp-content/uploads/2018/ HTTP/1.1" 200 67360 "-" "python-requests/2.32.3"
105.235.138.75 - - [21/Oct/2025:15:16:40 +0300] "GET /wp-content/uploads/2019/ HTTP/1.1" 200 67360 "-" "python-requests/2.32.3"
105.235.138.75 - - [21/Oct/2025:15:16:43 +0300] "GET /wp-content/uploads/ HTTP/1.1" 200 4924 "-" "python-requests/2.32.3"
105.235.138.75 - - [21/Oct/2025:15:16:43 +0300] "GET /wp-includes/ HTTP/1.1" 200 6473 "-" "python-requests/2.32.3"
105.235.138.75 - - [21/Oct/2025:15:16:44 +0300] "GET /wp-includes/plugin.php HTTP/1.1" 200 - "-" "python-requests/2.32.3"
105.235.138.75 - - [21/Oct/2025:15:16:45 +0300] "GET /wp-admin/ HTTP/1.1" 200 1433 "-" "python-requests/2.32.3"
105.235.138.75 - - [21/Oct/2025:15:16:45 +0300] "GET /wp-content/ HTTP/1.1" 200 - "-" "python-requests/2.32.3"
105.235.138.75 - - [21/Oct/2025:15:16:45 +0300] "GET /wp-content/themes/ HTTP/1.1" 200 - "-" "python-requests/2.32.3"
105.235.138.75 - - [21/Oct/2025:15:16:47 +0300] "GET /wp-content/themes/twentytwentythree/ HTTP/1.1" 200 67360 "-" "python-requests/2.32.3"
105.235.138.75 - - [21/Oct/2025:15:16:50 +0300] "GET /wp-content/themes/twentytwentytwo/ HTTP/1.1" 200 67360 "-" "python-requests/2.32.3"
105.235.138.75 - - [21/Oct/2025:15:16:52 +0300] "GET /wp-content/themes/twentytwentyone/ HTTP/1.1" 200 67360 "-" "python-requests/2.32.3"
105.235.138.75 - - [21/Oct/2025:15:16:54 +0300] "GET /wp-content/themes/twentytwenty/ HTTP/1.1" 200 67360 "-" "python-requests/2.32.3"
105.235.138.75 - - [21/Oct/2025:15:16:56 +0300] "GET /wp-content/themes/twentynineteen/ HTTP/1.1" 200 67360 "-" "python-requests/2.32.3"
105.235.138.75 - - [21/Oct/2025:15:16:58 +0300] "GET /wp-content/plugins/ HTTP/1.1" 200 - "-" "python-requests/2.32.3"
105.235.138.75 - - [21/Oct/2025:15:16:59 +0300] "GET /wp-content/plugins/contact-form-7/ HTTP/1.1" 200 1912 "-" "python-requests/2.32.3"
105.235.138.75 - - [21/Oct/2025:15:16:59 +0300] "GET /wp-content/plugins/woocommerce/ HTTP/1.1" 200 2782 "-" "python-requests/2.32.3"
105.235.138.75 - - [21/Oct/2025:15:16:59 +0300] "GET /wp-content/plugins/akismet/ HTTP/1.1" 200 834 "-" "python-requests/2.32.3"
105.235.138.75 - - [21/Oct/2025:15:17:00 +0300] "GET /wp-content/plugins/jetpack/ HTTP/1.1" 200 67360 "-" "python-requests/2.32.3"
105.235.138.75 - - [21/Oct/2025:15:17:02 +0300] "GET /wp-content/plugins/elementor/ HTTP/1.1" 200 67360 "-" "python-requests/2.32.3"
105.235.138.75 - - [21/Oct/2025:15:17:07 +0300] "GET /wp-content/plugins/wordpress-seo/ HTTP/1.1" 200 - "-" "python-requests/2.32.3"
105.235.138.75 - - [21/Oct/2025:15:17:08 +0300] "GET /wp-content/plugins/classic-editor/ HTTP/1.1" 200 67360 "-" "python-requests/2.32.3"
105.235.138.75 - - [21/Oct/2025:15:17:10 +0300] "GET /wp-content/plugins/wpforms-lite/ HTTP/1.1" 200 67360 "-" "python-requests/2.32.3"
105.235.138.75 - - [21/Oct/2025:15:17:12 +0300] "GET /wp-content/plugins/updraftplus/ HTTP/1.1" 200 67360 "-" "python-requests/2.32.3"
105.235.138.75 - - [21/Oct/2025:15:17:14 +0300] "GET /wp-content/plugins/wordfence/ HTTP/1.1" 200 67360 "-" "python-requests/2.32.3"
105.235.138.75 - - [21/Oct/2025:15:17:16 +0300] "GET /wp-content/cache/ HTTP/1.1" 200 - "-" "python-requests/2.32.3"
105.235.138.75 - - [21/Oct/2025:15:17:16 +0300] "GET /wp-content/wflogs/ HTTP/1.1" 200 67360 "-" "python-requests/2.32.3"
105.235.138.75 - - [21/Oct/2025:15:17:18 +0300] "GET /wp-content/upgrade/ HTTP/1.1" 200 637 "-" "python-requests/2.32.3"
105.235.138.75 - - [21/Oct/2025:15:17:18 +0300] "GET /wp-admin/includes/ HTTP/1.1" 200 1892 "-" "python-requests/2.32.3"
105.235.138.75 - - [21/Oct/2025:15:17:19 +0300] "GET /wp-admin/includes/admin.php HTTP/1.1" 500 - "-" "python-requests/2.32.3"
105.235.138.75 - - [21/Oct/2025:15:17:19 +0300] "GET /wp-admin/includes/export.php HTTP/1.1" 200 - "-" "python-requests/2.32.3"
105.235.138.75 - - [21/Oct/2025:15:17:19 +0300] "GET /wp-admin/includes/import.php HTTP/1.1" 200 - "-" "python-requests/2.32.3"
105.235.138.75 - - [21/Oct/2025:15:17:20 +0300] "GET /wp-admin/includes/options.php HTTP/1.1" 200 - "-" "python-requests/2.32.3"
105.235.138.75 - - [21/Oct/2025:15:17:20 +0300] "GET /wp-admin/includes/plugin-install.php HTTP/1.1" 200 - "-" "python-requests/2.32.3"
105.235.138.75 - - [21/Oct/2025:15:17:21 +0300] "GET /wp-admin/includes/plugin.php HTTP/1.1" 200 - "-" "python-requests/2.32.3"
105.235.138.75 - - [21/Oct/2025:15:17:21 +0300] "GET /wp-admin/includes/update-core.php HTTP/1.1" 200 - "-" "python-requests/2.32.3"
105.235.138.75 - - [21/Oct/2025:15:17:21 +0300] "GET /wp-admin/images/ HTTP/1.1" 200 14902 "-" "python-requests/2.32.3"
105.235.138.75 - - [21/Oct/2025:15:17:22 +0300] "GET /wp-admin/js/ HTTP/1.1" 200 18683 "-" "python-requests/2.32.3"
105.235.138.75 - - [21/Oct/2025:15:17:23 +0300] "GET /wp-admin/css/ HTTP/1.1" 200 19541 "-" "python-requests/2.32.3"
105.235.138.75 - - [21/Oct/2025:15:17:23 +0300] "GET /wp-includes/images/ HTTP/1.1" 200 6313 "-" "python-requests/2.32.3"
105.235.138.75 - - [21/Oct/2025:15:17:24 +0300] "GET /wp-includes/js/ HTTP/1.1" 200 21086 "-" "python-requests/2.32.3"
105.235.138.75 - - [21/Oct/2025:15:17:24 +0300] "GET /wp-includes/css/ HTTP/1.1" 200 8735 "-" "python-requests/2.32.3"
170.106.72.93 - - [21/Oct/2025:15:27:04 +0300] "GET / HTTP/1.1" 200 67360 "-" "Mozilla/5.0 (iPhone; CPU iPhone OS 13_2_3 like Mac OS X) AppleWebKit/605.1.15 (KHTML, like Gecko) Version/13.0.3 Mobile/15E148 Safari/604.1"
51.38.180.239 - - [21/Oct/2025:15:27:40 +0300] "GET / HTTP/1.1" 200 3649 "-" "Mozilla/5.0 (Windows NT 11.0; Win64; x64) AppleWebKit/537.36 (KHTML, like Gecko) Chrome/126.0.0.0 Safari/537.36"
216.244.66.239 - - [21/Oct/2025:15:30:23 +0300] "GET /robots.txt HTTP/1.1" 200 418 "-" "Mozilla/5.0 (compatible; DotBot/1.2; +https://opensiteexplorer.org/dotbot; help@moz.com)"
216.244.66.239 - - [21/Oct/2025:15:33:44 +0300] "GET /product/chisinau-business-database/ HTTP/1.1" 200 - "-" "Mozilla/5.0 (compatible; DotBot/1.2; +https://opensiteexplorer.org/dotbot; help@moz.com)"
216.244.66.239 - - [21/Oct/2025:15:33:49 +0300] "GET /product/lodz-contacts/ HTTP/1.1" 200 - "-" "Mozilla/5.0 (compatible; DotBot/1.2; +https://opensiteexplorer.org/dotbot; help@moz.com)"
157.20.32.226 - - [21/Oct/2025:15:35:21 +0300] "GET /admin.php HTTP/1.1" 200 - "-" "python-httpx/0.28.1"
157.20.32.226 - - [21/Oct/2025:15:35:21 +0300] "GET /about.php HTTP/1.1" 200 - "-" "python-httpx/0.28.1"
157.20.32.226 - - [21/Oct/2025:15:35:22 +0300] "GET /wp-admin/css/colors/blue/chosen.php HTTP/1.1" 403 - "-" "python-httpx/0.28.1"
157.20.32.226 - - [21/Oct/2025:15:35:22 +0300] "GET /wp-apxupx.php?apx=upx HTTP/1.1" 403 - "-" "python-httpx/0.28.1"
157.20.32.226 - - [21/Oct/2025:15:35:22 +0300] "GET /xmrlpc.php?p= HTTP/1.1" 403 - "-" "python-httpx/0.28.1"
157.20.32.226 - - [21/Oct/2025:15:35:22 +0300] "GET /defaults.php HTTP/1.1" 200 - "-" "python-httpx/0.28.1"
157.20.32.226 - - [21/Oct/2025:15:35:22 +0300] "GET /function.php HTTP/1.1" 200 - "-" "python-httpx/0.28.1"
157.20.32.226 - - [21/Oct/2025:15:35:23 +0300] "GET /wp-admin/images/function.php HTTP/1.1" 200 - "-" "python-httpx/0.28.1"
157.20.32.226 - - [21/Oct/2025:15:35:23 +0300] "GET /wp-admin/includes/function.php HTTP/1.1" 200 - "-" "python-httpx/0.28.1"
157.20.32.226 - - [21/Oct/2025:15:35:23 +0300] "GET /wp-admin/js/widgets/function.php HTTP/1.1" 200 - "-" "python-httpx/0.28.1"
157.20.32.226 - - [21/Oct/2025:15:35:23 +0300] "GET /wp-admin/js/function.php HTTP/1.1" 200 - "-" "python-httpx/0.28.1"
157.20.32.226 - - [21/Oct/2025:15:35:23 +0300] "GET /wp-admin/maint/function.php HTTP/1.1" 200 - "-" "python-httpx/0.28.1"
157.20.32.226 - - [21/Oct/2025:15:35:24 +0300] "GET /wp-admin/network/function.php HTTP/1.1" 200 - "-" "python-httpx/0.28.1"
157.20.32.226 - - [21/Oct/2025:15:35:24 +0300] "GET /wp-admin/user/function.php HTTP/1.1" 200 - "-" "python-httpx/0.28.1"
157.20.32.226 - - [21/Oct/2025:15:35:24 +0300] "GET /wp-content/function.php HTTP/1.1" 200 - "-" "python-httpx/0.28.1"
157.20.32.226 - - [21/Oct/2025:15:35:24 +0300] "GET /wp-content/uploads/function.php HTTP/1.1" 200 - "-" "python-httpx/0.28.1"
157.20.32.226 - - [21/Oct/2025:15:35:24 +0300] "GET /wp-content/plugins/function.php HTTP/1.1" 200 - "-" "python-httpx/0.28.1"
157.20.32.226 - - [21/Oct/2025:15:35:25 +0300] "GET /wp-content/languages/function.php HTTP/1.1" 200 - "-" "python-httpx/0.28.1"
157.20.32.226 - - [21/Oct/2025:15:35:25 +0300] "GET /wp-content/languages/themes/function.php HTTP/1.1" 200 - "-" "python-httpx/0.28.1"
157.20.32.226 - - [21/Oct/2025:15:35:25 +0300] "GET /wp-includes/SimplePie/function.php HTTP/1.1" 200 - "-" "python-httpx/0.28.1"
157.20.32.226 - - [21/Oct/2025:15:35:25 +0300] "GET /wp-includes/certificates/function.php HTTP/1.1" 200 - "-" "python-httpx/0.28.1"
157.20.32.226 - - [21/Oct/2025:15:35:25 +0300] "GET /wp-includes/customize/function.php HTTP/1.1" 200 - "-" "python-httpx/0.28.1"
157.20.32.226 - - [21/Oct/2025:15:35:26 +0300] "GET /index/function.php HTTP/1.1" 200 - "-" "python-httpx/0.28.1"
157.20.32.226 - - [21/Oct/2025:15:35:26 +0300] "GET /about/function.php HTTP/1.1" 200 - "-" "python-httpx/0.28.1"
157.20.32.226 - - [21/Oct/2025:15:35:26 +0300] "GET /as/function.php HTTP/1.1" 200 - "-" "python-httpx/0.28.1"
157.20.32.226 - - [21/Oct/2025:15:35:26 +0300] "GET /file/function.php HTTP/1.1" 200 - "-" "python-httpx/0.28.1"
157.20.32.226 - - [21/Oct/2025:15:35:26 +0300] "GET /chosen/function.php HTTP/1.1" 200 - "-" "python-httpx/0.28.1"
157.20.32.226 - - [21/Oct/2025:15:35:27 +0300] "GET /doc/function.php HTTP/1.1" 200 - "-" "python-httpx/0.28.1"
157.20.32.226 - - [21/Oct/2025:15:35:27 +0300] "GET /admin/function.php HTTP/1.1" 200 - "-" "python-httpx/0.28.1"
157.20.32.226 - - [21/Oct/2025:15:35:27 +0300] "GET /mah/function.php HTTP/1.1" 200 - "-" "python-httpx/0.28.1"
157.20.32.226 - - [21/Oct/2025:15:35:27 +0300] "GET /plugins/function.php HTTP/1.1" 200 - "-" "python-httpx/0.28.1"
157.20.32.226 - - [21/Oct/2025:15:35:28 +0300] "GET /chosen.php HTTP/1.1" 403 - "-" "python-httpx/0.28.1"
157.20.32.226 - - [21/Oct/2025:15:35:28 +0300] "GET /wp-admin/images/chosen.php HTTP/1.1" 403 - "-" "python-httpx/0.28.1"
157.20.32.226 - - [21/Oct/2025:15:35:28 +0300] "GET /wp-admin/includes/chosen.php HTTP/1.1" 403 - "-" "python-httpx/0.28.1"
157.20.32.226 - - [21/Oct/2025:15:35:28 +0300] "GET /wp-admin/js/widgets/chosen.php HTTP/1.1" 403 - "-" "python-httpx/0.28.1"
157.20.32.226 - - [21/Oct/2025:15:35:28 +0300] "GET /wp-admin/js/chosen.php HTTP/1.1" 403 - "-" "python-httpx/0.28.1"
157.20.32.226 - - [21/Oct/2025:15:35:29 +0300] "GET /wp-admin/maint/chosen.php HTTP/1.1" 403 - "-" "python-httpx/0.28.1"
157.20.32.226 - - [21/Oct/2025:15:35:29 +0300] "GET /wp-admin/network/chosen.php HTTP/1.1" 403 - "-" "python-httpx/0.28.1"
157.20.32.226 - - [21/Oct/2025:15:35:29 +0300] "GET /wp-admin/user/chosen.php HTTP/1.1" 403 - "-" "python-httpx/0.28.1"
157.20.32.226 - - [21/Oct/2025:15:35:29 +0300] "GET /wp-content/chosen.php HTTP/1.1" 403 - "-" "python-httpx/0.28.1"
157.20.32.226 - - [21/Oct/2025:15:35:29 +0300] "GET /wp-content/uploads/chosen.php HTTP/1.1" 403 - "-" "python-httpx/0.28.1"
157.20.32.226 - - [21/Oct/2025:15:35:30 +0300] "GET /wp-content/plugins/chosen.php HTTP/1.1" 403 - "-" "python-httpx/0.28.1"
157.20.32.226 - - [21/Oct/2025:15:35:30 +0300] "GET /wp-content/languages/chosen.php HTTP/1.1" 403 - "-" "python-httpx/0.28.1"
157.20.32.226 - - [21/Oct/2025:15:35:30 +0300] "GET /wp-content/languages/themes/chosen.php HTTP/1.1" 403 - "-" "python-httpx/0.28.1"
157.20.32.226 - - [21/Oct/2025:15:35:30 +0300] "GET /wp-includes/SimplePie/chosen.php HTTP/1.1" 403 - "-" "python-httpx/0.28.1"
157.20.32.226 - - [21/Oct/2025:15:35:30 +0300] "GET /wp-includes/certificates/chosen.php HTTP/1.1" 403 - "-" "python-httpx/0.28.1"
157.20.32.226 - - [21/Oct/2025:15:35:31 +0300] "GET /wp-includes/customize/chosen.php HTTP/1.1" 403 - "-" "python-httpx/0.28.1"
157.20.32.226 - - [21/Oct/2025:15:35:31 +0300] "GET /index/chosen.php HTTP/1.1" 200 - "-" "python-httpx/0.28.1"
157.20.32.226 - - [21/Oct/2025:15:35:31 +0300] "GET /about/chosen.php HTTP/1.1" 200 - "-" "python-httpx/0.28.1"
157.20.32.226 - - [21/Oct/2025:15:35:31 +0300] "GET /as/chosen.php HTTP/1.1" 200 - "-" "python-httpx/0.28.1"
157.20.32.226 - - [21/Oct/2025:15:35:31 +0300] "GET /file/chosen.php HTTP/1.1" 200 - "-" "python-httpx/0.28.1"
157.20.32.226 - - [21/Oct/2025:15:35:32 +0300] "GET /chosen/chosen.php HTTP/1.1" 200 - "-" "python-httpx/0.28.1"
157.20.32.226 - - [21/Oct/2025:15:35:32 +0300] "GET /css/chosen.php HTTP/1.1" 200 - "-" "python-httpx/0.28.1"
157.20.32.226 - - [21/Oct/2025:15:35:32 +0300] "GET /nice.php?p= HTTP/1.1" 403 - "-" "python-httpx/0.28.1"
157.20.32.226 - - [21/Oct/2025:15:35:32 +0300] "GET /atomlib.php HTTP/1.1" 403 - "-" "python-httpx/0.28.1"
157.20.32.226 - - [21/Oct/2025:15:35:32 +0300] "GET /uploads/upload_example.php HTTP/1.1" 200 - "-" "python-httpx/0.28.1"
157.20.32.226 - - [21/Oct/2025:15:35:33 +0300] "GET /updates.php HTTP/1.1" 403 - "-" "python-httpx/0.28.1"
157.20.32.226 - - [21/Oct/2025:15:35:33 +0300] "GET /radio.php HTTP/1.1" 403 - "-" "python-httpx/0.28.1"
157.20.32.226 - - [21/Oct/2025:15:35:33 +0300] "GET /leafmailer2.8.php HTTP/1.1" 403 - "-" "python-httpx/0.28.1"
157.20.32.226 - - [21/Oct/2025:15:35:33 +0300] "GET /cong.php HTTP/1.1" 403 - "-" "python-httpx/0.28.1"
157.20.32.226 - - [21/Oct/2025:15:35:33 +0300] "GET /wp-includes/Text/index.php HTTP/1.1" 200 - "-" "python-httpx/0.28.1"
157.20.32.226 - - [21/Oct/2025:15:35:34 +0300] "GET /wp-ahsera.php HTTP/1.1" 403 - "-" "python-httpx/0.28.1"
157.20.32.226 - - [21/Oct/2025:15:35:34 +0300] "GET /wp-easy.php HTTP/1.1" 403 - "-" "python-httpx/0.28.1"
157.20.32.226 - - [21/Oct/2025:15:35:34 +0300] "GET /wp-video.php HTTP/1.1" 403 - "-" "python-httpx/0.28.1"
157.20.32.226 - - [21/Oct/2025:15:35:34 +0300] "GET /wso112233.php HTTP/1.1" 403 - "-" "python-httpx/0.28.1"
157.20.32.226 - - [21/Oct/2025:15:35:35 +0300] "GET /class-wp-http-requests-hooks.php HTTP/1.1" 403 - "-" "python-httpx/0.28.1"
157.20.32.226 - - [21/Oct/2025:15:35:35 +0300] "GET /alfanew.php HTTP/1.1" 403 - "-" "python-httpx/0.28.1"
157.20.32.226 - - [21/Oct/2025:15:35:35 +0300] "GET /fw.php HTTP/1.1" 403 - "-" "python-httpx/0.28.1"
157.20.32.226 - - [21/Oct/2025:15:35:35 +0300] "GET /class-envato-market-api.php HTTP/1.1" 403 - "-" "python-httpx/0.28.1"
157.20.32.226 - - [21/Oct/2025:15:35:35 +0300] "GET /alfa-ioxi.php HTTP/1.1" 403 - "-" "python-httpx/0.28.1"
157.20.32.226 - - [21/Oct/2025:15:35:36 +0300] "GET /wp1.php HTTP/1.1" 403 - "-" "python-httpx/0.28.1"
157.20.32.226 - - [21/Oct/2025:15:35:36 +0300] "GET /wp2.php HTTP/1.1" 403 - "-" "python-httpx/0.28.1"
157.20.32.226 - - [21/Oct/2025:15:35:36 +0300] "GET /wp3.php HTTP/1.1" 403 - "-" "python-httpx/0.28.1"
157.20.32.226 - - [21/Oct/2025:15:35:36 +0300] "GET /wp4.php HTTP/1.1" 403 - "-" "python-httpx/0.28.1"
157.20.32.226 - - [21/Oct/2025:15:35:36 +0300] "GET /wp5.php HTTP/1.1" 403 - "-" "python-httpx/0.28.1"
157.20.32.226 - - [21/Oct/2025:15:35:37 +0300] "GET /wp-23.php HTTP/1.1" 403 - "-" "python-httpx/0.28.1"
157.20.32.226 - - [21/Oct/2025:15:35:37 +0300] "GET /1index.php HTTP/1.1" 403 - "-" "python-httpx/0.28.1"
157.20.32.226 - - [21/Oct/2025:15:35:37 +0300] "GET /11index.php HTTP/1.1" 403 - "-" "python-httpx/0.28.1"
157.20.32.226 - - [21/Oct/2025:15:35:37 +0300] "GET /2index.php HTTP/1.1" 403 - "-" "python-httpx/0.28.1"
157.20.32.226 - - [21/Oct/2025:15:35:37 +0300] "GET /3index.php HTTP/1.1" 403 - "-" "python-httpx/0.28.1"
157.20.32.226 - - [21/Oct/2025:15:35:38 +0300] "GET /wp_wrong_datlib.php HTTP/1.1" 403 - "-" "python-httpx/0.28.1"
157.20.32.226 - - [21/Oct/2025:15:35:38 +0300] "GET /wp-adminincludesclass-wp-media-list-data.php HTTP/1.1" 403 - "-" "python-httpx/0.28.1"
157.20.32.226 - - [21/Oct/2025:15:35:38 +0300] "GET /wso.php HTTP/1.1" 403 - "-" "python-httpx/0.28.1"
157.20.32.226 - - [21/Oct/2025:15:35:38 +0300] "GET /doc.php HTTP/1.1" 403 - "-" "python-httpx/0.28.1"
157.20.32.226 - - [21/Oct/2025:15:35:38 +0300] "GET /stindex.php HTTP/1.1" 403 - "-" "python-httpx/0.28.1"
157.20.32.226 - - [21/Oct/2025:15:35:39 +0300] "GET /alwso.php HTTP/1.1" 403 - "-" "python-httpx/0.28.1"
157.20.32.226 - - [21/Oct/2025:15:35:39 +0300] "GET /ups.php HTTP/1.1" 403 - "-" "python-httpx/0.28.1"
157.20.32.226 - - [21/Oct/2025:15:35:39 +0300] "GET /media-admin.php HTTP/1.1" 403 - "-" "python-httpx/0.28.1"
157.20.32.226 - - [21/Oct/2025:15:35:39 +0300] "GET /sym.php HTTP/1.1" 403 - "-" "python-httpx/0.28.1"
157.20.32.226 - - [21/Oct/2025:15:35:39 +0300] "GET /sym403.php HTTP/1.1" 403 - "-" "python-httpx/0.28.1"
157.20.32.226 - - [21/Oct/2025:15:35:40 +0300] "GET /fw.php HTTP/1.1" 403 - "-" "python-httpx/0.28.1"
157.20.32.226 - - [21/Oct/2025:15:35:40 +0300] "GET /symlink.php HTTP/1.1" 403 - "-" "python-httpx/0.28.1"
157.20.32.226 - - [21/Oct/2025:15:35:40 +0300] "GET /shell.php HTTP/1.1" 403 - "-" "python-httpx/0.28.1"
157.20.32.226 - - [21/Oct/2025:15:35:40 +0300] "GET /1.php HTTP/1.1" 403 - "-" "python-httpx/0.28.1"
157.20.32.226 - - [21/Oct/2025:15:35:40 +0300] "GET /data.php HTTP/1.1" 403 - "-" "python-httpx/0.28.1"
157.20.32.226 - - [21/Oct/2025:15:35:41 +0300] "GET /wp-blog.php HTTP/1.1" 403 - "-" "python-httpx/0.28.1"
157.20.32.226 - - [21/Oct/2025:15:35:41 +0300] "GET /b.php HTTP/1.1" 403 - "-" "python-httpx/0.28.1"
157.20.32.226 - - [21/Oct/2025:15:35:41 +0300] "GET /c.php HTTP/1.1" 403 - "-" "python-httpx/0.28.1"
157.20.32.226 - - [21/Oct/2025:15:35:41 +0300] "GET /shx.php HTTP/1.1" 403 - "-" "python-httpx/0.28.1"
157.20.32.226 - - [21/Oct/2025:15:35:42 +0300] "GET /alfa.php HTTP/1.1" 403 - "-" "python-httpx/0.28.1"
157.20.32.226 - - [21/Oct/2025:15:35:42 +0300] "GET /a.php HTTP/1.1" 403 - "-" "python-httpx/0.28.1"
157.20.32.226 - - [21/Oct/2025:15:35:42 +0300] "GET /old-index.php HTTP/1.1" 403 - "-" "python-httpx/0.28.1"
157.20.32.226 - - [21/Oct/2025:15:35:42 +0300] "GET /FoxWSO.php HTTP/1.1" 403 - "-" "python-httpx/0.28.1"
157.20.32.226 - - [21/Oct/2025:15:35:43 +0300] "GET /x.php HTTP/1.1" 403 - "-" "python-httpx/0.28.1"
157.20.32.226 - - [21/Oct/2025:15:35:43 +0300] "GET /403.php HTTP/1.1" 403 - "-" "python-httpx/0.28.1"
157.20.32.226 - - [21/Oct/2025:15:35:43 +0300] "GET /mini.php HTTP/1.1" 403 - "-" "python-httpx/0.28.1"
157.20.32.226 - - [21/Oct/2025:15:35:43 +0300] "GET /imagesvuln.php HTTP/1.1" 403 - "-" "python-httpx/0.28.1"
157.20.32.226 - - [21/Oct/2025:15:35:43 +0300] "GET /wp-admin/options.php HTTP/1.1" 200 172023 "-" "python-httpx/0.28.1"
157.20.32.226 - - [21/Oct/2025:15:35:46 +0300] "GET /admin.php HTTP/1.1" 200 67360 "-" "python-httpx/0.28.1"
216.244.66.239 - - [21/Oct/2025:15:44:12 +0300] "GET /database-city/indonesia-business-email-database/?add-to-cart=284 HTTP/1.1" 200 67360 "-" "Mozilla/5.0 (compatible; DotBot/1.2; +https://opensiteexplorer.org/dotbot; help@moz.com)"
216.244.66.239 - - [21/Oct/2025:16:20:40 +0300] "GET /robots.txt HTTP/1.1" 200 418 "-" "Mozilla/5.0 (compatible; DotBot/1.2; +https://opensiteexplorer.org/dotbot; help@moz.com)"
216.244.66.239 - - [21/Oct/2025:16:24:01 +0300] "GET /product/klaipeda-contacts/ HTTP/1.1" 200 - "-" "Mozilla/5.0 (compatible; DotBot/1.2; +https://opensiteexplorer.org/dotbot; help@moz.com)"
216.244.66.239 - - [21/Oct/2025:16:24:06 +0300] "GET /product/utena-contacts/ HTTP/1.1" 200 - "-" "Mozilla/5.0 (compatible; DotBot/1.2; +https://opensiteexplorer.org/dotbot; help@moz.com)"
142.132.248.24 - - [21/Oct/2025:16:25:45 +0300] "GET / HTTP/1.1" 200 - "-" "Mozilla/5.0 (iPhone; CPU iPhone OS 17_7_2 like Mac OS X) AppleWebKit/605.1.15 (KHTML, like Gecko) Version/18.3 Mobile/15E148 Safari/604.1"
216.244.66.239 - - [21/Oct/2025:16:25:50 +0300] "GET /et/product/aalborg-ettevotete-andmebaas/ HTTP/1.1" 200 - "-" "Mozilla/5.0 (compatible; DotBot/1.2; +https://opensiteexplorer.org/dotbot; help@moz.com)"
157.20.32.226 - - [21/Oct/2025:16:25:59 +0300] "POST /vendor/phpunit/phpunit/src/Util/PHP/eval-stdin.php HTTP/1.1" 200 - "-" "Mozilla/5.0 (Windows NT 10.0; Win64; x64) AppleWebKit/537.36 (KHTML, like Gecko) Chrome/93.0.4577.82 Safari/537.36"
157.20.32.226 - - [21/Oct/2025:16:25:59 +0300] "GET /.env HTTP/1.1" 403 - "-" "Mozilla/5.0 (Windows NT 10.0; Win64; x64) AppleWebKit/537.36 (KHTML, like Gecko) Chrome/93.0.4577.82 Safari/537.36"
210.23.226.143 - - [21/Oct/2025:16:27:44 +0300] "GET /wp-json/wp/v2/posts HTTP/1.1" 200 - "-" "Mozilla/5.0 (Windows NT 10.0; Win64; x64) AppleWebKit/537.36 (KHTML, like Gecko) Chrome/120.0.0.0 Safari/537.36"
216.244.66.239 - - [21/Oct/2025:16:31:52 +0300] "GET /countries/uruguay/ HTTP/1.1" 200 67360 "-" "Mozilla/5.0 (compatible; DotBot/1.2; +https://opensiteexplorer.org/dotbot; help@moz.com)"
104.236.34.250 - - [21/Oct/2025:16:38:24 +0300] "GET / HTTP/1.1" 200 67360 "-" "Mozilla/5.0 (X11; Linux x86_64) AppleWebKit/537.36 (KHTML, like Gecko) Chrome/139.0.0.0 Safari/537.36"
104.236.34.250 - - [21/Oct/2025:16:38:26 +0300] "GET /favicon.ico HTTP/1.1" 200 67360 "http://businessdatabases.net/" "Mozilla/5.0 (X11; Linux x86_64) AppleWebKit/537.36 (KHTML, like Gecko) Chrome/139.0.0.0 Safari/537.36"
