216.73.216.119 - - [21/Oct/2025:15:07:20 +0300] "GET /et/andmebaas-linn/al-ain-email-database-et?fileloc=%2F%2Fusr%2Flib%2Ffirmware%2Fradeon%2Fhainan_mc.bin&path=%2F%2Fusr%2Flib%2Ffirmware%2Fradeon HTTP/2.0" 200 13152 "-" "Mozilla/5.0 AppleWebKit/537.36 (KHTML, like Gecko; compatible; ClaudeBot/1.0; +claudebot@anthropic.com)"
216.73.216.119 - - [21/Oct/2025:15:07:21 +0300] "GET /et/andmebaas-linn/al-ain-email-database-et?fileloc=%2F%2Fusr%2Flib%2Ffirmware%2Fradeon%2FRV610_me.bin&path=%2F%2Fusr%2Flib%2Ffirmware%2Fradeon HTTP/2.0" 200 6993 "-" "Mozilla/5.0 AppleWebKit/537.36 (KHTML, like Gecko; compatible; ClaudeBot/1.0; +claudebot@anthropic.com)"
216.73.216.119 - - [21/Oct/2025:15:07:21 +0300] "GET /et/product/vancouver-ettevotete-andmebaas?path=%2Fhome-ssd1%2Fbusines1%2Fpublic_html%2Fwp-content%2Fplugins%2Fwpml-string-translation%2Fclasses%2Fwpml-tm HTTP/2.0" 200 2632 "-" "Mozilla/5.0 AppleWebKit/537.36 (KHTML, like Gecko; compatible; ClaudeBot/1.0; +claudebot@anthropic.com)"
216.73.216.119 - - [21/Oct/2025:15:07:21 +0300] "GET /database-city/sydney?fileloc=%2F%2Fusr%2Fshare%2Fman%2Fman3%2Fxcb_present_query_version_reply.3.gz&path=%2F%2Fusr%2Fshare%2Fman%2Fman3 HTTP/2.0" 200 2352 "-" "Mozilla/5.0 AppleWebKit/537.36 (KHTML, like Gecko; compatible; ClaudeBot/1.0; +claudebot@anthropic.com)"
216.73.216.119 - - [21/Oct/2025:15:07:21 +0300] "GET /ru/database-city/jyvaskyla-ru?fileloc=%2Fhome-ssd1%2Fbusines1%2Fpublic_html%2Fwp-includes%2Fblocks%2Fsearch%2Ftheme.min.css&path=%2Fhome-ssd1%2Fbusines1%2Fpublic_html%2Fwp-includes%2Fblocks%2Fsearch HTTP/2.0" 200 2334 "-" "Mozilla/5.0 AppleWebKit/537.36 (KHTML, like Gecko; compatible; ClaudeBot/1.0; +claudebot@anthropic.com)"
216.73.216.119 - - [21/Oct/2025:15:07:21 +0300] "GET /et/andmebaas-linn/al-ain-email-database-et?fileloc=%2F%2Fusr%2Flib%2Ffirmware%2Famdgpu%2Ffiji_mec2.bin&path=%2F%2Fusr%2Flib%2Ffirmware%2Famdgpu HTTP/2.0" 200 25380 "-" "Mozilla/5.0 AppleWebKit/537.36 (KHTML, like Gecko; compatible; ClaudeBot/1.0; +claudebot@anthropic.com)"
216.73.216.119 - - [21/Oct/2025:15:07:21 +0300] "GET /database-city/sydney?fileloc=%2F%2Fusr%2Fshare%2Fman%2Fman3%2Fxcb_present_query_capabilities_reply.3.gz&path=%2F%2Fusr%2Fshare%2Fman%2Fman3 HTTP/2.0" 200 2363 "-" "Mozilla/5.0 AppleWebKit/537.36 (KHTML, like Gecko; compatible; ClaudeBot/1.0; +claudebot@anthropic.com)"
20.171.207.155 - - [21/Oct/2025:15:07:22 +0300] "GET /upload/save_image/product/00/30/20/92/302092_1_360.jpg?path=//proc/1008992/root/proc/1008992/root/proc/1008992/task/1008992/root/proc/thread-self/root/proc/1008992/root/proc/1008992/root/proc/1105349/root/lib64/ImageMagick-6.9.13 HTTP/2.0" 200 2712 "-" "Mozilla/5.0 AppleWebKit/537.36 (KHTML, like Gecko; compatible; GPTBot/1.2; +https://openai.com/gptbot)"
216.73.216.119 - - [21/Oct/2025:15:07:22 +0300] "GET /et/andmebaas-linn/tirana-ettevotete-e-mail-andmebaas/feed?fileloc=%2F%2Flib%2Fjvm%2Fjre-11-openjdk%2Flib%2Flibnet.so&path=%2F%2Flib%2Fjvm%2Fjre-11-openjdk%2Flib HTTP/2.0" 200 42213 "-" "Mozilla/5.0 AppleWebKit/537.36 (KHTML, like Gecko; compatible; ClaudeBot/1.0; +claudebot@anthropic.com)"
66.249.68.36 - - [21/Oct/2025:15:07:23 +0300] "GET /item/u100/9385 HTTP/1.1" 200 38269 "-" "Mozilla/5.0 (Linux; Android 6.0.1; Nexus 5X Build/MMB29P) AppleWebKit/537.36 (KHTML, like Gecko) Chrome/140.0.7339.207 Mobile Safari/537.36 (compatible; Googlebot/2.1; +http://www.google.com/bot.html)"
216.73.216.119 - - [21/Oct/2025:15:07:22 +0300] "GET /ru/database-city/esch-sur-alzette-ru?fileloc=%2F%2Fusr%2Flib%2Ffirmware%2Famdgpu%2Ftopaz_pfp.bin&path=%2F%2Fusr%2Flib%2Ffirmware%2Famdgpu HTTP/2.0" 200 9015 "-" "Mozilla/5.0 AppleWebKit/537.36 (KHTML, like Gecko; compatible; ClaudeBot/1.0; +claudebot@anthropic.com)"
216.73.216.119 - - [21/Oct/2025:15:07:22 +0300] "GET /database-city/jyvaskyla/?fileloc=%2F%2Fusr%2Fshare%2Fmyspell%2Fen_AG.aff&path=%2F%2Fusr%2Fshare%2Fmyspell HTTP/2.0" 200 7219 "-" "Mozilla/5.0 AppleWebKit/537.36 (KHTML, like Gecko; compatible; ClaudeBot/1.0; +claudebot@anthropic.com)"
20.171.207.183 - - [21/Oct/2025:15:07:22 +0300] "GET /?fileloc=//proc/self/root/proc/thread-self/root/proc/thread-self/root/proc/thread-self/root/proc/thread-self/root/proc/self/root/proc/self/net/icmp6&path=//proc/self/root/proc/thread-self/root/proc/thread-self/root/proc/thread-self/root/proc/thread-self/root/proc/self/root/proc/self/net HTTP/2.0" 200 2318 "-" "Mozilla/5.0 AppleWebKit/537.36 (KHTML, like Gecko; compatible; GPTBot/1.2; +https://openai.com/gptbot)"
216.73.216.119 - - [21/Oct/2025:15:07:22 +0300] "GET /database-city/sydney?fileloc=%2F%2Fusr%2Fshare%2Fman%2Fman3%2Flapacke_cspsvx_work.c.3.gz&path=%2F%2Fusr%2Fshare%2Fman%2Fman3 HTTP/2.0" 200 2804 "-" "Mozilla/5.0 AppleWebKit/537.36 (KHTML, like Gecko; compatible; ClaudeBot/1.0; +claudebot@anthropic.com)"
52.204.71.8 - - [21/Oct/2025:15:07:22 +0300] "GET /product/bordeaux-contacts/?fileloc=//bin/du&path=//bin HTTP/1.1" 200 183259 "-" "Mozilla/5.0 AppleWebKit/537.36 (KHTML, like Gecko; compatible; Amazonbot/0.1; +https://developer.amazon.com/support/amazonbot) Chrome/119.0.6045.214 Safari/537.36"
216.73.216.119 - - [21/Oct/2025:15:07:23 +0300] "GET /et/andmebaas-linn/al-ain-email-database-et?fileloc=%2F%2Fusr%2Flib%2Ffirmware%2Famdgpu%2Fvpe_6_1_3.bin&path=%2F%2Fusr%2Flib%2Ffirmware%2Famdgpu HTTP/2.0" 200 10797 "-" "Mozilla/5.0 AppleWebKit/537.36 (KHTML, like Gecko; compatible; ClaudeBot/1.0; +claudebot@anthropic.com)"
216.73.216.119 - - [21/Oct/2025:15:07:23 +0300] "GET /database-city/sydney?fileloc=%2F%2Fusr%2Fshare%2Fman%2Fman3%2FXwcDrawImageString.3.gz&path=%2F%2Fusr%2Fshare%2Fman%2Fman3 HTTP/2.0" 200 2339 "-" "Mozilla/5.0 AppleWebKit/537.36 (KHTML, like Gecko; compatible; ClaudeBot/1.0; +claudebot@anthropic.com)"
216.73.216.119 - - [21/Oct/2025:15:07:23 +0300] "GET /database-city/vienna?fileloc=%2F%2Flib64%2Fapache2%2Fmodules%2Fmod_logio.so&path=%2F%2Flib64%2Fapache2%2Fmodules HTTP/2.0" 200 6244 "-" "Mozilla/5.0 AppleWebKit/537.36 (KHTML, like Gecko; compatible; ClaudeBot/1.0; +claudebot@anthropic.com)"
216.73.216.119 - - [21/Oct/2025:15:07:23 +0300] "GET /ru/database-city/esch-sur-alzette-ru?fileloc=%2F%2Fusr%2Flib%2Ffirmware%2Famdgpu%2Fvega20_ce.bin&path=%2F%2Fusr%2Flib%2Ffirmware%2Famdgpu HTTP/2.0" 200 5350 "-" "Mozilla/5.0 AppleWebKit/537.36 (KHTML, like Gecko; compatible; ClaudeBot/1.0; +claudebot@anthropic.com)"
216.73.216.119 - - [21/Oct/2025:15:07:23 +0300] "GET /et/andmebaas-linn/al-ain-email-database-et?fileloc=%2F%2Fusr%2Flib%2Ffirmware%2Famdgpu%2Fvegam_pfp.bin&path=%2F%2Fusr%2Flib%2Ffirmware%2Famdgpu HTTP/2.0" 200 10020 "-" "Mozilla/5.0 AppleWebKit/537.36 (KHTML, like Gecko; compatible; ClaudeBot/1.0; +claudebot@anthropic.com)"
216.73.216.119 - - [21/Oct/2025:15:07:23 +0300] "GET /database-city/sydney?fileloc=%2F%2Fusr%2Fshare%2Fman%2Fman3%2Fsecurity_commit_booleans.3.gz&path=%2F%2Fusr%2Fshare%2Fman%2Fman3 HTTP/2.0" 200 2337 "-" "Mozilla/5.0 AppleWebKit/537.36 (KHTML, like Gecko; compatible; ClaudeBot/1.0; +claudebot@anthropic.com)"
216.73.216.119 - - [21/Oct/2025:15:07:24 +0300] "GET /ru/database-city/esch-sur-alzette-ru?fileloc=%2F%2Fusr%2Flib%2Ffirmware%2Famdgpu%2Ffiji_smc.bin&path=%2F%2Fusr%2Flib%2Ffirmware%2Famdgpu HTTP/2.0" 200 49526 "-" "Mozilla/5.0 AppleWebKit/537.36 (KHTML, like Gecko; compatible; ClaudeBot/1.0; +claudebot@anthropic.com)"
20.171.207.155 - - [21/Oct/2025:15:07:25 +0300] "GET /upload/save_image/product/00/30/20/92/302092_1_360.jpg?path=//proc/1008992/root/proc/1008992/root/proc/1008992/task/1008992/root/proc/thread-self/root/proc/1008992/root/proc/1008992/root/proc/1105349/root/lib64/python2.7/Tools HTTP/2.0" 200 2769 "-" "Mozilla/5.0 AppleWebKit/537.36 (KHTML, like Gecko; compatible; GPTBot/1.2; +https://openai.com/gptbot)"
216.73.216.119 - - [21/Oct/2025:15:07:25 +0300] "GET /et/wp-json/oembed/1.0/embed?path=%2F%2Fhome-ssd1%2Fbusines1%2Fpublic_html%2Fwp-admin HTTP/2.0" 200 5336 "-" "Mozilla/5.0 AppleWebKit/537.36 (KHTML, like Gecko; compatible; ClaudeBot/1.0; +claudebot@anthropic.com)"
216.73.216.119 - - [21/Oct/2025:15:07:25 +0300] "GET /database-city/delhi/?fileloc=%2F%2Fusr%2Fbin%2Fprove&path=%2F%2Fusr%2Fbin HTTP/2.0" 200 7430 "-" "Mozilla/5.0 AppleWebKit/537.36 (KHTML, like Gecko; compatible; ClaudeBot/1.0; +claudebot@anthropic.com)"
216.73.216.119 - - [21/Oct/2025:15:07:25 +0300] "GET /ru/database-city/esch-sur-alzette-ru?fileloc=%2F%2Fusr%2Flib%2Ffirmware%2Famdgpu%2Fstoney_rlc.bin&path=%2F%2Fusr%2Flib%2Ffirmware%2Famdgpu HTTP/2.0" 200 7985 "-" "Mozilla/5.0 AppleWebKit/537.36 (KHTML, like Gecko; compatible; ClaudeBot/1.0; +claudebot@anthropic.com)"
216.73.216.119 - - [21/Oct/2025:15:07:25 +0300] "GET /et/andmebaas-linn/al-ain-email-database-et?fileloc=%2F%2Fusr%2Flib%2Ffirmware%2Famdgpu%2Fraven_mec2.bin&path=%2F%2Fusr%2Flib%2Ffirmware%2Famdgpu HTTP/2.0" 200 30876 "-" "Mozilla/5.0 AppleWebKit/537.36 (KHTML, like Gecko; compatible; ClaudeBot/1.0; +claudebot@anthropic.com)"
216.73.216.119 - - [21/Oct/2025:15:07:25 +0300] "GET /database-city/liechtenstein-email-database?fileloc=%2F%2Fusr%2Fshare%2Fgroff%2Fcurrent%2Ftmac%2Fpsatk.tmac&path=%2F%2Fusr%2Fshare%2Fgroff%2Fcurrent%2Ftmac HTTP/2.0" 200 2841 "-" "Mozilla/5.0 AppleWebKit/537.36 (KHTML, like Gecko; compatible; ClaudeBot/1.0; +claudebot@anthropic.com)"
216.73.216.119 - - [21/Oct/2025:15:07:25 +0300] "GET /et/product/delhi-ettevotete-andmebaas?fileloc=%2F%2Fhome%2Fbusines1%2Fpublic_html%2Fwp-includes%2Fblocks%2Fnextpage%2Feditor.css&path=%2F%2Fhome%2Fbusines1%2Fpublic_html%2Fwp-includes%2Fblocks%2Fnextpage HTTP/2.0" 200 2572 "-" "Mozilla/5.0 AppleWebKit/537.36 (KHTML, like Gecko; compatible; ClaudeBot/1.0; +claudebot@anthropic.com)"
20.171.207.183 - - [21/Oct/2025:15:07:26 +0300] "GET /?fileloc=//proc/self/root/proc/thread-self/root/proc/thread-self/root/proc/thread-self/root/proc/thread-self/root/proc/self/root/proc/thread-self/net/sockstat6&path=//proc/self/root/proc/thread-self/root/proc/thread-self/root/proc/thread-self/root/proc/thread-self/root/proc/self/root/proc/thread-self/net HTTP/2.0" 200 2366 "-" "Mozilla/5.0 AppleWebKit/537.36 (KHTML, like Gecko; compatible; GPTBot/1.2; +https://openai.com/gptbot)"
216.73.216.119 - - [21/Oct/2025:15:07:25 +0300] "GET /et/andmebaas-linn/al-ain-email-database-et?fileloc=%2F%2Fusr%2Flib%2Ffirmware%2Famdgpu%2Fyellow_carp_mec2.bin&path=%2F%2Fusr%2Flib%2Ffirmware%2Famdgpu HTTP/2.0" 200 39451 "-" "Mozilla/5.0 AppleWebKit/537.36 (KHTML, like Gecko; compatible; ClaudeBot/1.0; +claudebot@anthropic.com)"
216.73.216.119 - - [21/Oct/2025:15:07:26 +0300] "GET /et/andmebaas-linn/al-ain-email-database-et?fileloc=%2F%2Fusr%2Flib%2Ffirmware%2Famdgpu%2Fbeige_goby_ce.bin&path=%2F%2Fusr%2Flib%2Ffirmware%2Famdgpu HTTP/2.0" 200 6470 "-" "Mozilla/5.0 AppleWebKit/537.36 (KHTML, like Gecko; compatible; ClaudeBot/1.0; +claudebot@anthropic.com)"
216.73.216.119 - - [21/Oct/2025:15:07:25 +0300] "GET /database-city/delhi/?fileloc=%2F%2Fusr%2Fbin%2Fmysqlimport&path=%2F%2Fusr%2Fbin HTTP/2.0" 200 616219 "-" "Mozilla/5.0 AppleWebKit/537.36 (KHTML, like Gecko; compatible; ClaudeBot/1.0; +claudebot@anthropic.com)"
216.73.216.119 - - [21/Oct/2025:15:07:27 +0300] "GET /et/wp-json/wp/v2/product/1436?path=%2F%2Fopt%2Falt%2Flibicu%2Fusr%2Fshare%2Fdoc%2Falt-libicu-devel HTTP/2.0" 200 2654 "-" "Mozilla/5.0 AppleWebKit/537.36 (KHTML, like Gecko; compatible; ClaudeBot/1.0; +claudebot@anthropic.com)"
216.73.216.119 - - [21/Oct/2025:15:07:27 +0300] "GET /et/andmebaas-linn/al-ain-email-database-et?fileloc=%2F%2Fusr%2Flib%2Ffirmware%2Fradeon%2Fkaveri_vce.bin&path=%2F%2Fusr%2Flib%2Ffirmware%2Fradeon HTTP/2.0" 200 54329 "-" "Mozilla/5.0 AppleWebKit/537.36 (KHTML, like Gecko; compatible; ClaudeBot/1.0; +claudebot@anthropic.com)"
216.73.216.119 - - [21/Oct/2025:15:07:27 +0300] "GET /database-city/jyvaskyla/?fileloc=%2F%2Fusr%2Fshare%2Fmyspell%2Fen_ZA.dic&path=%2F%2Fusr%2Fshare%2Fmyspell HTTP/2.0" 200 239658 "-" "Mozilla/5.0 AppleWebKit/537.36 (KHTML, like Gecko; compatible; ClaudeBot/1.0; +claudebot@anthropic.com)"
216.73.216.119 - - [21/Oct/2025:15:07:27 +0300] "GET /fi/database-city/yangon-fi/feed?fileloc=%2F%2Flib64%2Fpython2.7%2Fencodings%2Fmac_croatian.pyo&path=%2F%2Flib64%2Fpython2.7%2Fencodings HTTP/2.0" 200 3533 "-" "Mozilla/5.0 AppleWebKit/537.36 (KHTML, like Gecko; compatible; ClaudeBot/1.0; +claudebot@anthropic.com)"
216.73.216.119 - - [21/Oct/2025:15:07:27 +0300] "GET /product/prague-business-database?fileloc=%2Fhome-ssd1%2Fbusines1%2Fwww%2Fwp-admin%2Fincludes%2Fajax-actions.php&path=%2Fhome-ssd1%2Fbusines1%2Fwww%2Fwp-admin%2Fincludes HTTP/2.0" 200 33341 "-" "Mozilla/5.0 AppleWebKit/537.36 (KHTML, like Gecko; compatible; ClaudeBot/1.0; +claudebot@anthropic.com)"
216.73.216.119 - - [21/Oct/2025:15:07:27 +0300] "GET /et/andmebaas-linn/jyvaskyla-et?fileloc=%2F%2Flib64%2Fpython3.6%2Fcurses%2Fpanel.py&path=%2F%2Flib64%2Fpython3.6%2Fcurses HTTP/2.0" 200 2298 "-" "Mozilla/5.0 AppleWebKit/537.36 (KHTML, like Gecko; compatible; ClaudeBot/1.0; +claudebot@anthropic.com)"
216.73.216.119 - - [21/Oct/2025:15:07:27 +0300] "GET /et/product/lyon-ettevotete-andmebaas?path=%2Fhome-ssd1%2Fbusines1%2Fpublic_html%2Fwp-content%2Fplugins%2Fflamingo%2Fadmin%2Fincludes%2Fcss HTTP/2.0" 200 2693 "-" "Mozilla/5.0 AppleWebKit/537.36 (KHTML, like Gecko; compatible; ClaudeBot/1.0; +claudebot@anthropic.com)"
20.171.207.155 - - [21/Oct/2025:15:07:28 +0300] "GET /upload/save_image/product/00/30/20/92/302092_1_360.jpg?path=//proc/1008992/root/proc/1008992/root/proc/1008992/task/1008992/root/proc/thread-self/root/proc/1008992/root/proc/1008992/root/proc/1105349/root/home-ssd1/busines1/www HTTP/2.0" 200 3865 "-" "Mozilla/5.0 AppleWebKit/537.36 (KHTML, like Gecko; compatible; GPTBot/1.2; +https://openai.com/gptbot)"
216.73.216.119 - - [21/Oct/2025:15:07:28 +0300] "GET /database-city/delhi/?fileloc=%2F%2Fusr%2Fbin%2Ftclsh8.6&path=%2F%2Fusr%2Fbin HTTP/2.0" 200 5451 "-" "Mozilla/5.0 AppleWebKit/537.36 (KHTML, like Gecko; compatible; ClaudeBot/1.0; +claudebot@anthropic.com)"
216.73.216.119 - - [21/Oct/2025:15:07:29 +0300] "GET /et/wp-json/oembed/1.0/embed?fileloc=%2F%2Flib%2Ffirmware%2Fqcom%2Fqcm2290%2Fmodemuw.jsn&path=%2F%2Flib%2Ffirmware%2Fqcom%2Fqcm2290 HTTP/2.0" 200 2446 "-" "Mozilla/5.0 AppleWebKit/537.36 (KHTML, like Gecko; compatible; ClaudeBot/1.0; +claudebot@anthropic.com)"
216.73.216.119 - - [21/Oct/2025:15:07:28 +0300] "GET /database-city/sydney?fileloc=%2F%2Fusr%2Fshare%2Fman%2Fman3%2FFcPatternCreate.3.gz&path=%2F%2Fusr%2Fshare%2Fman%2Fman3 HTTP/2.0" 200 2604 "-" "Mozilla/5.0 AppleWebKit/537.36 (KHTML, like Gecko; compatible; ClaudeBot/1.0; +claudebot@anthropic.com)"
216.73.216.119 - - [21/Oct/2025:15:07:29 +0300] "GET /et/andmebaas-linn/al-ain-email-database-et?fileloc=%2F%2Fusr%2Flib%2Ffirmware%2Fmoxa%2Fmoxa-1653.fw&path=%2F%2Fusr%2Flib%2Ffirmware%2Fmoxa HTTP/2.0" 200 15766 "-" "Mozilla/5.0 AppleWebKit/537.36 (KHTML, like Gecko; compatible; ClaudeBot/1.0; +claudebot@anthropic.com)"
20.171.207.183 - - [21/Oct/2025:15:07:29 +0300] "GET /?fileloc=//proc/self/root/proc/thread-self/root/proc/thread-self/root/proc/thread-self/root/proc/thread-self/root/proc/self/root/proc/self/net/rt6_stats&path=//proc/self/root/proc/thread-self/root/proc/thread-self/root/proc/thread-self/root/proc/thread-self/root/proc/self/root/proc/self/net HTTP/2.0" 200 2321 "-" "Mozilla/5.0 AppleWebKit/537.36 (KHTML, like Gecko; compatible; GPTBot/1.2; +https://openai.com/gptbot)"
216.73.216.119 - - [21/Oct/2025:15:07:29 +0300] "GET /database-city/delhi/?fileloc=%2F%2Fusr%2Fbin%2Fps2ps&path=%2F%2Fusr%2Fbin HTTP/2.0" 200 2622 "-" "Mozilla/5.0 AppleWebKit/537.36 (KHTML, like Gecko; compatible; ClaudeBot/1.0; +claudebot@anthropic.com)"
3.220.70.171 - - [21/Oct/2025:15:07:29 +0300] "GET /countries/moldova/?path=//etc/imunify360 HTTP/1.1" 200 14018 "-" "Mozilla/5.0 AppleWebKit/537.36 (KHTML, like Gecko; compatible; Amazonbot/0.1; +https://developer.amazon.com/support/amazonbot) Chrome/119.0.6045.214 Safari/537.36"
216.73.216.119 - - [21/Oct/2025:15:07:29 +0300] "GET /et/product/argentiina-e-maili-andmebaas?fileloc=%2F%2Fhome%2Fbusines1%2Fpublic_html%2Fwp-includes%2Fblocks%2Fcolumns%2Feditor.min.css&path=%2F%2Fhome%2Fbusines1%2Fpublic_html%2Fwp-includes%2Fblocks%2Fcolumns HTTP/2.0" 200 2332 "-" "Mozilla/5.0 AppleWebKit/537.36 (KHTML, like Gecko; compatible; ClaudeBot/1.0; +claudebot@anthropic.com)"
216.73.216.119 - - [21/Oct/2025:15:07:29 +0300] "GET /ru/database-city/esch-sur-alzette-ru?fileloc=%2F%2Fusr%2Flib%2Ffirmware%2Famdgpu%2Fvega20_mec2.bin&path=%2F%2Fusr%2Flib%2Ffirmware%2Famdgpu HTTP/2.0" 200 31904 "-" "Mozilla/5.0 AppleWebKit/537.36 (KHTML, like Gecko; compatible; ClaudeBot/1.0; +claudebot@anthropic.com)"
216.73.216.119 - - [21/Oct/2025:15:07:29 +0300] "GET /et/andmebaas-linn/al-ain-email-database-et?fileloc=%2F%2Fusr%2Flib%2Fdracut%2Fmodules.d%2F90mdraid%2Fmd-noimsm.sh&path=%2F%2Fusr%2Flib%2Fdracut%2Fmodules.d%2F90mdraid HTTP/2.0" 200 2339 "-" "Mozilla/5.0 AppleWebKit/537.36 (KHTML, like Gecko; compatible; ClaudeBot/1.0; +claudebot@anthropic.com)"
216.73.216.119 - - [21/Oct/2025:15:07:30 +0300] "GET /et/Riigid/argentiina/?fileloc=%2F%2Fusr%2Flib%2Fkernel%2Finstall.d%2F99-grub-mkconfig.install&path=%2F%2Fusr%2Flib%2Fkernel%2Finstall.d HTTP/2.0" 200 2551 "-" "Mozilla/5.0 AppleWebKit/537.36 (KHTML, like Gecko; compatible; ClaudeBot/1.0; +claudebot@anthropic.com)"
216.73.216.119 - - [21/Oct/2025:15:07:29 +0300] "GET /database-city/sydney?fileloc=%2F%2Fusr%2Fshare%2Fman%2Fman3%2Fxcb_render_query_version_reply.3.gz&path=%2F%2Fusr%2Fshare%2Fman%2Fman3 HTTP/2.0" 200 2345 "-" "Mozilla/5.0 AppleWebKit/537.36 (KHTML, like Gecko; compatible; ClaudeBot/1.0; +claudebot@anthropic.com)"
216.73.216.119 - - [21/Oct/2025:15:07:30 +0300] "GET /product/innsbruck-contacts?fileloc=%2F%2Flib64%2Fpython3.6%2Flib2to3%2Ffixer_base.py&path=%2F%2Flib64%2Fpython3.6%2Flib2to3 HTTP/2.0" 200 4517 "-" "Mozilla/5.0 AppleWebKit/537.36 (KHTML, like Gecko; compatible; ClaudeBot/1.0; +claudebot@anthropic.com)"
216.73.216.119 - - [21/Oct/2025:15:07:31 +0300] "GET /et/wp-json/oembed/1.0/embed?path=%2F%2Fusr%2Flib%2Ffirmware%2Frealtek HTTP/2.0" 200 2541 "-" "Mozilla/5.0 AppleWebKit/537.36 (KHTML, like Gecko; compatible; ClaudeBot/1.0; +claudebot@anthropic.com)"
20.171.207.155 - - [21/Oct/2025:15:07:31 +0300] "GET /upload/save_image/product/00/30/20/92/302092_1_360.jpg?path=//proc/1008992/root/proc/1008992/root/proc/1008992/task/1008992/root/proc/thread-self/root/proc/1008992/root/proc/1008992/root/proc/1105349/root/lib64/python2.7/Demo/embed HTTP/2.0" 200 2849 "-" "Mozilla/5.0 AppleWebKit/537.36 (KHTML, like Gecko; compatible; GPTBot/1.2; +https://openai.com/gptbot)"
216.73.216.119 - - [21/Oct/2025:15:07:31 +0300] "GET /ru/database-city/esch-sur-alzette-ru?fileloc=%2F%2Fusr%2Flib%2Ffirmware%2Famdgpu%2Ftonga_me.bin&path=%2F%2Fusr%2Flib%2Ffirmware%2Famdgpu HTTP/2.0" 200 8501 "-" "Mozilla/5.0 AppleWebKit/537.36 (KHTML, like Gecko; compatible; ClaudeBot/1.0; +claudebot@anthropic.com)"
216.73.216.119 - - [21/Oct/2025:15:07:31 +0300] "GET /et/andmebaas-linn/al-ain-email-database-et?fileloc=%2F%2Fusr%2Flib%2Ffirmware%2Famdgpu%2Fsdma_4_4_5.bin&path=%2F%2Fusr%2Flib%2Ffirmware%2Famdgpu HTTP/2.0" 200 12639 "-" "Mozilla/5.0 AppleWebKit/537.36 (KHTML, like Gecko; compatible; ClaudeBot/1.0; +claudebot@anthropic.com)"
216.73.216.119 - - [21/Oct/2025:15:07:30 +0300] "GET /et/andmebaas-linn/al-ain-email-database-et?fileloc=%2F%2Fusr%2Flib64%2Fapache2%2Fmodules%2Fmod_autoindex.so&path=%2F%2Fusr%2Flib64%2Fapache2%2Fmodules HTTP/2.0" 200 17599 "-" "Mozilla/5.0 AppleWebKit/537.36 (KHTML, like Gecko; compatible; ClaudeBot/1.0; +claudebot@anthropic.com)"
216.73.216.119 - - [21/Oct/2025:15:07:31 +0300] "GET /database-city/sydney?fileloc=%2F%2Fusr%2Fshare%2Fman%2Fman3%2Fpcre2_match_data_create.3.gz&path=%2F%2Fusr%2Fshare%2Fman%2Fman3 HTTP/2.0" 200 2973 "-" "Mozilla/5.0 AppleWebKit/537.36 (KHTML, like Gecko; compatible; ClaudeBot/1.0; +claudebot@anthropic.com)"
216.73.216.119 - - [21/Oct/2025:15:07:32 +0300] "GET /et/andmebaas-linn/al-ain-email-database-et?fileloc=%2F%2Fusr%2Flib%2Ffirmware%2Fmoxa%2Fmoxa-1151.fw&path=%2F%2Fusr%2Flib%2Ffirmware%2Fmoxa HTTP/2.0" 200 8313 "-" "Mozilla/5.0 AppleWebKit/537.36 (KHTML, like Gecko; compatible; ClaudeBot/1.0; +claudebot@anthropic.com)"
216.73.216.119 - - [21/Oct/2025:15:07:31 +0300] "GET /et/wp-json/oembed/1.0/embed?fileloc=%2F%2Fusr%2Flib%2Ffirmware%2Fti_5052.fw&path=%2F%2Fusr%2Flib%2Ffirmware HTTP/2.0" 200 8623 "-" "Mozilla/5.0 AppleWebKit/537.36 (KHTML, like Gecko; compatible; ClaudeBot/1.0; +claudebot@anthropic.com)"
3.226.106.93 - - [21/Oct/2025:15:07:32 +0300] "GET /product/lille-contacts/?path=//run/faillock HTTP/1.1" 200 12669 "-" "Mozilla/5.0 AppleWebKit/537.36 (KHTML, like Gecko; compatible; Amazonbot/0.1; +https://developer.amazon.com/support/amazonbot) Chrome/119.0.6045.214 Safari/537.36"
20.171.207.183 - - [21/Oct/2025:15:07:32 +0300] "GET /?fileloc=//proc/self/root/proc/thread-self/root/proc/thread-self/root/proc/thread-self/root/proc/thread-self/root/proc/self/root/proc/thread-self/net/icmp6&path=//proc/self/root/proc/thread-self/root/proc/thread-self/root/proc/thread-self/root/proc/thread-self/root/proc/self/root/proc/thread-self/net HTTP/2.0" 200 2397 "-" "Mozilla/5.0 AppleWebKit/537.36 (KHTML, like Gecko; compatible; GPTBot/1.2; +https://openai.com/gptbot)"
216.73.216.119 - - [21/Oct/2025:15:07:32 +0300] "GET /database-city/delhi/?fileloc=%2F%2Fusr%2Fbin%2Fclear&path=%2F%2Fusr%2Fbin HTTP/2.0" 200 6410 "-" "Mozilla/5.0 AppleWebKit/537.36 (KHTML, like Gecko; compatible; ClaudeBot/1.0; +claudebot@anthropic.com)"
216.73.216.119 - - [21/Oct/2025:15:07:32 +0300] "GET /ru/database-city/esch-sur-alzette-ru?fileloc=%2F%2Fusr%2Flib%2Ffirmware%2Famdgpu%2Fvegam_mec.bin&path=%2F%2Fusr%2Flib%2Ffirmware%2Famdgpu HTTP/2.0" 200 26266 "-" "Mozilla/5.0 AppleWebKit/537.36 (KHTML, like Gecko; compatible; ClaudeBot/1.0; +claudebot@anthropic.com)"
216.73.216.119 - - [21/Oct/2025:15:07:32 +0300] "GET /ru/database-city/esch-sur-alzette-ru?fileloc=%2F%2Fusr%2Finclude%2Ffenv.h&path=%2F%2Fusr%2Finclude HTTP/2.0" 200 4135 "-" "Mozilla/5.0 AppleWebKit/537.36 (KHTML, like Gecko; compatible; ClaudeBot/1.0; +claudebot@anthropic.com)"
23.23.180.225 - - [21/Oct/2025:15:07:26 +0300] "GET /product/strasbourg-contacts/?fileloc=//bin/rvim&path=//bin HTTP/1.1" 200 4792667 "-" "Mozilla/5.0 AppleWebKit/537.36 (KHTML, like Gecko; compatible; Amazonbot/0.1; +https://developer.amazon.com/support/amazonbot) Chrome/119.0.6045.214 Safari/537.36"
216.73.216.119 - - [21/Oct/2025:15:07:33 +0300] "GET /et/wp-json/wp/v2/product/1372?fileloc=%2F%2Fusr%2Fshare%2Fawk%2Fgettime.awk&path=%2F%2Fusr%2Fshare%2Fawk HTTP/2.0" 200 2964 "-" "Mozilla/5.0 AppleWebKit/537.36 (KHTML, like Gecko; compatible; ClaudeBot/1.0; +claudebot@anthropic.com)"
216.73.216.119 - - [21/Oct/2025:15:07:33 +0300] "GET /fi/database-city/yangon-fi/feed?fileloc=%2F%2Fusr%2Flib%2Fsysctl.d%2F50-libkcapi-optmem_max.conf&path=%2F%2Fusr%2Flib%2Fsysctl.d HTTP/2.0" 200 2402 "-" "Mozilla/5.0 AppleWebKit/537.36 (KHTML, like Gecko; compatible; ClaudeBot/1.0; +claudebot@anthropic.com)"
216.73.216.119 - - [21/Oct/2025:15:07:33 +0300] "GET /database-city/sydney?fileloc=%2F%2Fusr%2Fshare%2Fman%2Fman3%2FUI_get0_output_string.3ssl.gz&path=%2F%2Fusr%2Fshare%2Fman%2Fman3 HTTP/2.0" 200 5450 "-" "Mozilla/5.0 AppleWebKit/537.36 (KHTML, like Gecko; compatible; ClaudeBot/1.0; +claudebot@anthropic.com)"
216.73.216.119 - - [21/Oct/2025:15:07:33 +0300] "GET /countries/brazil?fileloc=%2F%2Fusr%2Fshare%2Fterminfo%2Fm%2Fmach-gnu-color&path=%2F%2Fusr%2Fshare%2Fterminfo%2Fm HTTP/2.0" 200 2777 "-" "Mozilla/5.0 AppleWebKit/537.36 (KHTML, like Gecko; compatible; ClaudeBot/1.0; +claudebot@anthropic.com)"
216.73.216.119 - - [21/Oct/2025:15:07:34 +0300] "GET /database-city/sydney?fileloc=%2F%2Fusr%2Fshare%2Fman%2Fman3%2Flapacke_chpev_work.c.3.gz&path=%2F%2Fusr%2Fshare%2Fman%2Fman3 HTTP/2.0" 200 2754 "-" "Mozilla/5.0 AppleWebKit/537.36 (KHTML, like Gecko; compatible; ClaudeBot/1.0; +claudebot@anthropic.com)"
216.73.216.119 - - [21/Oct/2025:15:07:34 +0300] "GET /et/wp-json/wp/v2/product/1793?fileloc=%2F%2Fusr%2Flib64%2Flibpcrecpp.so.0&path=%2F%2Fusr%2Flib64 HTTP/2.0" 200 17380 "-" "Mozilla/5.0 AppleWebKit/537.36 (KHTML, like Gecko; compatible; ClaudeBot/1.0; +claudebot@anthropic.com)"
216.73.216.119 - - [21/Oct/2025:15:07:34 +0300] "GET /database-city/sydney?fileloc=%2F%2Fusr%2Fshare%2Fman%2Fman3%2FUI_method_get_closer.3ssl.gz&path=%2F%2Fusr%2Fshare%2Fman%2Fman3 HTTP/2.0" 200 6001 "-" "Mozilla/5.0 AppleWebKit/537.36 (KHTML, like Gecko; compatible; ClaudeBot/1.0; +claudebot@anthropic.com)"
20.171.207.155 - - [21/Oct/2025:15:07:34 +0300] "GET /upload/save_image/product/00/30/20/92/302092_1_360.jpg?path=//proc/1008992/root/proc/1008992/root/proc/1008992/task/1008992/root/proc/thread-self/root/proc/1008992/root/proc/1008992/root/proc/1105349/root/lib64/python2.7/Demo/pdist HTTP/2.0" 200 3809 "-" "Mozilla/5.0 AppleWebKit/537.36 (KHTML, like Gecko; compatible; GPTBot/1.2; +https://openai.com/gptbot)"
216.73.216.119 - - [21/Oct/2025:15:07:34 +0300] "GET /et/wp-json/wp/v2/product/1793?fileloc=%2F%2Flib%2Fdracut%2Fmodules.d%2F90btrfs%2Fmodule-setup.sh&path=%2F%2Flib%2Fdracut%2Fmodules.d%2F90btrfs HTTP/2.0" 200 2784 "-" "Mozilla/5.0 AppleWebKit/537.36 (KHTML, like Gecko; compatible; ClaudeBot/1.0; +claudebot@anthropic.com)"
216.73.216.119 - - [21/Oct/2025:15:07:34 +0300] "GET /database-city/sydney?fileloc=%2F%2Fusr%2Fshare%2Fzoneinfo%2FGB&path=%2F%2Fusr%2Fshare%2Fzoneinfo HTTP/2.0" 200 4035 "-" "Mozilla/5.0 AppleWebKit/537.36 (KHTML, like Gecko; compatible; ClaudeBot/1.0; +claudebot@anthropic.com)"
216.73.216.119 - - [21/Oct/2025:15:07:35 +0300] "GET /database-city/sydney?fileloc=%2F%2Fusr%2Fshare%2Fman%2Fman3%2Flapacke_cgetrs_work.c.3.gz&path=%2F%2Fusr%2Fshare%2Fman%2Fman3 HTTP/2.0" 200 2732 "-" "Mozilla/5.0 AppleWebKit/537.36 (KHTML, like Gecko; compatible; ClaudeBot/1.0; +claudebot@anthropic.com)"
216.73.216.119 - - [21/Oct/2025:15:07:35 +0300] "GET /fi/database-city/yangon-fi/feed?fileloc=%2F%2Flib64%2Fpython2.7%2Fcurses%2F__init__.pyo&path=%2F%2Flib64%2Fpython2.7%2Fcurses HTTP/2.0" 200 3112 "-" "Mozilla/5.0 AppleWebKit/537.36 (KHTML, like Gecko; compatible; ClaudeBot/1.0; +claudebot@anthropic.com)"
216.73.216.119 - - [21/Oct/2025:15:07:35 +0300] "GET /et/andmebaas-linn/al-ain-email-database-et?fileloc=%2F%2Fusr%2Flib%2Ffirmware%2Famdgpu%2Fbonaire_sdma.bin&path=%2F%2Fusr%2Flib%2Ffirmware%2Famdgpu HTTP/2.0" 200 4244 "-" "Mozilla/5.0 AppleWebKit/537.36 (KHTML, like Gecko; compatible; ClaudeBot/1.0; +claudebot@anthropic.com)"
20.171.207.183 - - [21/Oct/2025:15:07:35 +0300] "GET /?fileloc=//proc/self/root/proc/thread-self/root/proc/thread-self/root/proc/thread-self/root/proc/thread-self/root/proc/self/root/proc/thread-self/net/raw6&path=//proc/self/root/proc/thread-self/root/proc/thread-self/root/proc/thread-self/root/proc/thread-self/root/proc/self/root/proc/thread-self/net HTTP/2.0" 200 2395 "-" "Mozilla/5.0 AppleWebKit/537.36 (KHTML, like Gecko; compatible; GPTBot/1.2; +https://openai.com/gptbot)"
204.12.208.18 - - [21/Oct/2025:15:06:10 +0300] "GET /wp-includes/im4b66ed/index.php HTTP/1.1" 200 - "https://businessdatabases.net/wp-includes/im4b66ed/index.php" "Mozilla/5.0 (Windows NT 6.1; WOW64; rv:9.0.1) Gecko/20100101 Firefox/9.0.1"
216.73.216.119 - - [21/Oct/2025:15:07:35 +0300] "GET /fi/database-city/yangon-fi/feed?fileloc=%2F%2Flib64%2Fpython2.7%2Fencodings%2Fcp737.pyo&path=%2F%2Flib64%2Fpython2.7%2Fencodings HTTP/2.0" 200 4895 "-" "Mozilla/5.0 AppleWebKit/537.36 (KHTML, like Gecko; compatible; ClaudeBot/1.0; +claudebot@anthropic.com)"
216.73.216.119 - - [21/Oct/2025:15:07:36 +0300] "GET /fi/database-city/yangon-fi/feed?fileloc=%2F%2Flib64%2Fpython2.7%2Fencodings%2Fcp932.pyo&path=%2F%2Flib64%2Fpython2.7%2Fencodings HTTP/2.0" 200 2889 "-" "Mozilla/5.0 AppleWebKit/537.36 (KHTML, like Gecko; compatible; ClaudeBot/1.0; +claudebot@anthropic.com)"
216.73.216.119 - - [21/Oct/2025:15:07:36 +0300] "GET /et/andmebaas-linn/al-ain-email-database-et?fileloc=%2F%2Fusr%2Flib%2Ffirmware%2Fradeon%2FRV630_me.bin&path=%2F%2Fusr%2Flib%2Ffirmware%2Fradeon HTTP/2.0" 200 6975 "-" "Mozilla/5.0 AppleWebKit/537.36 (KHTML, like Gecko; compatible; ClaudeBot/1.0; +claudebot@anthropic.com)"
216.73.216.119 - - [21/Oct/2025:15:07:36 +0300] "GET /et/wp-json/oembed/1.0/embed?fileloc=%2F%2Flib%2Ffirmware%2Frtl_bt%2Frtl8723cs_xx_config.bin&path=%2F%2Flib%2Ffirmware%2Frtl_bt HTTP/2.0" 200 2350 "-" "Mozilla/5.0 AppleWebKit/537.36 (KHTML, like Gecko; compatible; ClaudeBot/1.0; +claudebot@anthropic.com)"
216.73.216.119 - - [21/Oct/2025:15:07:36 +0300] "GET /database-city/delhi/?fileloc=%2F%2Fusr%2Fshare%2Fzoneinfo%2FIsrael&path=%2F%2Fusr%2Fshare%2Fzoneinfo HTTP/2.0" 200 3504 "-" "Mozilla/5.0 AppleWebKit/537.36 (KHTML, like Gecko; compatible; ClaudeBot/1.0; +claudebot@anthropic.com)"
3.232.39.98 - - [21/Oct/2025:15:07:36 +0300] "GET /database-city/jyvaskyla/?path=/home-ssd1/busines1/public_html HTTP/1.1" 200 67360 "-" "Mozilla/5.0 AppleWebKit/537.36 (KHTML, like Gecko; compatible; Amazonbot/0.1; +https://developer.amazon.com/support/amazonbot) Chrome/119.0.6045.214 Safari/537.36"
216.73.216.119 - - [21/Oct/2025:15:07:37 +0300] "GET /ru/database-city/esch-sur-alzette-ru?fileloc=%2F%2Fusr%2Flib%2Ffirmware%2Famdgpu%2Fcyan_skillfish2_rlc.bin&path=%2F%2Fusr%2Flib%2Ffirmware%2Famdgpu HTTP/2.0" 200 10792 "-" "Mozilla/5.0 AppleWebKit/537.36 (KHTML, like Gecko; compatible; ClaudeBot/1.0; +claudebot@anthropic.com)"
216.73.216.119 - - [21/Oct/2025:15:07:36 +0300] "GET /et/wp-json/wp/v2/product/1703?fileloc=%2F%2Fusr%2Fshare%2Flibtool%2Fconfigure&path=%2F%2Fusr%2Fshare%2Flibtool HTTP/2.0" 200 99347 "-" "Mozilla/5.0 AppleWebKit/537.36 (KHTML, like Gecko; compatible; ClaudeBot/1.0; +claudebot@anthropic.com)"
20.171.207.155 - - [21/Oct/2025:15:07:37 +0300] "GET /upload/save_image/product/00/30/20/92/302092_1_360.jpg?path=//proc/1008992/root/proc/1008992/root/proc/1008992/task/1008992/root/proc/thread-self/root/proc/1008992/root/proc/1008992/root/proc/1105349/root/lib64/python2.7/Doc/tools HTTP/2.0" 200 2452 "-" "Mozilla/5.0 AppleWebKit/537.36 (KHTML, like Gecko; compatible; GPTBot/1.2; +https://openai.com/gptbot)"
216.73.216.119 - - [21/Oct/2025:15:07:37 +0300] "GET /et/andmebaas-linn/al-ain-email-database-et?fileloc=%2F%2Fusr%2Flib%2Ffirmware%2Frsi%2Frs9113_wlan_qspi.rps&path=%2F%2Fusr%2Flib%2Ffirmware%2Frsi HTTP/2.0" 200 79924 "-" "Mozilla/5.0 AppleWebKit/537.36 (KHTML, like Gecko; compatible; ClaudeBot/1.0; +claudebot@anthropic.com)"
216.73.216.119 - - [21/Oct/2025:15:07:37 +0300] "GET /fi/database-city/yangon-fi/feed?fileloc=%2F%2Flib64%2Fpython2.7%2Fencodings%2Futf_16_le.pyo&path=%2F%2Flib64%2Fpython2.7%2Fencodings HTTP/2.0" 200 3035 "-" "Mozilla/5.0 AppleWebKit/537.36 (KHTML, like Gecko; compatible; ClaudeBot/1.0; +claudebot@anthropic.com)"
216.73.216.119 - - [21/Oct/2025:15:07:37 +0300] "GET /ru/database-city/esch-sur-alzette-ru?fileloc=%2F%2Fusr%2Flib%2Ffirmware%2Famdgpu%2Fmullins_me.bin&path=%2F%2Fusr%2Flib%2Ffirmware%2Famdgpu HTTP/2.0" 200 6024 "-" "Mozilla/5.0 AppleWebKit/537.36 (KHTML, like Gecko; compatible; ClaudeBot/1.0; +claudebot@anthropic.com)"
216.73.216.119 - - [21/Oct/2025:15:07:37 +0300] "GET /et/product/argentiina-e-maili-andmebaas?fileloc=%2F%2Fusr%2Flib64%2Fpython2.7%2Fkeyword.pyo&path=%2F%2Fusr%2Flib64%2Fpython2.7 HTTP/2.0" 200 3485 "-" "Mozilla/5.0 AppleWebKit/537.36 (KHTML, like Gecko; compatible; ClaudeBot/1.0; +claudebot@anthropic.com)"
216.73.216.119 - - [21/Oct/2025:15:07:38 +0300] "GET /et/wp-json/oembed/1.0/embed?fileloc=%2F%2Flib%2Ffirmware%2Frtl_bt%2Frtl8822b_fw.bin&path=%2F%2Flib%2Ffirmware%2Frtl_bt HTTP/2.0" 200 25238 "-" "Mozilla/5.0 AppleWebKit/537.36 (KHTML, like Gecko; compatible; ClaudeBot/1.0; +claudebot@anthropic.com)"
216.73.216.119 - - [21/Oct/2025:15:07:38 +0300] "GET /ru/database-city/esch-sur-alzette-ru?fileloc=%2F%2Fusr%2Flib%2Ffirmware%2Famdgpu%2Fstoney_pfp.bin&path=%2F%2Fusr%2Flib%2Ffirmware%2Famdgpu HTTP/2.0" 200 8739 "-" "Mozilla/5.0 AppleWebKit/537.36 (KHTML, like Gecko; compatible; ClaudeBot/1.0; +claudebot@anthropic.com)"
216.73.216.119 - - [21/Oct/2025:15:07:38 +0300] "GET /et/andmebaas-linn/al-ain-email-database-et?fileloc=%2F%2Fusr%2Flib%2Ffirmware%2Fmoxa%2Fmoxa-1130.fw&path=%2F%2Fusr%2Flib%2Ffirmware%2Fmoxa HTTP/2.0" 200 8313 "-" "Mozilla/5.0 AppleWebKit/537.36 (KHTML, like Gecko; compatible; ClaudeBot/1.0; +claudebot@anthropic.com)"
216.73.216.119 - - [21/Oct/2025:15:07:38 +0300] "GET /et/wp-json/wp/v2/product/1453?path=%2Fhome-ssd1%2Fbusines1%2Fpublic_html%2Fwp-includes%2Fjs%2Fimgareaselect HTTP/2.0" 200 2719 "-" "Mozilla/5.0 AppleWebKit/537.36 (KHTML, like Gecko; compatible; ClaudeBot/1.0; +claudebot@anthropic.com)"
216.73.216.119 - - [21/Oct/2025:15:07:38 +0300] "GET /fi/database-city/yangon-fi/feed?fileloc=%2F%2Flib64%2Fpython2.7%2Fencodings%2Fcp1257.pyo&path=%2F%2Flib64%2Fpython2.7%2Fencodings HTTP/2.0" 200 3504 "-" "Mozilla/5.0 AppleWebKit/537.36 (KHTML, like Gecko; compatible; ClaudeBot/1.0; +claudebot@anthropic.com)"
20.171.207.183 - - [21/Oct/2025:15:07:38 +0300] "GET /?fileloc=//proc/self/root/proc/thread-self/root/proc/thread-self/root/proc/thread-self/root/proc/thread-self/root/proc/self/root/proc/self/net/tcp6&path=//proc/self/root/proc/thread-self/root/proc/thread-self/root/proc/thread-self/root/proc/thread-self/root/proc/self/root/proc/self/net HTTP/2.0" 200 3104 "-" "Mozilla/5.0 AppleWebKit/537.36 (KHTML, like Gecko; compatible; GPTBot/1.2; +https://openai.com/gptbot)"
216.73.216.119 - - [21/Oct/2025:15:07:39 +0300] "GET /ru/database-city/esch-sur-alzette-ru?fileloc=%2F%2Fusr%2Flib%2Ffirmware%2Famdgpu%2Fnavi14_gpu_info.bin&path=%2F%2Fusr%2Flib%2Ffirmware%2Famdgpu HTTP/2.0" 200 2507 "-" "Mozilla/5.0 AppleWebKit/537.36 (KHTML, like Gecko; compatible; ClaudeBot/1.0; +claudebot@anthropic.com)"
216.73.216.119 - - [21/Oct/2025:15:07:39 +0300] "GET /et/andmebaas-linn/delhi-et?fileloc=%2Fhome-ssd1%2Fbusines1%2Fpublic_html%2Fwp-includes%2Fblocks%2Ffile%2Fview.min.asset.php&path=%2Fhome-ssd1%2Fbusines1%2Fpublic_html%2Fwp-includes%2Fblocks%2Ffile HTTP/2.0" 200 2354 "-" "Mozilla/5.0 AppleWebKit/537.36 (KHTML, like Gecko; compatible; ClaudeBot/1.0; +claudebot@anthropic.com)"
216.73.216.119 - - [21/Oct/2025:15:07:39 +0300] "GET /ru/database-city/esch-sur-alzette-ru?fileloc=%2F%2Fusr%2Finclude%2Fgcrypt.h&path=%2F%2Fusr%2Finclude HTTP/2.0" 200 19403 "-" "Mozilla/5.0 AppleWebKit/537.36 (KHTML, like Gecko; compatible; ClaudeBot/1.0; +claudebot@anthropic.com)"
216.73.216.119 - - [21/Oct/2025:15:07:39 +0300] "GET /database-city/sydney?fileloc=%2F%2Fusr%2Fshare%2Fman%2Fman3%2FUI_UTIL_read_pw_string.3ssl.gz&path=%2F%2Fusr%2Fshare%2Fman%2Fman3 HTTP/2.0" 200 4895 "-" "Mozilla/5.0 AppleWebKit/537.36 (KHTML, like Gecko; compatible; ClaudeBot/1.0; +claudebot@anthropic.com)"
216.73.216.119 - - [21/Oct/2025:15:07:39 +0300] "GET /database-city/sydney?fileloc=%2F%2Fusr%2Fshare%2Fman%2Fman3%2Flapacke_dgecon.c.3.gz&path=%2F%2Fusr%2Fshare%2Fman%2Fman3 HTTP/2.0" 200 2689 "-" "Mozilla/5.0 AppleWebKit/537.36 (KHTML, like Gecko; compatible; ClaudeBot/1.0; +claudebot@anthropic.com)"
54.225.199.17 - - [21/Oct/2025:15:07:40 +0300] "GET /database-city/villach-email-database/?fileloc=//bin/delv&path=//bin HTTP/1.1" 200 70146 "-" "Mozilla/5.0 AppleWebKit/537.36 (KHTML, like Gecko; compatible; Amazonbot/0.1; +https://developer.amazon.com/support/amazonbot) Chrome/119.0.6045.214 Safari/537.36"
216.73.216.119 - - [21/Oct/2025:15:07:40 +0300] "GET /et/wp-json/wp/v2/product/1793?path=%2F%2Fopt%2Fcpanel%2Fea-ruby27%2Fsrc%2Fpassenger-release-6.0.23%2Ftest%2Fcxx%2FMemoryKit HTTP/2.0" 200 2663 "-" "Mozilla/5.0 AppleWebKit/537.36 (KHTML, like Gecko; compatible; ClaudeBot/1.0; +claudebot@anthropic.com)"
216.73.216.119 - - [21/Oct/2025:15:07:40 +0300] "GET /ru/database-city/esch-sur-alzette-ru?fileloc=%2F%2Fusr%2Flib%2Ffirmware%2Famdgpu%2Ftopaz_sdma1.bin&path=%2F%2Fusr%2Flib%2Ffirmware%2Famdgpu HTTP/2.0" 200 4702 "-" "Mozilla/5.0 AppleWebKit/537.36 (KHTML, like Gecko; compatible; ClaudeBot/1.0; +claudebot@anthropic.com)"
216.73.216.119 - - [21/Oct/2025:15:07:40 +0300] "GET /et/Riigid/argentiina/?fileloc=%2F%2Flib%2Fpython2.7%2Fsite-packages%2Fpycriu%2Fimages%2Ftimer_pb2.pyo&path=%2F%2Flib%2Fpython2.7%2Fsite-packages%2Fpycriu%2Fimages HTTP/2.0" 200 3998 "-" "Mozilla/5.0 AppleWebKit/537.36 (KHTML, like Gecko; compatible; ClaudeBot/1.0; +claudebot@anthropic.com)"
216.73.216.119 - - [21/Oct/2025:15:07:40 +0300] "GET /et/andmebaas-linn/nantes-ettevotete-andmebaas?fileloc=%2Fhome-ssd1%2Fbusines1%2Fpublic_html%2Fwp-admin%2Fjs%2Fsvg-painter.min.js&path=%2Fhome-ssd1%2Fbusines1%2Fpublic_html%2Fwp-admin%2Fjs HTTP/2.0" 200 3018 "-" "Mozilla/5.0 AppleWebKit/537.36 (KHTML, like Gecko; compatible; ClaudeBot/1.0; +claudebot@anthropic.com)"
20.171.207.155 - - [21/Oct/2025:15:07:41 +0300] "GET /upload/save_image/product/00/30/20/92/302092_1_360.jpg?path=//proc/1008992/root/proc/1008992/root/proc/1008992/task/1008992/root/proc/thread-self/root/proc/1008992/root/proc/1008992/root/proc/1105349/root/home-ssd1/busines1/www/61c82 HTTP/2.0" 200 2707 "-" "Mozilla/5.0 AppleWebKit/537.36 (KHTML, like Gecko; compatible; GPTBot/1.2; +https://openai.com/gptbot)"
216.73.216.119 - - [21/Oct/2025:15:07:40 +0300] "GET /database-city/sydney?fileloc=%2F%2Fusr%2Fshare%2Fman%2Fman3%2Fsecurity_compute_create_raw.3.gz&path=%2F%2Fusr%2Fshare%2Fman%2Fman3 HTTP/2.0" 200 2340 "-" "Mozilla/5.0 AppleWebKit/537.36 (KHTML, like Gecko; compatible; ClaudeBot/1.0; +claudebot@anthropic.com)"
216.73.216.119 - - [21/Oct/2025:15:07:41 +0300] "GET /fi/database-city/yangon-fi/feed?path=%2F%2Fusr%2Fshare%2Fautoconf%2Fautoconf HTTP/2.0" 200 3100 "-" "Mozilla/5.0 AppleWebKit/537.36 (KHTML, like Gecko; compatible; ClaudeBot/1.0; +claudebot@anthropic.com)"
216.73.216.119 - - [21/Oct/2025:15:07:41 +0300] "GET /et/andmebaas-linn/al-ain-email-database-et?fileloc=%2F%2Fusr%2Flib%2Ffirmware%2Famdgpu%2Fhawaii_ce.bin&path=%2F%2Fusr%2Flib%2Ffirmware%2Famdgpu HTTP/2.0" 200 3833 "-" "Mozilla/5.0 AppleWebKit/537.36 (KHTML, like Gecko; compatible; ClaudeBot/1.0; +claudebot@anthropic.com)"
216.73.216.119 - - [21/Oct/2025:15:07:41 +0300] "GET /database-city/sydney?fileloc=%2F%2Fusr%2Fshare%2Fman%2Fman3%2FCRYPTO_set_mem_debug.3ssl.gz&path=%2F%2Fusr%2Fshare%2Fman%2Fman3 HTTP/2.0" 200 7260 "-" "Mozilla/5.0 AppleWebKit/537.36 (KHTML, like Gecko; compatible; ClaudeBot/1.0; +claudebot@anthropic.com)"
216.73.216.119 - - [21/Oct/2025:15:07:41 +0300] "GET /ru/database-city/esch-sur-alzette-ru?fileloc=%2F%2Fusr%2Flib%2Ffirmware%2Famdgpu%2Fraven2_rlc.bin&path=%2F%2Fusr%2Flib%2Ffirmware%2Famdgpu HTTP/2.0" 200 11239 "-" "Mozilla/5.0 AppleWebKit/537.36 (KHTML, like Gecko; compatible; ClaudeBot/1.0; +claudebot@anthropic.com)"
20.171.207.183 - - [21/Oct/2025:15:07:42 +0300] "GET /?fileloc=//proc/self/root/proc/thread-self/root/proc/thread-self/root/proc/thread-self/root/proc/thread-self/root/proc/self/root/proc/self/net/udp6&path=//proc/self/root/proc/thread-self/root/proc/thread-self/root/proc/thread-self/root/proc/thread-self/root/proc/self/root/proc/self/net HTTP/2.0" 200 2484 "-" "Mozilla/5.0 AppleWebKit/537.36 (KHTML, like Gecko; compatible; GPTBot/1.2; +https://openai.com/gptbot)"
216.73.216.119 - - [21/Oct/2025:15:07:41 +0300] "GET /et/andmebaas-linn/al-ain-email-database-et?fileloc=%2F%2Fusr%2Flib%2Ffirmware%2Famdgpu%2Fverde_k_smc.bin&path=%2F%2Fusr%2Flib%2Ffirmware%2Famdgpu HTTP/2.0" 200 27290 "-" "Mozilla/5.0 AppleWebKit/537.36 (KHTML, like Gecko; compatible; ClaudeBot/1.0; +claudebot@anthropic.com)"
216.73.216.119 - - [21/Oct/2025:15:07:42 +0300] "GET /database-city/sydney?fileloc=%2F%2Fusr%2Fshare%2Fman%2Fman3%2Fxcb_input_open_device_reply.3.gz&path=%2F%2Fusr%2Fshare%2Fman%2Fman3 HTTP/2.0" 200 2346 "-" "Mozilla/5.0 AppleWebKit/537.36 (KHTML, like Gecko; compatible; ClaudeBot/1.0; +claudebot@anthropic.com)"
216.73.216.119 - - [21/Oct/2025:15:07:42 +0300] "GET /terms-and-conditions?path=%2F%2Fopt%2Fcpanel%2Fea-php80%2Froot%2Flib64%2Ftls HTTP/2.0" 200 2314 "-" "Mozilla/5.0 AppleWebKit/537.36 (KHTML, like Gecko; compatible; ClaudeBot/1.0; +claudebot@anthropic.com)"
216.73.216.119 - - [21/Oct/2025:15:07:42 +0300] "GET /database-city/sydney?fileloc=%2F%2Fusr%2Fshare%2Fman%2Fman3%2FSSL_get_all_async_fds.3ssl.gz&path=%2F%2Fusr%2Fshare%2Fman%2Fman3 HTTP/2.0" 200 5228 "-" "Mozilla/5.0 AppleWebKit/537.36 (KHTML, like Gecko; compatible; ClaudeBot/1.0; +claudebot@anthropic.com)"
216.73.216.119 - - [21/Oct/2025:15:07:42 +0300] "GET /fi/database-city/antwerpen-fi?path=%2Fhome-ssd1%2Fbusines1%2Fpublic_html%2Fwp-content%2Fuploads%2F2022%2F08 HTTP/2.0" 200 4196 "-" "Mozilla/5.0 AppleWebKit/537.36 (KHTML, like Gecko; compatible; ClaudeBot/1.0; +claudebot@anthropic.com)"
216.73.216.119 - - [21/Oct/2025:15:07:42 +0300] "GET /database-city/esbjerg?fileloc=%2Fhome-ssd1%2Fbusines1%2Fpublic_html%2Fwp-content%2Flanguages%2Fru_RU-320f4ad9792aaa6dedb1e71cbdf85d57.json&path=%2Fhome-ssd1%2Fbusines1%2Fpublic_html%2Fwp-content%2Flanguages HTTP/2.0" 200 2579 "-" "Mozilla/5.0 AppleWebKit/537.36 (KHTML, like Gecko; compatible; ClaudeBot/1.0; +claudebot@anthropic.com)"
216.73.216.119 - - [21/Oct/2025:15:07:43 +0300] "GET /et/andmebaas-linn/tirana-ettevotete-e-mail-andmebaas/feed?fileloc=%2F%2Flib%2Fjvm%2Fjre-11-openjdk%2Flib%2Flibattach.so&path=%2F%2Flib%2Fjvm%2Fjre-11-openjdk%2Flib HTTP/2.0" 200 6620 "-" "Mozilla/5.0 AppleWebKit/537.36 (KHTML, like Gecko; compatible; ClaudeBot/1.0; +claudebot@anthropic.com)"
216.73.216.119 - - [21/Oct/2025:15:07:43 +0300] "GET /et/andmebaas-linn/al-ain-email-database-et?fileloc=%2F%2Fusr%2Flib%2Ffirmware%2Famdgpu%2Fbeige_goby_mec2.bin&path=%2F%2Fusr%2Flib%2Ffirmware%2Famdgpu HTTP/2.0" 200 39160 "-" "Mozilla/5.0 AppleWebKit/537.36 (KHTML, like Gecko; compatible; ClaudeBot/1.0; +claudebot@anthropic.com)"
216.73.216.119 - - [21/Oct/2025:15:07:43 +0300] "GET /database-city/delhi/?fileloc=%2F%2Fusr%2Fshare%2Fzoneinfo%2FPoland&path=%2F%2Fusr%2Fshare%2Fzoneinfo HTTP/2.0" 200 3671 "-" "Mozilla/5.0 AppleWebKit/537.36 (KHTML, like Gecko; compatible; ClaudeBot/1.0; +claudebot@anthropic.com)"
20.171.207.155 - - [21/Oct/2025:15:07:44 +0300] "GET /upload/save_image/product/00/30/20/92/302092_1_360.jpg?path=//proc/1008992/root/proc/1008992/root/proc/1008992/task/1008992/root/proc/thread-self/root/proc/1008992/root/proc/1008992/root/proc/1105349/root/lib64/python2.7/Demo/pysvr HTTP/2.0" 200 2876 "-" "Mozilla/5.0 AppleWebKit/537.36 (KHTML, like Gecko; compatible; GPTBot/1.2; +https://openai.com/gptbot)"
216.73.216.119 - - [21/Oct/2025:15:07:43 +0300] "GET /database-city/delhi/?fileloc=%2F%2Fusr%2Fbin%2Fscl&path=%2F%2Fusr%2Fbin HTTP/2.0" 200 15753 "-" "Mozilla/5.0 AppleWebKit/537.36 (KHTML, like Gecko; compatible; ClaudeBot/1.0; +claudebot@anthropic.com)"
216.73.216.119 - - [21/Oct/2025:15:07:44 +0300] "GET /ru/database-city/antwerpen-ru?fileloc=%2F%2Fproc%2Fthread-self%2Froot%2Flib64%2Fpython3.6%2Fencodings%2F__pycache__%2Fascii.cpython-36.pyc&path=%2F%2Fproc%2Fthread-self%2Froot%2Flib64%2Fpython3.6%2Fencodings%2F__pycache__ HTTP/2.0" 200 3133 "-" "Mozilla/5.0 AppleWebKit/537.36 (KHTML, like Gecko; compatible; ClaudeBot/1.0; +claudebot@anthropic.com)"
216.73.216.119 - - [21/Oct/2025:15:07:43 +0300] "GET /et/andmebaas-linn/al-ain-email-database-et?fileloc=%2F%2Fusr%2Flib%2Ffirmware%2Famdgpu%2Fvega12_vce.bin&path=%2F%2Fusr%2Flib%2Ffirmware%2Famdgpu HTTP/2.0" 200 86420 "-" "Mozilla/5.0 AppleWebKit/537.36 (KHTML, like Gecko; compatible; ClaudeBot/1.0; +claudebot@anthropic.com)"
216.73.216.119 - - [21/Oct/2025:15:07:44 +0300] "GET /et/wp-json/wp/v2/product/1453?path=%2F%2Fusr%2Flib64%2Fpython3.6%2Fhtml HTTP/2.0" 200 2692 "-" "Mozilla/5.0 AppleWebKit/537.36 (KHTML, like Gecko; compatible; ClaudeBot/1.0; +claudebot@anthropic.com)"
216.73.216.119 - - [21/Oct/2025:15:07:44 +0300] "GET /fi/database-city/yangon-fi/feed?fileloc=%2F%2Flib64%2Fpython2.7%2Fencodings%2Fcp1253.pyo&path=%2F%2Flib64%2Fpython2.7%2Fencodings HTTP/2.0" 200 3491 "-" "Mozilla/5.0 AppleWebKit/537.36 (KHTML, like Gecko; compatible; ClaudeBot/1.0; +claudebot@anthropic.com)"
216.73.216.119 - - [21/Oct/2025:15:07:44 +0300] "GET /et/wp-json/wp/v2/product/1372?fileloc=%2F%2Fusr%2Fshare%2Fawk%2Fround.awk&path=%2F%2Fusr%2Fshare%2Fawk HTTP/2.0" 200 2513 "-" "Mozilla/5.0 AppleWebKit/537.36 (KHTML, like Gecko; compatible; ClaudeBot/1.0; +claudebot@anthropic.com)"
216.73.216.119 - - [21/Oct/2025:15:07:44 +0300] "GET /product/armenia-email-database?path=%2Fhome-ssd1%2Fbusines1%2Fpublic_html%2Fwp-includes%2Fblocks%2Fterm-description HTTP/2.0" 200 2717 "-" "Mozilla/5.0 AppleWebKit/537.36 (KHTML, like Gecko; compatible; ClaudeBot/1.0; +claudebot@anthropic.com)"
216.73.216.119 - - [21/Oct/2025:15:07:44 +0300] "GET /database-city/sydney?fileloc=%2F%2Fusr%2Fshare%2Fman%2Fman3%2Fselinux_binary_policy_path.3.gz&path=%2F%2Fusr%2Fshare%2Fman%2Fman3 HTTP/2.0" 200 3226 "-" "Mozilla/5.0 AppleWebKit/537.36 (KHTML, like Gecko; compatible; ClaudeBot/1.0; +claudebot@anthropic.com)"
20.171.207.183 - - [21/Oct/2025:15:07:45 +0300] "GET /?fileloc=//proc/self/root/proc/thread-self/root/proc/thread-self/root/proc/thread-self/root/proc/thread-self/root/proc/self/root/proc/self/net/mcfilter6&path=//proc/self/root/proc/thread-self/root/proc/thread-self/root/proc/thread-self/root/proc/thread-self/root/proc/self/root/proc/self/net HTTP/2.0" 200 2320 "-" "Mozilla/5.0 AppleWebKit/537.36 (KHTML, like Gecko; compatible; GPTBot/1.2; +https://openai.com/gptbot)"
216.73.216.119 - - [21/Oct/2025:15:07:45 +0300] "GET /database-city/vienna?fileloc=%2F%2Flib64%2Fapache2%2Fmodules%2Fmod_expires.so&path=%2F%2Flib64%2Fapache2%2Fmodules HTTP/2.0" 200 7408 "-" "Mozilla/5.0 AppleWebKit/537.36 (KHTML, like Gecko; compatible; ClaudeBot/1.0; +claudebot@anthropic.com)"
34.203.111.15 - - [21/Oct/2025:15:07:45 +0300] "GET /product/prague-business-database/?fileloc=//proc/diskstats&path=//proc HTTP/1.1" 200 12214 "-" "Mozilla/5.0 AppleWebKit/537.36 (KHTML, like Gecko; compatible; Amazonbot/0.1; +https://developer.amazon.com/support/amazonbot) Chrome/119.0.6045.214 Safari/537.36"
216.73.216.119 - - [21/Oct/2025:15:07:45 +0300] "GET /et/andmebaas-linn/tirana-ettevotete-e-mail-andmebaas/feed?fileloc=%2F%2Flib%2Fjvm%2Fjre-11-openjdk%2Flib%2Flibextnet.so&path=%2F%2Flib%2Fjvm%2Fjre-11-openjdk%2Flib HTTP/2.0" 200 6211 "-" "Mozilla/5.0 AppleWebKit/537.36 (KHTML, like Gecko; compatible; ClaudeBot/1.0; +claudebot@anthropic.com)"
216.73.216.119 - - [21/Oct/2025:15:07:45 +0300] "GET /et/andmebaas-linn/al-ain-email-database-et?fileloc=%2F%2Fusr%2Flib%2Ffirmware%2Fmoxa%2Fmoxa-1131.fw&path=%2F%2Fusr%2Flib%2Ffirmware%2Fmoxa HTTP/2.0" 200 8313 "-" "Mozilla/5.0 AppleWebKit/537.36 (KHTML, like Gecko; compatible; ClaudeBot/1.0; +claudebot@anthropic.com)"
216.73.216.119 - - [21/Oct/2025:15:07:46 +0300] "GET /ru/database-city/esch-sur-alzette-ru?path=%2F%2Fusr%2Finclude%2Fpython3.6m HTTP/2.0" 200 5244 "-" "Mozilla/5.0 AppleWebKit/537.36 (KHTML, like Gecko; compatible; ClaudeBot/1.0; +claudebot@anthropic.com)"
216.73.216.119 - - [21/Oct/2025:15:07:46 +0300] "GET /et/wp-json/wp/v2/product/1382?fileloc=%2F%2Flib64%2Fpython3.6%2Fsite-packages%2Fdbus%2Fconnection.py&path=%2F%2Flib64%2Fpython3.6%2Fsite-packages%2Fdbus HTTP/2.0" 200 8506 "-" "Mozilla/5.0 AppleWebKit/537.36 (KHTML, like Gecko; compatible; ClaudeBot/1.0; +claudebot@anthropic.com)"
216.73.216.119 - - [21/Oct/2025:15:07:46 +0300] "GET /product/prague-business-database?path=%2F%2Flib%2Fpython2.7%2Fsite-packages%2Fpip HTTP/2.0" 200 3547 "-" "Mozilla/5.0 AppleWebKit/537.36 (KHTML, like Gecko; compatible; ClaudeBot/1.0; +claudebot@anthropic.com)"
216.73.216.119 - - [21/Oct/2025:15:07:46 +0300] "GET /database-city/sao-paulo?fileloc=%2F%2Fusr%2Flib64%2Flibtiffxx.so.5&path=%2F%2Fusr%2Flib64 HTTP/2.0" 200 6584 "-" "Mozilla/5.0 AppleWebKit/537.36 (KHTML, like Gecko; compatible; ClaudeBot/1.0; +claudebot@anthropic.com)"
216.73.216.119 - - [21/Oct/2025:15:07:46 +0300] "GET /database-city/sydney?fileloc=%2F%2Fusr%2Fshare%2Fman%2Fman3%2Fxcb_input_set_device_modifier_mapping_unchecked.3.gz&path=%2F%2Fusr%2Fshare%2Fman%2Fman3 HTTP/2.0" 200 2368 "-" "Mozilla/5.0 AppleWebKit/537.36 (KHTML, like Gecko; compatible; ClaudeBot/1.0; +claudebot@anthropic.com)"
216.73.216.119 - - [21/Oct/2025:15:07:46 +0300] "GET /ru/database-city/esch-sur-alzette-ru?fileloc=%2F%2Fusr%2Flib%2Ffirmware%2Famdgpu%2Fnavi12_gpu_info.bin&path=%2F%2Fusr%2Flib%2Ffirmware%2Famdgpu HTTP/2.0" 200 2503 "-" "Mozilla/5.0 AppleWebKit/537.36 (KHTML, like Gecko; compatible; ClaudeBot/1.0; +claudebot@anthropic.com)"
20.171.207.155 - - [21/Oct/2025:15:07:47 +0300] "GET /upload/save_image/product/00/30/20/92/302092_1_360.jpg?path=//proc/1008992/root/proc/1008992/root/proc/1008992/task/1008992/root/proc/thread-self/root/proc/1008992/root/proc/1008992/root/proc/1105349/root/home-ssd1/busines1/www/.tmb HTTP/2.0" 200 3467 "-" "Mozilla/5.0 AppleWebKit/537.36 (KHTML, like Gecko; compatible; GPTBot/1.2; +https://openai.com/gptbot)"
216.73.216.119 - - [21/Oct/2025:15:07:46 +0300] "GET /ru/database-city/esch-sur-alzette-ru?fileloc=%2F%2Fusr%2Flib%2Ffirmware%2Famdgpu%2Fkabini_sdma.bin&path=%2F%2Fusr%2Flib%2Ffirmware%2Famdgpu HTTP/2.0" 200 4243 "-" "Mozilla/5.0 AppleWebKit/537.36 (KHTML, like Gecko; compatible; ClaudeBot/1.0; +claudebot@anthropic.com)"
216.73.216.119 - - [21/Oct/2025:15:07:47 +0300] "GET /ru/database-city/esch-sur-alzette-ru?fileloc=%2F%2Fusr%2Flib%2Ffirmware%2Famdgpu%2Fhawaii_smc.bin&path=%2F%2Fusr%2Flib%2Ffirmware%2Famdgpu HTTP/2.0" 200 44096 "-" "Mozilla/5.0 AppleWebKit/537.36 (KHTML, like Gecko; compatible; ClaudeBot/1.0; +claudebot@anthropic.com)"
216.73.216.119 - - [21/Oct/2025:15:07:48 +0300] "GET /database-city/sao-paulo?path=%2F%2Fusr%2Flib64%2Fgames HTTP/2.0" 200 2284 "-" "Mozilla/5.0 AppleWebKit/537.36 (KHTML, like Gecko; compatible; ClaudeBot/1.0; +claudebot@anthropic.com)"
216.73.216.119 - - [21/Oct/2025:15:07:47 +0300] "GET /ru/database-city/antwerpen-ru?fileloc=%2F%2Flib64%2Fperl5%2Fbits%2Fsigcontext.ph&path=%2F%2Flib64%2Fperl5%2Fbits HTTP/2.0" 200 2590 "-" "Mozilla/5.0 AppleWebKit/537.36 (KHTML, like Gecko; compatible; ClaudeBot/1.0; +claudebot@anthropic.com)"
