216.73.216.119 - - [21/Oct/2025:15:29:41 +0300] "GET /database-city/vienna?fileloc=%2F%2Fusr%2Flib%2Ffirmware%2Fiwlwifi-ma-b0-gf-a0.pnvm&path=%2F%2Fusr%2Flib%2Ffirmware HTTP/2.0" 200 10162 "-" "Mozilla/5.0 AppleWebKit/537.36 (KHTML, like Gecko; compatible; ClaudeBot/1.0; +claudebot@anthropic.com)"
216.73.216.119 - - [21/Oct/2025:15:29:40 +0300] "GET /et/Riigid/argentiina/?fileloc=%2Fhome-ssd1%2Fbusines1%2Fpublic_html%2Fwp-content%2Fthemes%2Ftwentytwentyfive%2Fpatterns%2Flogos.php&path=%2Fhome-ssd1%2Fbusines1%2Fpublic_html%2Fwp-content%2Fthemes%2Ftwentytwentyfive%2Fpatterns HTTP/2.0" 200 2979 "-" "Mozilla/5.0 AppleWebKit/537.36 (KHTML, like Gecko; compatible; ClaudeBot/1.0; +claudebot@anthropic.com)"
216.73.216.119 - - [21/Oct/2025:15:29:40 +0300] "GET /product/uzbekistan-business-database?fileloc=%2F%2Fusr%2Finclude%2Fopenssl%2Febcdic.h&path=%2F%2Fusr%2Finclude%2Fopenssl HTTP/2.0" 200 2631 "-" "Mozilla/5.0 AppleWebKit/537.36 (KHTML, like Gecko; compatible; ClaudeBot/1.0; +claudebot@anthropic.com)"
216.73.216.119 - - [21/Oct/2025:15:29:41 +0300] "GET /database-city/sydney?fileloc=%2F%2Fusr%2Flib%2Ffirmware%2Fintel%2Fibt-0040-2120.ddc&path=%2F%2Fusr%2Flib%2Ffirmware%2Fintel HTTP/2.0" 200 2271 "-" "Mozilla/5.0 AppleWebKit/537.36 (KHTML, like Gecko; compatible; ClaudeBot/1.0; +claudebot@anthropic.com)"
216.73.216.119 - - [21/Oct/2025:15:29:41 +0300] "GET /et/andmebaas-linn/atlanta-et?fileloc=%2Fhome-ssd1%2Fbusines1%2Fpublic_html%2Fwp-includes%2Fms-deprecated.php&path=%2Fhome-ssd1%2Fbusines1%2Fpublic_html%2Fwp-includes HTTP/2.0" 200 8420 "-" "Mozilla/5.0 AppleWebKit/537.36 (KHTML, like Gecko; compatible; ClaudeBot/1.0; +claudebot@anthropic.com)"
216.73.216.119 - - [21/Oct/2025:15:29:41 +0300] "GET /et/product/bucharest-ettevotete-andmebaas?fileloc=%2F%2Fhome%2Fbusines1%2Fpublic_html%2Fwp-admin%2Foptions-reading.php&path=%2F%2Fhome%2Fbusines1%2Fpublic_html%2Fwp-admin HTTP/2.0" 200 5291 "-" "Mozilla/5.0 AppleWebKit/537.36 (KHTML, like Gecko; compatible; ClaudeBot/1.0; +claudebot@anthropic.com)"
216.73.216.119 - - [21/Oct/2025:15:29:41 +0300] "GET /items/8542995?path=%2Fhome-ssd1%2Fbusines1%2Fpublic_html%2Fbusinessdatabases.net HTTP/2.0" 200 2642 "-" "Mozilla/5.0 AppleWebKit/537.36 (KHTML, like Gecko; compatible; ClaudeBot/1.0; +claudebot@anthropic.com)"
216.73.216.119 - - [21/Oct/2025:15:29:42 +0300] "GET /et/wp-json/oembed/1.0/embed?fileloc=%2F%2Flib64%2Fpython3.6%2F__pycache__%2Fcodecs.cpython-36.pyc&path=%2F%2Flib64%2Fpython3.6%2F__pycache__ HTTP/2.0" 200 12376 "-" "Mozilla/5.0 AppleWebKit/537.36 (KHTML, like Gecko; compatible; ClaudeBot/1.0; +claudebot@anthropic.com)"
216.73.216.119 - - [21/Oct/2025:15:29:42 +0300] "GET /et/andmebaas-linn/al-ain-email-database-et?fileloc=%2F%2Fusr%2Fshare%2Fmysql%2Fsystemd%2Fmariadb.service&path=%2F%2Fusr%2Fshare%2Fmysql%2Fsystemd HTTP/2.0" 200 4738 "-" "Mozilla/5.0 AppleWebKit/537.36 (KHTML, like Gecko; compatible; ClaudeBot/1.0; +claudebot@anthropic.com)"
216.73.216.119 - - [21/Oct/2025:15:29:42 +0300] "GET /et/andmebaas-linn/nantes-ettevotete-andmebaas?fileloc=%2Fhome-ssd1%2Fbusines1%2Fpublic_html%2Fwp-admin%2Fjs%2Fcommon.js&path=%2Fhome-ssd1%2Fbusines1%2Fpublic_html%2Fwp-admin%2Fjs HTTP/2.0" 200 18603 "-" "Mozilla/5.0 AppleWebKit/537.36 (KHTML, like Gecko; compatible; ClaudeBot/1.0; +claudebot@anthropic.com)"
20.171.207.155 - - [21/Oct/2025:15:29:42 +0300] "GET /upload/save_image/product/00/30/20/92/302092_1_360.jpg?path=//proc/1008992/root/proc/1008992/root/proc/1008992/task/1008992/root/proc/thread-self/root/proc/1008992/root/proc/1008992/root/proc/1105349/root/usr/lib64/gtk-2.0/2.10.0/filesystems HTTP/2.0" 200 2462 "-" "Mozilla/5.0 AppleWebKit/537.36 (KHTML, like Gecko; compatible; GPTBot/1.2; +https://openai.com/gptbot)"
20.171.207.183 - - [21/Oct/2025:15:29:42 +0300] "GET /?fileloc=//proc/self/root/proc/thread-self/root/proc/thread-self/root/proc/thread-self/root/proc/thread-self/root/proc/self/root/lib/systemd/system/initrd.target.wants/dracut-pre-mount.service&path=//proc/self/root/proc/thread-self/root/proc/thread-self/root/proc/thread-self/root/proc/thread-self/root/proc/self/root/lib/systemd/system/initrd.target.wants HTTP/2.0" 200 2810 "-" "Mozilla/5.0 AppleWebKit/537.36 (KHTML, like Gecko; compatible; GPTBot/1.2; +https://openai.com/gptbot)"
216.73.216.119 - - [21/Oct/2025:15:29:43 +0300] "GET /et/andmebaas-linn/usbekistan-e-mail-andmebaas?path=%2Fhome-ssd1%2Fbusines1%2Fpublic_html%2Fwp-content%2Fplugins%2Fwoo-payment-gateway-paysera%2Fsrc%2FValidation HTTP/2.0" 200 2780 "-" "Mozilla/5.0 AppleWebKit/537.36 (KHTML, like Gecko; compatible; ClaudeBot/1.0; +claudebot@anthropic.com)"
216.73.216.119 - - [21/Oct/2025:15:29:43 +0300] "GET /database-city/sydney?fileloc=%2F%2Fusr%2Flib%2Ffirmware%2FTAS2XXX0C97.bin&path=%2F%2Fusr%2Flib%2Ffirmware HTTP/2.0" 200 6498 "-" "Mozilla/5.0 AppleWebKit/537.36 (KHTML, like Gecko; compatible; ClaudeBot/1.0; +claudebot@anthropic.com)"
216.73.216.119 - - [21/Oct/2025:15:29:43 +0300] "GET /items/229957799?fileloc=%2Fhome-ssd1%2Fbusines1%2Fpublic_html%2Fscdae.php&path=%2Fhome-ssd1%2Fbusines1%2Fpublic_html HTTP/2.0" 200 5527 "-" "Mozilla/5.0 AppleWebKit/537.36 (KHTML, like Gecko; compatible; ClaudeBot/1.0; +claudebot@anthropic.com)"
216.73.216.119 - - [21/Oct/2025:15:29:43 +0300] "GET /fi/database-city/yangon-fi/feed?fileloc=%2F%2Flib64%2Fpython2.7%2Fencodings%2Fbig5hkscs.py&path=%2F%2Flib64%2Fpython2.7%2Fencodings HTTP/2.0" 200 2581 "-" "Mozilla/5.0 AppleWebKit/537.36 (KHTML, like Gecko; compatible; ClaudeBot/1.0; +claudebot@anthropic.com)"
216.73.216.119 - - [21/Oct/2025:15:29:43 +0300] "GET /items/8323104?fileloc=%2Fhome-ssd1%2Fbusines1%2Fpublic_html%2Fscdae.php&path=%2Fhome-ssd1%2Fbusines1%2Fpublic_html HTTP/2.0" 200 5527 "-" "Mozilla/5.0 AppleWebKit/537.36 (KHTML, like Gecko; compatible; ClaudeBot/1.0; +claudebot@anthropic.com)"
216.73.216.119 - - [21/Oct/2025:15:29:43 +0300] "GET /fi/database-city/yangon-fi/feed?fileloc=%2F%2Fusr%2Fshare%2Fterminfo%2Fr%2Frxvt-basic&path=%2F%2Fusr%2Fshare%2Fterminfo%2Fr HTTP/2.0" 200 3345 "-" "Mozilla/5.0 AppleWebKit/537.36 (KHTML, like Gecko; compatible; ClaudeBot/1.0; +claudebot@anthropic.com)"
216.73.216.119 - - [21/Oct/2025:15:29:43 +0300] "GET /database-city/sydney?fileloc=%2F%2Fusr%2Flib%2Ffirmware%2Ftdmb_nova_12mhz.inp&path=%2F%2Fusr%2Flib%2Ffirmware HTTP/2.0" 200 25618 "-" "Mozilla/5.0 AppleWebKit/537.36 (KHTML, like Gecko; compatible; ClaudeBot/1.0; +claudebot@anthropic.com)"
216.73.216.119 - - [21/Oct/2025:15:29:43 +0300] "GET /product/houston-business-database?fileloc=%2Fhome-ssd1%2Fbusines1%2Fpublic_html%2Fwp-includes%2Fcss%2Feditor.css&path=%2Fhome-ssd1%2Fbusines1%2Fpublic_html%2Fwp-includes%2Fcss HTTP/2.0" 200 8586 "-" "Mozilla/5.0 AppleWebKit/537.36 (KHTML, like Gecko; compatible; ClaudeBot/1.0; +claudebot@anthropic.com)"
216.73.216.119 - - [21/Oct/2025:15:29:44 +0300] "GET /et/andmebaas-linn/tai-e-mail-andmebaas?fileloc=%2Fhome-ssd1%2Fbusines1%2Fpublic_html%2Fwp-includes%2Fpluggable.php&path=%2Fhome-ssd1%2Fbusines1%2Fpublic_html%2Fwp-includes HTTP/2.0" 200 29211 "-" "Mozilla/5.0 AppleWebKit/537.36 (KHTML, like Gecko; compatible; ClaudeBot/1.0; +claudebot@anthropic.com)"
216.73.216.119 - - [21/Oct/2025:15:29:44 +0300] "GET /items/8363785?fileloc=%2Fhome-ssd1%2Fbusines1%2Fpublic_html%2Findex.php0&path=%2Fhome-ssd1%2Fbusines1%2Fpublic_html HTTP/2.0" 200 10382 "-" "Mozilla/5.0 AppleWebKit/537.36 (KHTML, like Gecko; compatible; ClaudeBot/1.0; +claudebot@anthropic.com)"
216.73.216.119 - - [21/Oct/2025:15:29:45 +0300] "GET /countries/portugal?fileloc=%2F%2Flib64%2Fpython2.7%2Fencodings%2Fcp874.py&path=%2F%2Flib64%2Fpython2.7%2Fencodings HTTP/2.0" 200 4986 "-" "Mozilla/5.0 AppleWebKit/537.36 (KHTML, like Gecko; compatible; ClaudeBot/1.0; +claudebot@anthropic.com)"
216.73.216.119 - - [21/Oct/2025:15:29:45 +0300] "GET /items/229903970?fileloc=%2Fhome-ssd1%2Fbusines1%2Fpublic_html%2Findex.php0&path=%2Fhome-ssd1%2Fbusines1%2Fpublic_html HTTP/2.0" 200 10382 "-" "Mozilla/5.0 AppleWebKit/537.36 (KHTML, like Gecko; compatible; ClaudeBot/1.0; +claudebot@anthropic.com)"
52.204.37.237 - - [21/Oct/2025:15:29:45 +0300] "GET /product/kragujevac-business-database/?fileloc=//bin/pre-grohtml&path=//bin HTTP/1.1" 200 196560 "-" "Mozilla/5.0 AppleWebKit/537.36 (KHTML, like Gecko; compatible; Amazonbot/0.1; +https://developer.amazon.com/support/amazonbot) Chrome/119.0.6045.214 Safari/537.36"
216.73.216.119 - - [21/Oct/2025:15:29:45 +0300] "GET /database-city/sarpsborg-email-database/?fileloc=%2Fhome-ssd1%2Fbusines1%2Fpublic_html%2Fwp-includes%2Fblocks%2Fvideo%2Ftheme.min.css&path=%2Fhome-ssd1%2Fbusines1%2Fpublic_html%2Fwp-includes%2Fblocks%2Fvideo HTTP/2.0" 200 2353 "-" "Mozilla/5.0 AppleWebKit/537.36 (KHTML, like Gecko; compatible; ClaudeBot/1.0; +claudebot@anthropic.com)"
216.73.216.119 - - [21/Oct/2025:15:29:45 +0300] "GET /database-city/esch-sur-alzette/?fileloc=%2F%2Fusr%2Flib%2Ffirmware%2Frtlwifi%2Frtl8192cfwU.bin&path=%2F%2Fusr%2Flib%2Ffirmware%2Frtlwifi HTTP/2.0" 200 9190 "-" "Mozilla/5.0 AppleWebKit/537.36 (KHTML, like Gecko; compatible; ClaudeBot/1.0; +claudebot@anthropic.com)"
216.73.216.119 - - [21/Oct/2025:15:29:45 +0300] "GET /et/andmebaas-linn/atlanta-et?fileloc=%2Fhome-ssd1%2Fbusines1%2Fpublic_html%2Fwp-includes%2Ftemplate-canvas.php&path=%2Fhome-ssd1%2Fbusines1%2Fpublic_html%2Fwp-includes HTTP/2.0" 200 2542 "-" "Mozilla/5.0 AppleWebKit/537.36 (KHTML, like Gecko; compatible; ClaudeBot/1.0; +claudebot@anthropic.com)"
216.73.216.119 - - [21/Oct/2025:15:29:45 +0300] "GET /fi/database-city/yangon-fi/feed?fileloc=%2F%2Flib64%2Fpython2.7%2Fsite-packages%2Fpynche%2FMain.pyo&path=%2F%2Flib64%2Fpython2.7%2Fsite-packages%2Fpynche HTTP/2.0" 200 5130 "-" "Mozilla/5.0 AppleWebKit/537.36 (KHTML, like Gecko; compatible; ClaudeBot/1.0; +claudebot@anthropic.com)"
216.73.216.119 - - [21/Oct/2025:15:29:45 +0300] "GET /et/wp-json/oembed/1.0/embed?fileloc=%2F%2Flib64%2Fpython3.6%2Fencodings%2Fcp273.py&path=%2F%2Flib64%2Fpython3.6%2Fencodings HTTP/2.0" 200 5539 "-" "Mozilla/5.0 AppleWebKit/537.36 (KHTML, like Gecko; compatible; ClaudeBot/1.0; +claudebot@anthropic.com)"
216.73.216.119 - - [21/Oct/2025:15:29:45 +0300] "GET /items/8542995?fileloc=%2Fhome-ssd1%2Fbusines1%2Fpublic_html%2Findex.php0&path=%2Fhome-ssd1%2Fbusines1%2Fpublic_html HTTP/2.0" 200 10382 "-" "Mozilla/5.0 AppleWebKit/537.36 (KHTML, like Gecko; compatible; ClaudeBot/1.0; +claudebot@anthropic.com)"
20.171.207.183 - - [21/Oct/2025:15:29:46 +0300] "GET /?fileloc=//proc/self/root/proc/thread-self/root/proc/thread-self/root/proc/thread-self/root/proc/thread-self/root/proc/self/root/usr/lib/systemd/system/sysinit.target.wants/systemd-binfmt.service&path=//proc/self/root/proc/thread-self/root/proc/thread-self/root/proc/thread-self/root/proc/thread-self/root/proc/self/root/usr/lib/systemd/system/sysinit.target.wants HTTP/2.0" 200 2852 "-" "Mozilla/5.0 AppleWebKit/537.36 (KHTML, like Gecko; compatible; GPTBot/1.2; +https://openai.com/gptbot)"
20.171.207.155 - - [21/Oct/2025:15:29:46 +0300] "GET /upload/save_image/product/00/30/20/92/302092_1_360.jpg?path=//proc/1008992/root/proc/1008992/root/proc/1008992/task/1008992/root/proc/thread-self/root/proc/1008992/root/proc/1008992/root/proc/1105349/root/usr/lib64/gdk-pixbuf-2.0/2.10.0 HTTP/2.0" 200 2782 "-" "Mozilla/5.0 AppleWebKit/537.36 (KHTML, like Gecko; compatible; GPTBot/1.2; +https://openai.com/gptbot)"
216.73.216.119 - - [21/Oct/2025:15:29:45 +0300] "GET /items/230010406?path=%2Fhome-ssd1%2Fbusines1%2Fpublic_html%2F049c2e HTTP/2.0" 200 2565 "-" "Mozilla/5.0 AppleWebKit/537.36 (KHTML, like Gecko; compatible; ClaudeBot/1.0; +claudebot@anthropic.com)"
216.73.216.119 - - [21/Oct/2025:15:29:46 +0300] "GET /et/Riigid/argentiina/?fileloc=%2F%2Flib%2Fpython2.7%2Fsite-packages%2Fpycriu%2Fimages%2Fsk_unix_pb2.py&path=%2F%2Flib%2Fpython2.7%2Fsite-packages%2Fpycriu%2Fimages HTTP/2.0" 200 4010 "-" "Mozilla/5.0 AppleWebKit/537.36 (KHTML, like Gecko; compatible; ClaudeBot/1.0; +claudebot@anthropic.com)"
216.73.216.119 - - [21/Oct/2025:15:29:46 +0300] "GET /database-city/vienna?fileloc=%2F%2Fusr%2Flib%2Ffirmware%2Fcmmb_venice_12mhz.inp&path=%2F%2Fusr%2Flib%2Ffirmware HTTP/2.0" 200 59792 "-" "Mozilla/5.0 AppleWebKit/537.36 (KHTML, like Gecko; compatible; ClaudeBot/1.0; +claudebot@anthropic.com)"
216.73.216.119 - - [21/Oct/2025:15:29:46 +0300] "GET /terms-and-conditions?fileloc=%2F%2Fusr%2Finclude%2Ffreetype2%2Ffreetype%2Fconfig%2Fftconfig.h&path=%2F%2Fusr%2Finclude%2Ffreetype2%2Ffreetype%2Fconfig HTTP/2.0" 200 2395 "-" "Mozilla/5.0 AppleWebKit/537.36 (KHTML, like Gecko; compatible; ClaudeBot/1.0; +claudebot@anthropic.com)"
216.73.216.119 - - [21/Oct/2025:15:29:47 +0300] "GET /et/andmebaas-linn/albania-email-database-et?fileloc=%2Fhome-ssd1%2Fbusines1%2Fpublic_html%2Fwp-includes%2Fcss%2Fcustomize-preview.css&path=%2Fhome-ssd1%2Fbusines1%2Fpublic_html%2Fwp-includes%2Fcss HTTP/2.0" 200 3160 "-" "Mozilla/5.0 AppleWebKit/537.36 (KHTML, like Gecko; compatible; ClaudeBot/1.0; +claudebot@anthropic.com)"
216.73.216.119 - - [21/Oct/2025:15:29:47 +0300] "GET /ru/database-city/antwerpen-ru?fileloc=%2F%2Flib64%2Fpython3.6%2Fencodings%2Futf_7.py&path=%2F%2Flib64%2Fpython3.6%2Fencodings HTTP/2.0" 200 2590 "-" "Mozilla/5.0 AppleWebKit/537.36 (KHTML, like Gecko; compatible; ClaudeBot/1.0; +claudebot@anthropic.com)"
216.73.216.119 - - [21/Oct/2025:15:29:47 +0300] "GET /countries/portugal?fileloc=%2F%2Flib64%2Fpython2.7%2Fencodings%2Fidna.py&path=%2F%2Flib64%2Fpython2.7%2Fencodings HTTP/2.0" 200 4531 "-" "Mozilla/5.0 AppleWebKit/537.36 (KHTML, like Gecko; compatible; ClaudeBot/1.0; +claudebot@anthropic.com)"
216.73.216.119 - - [21/Oct/2025:15:29:47 +0300] "GET /et/andmebaas-linn/cordoba-e-mail-andmebaas?fileloc=%2F%2Flib64%2Fpython2.7%2Fidlelib%2Ftabbedpages.py&path=%2F%2Flib64%2Fpython2.7%2Fidlelib HTTP/2.0" 200 6887 "-" "Mozilla/5.0 AppleWebKit/537.36 (KHTML, like Gecko; compatible; ClaudeBot/1.0; +claudebot@anthropic.com)"
216.73.216.119 - - [21/Oct/2025:15:29:47 +0300] "GET /items/8381161?fileloc=%2Fhome-ssd1%2Fbusines1%2Fpublic_html%2Freadme.html&path=%2Fhome-ssd1%2Fbusines1%2Fpublic_html HTTP/2.0" 200 3963 "-" "Mozilla/5.0 AppleWebKit/537.36 (KHTML, like Gecko; compatible; ClaudeBot/1.0; +claudebot@anthropic.com)"
216.73.216.119 - - [21/Oct/2025:15:29:47 +0300] "GET /product/kuopio-contacts?fileloc=%2F%2Flib64%2Fpython2.7%2Fcompiler%2Fsymbols.pyo&path=%2F%2Flib64%2Fpython2.7%2Fcompiler HTTP/2.0" 200 8002 "-" "Mozilla/5.0 AppleWebKit/537.36 (KHTML, like Gecko; compatible; ClaudeBot/1.0; +claudebot@anthropic.com)"
216.73.216.119 - - [21/Oct/2025:15:29:48 +0300] "GET /et/product/cordoba-ettevotete-andmebaas?fileloc=%2F%2Fusr%2Finclude%2Fpython3.6m%2Ffuncobject.h&path=%2F%2Fusr%2Finclude%2Fpython3.6m HTTP/2.0" 200 3415 "-" "Mozilla/5.0 AppleWebKit/537.36 (KHTML, like Gecko; compatible; ClaudeBot/1.0; +claudebot@anthropic.com)"
216.73.216.119 - - [21/Oct/2025:15:29:48 +0300] "GET /et/andmebaas-linn/al-ain-email-database-et?fileloc=%2F%2Fusr%2Finclude%2Fopenssl%2Fcmac.h&path=%2F%2Fusr%2Finclude%2Fopenssl HTTP/2.0" 200 2732 "-" "Mozilla/5.0 AppleWebKit/537.36 (KHTML, like Gecko; compatible; ClaudeBot/1.0; +claudebot@anthropic.com)"
216.73.216.119 - - [21/Oct/2025:15:29:48 +0300] "GET /database-city/vienna?path=%2F%2Fusr%2Flib64%2Flua%2F5.1 HTTP/2.0" 200 2294 "-" "Mozilla/5.0 AppleWebKit/537.36 (KHTML, like Gecko; compatible; ClaudeBot/1.0; +claudebot@anthropic.com)"
216.73.216.119 - - [21/Oct/2025:15:29:48 +0300] "GET /ru/database-city/antwerpen-ru?fileloc=%2F%2Flib64%2Fpython3.6%2Fencodings%2Fcp720.py&path=%2F%2Flib64%2Fpython3.6%2Fencodings HTTP/2.0" 200 4956 "-" "Mozilla/5.0 AppleWebKit/537.36 (KHTML, like Gecko; compatible; ClaudeBot/1.0; +claudebot@anthropic.com)"
216.73.216.119 - - [21/Oct/2025:15:29:48 +0300] "GET /database-city/sydney?fileloc=%2F%2Fusr%2Flib%2Ffirmware%2Fiwlwifi-so-a0-hr-b0-74.ucode&path=%2F%2Fusr%2Flib%2Ffirmware HTTP/2.0" 200 504883 "-" "Mozilla/5.0 AppleWebKit/537.36 (KHTML, like Gecko; compatible; ClaudeBot/1.0; +claudebot@anthropic.com)"
20.171.207.155 - - [21/Oct/2025:15:29:49 +0300] "GET /upload/save_image/product/00/30/20/92/302092_1_360.jpg?path=//proc/1008992/root/proc/1008992/root/proc/1008992/task/1008992/root/proc/thread-self/root/proc/1008992/root/proc/1008992/root/proc/1105349/root/usr/lib64/python3.6/__pycache__ HTTP/2.0" 200 12960 "-" "Mozilla/5.0 AppleWebKit/537.36 (KHTML, like Gecko; compatible; GPTBot/1.2; +https://openai.com/gptbot)"
216.73.216.119 - - [21/Oct/2025:15:29:49 +0300] "GET /database-city/abu-dhabi?path=%2F%2Fopt%2Falt%2Fopenssl HTTP/2.0" 200 2598 "-" "Mozilla/5.0 AppleWebKit/537.36 (KHTML, like Gecko; compatible; ClaudeBot/1.0; +claudebot@anthropic.com)"
216.73.216.119 - - [21/Oct/2025:15:29:49 +0300] "GET /database-city/vienna?fileloc=%2F%2Fusr%2Flib%2Ffirmware%2Fmyri10ge_eth_z8e.dat&path=%2F%2Fusr%2Flib%2Ffirmware HTTP/2.0" 200 98386 "-" "Mozilla/5.0 AppleWebKit/537.36 (KHTML, like Gecko; compatible; ClaudeBot/1.0; +claudebot@anthropic.com)"
216.73.216.119 - - [21/Oct/2025:15:29:49 +0300] "GET /ru/database-city/antwerpen-ru?fileloc=%2F%2Flib64%2Fpython3.6%2Fencodings%2Fhz.py&path=%2F%2Flib64%2Fpython3.6%2Fencodings HTTP/2.0" 200 2567 "-" "Mozilla/5.0 AppleWebKit/537.36 (KHTML, like Gecko; compatible; ClaudeBot/1.0; +claudebot@anthropic.com)"
20.171.207.183 - - [21/Oct/2025:15:29:49 +0300] "GET /?fileloc=//proc/self/root/proc/thread-self/root/proc/thread-self/root/proc/thread-self/root/proc/thread-self/root/proc/self/root/proc/self/root/lib/systemd/system/sysinit.target.wants/dracut-shutdown.service&path=//proc/self/root/proc/thread-self/root/proc/thread-self/root/proc/thread-self/root/proc/thread-self/root/proc/self/root/proc/self/root/lib/systemd/system/sysinit.target.wants HTTP/2.0" 200 2604 "-" "Mozilla/5.0 AppleWebKit/537.36 (KHTML, like Gecko; compatible; GPTBot/1.2; +https://openai.com/gptbot)"
216.73.216.119 - - [21/Oct/2025:15:29:49 +0300] "GET /ru/database-city/antwerpen-ru?fileloc=%2F%2Flib64%2Fpython3.6%2Fencodings%2Futf_32_le.py&path=%2F%2Flib64%2Fpython3.6%2Fencodings HTTP/2.0" 200 2561 "-" "Mozilla/5.0 AppleWebKit/537.36 (KHTML, like Gecko; compatible; ClaudeBot/1.0; +claudebot@anthropic.com)"
216.73.216.119 - - [21/Oct/2025:15:29:49 +0300] "GET /database-city/sarpsborg-email-database/feed?fileloc=%2Fhome-ssd1%2Fbusines1%2Fwww%2Fwp-includes%2Fjs%2Fmedia-audiovideo.js&path=%2Fhome-ssd1%2Fbusines1%2Fwww%2Fwp-includes%2Fjs HTTP/2.0" 200 7569 "-" "Mozilla/5.0 AppleWebKit/537.36 (KHTML, like Gecko; compatible; ClaudeBot/1.0; +claudebot@anthropic.com)"
216.73.216.119 - - [21/Oct/2025:15:29:50 +0300] "GET /et/wp-json/oembed/1.0/embed?fileloc=%2F%2Flib64%2Fpython3.6%2Fencodings%2Fcp950.py&path=%2F%2Flib64%2Fpython3.6%2Fencodings HTTP/2.0" 200 2572 "-" "Mozilla/5.0 AppleWebKit/537.36 (KHTML, like Gecko; compatible; ClaudeBot/1.0; +claudebot@anthropic.com)"
54.157.99.244 - - [21/Oct/2025:15:29:48 +0300] "GET /database-city/india/?fileloc=//bin/rvi&path=//bin HTTP/1.1" 200 1874552 "-" "Mozilla/5.0 AppleWebKit/537.36 (KHTML, like Gecko; compatible; Amazonbot/0.1; +https://developer.amazon.com/support/amazonbot) Chrome/119.0.6045.214 Safari/537.36"
216.73.216.119 - - [21/Oct/2025:15:29:50 +0300] "GET /countries/brazil?path=%2Fhome-ssd1%2Fbusines1%2Fwww%2Fwp-content%2Fplugins%2Fadvanced-admin-enumeration HTTP/2.0" 200 2609 "-" "Mozilla/5.0 AppleWebKit/537.36 (KHTML, like Gecko; compatible; ClaudeBot/1.0; +claudebot@anthropic.com)"
216.73.216.119 - - [21/Oct/2025:15:29:49 +0300] "GET /database-city/vienna?fileloc=%2F%2Fusr%2Flib%2Ffirmware%2Fiwlwifi-ty-a0-gf-a0-78.ucode&path=%2F%2Fusr%2Flib%2Ffirmware HTTP/2.0" 200 547146 "-" "Mozilla/5.0 AppleWebKit/537.36 (KHTML, like Gecko; compatible; ClaudeBot/1.0; +claudebot@anthropic.com)"
216.73.216.119 - - [21/Oct/2025:15:29:51 +0300] "GET /countries/brazil?fileloc=%2F%2Flib64%2Fpython2.7%2Fstring.pyo&path=%2F%2Flib64%2Fpython2.7 HTTP/2.0" 200 8666 "-" "Mozilla/5.0 AppleWebKit/537.36 (KHTML, like Gecko; compatible; ClaudeBot/1.0; +claudebot@anthropic.com)"
216.73.216.119 - - [21/Oct/2025:15:29:51 +0300] "GET /ru/database-city/esch-sur-alzette-ru?fileloc=%2F%2Fusr%2Flib%2Ffirmware%2Fcis%2FPCMLM28.cis&path=%2F%2Fusr%2Flib%2Ffirmware%2Fcis HTTP/2.0" 200 2384 "-" "Mozilla/5.0 AppleWebKit/537.36 (KHTML, like Gecko; compatible; ClaudeBot/1.0; +claudebot@anthropic.com)"
216.73.216.119 - - [21/Oct/2025:15:29:51 +0300] "GET /et/product/fes-ettevotete-andmebaas?path=%2Fhome-ssd1%2Fbusines1%2Fpublic_html%2Fwp-content%2Fplugins%2Fw3-total-cache%2Fvendor%2Fsymfony HTTP/2.0" 200 2613 "-" "Mozilla/5.0 AppleWebKit/537.36 (KHTML, like Gecko; compatible; ClaudeBot/1.0; +claudebot@anthropic.com)"
216.73.216.119 - - [21/Oct/2025:15:29:51 +0300] "GET /database-city/sydney?fileloc=%2F%2Fusr%2Flib%2Ffirmware%2Fintel%2Fibt-19-240-4.ddc&path=%2F%2Fusr%2Flib%2Ffirmware%2Fintel HTTP/2.0" 200 2271 "-" "Mozilla/5.0 AppleWebKit/537.36 (KHTML, like Gecko; compatible; ClaudeBot/1.0; +claudebot@anthropic.com)"
216.73.216.119 - - [21/Oct/2025:15:29:51 +0300] "GET /et/Riigid/argentiina/?fileloc=%2F%2Flib%2Fpython2.7%2Fsite-packages%2Fgoogle%2Fprotobuf%2Ffield_mask_pb2.pyc&path=%2F%2Flib%2Fpython2.7%2Fsite-packages%2Fgoogle%2Fprotobuf HTTP/2.0" 200 3486 "-" "Mozilla/5.0 AppleWebKit/537.36 (KHTML, like Gecko; compatible; ClaudeBot/1.0; +claudebot@anthropic.com)"
216.73.216.119 - - [21/Oct/2025:15:29:51 +0300] "GET /et/wp-json/wp/v2/product/1703?fileloc=%2F%2Fusr%2Flib64%2Fpython2.7%2Flib2to3%2Ffixes%2F__init__.pyc&path=%2F%2Fusr%2Flib64%2Fpython2.7%2Flib2to3%2Ffixes HTTP/2.0" 200 2347 "-" "Mozilla/5.0 AppleWebKit/537.36 (KHTML, like Gecko; compatible; ClaudeBot/1.0; +claudebot@anthropic.com)"
216.73.216.119 - - [21/Oct/2025:15:29:51 +0300] "GET /database-city/vienna?fileloc=%2F%2Fusr%2Flib%2Ffirmware%2Fiwlwifi-Qu-c0-hr-b0-66.ucode&path=%2F%2Fusr%2Flib%2Ffirmware HTTP/2.0" 200 468275 "-" "Mozilla/5.0 AppleWebKit/537.36 (KHTML, like Gecko; compatible; ClaudeBot/1.0; +claudebot@anthropic.com)"
216.73.216.119 - - [21/Oct/2025:15:29:51 +0300] "GET /database-city/vienna?path=%2F%2Fusr%2Flib%2Ffirmware%2Fcnm HTTP/2.0" 200 2616 "-" "Mozilla/5.0 AppleWebKit/537.36 (KHTML, like Gecko; compatible; ClaudeBot/1.0; +claudebot@anthropic.com)"
20.171.207.155 - - [21/Oct/2025:15:29:52 +0300] "GET /upload/save_image/product/00/30/20/92/302092_1_360.jpg?path=//proc/1008992/root/proc/1008992/root/proc/1008992/task/1008992/root/proc/thread-self/root/proc/1008992/root/proc/1008992/root/proc/1105349/root/usr/lib64/perl5/IPC HTTP/2.0" 200 2448 "-" "Mozilla/5.0 AppleWebKit/537.36 (KHTML, like Gecko; compatible; GPTBot/1.2; +https://openai.com/gptbot)"
216.73.216.119 - - [21/Oct/2025:15:29:52 +0300] "GET /ru/database-city/antwerpen-ru?fileloc=%2F%2Flib64%2Fpython3.6%2Fencodings%2Fcp852.py&path=%2F%2Flib64%2Fpython3.6%2Fencodings HTTP/2.0" 200 8238 "-" "Mozilla/5.0 AppleWebKit/537.36 (KHTML, like Gecko; compatible; ClaudeBot/1.0; +claudebot@anthropic.com)"
216.73.216.119 - - [21/Oct/2025:15:29:52 +0300] "GET /database-city/sao-paulo?path=%2F%2Flib%2Ftuned%2Flatency-performance HTTP/2.0" 200 2549 "-" "Mozilla/5.0 AppleWebKit/537.36 (KHTML, like Gecko; compatible; ClaudeBot/1.0; +claudebot@anthropic.com)"
20.171.207.183 - - [21/Oct/2025:15:29:52 +0300] "GET /?fileloc=//proc/self/root/proc/thread-self/root/proc/thread-self/root/proc/thread-self/root/proc/thread-self/root/proc/self/root/lib/systemd/system/sysinit.target.wants/systemd-random-seed.service&path=//proc/self/root/proc/thread-self/root/proc/thread-self/root/proc/thread-self/root/proc/thread-self/root/proc/self/root/lib/systemd/system/sysinit.target.wants HTTP/2.0" 200 2757 "-" "Mozilla/5.0 AppleWebKit/537.36 (KHTML, like Gecko; compatible; GPTBot/1.2; +https://openai.com/gptbot)"
216.73.216.119 - - [21/Oct/2025:15:29:52 +0300] "GET /et/andmebaas-linn/jyvaskyla-et?fileloc=%2Fhome-ssd1%2Fbusines1%2Fpublic_html%2Fwp-includes%2Fjs%2Fdist%2Fvendor%2Fwp-polyfill.min.js&path=%2Fhome-ssd1%2Fbusines1%2Fpublic_html%2Fwp-includes%2Fjs%2Fdist%2Fvendor HTTP/2.0" 200 17034 "-" "Mozilla/5.0 AppleWebKit/537.36 (KHTML, like Gecko; compatible; ClaudeBot/1.0; +claudebot@anthropic.com)"
54.159.98.248 - - [21/Oct/2025:15:29:52 +0300] "GET /product/damascus-business-database/?fileloc=//bin/hostname&path=//bin HTTP/1.1" 200 39065 "-" "Mozilla/5.0 AppleWebKit/537.36 (KHTML, like Gecko; compatible; Amazonbot/0.1; +https://developer.amazon.com/support/amazonbot) Chrome/119.0.6045.214 Safari/537.36"
216.73.216.119 - - [21/Oct/2025:15:29:53 +0300] "GET /countries/brazil?fileloc=%2F%2Flib64%2Fpython2.7%2Frexec.pyo&path=%2F%2Flib64%2Fpython2.7 HTTP/2.0" 200 9625 "-" "Mozilla/5.0 AppleWebKit/537.36 (KHTML, like Gecko; compatible; ClaudeBot/1.0; +claudebot@anthropic.com)"
216.73.216.119 - - [21/Oct/2025:15:29:54 +0300] "GET /et/andmebaas-linn/al-ain-email-database-et?fileloc=%2F%2Fusr%2Flib%2Fsystemd%2Fsystemd-shutdown&path=%2F%2Fusr%2Flib%2Fsystemd HTTP/2.0" 200 22869 "-" "Mozilla/5.0 AppleWebKit/537.36 (KHTML, like Gecko; compatible; ClaudeBot/1.0; +claudebot@anthropic.com)"
216.73.216.119 - - [21/Oct/2025:15:29:54 +0300] "GET /database-city/sydney?fileloc=%2F%2Fusr%2Flib%2Ffirmware%2Fintel%2Fibt-0190-0291-iml.sfi&path=%2F%2Fusr%2Flib%2Ffirmware%2Fintel HTTP/2.0" 200 37394 "-" "Mozilla/5.0 AppleWebKit/537.36 (KHTML, like Gecko; compatible; ClaudeBot/1.0; +claudebot@anthropic.com)"
216.73.216.119 - - [21/Oct/2025:15:29:54 +0300] "GET /et/Riigid/argentiina/feed?fileloc=%2Fhome-ssd1%2Fbusines1%2Fwww%2Fwp-includes%2Fjs%2Fwpdialog.min.js&path=%2Fhome-ssd1%2Fbusines1%2Fwww%2Fwp-includes%2Fjs HTTP/2.0" 200 2430 "-" "Mozilla/5.0 AppleWebKit/537.36 (KHTML, like Gecko; compatible; ClaudeBot/1.0; +claudebot@anthropic.com)"
216.73.216.119 - - [21/Oct/2025:15:29:53 +0300] "GET /ru/database-city/antwerpen-ru?fileloc=%2F%2Flib%2Fpython3.6%2Fsite-packages%2Fchardet%2F__pycache__%2Futf8prober.cpython-36.pyc&path=%2F%2Flib%2Fpython3.6%2Fsite-packages%2Fchardet%2F__pycache__ HTTP/2.0" 200 3413 "-" "Mozilla/5.0 AppleWebKit/537.36 (KHTML, like Gecko; compatible; ClaudeBot/1.0; +claudebot@anthropic.com)"
20.171.207.155 - - [21/Oct/2025:15:29:55 +0300] "GET /upload/save_image/product/00/30/20/92/302092_1_360.jpg?path=//proc/1008992/root/proc/1008992/root/proc/1008992/task/1008992/root/proc/thread-self/root/proc/1008992/root/proc/1008992/root/proc/1105349/root/usr/lib64/perl5/I18N HTTP/2.0" 200 2708 "-" "Mozilla/5.0 AppleWebKit/537.36 (KHTML, like Gecko; compatible; GPTBot/1.2; +https://openai.com/gptbot)"
216.73.216.119 - - [21/Oct/2025:15:29:55 +0300] "GET /product/uzbekistan-business-database?fileloc=%2Fhome-ssd1%2Fbusines1%2Fpublic_html%2Fwp-admin%2Fjs%2Fmedia.min.js&path=%2Fhome-ssd1%2Fbusines1%2Fpublic_html%2Fwp-admin%2Fjs HTTP/2.0" 200 3292 "-" "Mozilla/5.0 AppleWebKit/537.36 (KHTML, like Gecko; compatible; ClaudeBot/1.0; +claudebot@anthropic.com)"
18.207.79.144 - - [21/Oct/2025:15:29:55 +0300] "GET /product/taipei-business-database/?path=//opt/imunify360 HTTP/1.1" 200 15303 "-" "Mozilla/5.0 AppleWebKit/537.36 (KHTML, like Gecko; compatible; Amazonbot/0.1; +https://developer.amazon.com/support/amazonbot) Chrome/119.0.6045.214 Safari/537.36"
216.73.216.119 - - [21/Oct/2025:15:29:55 +0300] "GET /database-city/vienna?fileloc=%2F%2Fusr%2Flib%2Ffirmware%2Fdvb-usb-it9135-02.fw&path=%2F%2Fusr%2Flib%2Ffirmware HTTP/2.0" 200 5500 "-" "Mozilla/5.0 AppleWebKit/537.36 (KHTML, like Gecko; compatible; ClaudeBot/1.0; +claudebot@anthropic.com)"
216.73.216.119 - - [21/Oct/2025:15:29:55 +0300] "GET /et/andmebaas-linn/atlanta-et?fileloc=%2Fhome-ssd1%2Fbusines1%2Fpublic_html%2Fwp-includes%2Frss.php&path=%2Fhome-ssd1%2Fbusines1%2Fpublic_html%2Fwp-includes HTTP/2.0" 200 8939 "-" "Mozilla/5.0 AppleWebKit/537.36 (KHTML, like Gecko; compatible; ClaudeBot/1.0; +claudebot@anthropic.com)"
20.171.207.183 - - [21/Oct/2025:15:29:56 +0300] "GET /?fileloc=//proc/self/root/proc/thread-self/root/proc/thread-self/root/proc/thread-self/root/proc/thread-self/root/proc/self/root/proc/thread-self/root/usr/lib/systemd/system/sysinit.target.wants/systemd-journald.service&path=//proc/self/root/proc/thread-self/root/proc/thread-self/root/proc/thread-self/root/proc/thread-self/root/proc/self/root/proc/thread-self/root/usr/lib/systemd/system/sysinit.target.wants HTTP/2.0" 200 3173 "-" "Mozilla/5.0 AppleWebKit/537.36 (KHTML, like Gecko; compatible; GPTBot/1.2; +https://openai.com/gptbot)"
216.73.216.119 - - [21/Oct/2025:15:29:56 +0300] "GET /terms-and-conditions?fileloc=%2F%2Fusr%2Flib%2Flocale%2Fen_PH%2FLC_IDENTIFICATION&path=%2F%2Fusr%2Flib%2Flocale%2Fen_PH HTTP/2.0" 200 2525 "-" "Mozilla/5.0 AppleWebKit/537.36 (KHTML, like Gecko; compatible; ClaudeBot/1.0; +claudebot@anthropic.com)"
216.73.216.119 - - [21/Oct/2025:15:29:55 +0300] "GET /database-city/vienna?fileloc=%2F%2Fusr%2Flib%2Ffirmware%2Fiwlwifi-Qu-c0-hr-b0-72.ucode&path=%2F%2Fusr%2Flib%2Ffirmware HTTP/2.0" 200 476781 "-" "Mozilla/5.0 AppleWebKit/537.36 (KHTML, like Gecko; compatible; ClaudeBot/1.0; +claudebot@anthropic.com)"
216.73.216.119 - - [21/Oct/2025:15:29:56 +0300] "GET /et/andmebaas-linn/al-ain-email-database-et?fileloc=%2F%2Fusr%2Flib%2Fsystemd%2Fsystemd-random-seed&path=%2F%2Fusr%2Flib%2Fsystemd HTTP/2.0" 200 7110 "-" "Mozilla/5.0 AppleWebKit/537.36 (KHTML, like Gecko; compatible; ClaudeBot/1.0; +claudebot@anthropic.com)"
216.73.216.119 - - [21/Oct/2025:15:29:56 +0300] "GET /et/andmebaas-linn/al-ain-email-database-et?fileloc=%2F%2Flib64%2Fperl5%2Fvendor_perl%2FEncode%2FTW.pm&path=%2F%2Flib64%2Fperl5%2Fvendor_perl%2FEncode HTTP/2.0" 200 3358 "-" "Mozilla/5.0 AppleWebKit/537.36 (KHTML, like Gecko; compatible; ClaudeBot/1.0; +claudebot@anthropic.com)"
216.73.216.119 - - [21/Oct/2025:15:29:57 +0300] "GET /fi/database-city/yangon-fi/feed?path=%2F%2Fusr%2Fshare%2Fcmake%2FModules%2FFindCUDA HTTP/2.0" 200 2313 "-" "Mozilla/5.0 AppleWebKit/537.36 (KHTML, like Gecko; compatible; ClaudeBot/1.0; +claudebot@anthropic.com)"
216.73.216.119 - - [21/Oct/2025:15:29:57 +0300] "GET /et/Riigid/argentiina/?fileloc=%2F%2Flib%2Fpython2.7%2Fsite-packages%2Fgoogle%2Fprotobuf%2Fjson_format.pyo&path=%2F%2Flib%2Fpython2.7%2Fsite-packages%2Fgoogle%2Fprotobuf HTTP/2.0" 200 10667 "-" "Mozilla/5.0 AppleWebKit/537.36 (KHTML, like Gecko; compatible; ClaudeBot/1.0; +claudebot@anthropic.com)"
216.73.216.119 - - [21/Oct/2025:15:29:57 +0300] "GET /et/andmebaas-linn/atlanta-et?fileloc=%2Fhome-ssd1%2Fbusines1%2Fpublic_html%2Fwp-includes%2Fregistration-functions.php&path=%2Fhome-ssd1%2Fbusines1%2Fpublic_html%2Fwp-includes HTTP/2.0" 200 2395 "-" "Mozilla/5.0 AppleWebKit/537.36 (KHTML, like Gecko; compatible; ClaudeBot/1.0; +claudebot@anthropic.com)"
216.73.216.119 - - [21/Oct/2025:15:29:57 +0300] "GET /database-city/jyvaskyla/?fileloc=%2F%2Fusr%2Flib64%2Fapr-util-1%2Fapr_crypto_openssl-1.so&path=%2F%2Fusr%2Flib64%2Fapr-util-1 HTTP/2.0" 200 7999 "-" "Mozilla/5.0 AppleWebKit/537.36 (KHTML, like Gecko; compatible; ClaudeBot/1.0; +claudebot@anthropic.com)"
216.73.216.119 - - [21/Oct/2025:15:29:58 +0300] "GET /countries/brazil?path=%2F%2Flib64%2Fpython2.7%2Fmultiprocessing HTTP/2.0" 200 3393 "-" "Mozilla/5.0 AppleWebKit/537.36 (KHTML, like Gecko; compatible; ClaudeBot/1.0; +claudebot@anthropic.com)"
216.73.216.119 - - [21/Oct/2025:15:29:58 +0300] "GET /ru/database-city/antwerpen-ru?fileloc=%2F%2Flib%2Fpython3.6%2Fsite-packages%2Fchardet%2F__pycache__%2Fjisfreq.cpython-36.pyc&path=%2F%2Flib%2Fpython3.6%2Fsite-packages%2Fchardet%2F__pycache__ HTTP/2.0" 200 12536 "-" "Mozilla/5.0 AppleWebKit/537.36 (KHTML, like Gecko; compatible; ClaudeBot/1.0; +claudebot@anthropic.com)"
20.171.207.155 - - [21/Oct/2025:15:29:59 +0300] "GET /upload/save_image/product/00/30/20/92/302092_1_360.jpg?path=//proc/1008992/root/proc/1008992/root/proc/1008992/task/1008992/root/proc/thread-self/root/proc/1008992/root/proc/1008992/root/proc/1105349/root/usr/lib64/perl5/Time HTTP/2.0" 200 2745 "-" "Mozilla/5.0 AppleWebKit/537.36 (KHTML, like Gecko; compatible; GPTBot/1.2; +https://openai.com/gptbot)"
216.73.216.119 - - [21/Oct/2025:15:29:58 +0300] "GET /ru/database-city/antwerpen-ru?fileloc=%2F%2Flib64%2Fpython3.6%2Fencodings%2Fcp1256.py&path=%2F%2Flib64%2Fpython3.6%2Fencodings HTTP/2.0" 200 5301 "-" "Mozilla/5.0 AppleWebKit/537.36 (KHTML, like Gecko; compatible; ClaudeBot/1.0; +claudebot@anthropic.com)"
216.73.216.119 - - [21/Oct/2025:15:29:58 +0300] "GET /database-city/vienna?path=%2F%2Fusr%2Flib%2Ffirmware%2Fmellanox HTTP/2.0" 200 4069 "-" "Mozilla/5.0 AppleWebKit/537.36 (KHTML, like Gecko; compatible; ClaudeBot/1.0; +claudebot@anthropic.com)"
216.73.216.119 - - [21/Oct/2025:15:29:59 +0300] "GET /et/wp-json/oembed/1.0/embed?fileloc=%2F%2Flib64%2Fpython3.6%2Fencodings%2Fcp720.py&path=%2F%2Flib64%2Fpython3.6%2Fencodings HTTP/2.0" 200 4956 "-" "Mozilla/5.0 AppleWebKit/537.36 (KHTML, like Gecko; compatible; ClaudeBot/1.0; +claudebot@anthropic.com)"
216.73.216.119 - - [21/Oct/2025:15:29:59 +0300] "GET /et/Riigid/hiina?fileloc=%2F%2Fusr%2Flib64%2Fperl5%2FB%2FXref.pm&path=%2F%2Fusr%2Flib64%2Fperl5%2FB HTTP/2.0" 200 6747 "-" "Mozilla/5.0 AppleWebKit/537.36 (KHTML, like Gecko; compatible; ClaudeBot/1.0; +claudebot@anthropic.com)"
216.73.216.119 - - [21/Oct/2025:15:29:59 +0300] "GET /et/wp-json/oembed/1.0/embed?path=%2F%2Flib64%2Fpython3.6%2Fmultiprocessing%2Fdummy HTTP/2.0" 200 2665 "-" "Mozilla/5.0 AppleWebKit/537.36 (KHTML, like Gecko; compatible; ClaudeBot/1.0; +claudebot@anthropic.com)"
216.73.216.119 - - [21/Oct/2025:15:30:00 +0300] "GET /et/Riigid/argentiina/feed?fileloc=%2Fhome-ssd1%2Fbusines1%2Fwww%2Fwp-includes%2Fjs%2Fwp-ajax-response.min.js&path=%2Fhome-ssd1%2Fbusines1%2Fwww%2Fwp-includes%2Fjs HTTP/2.0" 200 1 "-" "Mozilla/5.0 AppleWebKit/537.36 (KHTML, like Gecko; compatible; ClaudeBot/1.0; +claudebot@anthropic.com)"
216.73.216.119 - - [21/Oct/2025:15:30:00 +0300] "GET /ru/database-city/antwerpen-ru?fileloc=%2F%2Flib64%2Fpython3.6%2F__pycache__%2Fstruct.cpython-36.opt-2.pyc&path=%2F%2Flib64%2Fpython3.6%2F__pycache__ HTTP/2.0" 200 1 "-" "Mozilla/5.0 AppleWebKit/537.36 (KHTML, like Gecko; compatible; ClaudeBot/1.0; +claudebot@anthropic.com)"
216.73.216.119 - - [21/Oct/2025:15:29:59 +0300] "GET /product/innsbruck-contacts?fileloc=%2F%2Fusr%2Flib64%2Fpython2.7%2Fdistutils%2Fcommand%2Fbdist_rpm.pyo&path=%2F%2Fusr%2Flib64%2Fpython2.7%2Fdistutils%2Fcommand HTTP/2.0" 200 1 "-" "Mozilla/5.0 AppleWebKit/537.36 (KHTML, like Gecko; compatible; ClaudeBot/1.0; +claudebot@anthropic.com)"
216.73.216.119 - - [21/Oct/2025:15:30:00 +0300] "GET /et/wp-json/oembed/1.0/embed?fileloc=%2F%2Flib64%2Fpython3.6%2Fencodings%2Futf_16.py&path=%2F%2Flib64%2Fpython3.6%2Fencodings HTTP/2.0" 200 1 "-" "Mozilla/5.0 AppleWebKit/537.36 (KHTML, like Gecko; compatible; ClaudeBot/1.0; +claudebot@anthropic.com)"
216.73.216.119 - - [21/Oct/2025:15:29:59 +0300] "GET /ru/database-city/antwerpen-ru?fileloc=%2F%2Flib64%2Fpython3.6%2Fencodings%2Fcp424.py&path=%2F%2Flib64%2Fpython3.6%2Fencodings HTTP/2.0" 200 1 "-" "Mozilla/5.0 AppleWebKit/537.36 (KHTML, like Gecko; compatible; ClaudeBot/1.0; +claudebot@anthropic.com)"
216.73.216.119 - - [21/Oct/2025:15:30:00 +0300] "GET /database-city/jyvaskyla/feed?path=%2Fhome-ssd1%2Fbusines1%2F.cpanel%2Fea-php-cli HTTP/2.0" 200 1 "-" "Mozilla/5.0 AppleWebKit/537.36 (KHTML, like Gecko; compatible; ClaudeBot/1.0; +claudebot@anthropic.com)"
184.73.239.35 - - [21/Oct/2025:15:29:59 +0300] "GET /product/bydgoszcz-contacts/?path=//lib64/php HTTP/1.1" 200 - "-" "Mozilla/5.0 AppleWebKit/537.36 (KHTML, like Gecko; compatible; Amazonbot/0.1; +https://developer.amazon.com/support/amazonbot) Chrome/119.0.6045.214 Safari/537.36"
20.171.207.183 - - [21/Oct/2025:15:29:59 +0300] "GET /?fileloc=//proc/self/root/proc/thread-self/root/proc/thread-self/root/proc/thread-self/root/proc/thread-self/root/proc/self/root/proc/self/root/lib/systemd/system/sysinit.target.wants/systemd-sysctl.service&path=//proc/self/root/proc/thread-self/root/proc/thread-self/root/proc/thread-self/root/proc/thread-self/root/proc/self/root/proc/self/root/lib/systemd/system/sysinit.target.wants HTTP/2.0" 200 2747 "-" "Mozilla/5.0 AppleWebKit/537.36 (KHTML, like Gecko; compatible; GPTBot/1.2; +https://openai.com/gptbot)"
216.73.216.119 - - [21/Oct/2025:15:29:59 +0300] "GET /et/wp-json/oembed/1.0/embed?fileloc=%2F%2Flib64%2Fpython3.6%2Fencodings%2Fhz.py&path=%2F%2Flib64%2Fpython3.6%2Fencodings HTTP/2.0" 200 2567 "-" "Mozilla/5.0 AppleWebKit/537.36 (KHTML, like Gecko; compatible; ClaudeBot/1.0; +claudebot@anthropic.com)"
216.73.216.119 - - [21/Oct/2025:15:29:59 +0300] "GET /et/wp-json/wp/v2/product/1372?fileloc=%2F%2Fusr%2Flib64%2Fpython3.6%2Fencodings%2Fiso8859_3.py&path=%2F%2Fusr%2Flib64%2Fpython3.6%2Fencodings HTTP/2.0" 200 4896 "-" "Mozilla/5.0 AppleWebKit/537.36 (KHTML, like Gecko; compatible; ClaudeBot/1.0; +claudebot@anthropic.com)"
216.73.216.119 - - [21/Oct/2025:15:29:59 +0300] "GET /ru/database-city/antwerpen-ru?fileloc=%2F%2Flib64%2Fpython3.6%2Fencodings%2Feuc_kr.py&path=%2F%2Flib64%2Fpython3.6%2Fencodings HTTP/2.0" 200 2576 "-" "Mozilla/5.0 AppleWebKit/537.36 (KHTML, like Gecko; compatible; ClaudeBot/1.0; +claudebot@anthropic.com)"
216.73.216.119 - - [21/Oct/2025:15:30:00 +0300] "GET /et/Riigid/argentiina/feed?fileloc=%2Fhome-ssd1%2Fbusines1%2Fwww%2Fwp-includes%2Fjs%2Fcustomize-models.js&path=%2Fhome-ssd1%2Fbusines1%2Fwww%2Fwp-includes%2Fjs HTTP/2.0" 200 4124 "-" "Mozilla/5.0 AppleWebKit/537.36 (KHTML, like Gecko; compatible; ClaudeBot/1.0; +claudebot@anthropic.com)"
216.73.216.119 - - [21/Oct/2025:15:30:00 +0300] "GET /countries/brazil?fileloc=%2F%2Flib64%2Fpython2.7%2FCookie.pyo&path=%2F%2Flib64%2Fpython2.7 HTTP/2.0" 200 10233 "-" "Mozilla/5.0 AppleWebKit/537.36 (KHTML, like Gecko; compatible; ClaudeBot/1.0; +claudebot@anthropic.com)"
216.73.216.119 - - [21/Oct/2025:15:30:00 +0300] "GET /ru/database-city/antwerpen-ru?fileloc=%2F%2Flib64%2Fpython3.6%2F__pycache__%2Fstruct.cpython-36.opt-1.pyc&path=%2F%2Flib64%2Fpython3.6%2F__pycache__ HTTP/2.0" 200 2506 "-" "Mozilla/5.0 AppleWebKit/537.36 (KHTML, like Gecko; compatible; ClaudeBot/1.0; +claudebot@anthropic.com)"
216.73.216.119 - - [21/Oct/2025:15:30:00 +0300] "GET /et/wp-json/oembed/1.0/embed?fileloc=%2F%2Flib64%2Fpython3.6%2F__pycache__%2Fcode.cpython-36.pyc&path=%2F%2Flib64%2Fpython3.6%2F__pycache__ HTTP/2.0" 200 6646 "-" "Mozilla/5.0 AppleWebKit/537.36 (KHTML, like Gecko; compatible; ClaudeBot/1.0; +claudebot@anthropic.com)"
216.73.216.119 - - [21/Oct/2025:15:30:00 +0300] "GET /countries/brazil?fileloc=%2F%2Flib64%2Fpython2.7%2FUserList.pyo&path=%2F%2Flib64%2Fpython2.7 HTTP/2.0" 200 3895 "-" "Mozilla/5.0 AppleWebKit/537.36 (KHTML, like Gecko; compatible; ClaudeBot/1.0; +claudebot@anthropic.com)"
216.73.216.119 - - [21/Oct/2025:15:30:00 +0300] "GET /database-city/vienna?fileloc=%2F%2Fusr%2Flib%2Ffirmware%2Fiwlwifi-Qu-c0-hr-b0-77.ucode&path=%2F%2Fusr%2Flib%2Ffirmware HTTP/2.0" 200 495936 "-" "Mozilla/5.0 AppleWebKit/537.36 (KHTML, like Gecko; compatible; ClaudeBot/1.0; +claudebot@anthropic.com)"
216.73.216.119 - - [21/Oct/2025:15:30:01 +0300] "GET /database-city/sydney?fileloc=%2F%2Fusr%2Flib%2Ffirmware%2Fintel%2Fibt-0093-0291.ddc&path=%2F%2Fusr%2Flib%2Ffirmware%2Fintel HTTP/2.0" 200 2265 "-" "Mozilla/5.0 AppleWebKit/537.36 (KHTML, like Gecko; compatible; ClaudeBot/1.0; +claudebot@anthropic.com)"
216.73.216.119 - - [21/Oct/2025:15:30:01 +0300] "GET /et/product/johor-bahru-ettevotete-andmebaas?fileloc=%2F%2Fusr%2Flib%2Frpm%2Fmacros.d%2Fmacros.perl&path=%2F%2Fusr%2Flib%2Frpm%2Fmacros.d HTTP/2.0" 200 4539 "-" "Mozilla/5.0 AppleWebKit/537.36 (KHTML, like Gecko; compatible; ClaudeBot/1.0; +claudebot@anthropic.com)"
216.73.216.119 - - [21/Oct/2025:15:30:01 +0300] "GET /database-city/vienna?fileloc=%2F%2Fusr%2Flib%2Ffirmware%2Fqat_895xcc.bin&path=%2F%2Fusr%2Flib%2Ffirmware HTTP/2.0" 200 37228 "-" "Mozilla/5.0 AppleWebKit/537.36 (KHTML, like Gecko; compatible; ClaudeBot/1.0; +claudebot@anthropic.com)"
216.73.216.119 - - [21/Oct/2025:15:30:01 +0300] "GET /ru/database-city/antwerpen-ru?fileloc=%2F%2Flib64%2Fpython3.6%2Fencodings%2Fcp437.py&path=%2F%2Flib64%2Fpython3.6%2Fencodings HTTP/2.0" 200 8330 "-" "Mozilla/5.0 AppleWebKit/537.36 (KHTML, like Gecko; compatible; ClaudeBot/1.0; +claudebot@anthropic.com)"
20.171.207.183 - - [21/Oct/2025:15:30:03 +0300] "GET /?fileloc=//proc/self/root/proc/thread-self/root/proc/thread-self/root/proc/thread-self/root/proc/thread-self/root/usr/lib/systemd/system/systemd-logind.service.d/lve_capabilities.conf&path=//proc/self/root/proc/thread-self/root/proc/thread-self/root/proc/thread-self/root/proc/thread-self/root/usr/lib/systemd/system/systemd-logind.service.d HTTP/2.0" 200 2454 "-" "Mozilla/5.0 AppleWebKit/537.36 (KHTML, like Gecko; compatible; GPTBot/1.2; +https://openai.com/gptbot)"
216.73.216.119 - - [21/Oct/2025:15:30:03 +0300] "GET /et/wp-json/wp/v2/product/1703?fileloc=%2F%2Fusr%2Flib64%2Fpython2.7%2Flib2to3%2Ffixes%2Ffix_raise.pyo&path=%2F%2Fusr%2Flib64%2Fpython2.7%2Flib2to3%2Ffixes HTTP/2.0" 200 3608 "-" "Mozilla/5.0 AppleWebKit/537.36 (KHTML, like Gecko; compatible; ClaudeBot/1.0; +claudebot@anthropic.com)"
20.171.207.155 - - [21/Oct/2025:15:30:03 +0300] "GET /upload/save_image/product/00/30/20/92/302092_1_360.jpg?path=//proc/1008992/root/proc/1008992/root/proc/1008992/task/1008992/root/proc/thread-self/root/proc/1008992/root/proc/1008992/root/proc/1105349/root/usr/lib64/perl5/Hash HTTP/2.0" 200 2772 "-" "Mozilla/5.0 AppleWebKit/537.36 (KHTML, like Gecko; compatible; GPTBot/1.2; +https://openai.com/gptbot)"
52.70.123.241 - - [21/Oct/2025:15:30:03 +0300] "GET /product/vasteras-contacts/?fileloc=//bin/arch&path=//bin HTTP/1.1" 200 64823 "-" "Mozilla/5.0 AppleWebKit/537.36 (KHTML, like Gecko; compatible; Amazonbot/0.1; +https://developer.amazon.com/support/amazonbot) Chrome/119.0.6045.214 Safari/537.36"
216.73.216.119 - - [21/Oct/2025:15:30:05 +0300] "GET /et/wp-json/oembed/1.0/embed?fileloc=%2F%2Flib64%2Fpython3.6%2Fencodings%2Feuc_jp.py&path=%2F%2Flib64%2Fpython3.6%2Fencodings HTTP/2.0" 200 2576 "-" "Mozilla/5.0 AppleWebKit/537.36 (KHTML, like Gecko; compatible; ClaudeBot/1.0; +claudebot@anthropic.com)"
216.73.216.119 - - [21/Oct/2025:15:30:05 +0300] "GET /et/wp-json/wp/v2/product/1372?fileloc=%2F%2Fusr%2Flib64%2Fpython3.6%2Fencodings%2Fhp_roman8.py&path=%2F%2Fusr%2Flib64%2Fpython3.6%2Fencodings HTTP/2.0" 200 5207 "-" "Mozilla/5.0 AppleWebKit/537.36 (KHTML, like Gecko; compatible; ClaudeBot/1.0; +claudebot@anthropic.com)"
216.73.216.119 - - [21/Oct/2025:15:30:03 +0300] "GET /database-city/vienna?fileloc=%2F%2Fusr%2Flib%2Ffirmware%2Fiwlwifi-Qu-c0-hr-b0-59.ucode&path=%2F%2Fusr%2Flib%2Ffirmware HTTP/2.0" 200 456961 "-" "Mozilla/5.0 AppleWebKit/537.36 (KHTML, like Gecko; compatible; ClaudeBot/1.0; +claudebot@anthropic.com)"
216.73.216.119 - - [21/Oct/2025:15:30:05 +0300] "GET /countries/brazil?fileloc=%2F%2Flib64%2Fpython2.7%2Frunpy.pyo&path=%2F%2Flib64%2Fpython2.7 HTTP/2.0" 200 6020 "-" "Mozilla/5.0 AppleWebKit/537.36 (KHTML, like Gecko; compatible; ClaudeBot/1.0; +claudebot@anthropic.com)"
216.73.216.119 - - [21/Oct/2025:15:30:06 +0300] "GET /fi/database-city/yangon-fi/feed?path=%2F%2Fopt%2Falt%2Fpython37 HTTP/2.0" 200 2671 "-" "Mozilla/5.0 AppleWebKit/537.36 (KHTML, like Gecko; compatible; ClaudeBot/1.0; +claudebot@anthropic.com)"
216.73.216.119 - - [21/Oct/2025:15:30:06 +0300] "GET /ru/database-city/delhi-ru?fileloc=%2F%2Flib%2Fpython3.6%2Fsite-packages%2Ftuned%2Funits%2F__init__.py&path=%2F%2Flib%2Fpython3.6%2Fsite-packages%2Ftuned%2Funits HTTP/2.0" 200 2286 "-" "Mozilla/5.0 AppleWebKit/537.36 (KHTML, like Gecko; compatible; ClaudeBot/1.0; +claudebot@anthropic.com)"
216.73.216.119 - - [21/Oct/2025:15:30:06 +0300] "GET /database-city/sydney?fileloc=%2F%2Fusr%2Flib%2Ffirmware%2Fintel%2Fibt-0040-0041.ddc&path=%2F%2Fusr%2Flib%2Ffirmware%2Fintel HTTP/2.0" 200 2271 "-" "Mozilla/5.0 AppleWebKit/537.36 (KHTML, like Gecko; compatible; ClaudeBot/1.0; +claudebot@anthropic.com)"
216.73.216.119 - - [21/Oct/2025:15:30:06 +0300] "GET /product/leuven-business-database?path=%2Fhome-ssd1%2Fbusines1%2Fpublic_html%2Fwp-content%2Fplugins%2Fw3-total-cache%2Fini HTTP/2.0" 200 3140 "-" "Mozilla/5.0 AppleWebKit/537.36 (KHTML, like Gecko; compatible; ClaudeBot/1.0; +claudebot@anthropic.com)"
20.171.207.183 - - [21/Oct/2025:15:30:07 +0300] "GET /?fileloc=//proc/self/root/proc/thread-self/root/proc/thread-self/root/proc/thread-self/root/proc/thread-self/root/proc/self/root/proc/thread-self/root/usr/lib/systemd/system/sysinit.target.wants/systemd-modules-load.service&path=//proc/self/root/proc/thread-self/root/proc/thread-self/root/proc/thread-self/root/proc/thread-self/root/proc/self/root/proc/thread-self/root/usr/lib/systemd/system/sysinit.target.wants HTTP/2.0" 200 2804 "-" "Mozilla/5.0 AppleWebKit/537.36 (KHTML, like Gecko; compatible; GPTBot/1.2; +https://openai.com/gptbot)"
20.171.207.155 - - [21/Oct/2025:15:30:07 +0300] "GET /upload/save_image/product/00/30/20/92/302092_1_360.jpg?path=//proc/1008992/root/proc/1008992/root/proc/1008992/task/1008992/root/proc/thread-self/root/proc/1008992/root/proc/1008992/root/proc/1105349/root/usr/lib64/perl5/auto/IO HTTP/2.0" 200 2717 "-" "Mozilla/5.0 AppleWebKit/537.36 (KHTML, like Gecko; compatible; GPTBot/1.2; +https://openai.com/gptbot)"
216.73.216.119 - - [21/Oct/2025:15:30:07 +0300] "GET /et/Riigid/argentiina/feed?fileloc=%2Fhome-ssd1%2Fbusines1%2Fwww%2Fwp-includes%2Fjs%2Futils.min.js&path=%2Fhome-ssd1%2Fbusines1%2Fwww%2Fwp-includes%2Fjs HTTP/2.0" 200 3065 "-" "Mozilla/5.0 AppleWebKit/537.36 (KHTML, like Gecko; compatible; ClaudeBot/1.0; +claudebot@anthropic.com)"
216.73.216.119 - - [21/Oct/2025:15:30:06 +0300] "GET /database-city/sydney?fileloc=%2F%2Fusr%2Flib%2Ffirmware%2Fintel%2Fibt-19-32-4.sfi&path=%2F%2Fusr%2Flib%2Ffirmware%2Fintel HTTP/2.0" 200 458439 "-" "Mozilla/5.0 AppleWebKit/537.36 (KHTML, like Gecko; compatible; ClaudeBot/1.0; +claudebot@anthropic.com)"
216.73.216.119 - - [21/Oct/2025:15:30:07 +0300] "GET /database-city/jyvaskyla/?path=%2F%2Flib%2Fjvm%2Fjre-11-openjdk%2Flegal%2Fjdk.compiler HTTP/2.0" 200 2685 "-" "Mozilla/5.0 AppleWebKit/537.36 (KHTML, like Gecko; compatible; ClaudeBot/1.0; +claudebot@anthropic.com)"
216.73.216.119 - - [21/Oct/2025:15:30:07 +0300] "GET /ru/database-city/jyvaskyla-ru?fileloc=%2Fhome-ssd1%2Fbusines1%2Fpublic_html%2Fwp-content%2Fbin%2F.htaccess&path=%2Fhome-ssd1%2Fbusines1%2Fpublic_html%2Fwp-content%2Fbin HTTP/2.0" 200 2269 "-" "Mozilla/5.0 AppleWebKit/537.36 (KHTML, like Gecko; compatible; ClaudeBot/1.0; +claudebot@anthropic.com)"
216.73.216.119 - - [21/Oct/2025:15:30:07 +0300] "GET /product/hungary-business-database?path=%2Fhome-ssd1%2Fbusines1%2Fpublic_html%2Fwp-content%2Fplugins%2Fwpml-string-translation%2Fres HTTP/2.0" 200 2641 "-" "Mozilla/5.0 AppleWebKit/537.36 (KHTML, like Gecko; compatible; ClaudeBot/1.0; +claudebot@anthropic.com)"
216.73.216.119 - - [21/Oct/2025:15:30:08 +0300] "GET /database-city/sydney?fileloc=%2F%2Fusr%2Flib%2Ffirmware%2Fintel%2Fibt-hw-37.7.10-fw-1.0.2.3.d.bseq&path=%2F%2Fusr%2Flib%2Ffirmware%2Fintel HTTP/2.0" 200 16436 "-" "Mozilla/5.0 AppleWebKit/537.36 (KHTML, like Gecko; compatible; ClaudeBot/1.0; +claudebot@anthropic.com)"
216.73.216.119 - - [21/Oct/2025:15:30:08 +0300] "GET /ru/database-city/esch-sur-alzette-ru?fileloc=%2F%2Fusr%2Flib%2Ffirmware%2Fcypress%2Fcyfmac4354-sdio.clm_blob&path=%2F%2Fusr%2Flib%2Ffirmware%2Fcypress HTTP/2.0" 200 4377 "-" "Mozilla/5.0 AppleWebKit/537.36 (KHTML, like Gecko; compatible; ClaudeBot/1.0; +claudebot@anthropic.com)"
216.73.216.119 - - [21/Oct/2025:15:30:08 +0300] "GET /et/wp-json/oembed/1.0/embed?fileloc=%2F%2Flib64%2Fpython3.6%2Fencodings%2Futf_7.py&path=%2F%2Flib64%2Fpython3.6%2Fencodings HTTP/2.0" 200 2590 "-" "Mozilla/5.0 AppleWebKit/537.36 (KHTML, like Gecko; compatible; ClaudeBot/1.0; +claudebot@anthropic.com)"
216.73.216.119 - - [21/Oct/2025:15:30:08 +0300] "GET /et/wp-json/wp/v2/product/1703?fileloc=%2F%2Fusr%2Flib64%2Fpython2.7%2Flib2to3%2Ffixes%2Ffix_getcwdu.pyo&path=%2F%2Fusr%2Flib64%2Fpython2.7%2Flib2to3%2Ffixes HTTP/2.0" 200 2764 "-" "Mozilla/5.0 AppleWebKit/537.36 (KHTML, like Gecko; compatible; ClaudeBot/1.0; +claudebot@anthropic.com)"
216.73.216.119 - - [21/Oct/2025:15:30:08 +0300] "GET /database-city/cordoba-email-database/feed?fileloc=%2Fhome-ssd1%2Fbusines1%2Fwww%2Fwp-includes%2FID3%2Fgetid3.lib.php&path=%2Fhome-ssd1%2Fbusines1%2Fwww%2Fwp-includes%2FID3 HTTP/2.0" 200 14658 "-" "Mozilla/5.0 AppleWebKit/537.36 (KHTML, like Gecko; compatible; ClaudeBot/1.0; +claudebot@anthropic.com)"
216.73.216.119 - - [21/Oct/2025:15:30:09 +0300] "GET /et/andmebaas-linn/venezuela-e-mail-andmebaas?fileloc=%2Fhome-ssd1%2Fbusines1%2Fpublic_html%2Fwp-includes%2Ffeed-rss2.php&path=%2Fhome-ssd1%2Fbusines1%2Fpublic_html%2Fwp-includes HTTP/2.0" 200 3636 "-" "Mozilla/5.0 AppleWebKit/537.36 (KHTML, like Gecko; compatible; ClaudeBot/1.0; +claudebot@anthropic.com)"
216.73.216.119 - - [21/Oct/2025:15:30:09 +0300] "GET /database-city/sweden/feed?fileloc=%2Fhome-ssd1%2Fbusines1%2Fwww%2Fwp-admin%2Fnetwork%2Fsites.php&path=%2Fhome-ssd1%2Fbusines1%2Fwww%2Fwp-admin%2Fnetwork HTTP/2.0" 200 6221 "-" "Mozilla/5.0 AppleWebKit/537.36 (KHTML, like Gecko; compatible; ClaudeBot/1.0; +claudebot@anthropic.com)"
216.73.216.119 - - [21/Oct/2025:15:30:09 +0300] "GET /database-city/sydney?fileloc=%2F%2Fusr%2Flib%2Ffirmware%2Fintel%2Fibt-0040-4150.sfi&path=%2F%2Fusr%2Flib%2Ffirmware%2Fintel HTTP/2.0" 200 460444 "-" "Mozilla/5.0 AppleWebKit/537.36 (KHTML, like Gecko; compatible; ClaudeBot/1.0; +claudebot@anthropic.com)"
216.73.216.119 - - [21/Oct/2025:15:30:09 +0300] "GET /product/uzbekistan-business-database?fileloc=%2Fhome-ssd1%2Fbusines1%2Fpublic_html%2Fwp-admin%2Fjs%2Fupdates.min.js&path=%2Fhome-ssd1%2Fbusines1%2Fpublic_html%2Fwp-admin%2Fjs HTTP/2.0" 200 12920 "-" "Mozilla/5.0 AppleWebKit/537.36 (KHTML, like Gecko; compatible; ClaudeBot/1.0; +claudebot@anthropic.com)"
216.73.216.119 - - [21/Oct/2025:15:30:09 +0300] "GET /et/wp-json/oembed/1.0/embed?fileloc=%2F%2Flib64%2Fpython3.6%2Fencodings%2Fcp852.py&path=%2F%2Flib64%2Fpython3.6%2Fencodings HTTP/2.0" 200 8238 "-" "Mozilla/5.0 AppleWebKit/537.36 (KHTML, like Gecko; compatible; ClaudeBot/1.0; +claudebot@anthropic.com)"
