54.85.126.86 - - [21/Oct/2025:15:16:51 +0300] "GET /product/la-paz-business-database/?fileloc=//bin/mailx&path=//bin HTTP/1.1" 200 677299 "-" "Mozilla/5.0 AppleWebKit/537.36 (KHTML, like Gecko; compatible; Amazonbot/0.1; +https://developer.amazon.com/support/amazonbot) Chrome/119.0.6045.214 Safari/537.36"
216.73.216.119 - - [21/Oct/2025:15:16:52 +0300] "GET /database-city/liechtenstein-email-database?fileloc=%2F%2Fproc%2Fself%2Froot%2Flib64%2Flibxcb-composite.so&path=%2F%2Fproc%2Fself%2Froot%2Flib64 HTTP/2.0" 200 5781 "-" "Mozilla/5.0 AppleWebKit/537.36 (KHTML, like Gecko; compatible; ClaudeBot/1.0; +claudebot@anthropic.com)"
216.73.216.119 - - [21/Oct/2025:15:16:52 +0300] "GET /et/wp-json/wp/v2/product/1453?fileloc=%2F%2Fusr%2Fbin%2Fpasswd&path=%2F%2Fusr%2Fbin HTTP/2.0" 200 2756 "-" "Mozilla/5.0 AppleWebKit/537.36 (KHTML, like Gecko; compatible; ClaudeBot/1.0; +claudebot@anthropic.com)"
20.171.207.155 - - [21/Oct/2025:15:16:52 +0300] "GET /upload/save_image/product/00/30/20/92/302092_1_360.jpg?path=//proc/1008992/root/proc/1008992/root/proc/1008992/task/1008992/root/proc/thread-self/root/proc/1008992/root/proc/1008992/root/proc/1105349/root/lib64/gtk-2.0/2.10.0/immodules HTTP/2.0" 200 2450 "-" "Mozilla/5.0 AppleWebKit/537.36 (KHTML, like Gecko; compatible; GPTBot/1.2; +https://openai.com/gptbot)"
216.73.216.119 - - [21/Oct/2025:15:16:52 +0300] "GET /fi/database-city/yangon-fi/feed?fileloc=%2F%2Fusr%2Fshare%2Fman%2Fman3%2FBIO_should_write.3ssl.gz&path=%2F%2Fusr%2Fshare%2Fman%2Fman3 HTTP/2.0" 200 5906 "-" "Mozilla/5.0 AppleWebKit/537.36 (KHTML, like Gecko; compatible; ClaudeBot/1.0; +claudebot@anthropic.com)"
216.73.216.119 - - [21/Oct/2025:15:16:52 +0300] "GET /et/andmebaas-linn/venemaa-e-mail-andmebaas?fileloc=%2Fhome-ssd1%2Fbusines1%2Fpublic_html%2Fwp-content%2Fthemes%2Ftwentytwentyfour%2Fscreenshot.png&path=%2Fhome-ssd1%2Fbusines1%2Fpublic_html%2Fwp-content%2Fthemes%2Ftwentytwentyfour HTTP/2.0" 200 602689 "-" "Mozilla/5.0 AppleWebKit/537.36 (KHTML, like Gecko; compatible; ClaudeBot/1.0; +claudebot@anthropic.com)"
216.73.216.119 - - [21/Oct/2025:15:16:53 +0300] "GET /database-city/sao-paulo?path=%2F%2Fproc%2Firq%2F110 HTTP/2.0" 200 2779 "-" "Mozilla/5.0 AppleWebKit/537.36 (KHTML, like Gecko; compatible; ClaudeBot/1.0; +claudebot@anthropic.com)"
216.73.216.119 - - [21/Oct/2025:15:16:53 +0300] "GET /et/andmebaas-linn/al-ain-email-database-et?fileloc=%2Fhome-ssd1%2Fbusines1%2Fpublic_html%2Fwp-includes%2Fimages%2Fsmilies%2Ficon_lol.gif&path=%2Fhome-ssd1%2Fbusines1%2Fpublic_html%2Fwp-includes%2Fimages%2Fsmilies HTTP/2.0" 200 2557 "-" "Mozilla/5.0 AppleWebKit/537.36 (KHTML, like Gecko; compatible; ClaudeBot/1.0; +claudebot@anthropic.com)"
216.73.216.119 - - [21/Oct/2025:15:16:53 +0300] "GET /countries/portugal?fileloc=%2F%2Flib%2Ffirmware%2Famdgpu%2Fvega10_uvd.bin&path=%2F%2Flib%2Ffirmware%2Famdgpu HTTP/2.0" 200 195453 "-" "Mozilla/5.0 AppleWebKit/537.36 (KHTML, like Gecko; compatible; ClaudeBot/1.0; +claudebot@anthropic.com)"
216.73.216.119 - - [21/Oct/2025:15:16:53 +0300] "GET /countries/portugal?fileloc=%2F%2Flib%2Ffirmware%2Famdgpu%2Fvpe_6_1_3.bin&path=%2F%2Flib%2Ffirmware%2Famdgpu HTTP/2.0" 200 10788 "-" "Mozilla/5.0 AppleWebKit/537.36 (KHTML, like Gecko; compatible; ClaudeBot/1.0; +claudebot@anthropic.com)"
216.73.216.119 - - [21/Oct/2025:15:16:54 +0300] "GET /database-city/sydney?fileloc=%2F%2Fusr%2Fshare%2Flocale%2Fvi%2FLC_MESSAGES%2Flibpaper.mo&path=%2F%2Fusr%2Fshare%2Flocale%2Fvi%2FLC_MESSAGES HTTP/2.0" 200 3457 "-" "Mozilla/5.0 AppleWebKit/537.36 (KHTML, like Gecko; compatible; ClaudeBot/1.0; +claudebot@anthropic.com)"
216.73.216.119 - - [21/Oct/2025:15:16:54 +0300] "GET /et/andmebaas-linn/sarpsborg-e-mail-andmebaas?fileloc=%2F%2Fusr%2Fshare%2Fman%2Fman3%2Flapacke_spocon.c.3.gz&path=%2F%2Fusr%2Fshare%2Fman%2Fman3 HTTP/2.0" 200 2689 "-" "Mozilla/5.0 AppleWebKit/537.36 (KHTML, like Gecko; compatible; ClaudeBot/1.0; +claudebot@anthropic.com)"
216.73.216.119 - - [21/Oct/2025:15:16:55 +0300] "GET /database-city/sydney?fileloc=%2Fhome-ssd1%2Fbusines1%2Fpublic_html%2Fwp-admin%2Fimages%2Fw-logo-white.png&path=%2Fhome-ssd1%2Fbusines1%2Fpublic_html%2Fwp-admin%2Fimages HTTP/2.0" 200 6306 "-" "Mozilla/5.0 AppleWebKit/537.36 (KHTML, like Gecko; compatible; ClaudeBot/1.0; +claudebot@anthropic.com)"
20.171.207.183 - - [21/Oct/2025:15:16:55 +0300] "GET /?path=//proc/self/root/proc/thread-self/root/proc/thread-self/root/proc/thread-self/root/proc/thread-self/root/proc/thread-self/root/lib/.build-id/52 HTTP/2.0" 200 3233 "-" "Mozilla/5.0 AppleWebKit/537.36 (KHTML, like Gecko; compatible; GPTBot/1.2; +https://openai.com/gptbot)"
20.171.207.155 - - [21/Oct/2025:15:16:55 +0300] "GET /upload/save_image/product/00/30/20/92/302092_1_360.jpg?path=//proc/1008992/root/proc/1008992/root/proc/1008992/task/1008992/root/proc/thread-self/root/proc/1008992/root/proc/1008992/root/proc/1105349/root/lib64/gtk-2.0/2.10.0/engines HTTP/2.0" 200 2712 "-" "Mozilla/5.0 AppleWebKit/537.36 (KHTML, like Gecko; compatible; GPTBot/1.2; +https://openai.com/gptbot)"
3.221.222.168 - - [21/Oct/2025:15:16:55 +0300] "GET /product/strasbourg-contacts/?fileloc=//bin/xmlwf&path=//bin HTTP/1.1" 200 58247 "-" "Mozilla/5.0 AppleWebKit/537.36 (KHTML, like Gecko; compatible; Amazonbot/0.1; +https://developer.amazon.com/support/amazonbot) Chrome/119.0.6045.214 Safari/537.36"
216.73.216.119 - - [21/Oct/2025:15:16:55 +0300] "GET /fi/database-city/jyvaskyla-fi?fileloc=%2F%2Flib%2Ffirmware%2FTAS2XXX3F101.bin&path=%2F%2Flib%2Ffirmware HTTP/2.0" 200 9527 "-" "Mozilla/5.0 AppleWebKit/537.36 (KHTML, like Gecko; compatible; ClaudeBot/1.0; +claudebot@anthropic.com)"
216.73.216.119 - - [21/Oct/2025:15:16:55 +0300] "GET /ru/database-city/antwerpen-ru?fileloc=%2F%2Flib%2Flocale%2Fen_DK%2FLC_NUMERIC&path=%2F%2Flib%2Flocale%2Fen_DK HTTP/2.0" 200 2294 "-" "Mozilla/5.0 AppleWebKit/537.36 (KHTML, like Gecko; compatible; ClaudeBot/1.0; +claudebot@anthropic.com)"
216.73.216.119 - - [21/Oct/2025:15:16:55 +0300] "GET /et/product/pune-ettevotete-andmebaas?path=%2Fhome-ssd1%2Fbusines1%2Fpublic_html%2Fwp-content%2Fplugins%2Fgzztr HTTP/2.0" 200 2852 "-" "Mozilla/5.0 AppleWebKit/537.36 (KHTML, like Gecko; compatible; ClaudeBot/1.0; +claudebot@anthropic.com)"
216.73.216.119 - - [21/Oct/2025:15:16:55 +0300] "GET /et/Riigid/argentiina/?path=%2F%2Fusr%2Flib%2Ffirmware%2Fnvidia%2Ftu106%2Facr HTTP/2.0" 200 2702 "-" "Mozilla/5.0 AppleWebKit/537.36 (KHTML, like Gecko; compatible; ClaudeBot/1.0; +claudebot@anthropic.com)"
216.73.216.119 - - [21/Oct/2025:15:16:56 +0300] "GET /database-city/sydney?fileloc=%2F%2Fusr%2Fshare%2Fman%2Fman1%2Fdhparam.1ssl.gz&path=%2F%2Fusr%2Fshare%2Fman%2Fman1 HTTP/2.0" 200 5646 "-" "Mozilla/5.0 AppleWebKit/537.36 (KHTML, like Gecko; compatible; ClaudeBot/1.0; +claudebot@anthropic.com)"
216.73.216.119 - - [21/Oct/2025:15:16:56 +0300] "GET /et/andmebaas-linn/sarpsborg-e-mail-andmebaas?fileloc=%2F%2Fusr%2Fshare%2Fman%2Fman3%2FSSL_CTX_use_RSAPrivateKey_file.3ssl.gz&path=%2F%2Fusr%2Fshare%2Fman%2Fman3 HTTP/2.0" 200 6739 "-" "Mozilla/5.0 AppleWebKit/537.36 (KHTML, like Gecko; compatible; ClaudeBot/1.0; +claudebot@anthropic.com)"
216.73.216.119 - - [21/Oct/2025:15:16:56 +0300] "GET /database-city/sydney?fileloc=%2Fhome-ssd1%2Fbusines1%2Ftmp%2Fanalog%2F11.html&path=%2Fhome-ssd1%2Fbusines1%2Ftmp%2Fanalog HTTP/2.0" 200 18580 "-" "Mozilla/5.0 AppleWebKit/537.36 (KHTML, like Gecko; compatible; ClaudeBot/1.0; +claudebot@anthropic.com)"
216.73.216.119 - - [21/Oct/2025:15:16:56 +0300] "GET /database-city/jyvaskyla/feed?fileloc=%2F%2Flib64%2Flibunbound.so.2.7.18&path=%2F%2Flib64 HTTP/2.0" 200 497665 "-" "Mozilla/5.0 AppleWebKit/537.36 (KHTML, like Gecko; compatible; ClaudeBot/1.0; +claudebot@anthropic.com)"
216.73.216.119 - - [21/Oct/2025:15:16:57 +0300] "GET /terms-and-conditions?fileloc=%2F%2Flib%2Ffirmware%2Fcirrus%2Fcs35l41-dsp1-spk-prot-10431f1f.wmfw&path=%2F%2Flib%2Ffirmware%2Fcirrus HTTP/2.0" 200 18799 "-" "Mozilla/5.0 AppleWebKit/537.36 (KHTML, like Gecko; compatible; ClaudeBot/1.0; +claudebot@anthropic.com)"
216.73.216.119 - - [21/Oct/2025:15:16:57 +0300] "GET /database-city/liechtenstein-email-database?fileloc=%2F%2Fproc%2Fself%2Froot%2Flib64%2Flibkadm5srv_mit.so&path=%2F%2Fproc%2Fself%2Froot%2Flib64 HTTP/2.0" 200 43546 "-" "Mozilla/5.0 AppleWebKit/537.36 (KHTML, like Gecko; compatible; ClaudeBot/1.0; +claudebot@anthropic.com)"
216.73.216.119 - - [21/Oct/2025:15:16:57 +0300] "GET /et/wp-json/wp/v2/product/1381?fileloc=%2F%2Fusr%2Fshare%2Fzoneinfo%2FAmerica%2FChihuahua&path=%2F%2Fusr%2Fshare%2Fzoneinfo%2FAmerica HTTP/2.0" 200 2860 "-" "Mozilla/5.0 AppleWebKit/537.36 (KHTML, like Gecko; compatible; ClaudeBot/1.0; +claudebot@anthropic.com)"
216.73.216.119 - - [21/Oct/2025:15:16:57 +0300] "GET /database-city/liechtenstein-email-database?fileloc=%2F%2Fproc%2Fself%2Froot%2Flib64%2FlibGraphicsMagick-Q16.so.3.24.0&path=%2F%2Fproc%2Fself%2Froot%2Flib64 HTTP/2.0" 200 609487 "-" "Mozilla/5.0 AppleWebKit/537.36 (KHTML, like Gecko; compatible; ClaudeBot/1.0; +claudebot@anthropic.com)"
216.73.216.119 - - [21/Oct/2025:15:16:58 +0300] "GET /et/wp-json/wp/v2/product/1793?fileloc=%2F%2Flib%2Ffirmware%2Fqlogic%2F1040.bin&path=%2F%2Flib%2Ffirmware%2Fqlogic HTTP/2.0" 200 19343 "-" "Mozilla/5.0 AppleWebKit/537.36 (KHTML, like Gecko; compatible; ClaudeBot/1.0; +claudebot@anthropic.com)"
20.171.207.183 - - [21/Oct/2025:15:16:58 +0300] "GET /?path=//proc/self/root/proc/thread-self/root/proc/thread-self/root/proc/thread-self/root/proc/thread-self/root/proc/thread-self/root/lib/.build-id/45 HTTP/2.0" 200 3238 "-" "Mozilla/5.0 AppleWebKit/537.36 (KHTML, like Gecko; compatible; GPTBot/1.2; +https://openai.com/gptbot)"
216.73.216.119 - - [21/Oct/2025:15:16:58 +0300] "GET /product/nepal-business-database?fileloc=%2F%2Flib%2Fsystemd%2Fsystem-preset%2F85-display-manager.preset&path=%2F%2Flib%2Fsystemd%2Fsystem-preset HTTP/2.0" 200 2343 "-" "Mozilla/5.0 AppleWebKit/537.36 (KHTML, like Gecko; compatible; ClaudeBot/1.0; +claudebot@anthropic.com)"
216.73.216.119 - - [21/Oct/2025:15:16:58 +0300] "GET /database-city/sao-paulo?fileloc=%2F%2Fhome%2Fbusines1%2Flogs%2Fbusinessdatabases.net-ssl_log-Aug-2025_NGINX.gz&path=%2F%2Fhome%2Fbusines1%2Flogs HTTP/2.0" 200 178582 "-" "Mozilla/5.0 AppleWebKit/537.36 (KHTML, like Gecko; compatible; ClaudeBot/1.0; +claudebot@anthropic.com)"
216.73.216.119 - - [21/Oct/2025:15:16:58 +0300] "GET /et/andmebaas-linn/sarpsborg-e-mail-andmebaas?fileloc=%2F%2Fusr%2Fshare%2Fman%2Fman3%2Fxcb_damage_query_version_reply.3.gz&path=%2F%2Fusr%2Fshare%2Fman%2Fman3 HTTP/2.0" 200 2350 "-" "Mozilla/5.0 AppleWebKit/537.36 (KHTML, like Gecko; compatible; ClaudeBot/1.0; +claudebot@anthropic.com)"
20.171.207.155 - - [21/Oct/2025:15:16:59 +0300] "GET /upload/save_image/product/00/30/20/92/302092_1_360.jpg?path=//proc/1008992/root/proc/1008992/root/proc/1008992/task/1008992/root/proc/thread-self/root/proc/1008992/root/proc/1008992/root/proc/1105349/root/lib64/GraphicsMagick-1.3.38/modules-Q16 HTTP/2.0" 200 2722 "-" "Mozilla/5.0 AppleWebKit/537.36 (KHTML, like Gecko; compatible; GPTBot/1.2; +https://openai.com/gptbot)"
216.73.216.119 - - [21/Oct/2025:15:16:58 +0300] "GET /database-city/jyvaskyla/?fileloc=%2F%2Flib%2Ffirmware%2Fnvidia%2Fga102%2Fnvdec%2Fscrubber.bin&path=%2F%2Flib%2Ffirmware%2Fnvidia%2Fga102%2Fnvdec HTTP/2.0" 200 8325 "-" "Mozilla/5.0 AppleWebKit/537.36 (KHTML, like Gecko; compatible; ClaudeBot/1.0; +claudebot@anthropic.com)"
216.73.216.119 - - [21/Oct/2025:15:16:58 +0300] "GET /database-city/liechtenstein-email-database?fileloc=%2F%2Fproc%2Fsys%2Fkernel%2Fsched_nr_migrate&path=%2F%2Fproc%2Fsys%2Fkernel HTTP/2.0" 200 2247 "-" "Mozilla/5.0 AppleWebKit/537.36 (KHTML, like Gecko; compatible; ClaudeBot/1.0; +claudebot@anthropic.com)"
216.73.216.119 - - [21/Oct/2025:15:16:59 +0300] "GET /product/nepal-business-database?path=%2F%2Fusr%2Fshare%2Fmysql%2Fitalian HTTP/2.0" 200 2558 "-" "Mozilla/5.0 AppleWebKit/537.36 (KHTML, like Gecko; compatible; ClaudeBot/1.0; +claudebot@anthropic.com)"
216.73.216.119 - - [21/Oct/2025:15:16:59 +0300] "GET /database-city/sydney?fileloc=%2F%2Fusr%2Fshare%2Fi18n%2Fcharmaps%2FBRF.gz&path=%2F%2Fusr%2Fshare%2Fi18n%2Fcharmaps HTTP/2.0" 200 3441 "-" "Mozilla/5.0 AppleWebKit/537.36 (KHTML, like Gecko; compatible; ClaudeBot/1.0; +claudebot@anthropic.com)"
216.73.216.119 - - [21/Oct/2025:15:16:59 +0300] "GET /database-city/mendoza-business-email-database?fileloc=%2Fhome-ssd1%2Fbusines1%2F.wp-toolkit-identifier&path=%2Fhome-ssd1%2Fbusines1 HTTP/2.0" 200 2835 "-" "Mozilla/5.0 AppleWebKit/537.36 (KHTML, like Gecko; compatible; ClaudeBot/1.0; +claudebot@anthropic.com)"
18.214.251.19 - - [21/Oct/2025:15:16:59 +0300] "GET /product/bordeaux-contacts/?fileloc=//bin/objcopy&path=//bin HTTP/1.1" 200 399697 "-" "Mozilla/5.0 AppleWebKit/537.36 (KHTML, like Gecko; compatible; Amazonbot/0.1; +https://developer.amazon.com/support/amazonbot) Chrome/119.0.6045.214 Safari/537.36"
216.73.216.119 - - [21/Oct/2025:15:17:00 +0300] "GET /database-city/sao-paulo?path=%2F%2Fproc%2Firq%2F84 HTTP/2.0" 200 2774 "-" "Mozilla/5.0 AppleWebKit/537.36 (KHTML, like Gecko; compatible; ClaudeBot/1.0; +claudebot@anthropic.com)"
216.73.216.119 - - [21/Oct/2025:15:16:59 +0300] "GET /terms-and-conditions?fileloc=%2F%2Fusr%2Flib%2F.build-id%2F5a%2Fd41c377d270a63f793c7150d2ba6fc6b25fb44&path=%2F%2Fusr%2Flib%2F.build-id%2F5a HTTP/2.0" 200 764841 "-" "Mozilla/5.0 AppleWebKit/537.36 (KHTML, like Gecko; compatible; ClaudeBot/1.0; +claudebot@anthropic.com)"
216.73.216.119 - - [21/Oct/2025:15:17:00 +0300] "GET /et/andmebaas-linn/sarpsborg-e-mail-andmebaas?fileloc=%2F%2Flib%2Ffirmware%2Fbrcm%2Fbrcmfmac43430a0-sdio.bin&path=%2F%2Flib%2Ffirmware%2Fbrcm HTTP/2.0" 200 220046 "-" "Mozilla/5.0 AppleWebKit/537.36 (KHTML, like Gecko; compatible; ClaudeBot/1.0; +claudebot@anthropic.com)"
216.73.216.119 - - [21/Oct/2025:15:17:00 +0300] "GET /database-city/vienna?fileloc=%2Fhome-ssd1%2Fbusines1%2Fwww%2Fwp-content%2Flanguages%2Fru_RU-f70806bf0c7d62f2908bd5a1c3fe4efc.json&path=%2Fhome-ssd1%2Fbusines1%2Fwww%2Fwp-content%2Flanguages HTTP/2.0" 200 2828 "-" "Mozilla/5.0 AppleWebKit/537.36 (KHTML, like Gecko; compatible; ClaudeBot/1.0; +claudebot@anthropic.com)"
216.73.216.119 - - [21/Oct/2025:15:17:00 +0300] "GET /database-city/vienna?fileloc=%2F%2Flib64%2Fsecurity%2Fpam_warn.so&path=%2F%2Flib64%2Fsecurity HTTP/2.0" 200 5375 "-" "Mozilla/5.0 AppleWebKit/537.36 (KHTML, like Gecko; compatible; ClaudeBot/1.0; +claudebot@anthropic.com)"
216.73.216.119 - - [21/Oct/2025:15:17:00 +0300] "GET /et/andmebaas-linn/sarpsborg-e-mail-andmebaas?fileloc=%2F%2Fusr%2Fshare%2Fman%2Fman3%2Fxcb_query_text_extents_reply.3.gz&path=%2F%2Fusr%2Fshare%2Fman%2Fman3 HTTP/2.0" 200 2356 "-" "Mozilla/5.0 AppleWebKit/537.36 (KHTML, like Gecko; compatible; ClaudeBot/1.0; +claudebot@anthropic.com)"
216.73.216.119 - - [21/Oct/2025:15:17:00 +0300] "GET /ru/database-city/jyvaskyla-ru?fileloc=%2F%2Flib%2Fkbd%2Funimaps%2Fcyralt.uni&path=%2F%2Flib%2Fkbd%2Funimaps HTTP/2.0" 200 3632 "-" "Mozilla/5.0 AppleWebKit/537.36 (KHTML, like Gecko; compatible; ClaudeBot/1.0; +claudebot@anthropic.com)"
20.171.207.183 - - [21/Oct/2025:15:17:01 +0300] "GET /?path=//proc/self/root/proc/thread-self/root/proc/thread-self/root/proc/thread-self/root/proc/thread-self/root/proc/thread-self/root/lib/.build-id/82 HTTP/2.0" 200 3299 "-" "Mozilla/5.0 AppleWebKit/537.36 (KHTML, like Gecko; compatible; GPTBot/1.2; +https://openai.com/gptbot)"
216.73.216.119 - - [21/Oct/2025:15:17:01 +0300] "GET /et/wp-json/wp/v2/product_cat/1108?fileloc=%2F%2Flib%2Ffirmware%2Famdgpu%2Farcturus_vcn.bin&path=%2F%2Flib%2Ffirmware%2Famdgpu HTTP/2.0" 200 231779 "-" "Mozilla/5.0 AppleWebKit/537.36 (KHTML, like Gecko; compatible; ClaudeBot/1.0; +claudebot@anthropic.com)"
216.73.216.119 - - [21/Oct/2025:15:17:01 +0300] "GET /ru/database-city/jyvaskyla-ru?fileloc=%2F%2Flib%2Fkbd%2Funimaps%2Fethiopic.uni&path=%2F%2Flib%2Fkbd%2Funimaps HTTP/2.0" 200 4042 "-" "Mozilla/5.0 AppleWebKit/537.36 (KHTML, like Gecko; compatible; ClaudeBot/1.0; +claudebot@anthropic.com)"
20.171.207.155 - - [21/Oct/2025:15:17:02 +0300] "GET /upload/save_image/product/00/30/20/92/302092_1_360.jpg?path=//proc/1008992/root/proc/1008992/root/proc/1008992/task/1008992/root/proc/thread-self/root/proc/1008992/root/proc/1008992/root/proc/1105349/root/lib64/c++-plesk-12.2.0 HTTP/2.0" 200 2433 "-" "Mozilla/5.0 AppleWebKit/537.36 (KHTML, like Gecko; compatible; GPTBot/1.2; +https://openai.com/gptbot)"
216.73.216.119 - - [21/Oct/2025:15:17:02 +0300] "GET /ru/database-city/delhi-ru?fileloc=%2F%2Flib%2Ffirmware%2Fbrcm%2Fbrcmfmac43455-sdio.pine64%2Cpinebook-pro.txt&path=%2F%2Flib%2Ffirmware%2Fbrcm HTTP/2.0" 200 2878 "-" "Mozilla/5.0 AppleWebKit/537.36 (KHTML, like Gecko; compatible; ClaudeBot/1.0; +claudebot@anthropic.com)"
216.73.216.119 - - [21/Oct/2025:15:17:02 +0300] "GET /terms-and-conditions?fileloc=%2F%2Flib%2Ffirmware%2Fcirrus%2Fcs35l41-dsp1-spk-prot-103c8a30-spkid1-l0.bin&path=%2F%2Flib%2Ffirmware%2Fcirrus HTTP/2.0" 200 4400 "-" "Mozilla/5.0 AppleWebKit/537.36 (KHTML, like Gecko; compatible; ClaudeBot/1.0; +claudebot@anthropic.com)"
216.73.216.119 - - [21/Oct/2025:15:17:02 +0300] "GET /countries/brazil?fileloc=%2F%2Fusr%2Fshare%2Fzoneinfo%2FAmerica%2FOjinaga&path=%2F%2Fusr%2Fshare%2Fzoneinfo%2FAmerica HTTP/2.0" 200 3101 "-" "Mozilla/5.0 AppleWebKit/537.36 (KHTML, like Gecko; compatible; ClaudeBot/1.0; +claudebot@anthropic.com)"
216.73.216.119 - - [21/Oct/2025:15:17:04 +0300] "GET /et/Riigid/argentiina/?fileloc=%2F%2Flib%2Fpython2.7%2Fsite-packages%2Fgoogle%2Fprotobuf%2Fapi_pb2.py&path=%2F%2Flib%2Fpython2.7%2Fsite-packages%2Fgoogle%2Fprotobuf HTTP/2.0" 200 3881 "-" "Mozilla/5.0 AppleWebKit/537.36 (KHTML, like Gecko; compatible; ClaudeBot/1.0; +claudebot@anthropic.com)"
216.73.216.119 - - [21/Oct/2025:15:17:02 +0300] "GET /database-city/abu-dhabi?fileloc=%2F%2Flib64%2Flibdrm_radeon.so.1&path=%2F%2Flib64 HTTP/2.0" 200 21114 "-" "Mozilla/5.0 AppleWebKit/537.36 (KHTML, like Gecko; compatible; ClaudeBot/1.0; +claudebot@anthropic.com)"
20.171.207.183 - - [21/Oct/2025:15:17:04 +0300] "GET /?path=//proc/self/root/proc/thread-self/root/proc/thread-self/root/proc/thread-self/root/proc/thread-self/root/proc/thread-self/root/lib/.build-id/08 HTTP/2.0" 200 2982 "-" "Mozilla/5.0 AppleWebKit/537.36 (KHTML, like Gecko; compatible; GPTBot/1.2; +https://openai.com/gptbot)"
216.73.216.119 - - [21/Oct/2025:15:17:04 +0300] "GET /items/229954527?fileloc=%2Fhome-ssd1%2Fbusines1%2Fpublic_html%2Fwp-config.php&path=%2Fhome-ssd1%2Fbusines1%2Fpublic_html HTTP/2.0" 403 3655 "-" "Mozilla/5.0 AppleWebKit/537.36 (KHTML, like Gecko; compatible; ClaudeBot/1.0; +claudebot@anthropic.com)"
216.73.216.119 - - [21/Oct/2025:15:17:04 +0300] "GET /items/8674439?fileloc=%2Fhome-ssd1%2Fbusines1%2Fpublic_html%2Fwp-blog-header.php&path=%2Fhome-ssd1%2Fbusines1%2Fpublic_html HTTP/2.0" 200 2547 "-" "Mozilla/5.0 AppleWebKit/537.36 (KHTML, like Gecko; compatible; ClaudeBot/1.0; +claudebot@anthropic.com)"
216.73.216.119 - - [21/Oct/2025:15:17:02 +0300] "GET /fi/database-city/yangon-fi/feed?fileloc=%2F%2Fusr%2Fshare%2Fman%2Fman1%2Fmariadb-waitpid.1.gz&path=%2F%2Fusr%2Fshare%2Fman%2Fman1 HTTP/2.0" 200 2334 "-" "Mozilla/5.0 AppleWebKit/537.36 (KHTML, like Gecko; compatible; ClaudeBot/1.0; +claudebot@anthropic.com)"
52.200.251.20 - - [21/Oct/2025:15:17:04 +0300] "GET /product/strasbourg-contacts/?fileloc=//bin/nm&path=//bin HTTP/1.1" 200 85225 "-" "Mozilla/5.0 AppleWebKit/537.36 (KHTML, like Gecko; compatible; Amazonbot/0.1; +https://developer.amazon.com/support/amazonbot) Chrome/119.0.6045.214 Safari/537.36"
216.73.216.119 - - [21/Oct/2025:15:17:04 +0300] "GET /product/pori-contacts?fileloc=%2F%2Flib64%2Fpython2.7%2Fcontextlib.py&path=%2F%2Flib64%2Fpython2.7 HTTP/2.0" 200 3686 "-" "Mozilla/5.0 AppleWebKit/537.36 (KHTML, like Gecko; compatible; ClaudeBot/1.0; +claudebot@anthropic.com)"
216.73.216.119 - - [21/Oct/2025:15:17:04 +0300] "GET /items/8485417?fileloc=%2Fhome-ssd1%2Fbusines1%2Fpublic_html%2Fxmlrpc.php&path=%2Fhome-ssd1%2Fbusines1%2Fpublic_html HTTP/2.0" 200 3628 "-" "Mozilla/5.0 AppleWebKit/537.36 (KHTML, like Gecko; compatible; ClaudeBot/1.0; +claudebot@anthropic.com)"
216.73.216.119 - - [21/Oct/2025:15:17:04 +0300] "GET /database-city/sydney?fileloc=%2F%2Fusr%2Flib%2Ffirmware%2Fradeon%2FPALM_me.bin&path=%2F%2Fusr%2Flib%2Ffirmware%2Fradeon HTTP/2.0" 200 5093 "-" "Mozilla/5.0 AppleWebKit/537.36 (KHTML, like Gecko; compatible; ClaudeBot/1.0; +claudebot@anthropic.com)"
216.73.216.119 - - [21/Oct/2025:15:17:02 +0300] "GET /database-city/liechtenstein-email-database?fileloc=%2F%2Fproc%2Fself%2Froot%2Flib64%2FlibXaw7.so.7.0.0&path=%2F%2Fproc%2Fself%2Froot%2Flib64 HTTP/2.0" 200 155051 "-" "Mozilla/5.0 AppleWebKit/537.36 (KHTML, like Gecko; compatible; ClaudeBot/1.0; +claudebot@anthropic.com)"
20.171.207.155 - - [21/Oct/2025:15:17:05 +0300] "GET /upload/save_image/product/00/30/20/92/302092_1_360.jpg?path=//proc/1008992/root/proc/1008992/root/proc/1008992/task/1008992/root/proc/thread-self/root/proc/1008992/root/proc/1008992/root/proc/1105349/root/lib64/c++-plesk-13.2.0 HTTP/2.0" 200 2433 "-" "Mozilla/5.0 AppleWebKit/537.36 (KHTML, like Gecko; compatible; GPTBot/1.2; +https://openai.com/gptbot)"
216.73.216.119 - - [21/Oct/2025:15:17:04 +0300] "GET /et/Riigid/argentiina/?fileloc=%2F%2Flib%2Fpython2.7%2Fsite-packages%2Fgoogle%2Fprotobuf%2Funittest_mset_wire_format_pb2.pyc&path=%2F%2Flib%2Fpython2.7%2Fsite-packages%2Fgoogle%2Fprotobuf HTTP/2.0" 200 3688 "-" "Mozilla/5.0 AppleWebKit/537.36 (KHTML, like Gecko; compatible; ClaudeBot/1.0; +claudebot@anthropic.com)"
216.73.216.119 - - [21/Oct/2025:15:17:04 +0300] "GET /items/8553897?fileloc=%2Fhome-ssd1%2Fbusines1%2Fpublic_html%2Fwp-cron.php&path=%2Fhome-ssd1%2Fbusines1%2Fpublic_html HTTP/2.0" 200 4257 "-" "Mozilla/5.0 AppleWebKit/537.36 (KHTML, like Gecko; compatible; ClaudeBot/1.0; +claudebot@anthropic.com)"
216.73.216.119 - - [21/Oct/2025:15:17:07 +0300] "GET /items/8407802?fileloc=%2Fhome-ssd1%2Fbusines1%2Fpublic_html%2Fwp-config.php&path=%2Fhome-ssd1%2Fbusines1%2Fpublic_html HTTP/2.0" 403 3655 "-" "Mozilla/5.0 AppleWebKit/537.36 (KHTML, like Gecko; compatible; ClaudeBot/1.0; +claudebot@anthropic.com)"
216.73.216.119 - - [21/Oct/2025:15:17:07 +0300] "GET /countries/brazil?fileloc=%2F%2Flib64%2Fpython2.7%2Ftempfile.pyc&path=%2F%2Flib64%2Fpython2.7 HTTP/2.0" 200 9278 "-" "Mozilla/5.0 AppleWebKit/537.36 (KHTML, like Gecko; compatible; ClaudeBot/1.0; +claudebot@anthropic.com)"
216.73.216.119 - - [21/Oct/2025:15:17:07 +0300] "GET /countries/brazil?fileloc=%2F%2Flib64%2Fpython2.7%2Fpty.pyc&path=%2F%2Flib64%2Fpython2.7 HTTP/2.0" 200 4552 "-" "Mozilla/5.0 AppleWebKit/537.36 (KHTML, like Gecko; compatible; ClaudeBot/1.0; +claudebot@anthropic.com)"
18.213.240.226 - - [21/Oct/2025:15:17:07 +0300] "GET /product/lahti-contacts/?fileloc=//bin/import&path=//bin HTTP/1.1" 200 26146 "-" "Mozilla/5.0 AppleWebKit/537.36 (KHTML, like Gecko; compatible; Amazonbot/0.1; +https://developer.amazon.com/support/amazonbot) Chrome/119.0.6045.214 Safari/537.36"
20.171.207.183 - - [21/Oct/2025:15:17:07 +0300] "GET /?path=//proc/self/root/proc/thread-self/root/proc/thread-self/root/proc/thread-self/root/proc/thread-self/root/proc/thread-self/root/lib/.build-id/85 HTTP/2.0" 200 3310 "-" "Mozilla/5.0 AppleWebKit/537.36 (KHTML, like Gecko; compatible; GPTBot/1.2; +https://openai.com/gptbot)"
216.73.216.119 - - [21/Oct/2025:15:17:07 +0300] "GET /items/8732017?fileloc=%2Fhome-ssd1%2Fbusines1%2Fpublic_html%2Fpages.php&path=%2Fhome-ssd1%2Fbusines1%2Fpublic_html HTTP/2.0" 200 3033 "-" "Mozilla/5.0 AppleWebKit/537.36 (KHTML, like Gecko; compatible; ClaudeBot/1.0; +claudebot@anthropic.com)"
216.73.216.119 - - [21/Oct/2025:15:17:07 +0300] "GET /et/Riigid/argentiina/?fileloc=%2F%2Flib%2Fpython2.7%2Fsite-packages%2Fgoogle%2Fprotobuf%2Fjson_format.py&path=%2F%2Flib%2Fpython2.7%2Fsite-packages%2Fgoogle%2Fprotobuf HTTP/2.0" 200 9208 "-" "Mozilla/5.0 AppleWebKit/537.36 (KHTML, like Gecko; compatible; ClaudeBot/1.0; +claudebot@anthropic.com)"
216.73.216.119 - - [21/Oct/2025:15:17:07 +0300] "GET /items/229806799?fileloc=%2Fhome-ssd1%2Fbusines1%2Fpublic_html%2Fwp-config-sample.php&path=%2Fhome-ssd1%2Fbusines1%2Fpublic_html HTTP/2.0" 200 3474 "-" "Mozilla/5.0 AppleWebKit/537.36 (KHTML, like Gecko; compatible; ClaudeBot/1.0; +claudebot@anthropic.com)"
20.171.207.155 - - [21/Oct/2025:15:17:08 +0300] "GET /upload/save_image/product/00/30/20/92/302092_1_360.jpg?path=//proc/1008992/root/proc/1008992/root/proc/1008992/task/1008992/root/proc/thread-self/root/proc/1008992/root/proc/1008992/root/proc/1105349/root/lib64/gtk-2.0/2.10.0/filesystems HTTP/2.0" 200 2452 "-" "Mozilla/5.0 AppleWebKit/537.36 (KHTML, like Gecko; compatible; GPTBot/1.2; +https://openai.com/gptbot)"
216.73.216.119 - - [21/Oct/2025:15:17:08 +0300] "GET /et/Riigid/argentiina/?fileloc=%2F%2Flib%2Fpython2.7%2Fsite-packages%2Fgoogle%2Fprotobuf%2Fdescriptor_pool.py&path=%2F%2Flib%2Fpython2.7%2Fsite-packages%2Fgoogle%2Fprotobuf HTTP/2.0" 200 10215 "-" "Mozilla/5.0 AppleWebKit/537.36 (KHTML, like Gecko; compatible; ClaudeBot/1.0; +claudebot@anthropic.com)"
216.73.216.119 - - [21/Oct/2025:15:17:08 +0300] "GET /et/product/rumeenia-ettevotete-andmebaas?fileloc=%2F%2Flib64%2Fpython2.7%2FTools%2Fscripts%2Fserve.pyc&path=%2F%2Flib64%2Fpython2.7%2FTools%2Fscripts HTTP/2.0" 200 3224 "-" "Mozilla/5.0 AppleWebKit/537.36 (KHTML, like Gecko; compatible; ClaudeBot/1.0; +claudebot@anthropic.com)"
216.73.216.119 - - [21/Oct/2025:15:17:09 +0300] "GET /items/8760774?fileloc=%2Fhome-ssd1%2Fbusines1%2Fpublic_html%2Fwp-blog-header.php&path=%2Fhome-ssd1%2Fbusines1%2Fpublic_html HTTP/2.0" 200 2547 "-" "Mozilla/5.0 AppleWebKit/537.36 (KHTML, like Gecko; compatible; ClaudeBot/1.0; +claudebot@anthropic.com)"
216.73.216.119 - - [21/Oct/2025:15:17:09 +0300] "GET /et/wp-json/wp/v2/product/1703?fileloc=%2F%2Fusr%2Flib64%2Fpython2.7%2Flib2to3%2Ffixes%2Ffix_imports2.py&path=%2F%2Fusr%2Flib64%2Fpython2.7%2Flib2to3%2Ffixes HTTP/2.0" 200 2415 "-" "Mozilla/5.0 AppleWebKit/537.36 (KHTML, like Gecko; compatible; ClaudeBot/1.0; +claudebot@anthropic.com)"
216.73.216.119 - - [21/Oct/2025:15:17:09 +0300] "GET /database-city/sydney?fileloc=%2F%2Fusr%2Flib%2Ffirmware%2Fradeon%2FCYPRESS_me.bin&path=%2F%2Fusr%2Flib%2Ffirmware%2Fradeon HTTP/2.0" 200 5082 "-" "Mozilla/5.0 AppleWebKit/537.36 (KHTML, like Gecko; compatible; ClaudeBot/1.0; +claudebot@anthropic.com)"
216.73.216.119 - - [21/Oct/2025:15:17:09 +0300] "GET /items/8481602?fileloc=%2Fhome-ssd1%2Fbusines1%2Fpublic_html%2Fwp-cron.php&path=%2Fhome-ssd1%2Fbusines1%2Fpublic_html HTTP/2.0" 200 4257 "-" "Mozilla/5.0 AppleWebKit/537.36 (KHTML, like Gecko; compatible; ClaudeBot/1.0; +claudebot@anthropic.com)"
216.73.216.119 - - [21/Oct/2025:15:17:09 +0300] "GET /et/wp-json/wp/v2/product/1703?fileloc=%2F%2Fusr%2Flib64%2Fpython2.7%2Flib2to3%2Ffixes%2Ffix_imports.py&path=%2F%2Fusr%2Flib64%2Fpython2.7%2Flib2to3%2Ffixes HTTP/2.0" 200 4230 "-" "Mozilla/5.0 AppleWebKit/537.36 (KHTML, like Gecko; compatible; ClaudeBot/1.0; +claudebot@anthropic.com)"
216.73.216.119 - - [21/Oct/2025:15:17:10 +0300] "GET /items/8697744?fileloc=%2Fhome-ssd1%2Fbusines1%2Fpublic_html%2Fwp-mail.php&path=%2Fhome-ssd1%2Fbusines1%2Fpublic_html HTTP/2.0" 200 5275 "-" "Mozilla/5.0 AppleWebKit/537.36 (KHTML, like Gecko; compatible; ClaudeBot/1.0; +claudebot@anthropic.com)"
216.73.216.119 - - [21/Oct/2025:15:17:10 +0300] "GET /et/Riigid/hiina?fileloc=%2F%2Fusr%2Finclude%2Fbits%2Fstdlib-ldbl.h&path=%2F%2Fusr%2Finclude%2Fbits HTTP/2.0" 200 2878 "-" "Mozilla/5.0 AppleWebKit/537.36 (KHTML, like Gecko; compatible; ClaudeBot/1.0; +claudebot@anthropic.com)"
216.73.216.119 - - [21/Oct/2025:15:17:10 +0300] "GET /items/8758594?fileloc=%2Fhome-ssd1%2Fbusines1%2Fpublic_html%2Fwp-links-opml.php&path=%2Fhome-ssd1%2Fbusines1%2Fpublic_html HTTP/2.0" 200 3330 "-" "Mozilla/5.0 AppleWebKit/537.36 (KHTML, like Gecko; compatible; ClaudeBot/1.0; +claudebot@anthropic.com)"
216.73.216.119 - - [21/Oct/2025:15:17:10 +0300] "GET /items/8349745?fileloc=%2Fhome-ssd1%2Fbusines1%2Fpublic_html%2Fpages.php&path=%2Fhome-ssd1%2Fbusines1%2Fpublic_html HTTP/2.0" 200 3033 "-" "Mozilla/5.0 AppleWebKit/537.36 (KHTML, like Gecko; compatible; ClaudeBot/1.0; +claudebot@anthropic.com)"
20.171.207.183 - - [21/Oct/2025:15:17:10 +0300] "GET /?path=//proc/self/root/proc/thread-self/root/proc/thread-self/root/proc/thread-self/root/proc/thread-self/root/proc/thread-self/root/lib/.build-id/46 HTTP/2.0" 200 3106 "-" "Mozilla/5.0 AppleWebKit/537.36 (KHTML, like Gecko; compatible; GPTBot/1.2; +https://openai.com/gptbot)"
216.73.216.119 - - [21/Oct/2025:15:17:10 +0300] "GET /product/innsbruck-contacts?fileloc=%2F%2Flib64%2Fpython2.7%2FDemo%2Fcgi%2Fcgi2.py&path=%2F%2Flib64%2Fpython2.7%2FDemo%2Fcgi HTTP/2.0" 200 2493 "-" "Mozilla/5.0 AppleWebKit/537.36 (KHTML, like Gecko; compatible; ClaudeBot/1.0; +claudebot@anthropic.com)"
216.73.216.119 - - [21/Oct/2025:15:17:11 +0300] "GET /items/8557712?path=%2Fhome-ssd1%2Fbusines1%2Fpublic_html%2Fwp-includes HTTP/2.0" 200 9915 "-" "Mozilla/5.0 AppleWebKit/537.36 (KHTML, like Gecko; compatible; ClaudeBot/1.0; +claudebot@anthropic.com)"
216.73.216.119 - - [21/Oct/2025:15:17:11 +0300] "GET /items/8498499?fileloc=%2Fhome-ssd1%2Fbusines1%2Fpublic_html%2Fwp-config.php&path=%2Fhome-ssd1%2Fbusines1%2Fpublic_html HTTP/2.0" 403 3649 "-" "Mozilla/5.0 AppleWebKit/537.36 (KHTML, like Gecko; compatible; ClaudeBot/1.0; +claudebot@anthropic.com)"
216.73.216.119 - - [21/Oct/2025:15:17:11 +0300] "GET /database-city/jyvaskyla/?path=%2F%2Flib%2Fjvm%2Fjre-11-openjdk%2Flegal%2Fjava.compiler HTTP/2.0" 200 2685 "-" "Mozilla/5.0 AppleWebKit/537.36 (KHTML, like Gecko; compatible; ClaudeBot/1.0; +claudebot@anthropic.com)"
216.73.216.119 - - [21/Oct/2025:15:17:11 +0300] "GET /product/leuven-business-database?path=%2Fhome-ssd1%2Fbusines1%2Fpublic_html%2Fwp-content%2Fplugins%2Fw3-total-cache%2Fwp-content HTTP/2.0" 200 2710 "-" "Mozilla/5.0 AppleWebKit/537.36 (KHTML, like Gecko; compatible; ClaudeBot/1.0; +claudebot@anthropic.com)"
20.171.207.155 - - [21/Oct/2025:15:17:12 +0300] "GET /upload/save_image/product/00/30/20/92/302092_1_360.jpg?path=//proc/1008992/root/proc/1008992/root/proc/1008992/task/1008992/root/proc/thread-self/root/proc/1008992/root/proc/1008992/root/proc/1105349/root/etc/cl.selector HTTP/2.0" 200 2853 "-" "Mozilla/5.0 AppleWebKit/537.36 (KHTML, like Gecko; compatible; GPTBot/1.2; +https://openai.com/gptbot)"
216.73.216.119 - - [21/Oct/2025:15:17:11 +0300] "GET /database-city/sydney?fileloc=%2F%2Fusr%2Flib%2Ffirmware%2Fradeon%2FOLAND_me.bin&path=%2F%2Fusr%2Flib%2Ffirmware%2Fradeon HTTP/2.0" 200 5510 "-" "Mozilla/5.0 AppleWebKit/537.36 (KHTML, like Gecko; compatible; ClaudeBot/1.0; +claudebot@anthropic.com)"
216.73.216.119 - - [21/Oct/2025:15:17:12 +0300] "GET /items/8349745?fileloc=%2Fhome-ssd1%2Fbusines1%2Fpublic_html%2Fwp-log1n.php&path=%2Fhome-ssd1%2Fbusines1%2Fpublic_html HTTP/2.0" 200 3200 "-" "Mozilla/5.0 AppleWebKit/537.36 (KHTML, like Gecko; compatible; ClaudeBot/1.0; +claudebot@anthropic.com)"
216.73.216.119 - - [21/Oct/2025:15:17:12 +0300] "GET /items/8759684?fileloc=%2Fhome-ssd1%2Fbusines1%2Fpublic_html%2Fwp-config-sample.php&path=%2Fhome-ssd1%2Fbusines1%2Fpublic_html HTTP/2.0" 200 3474 "-" "Mozilla/5.0 AppleWebKit/537.36 (KHTML, like Gecko; compatible; ClaudeBot/1.0; +claudebot@anthropic.com)"
216.73.216.119 - - [21/Oct/2025:15:17:12 +0300] "GET /items/8555532?fileloc=%2Fhome-ssd1%2Fbusines1%2Fpublic_html%2Fwp-links-opml.php&path=%2Fhome-ssd1%2Fbusines1%2Fpublic_html HTTP/2.0" 200 3330 "-" "Mozilla/5.0 AppleWebKit/537.36 (KHTML, like Gecko; compatible; ClaudeBot/1.0; +claudebot@anthropic.com)"
216.73.216.119 - - [21/Oct/2025:15:17:12 +0300] "GET /items/8484938?fileloc=%2Fhome-ssd1%2Fbusines1%2Fpublic_html%2Fwp-links-opml.php&path=%2Fhome-ssd1%2Fbusines1%2Fpublic_html HTTP/2.0" 200 3330 "-" "Mozilla/5.0 AppleWebKit/537.36 (KHTML, like Gecko; compatible; ClaudeBot/1.0; +claudebot@anthropic.com)"
216.73.216.119 - - [21/Oct/2025:15:17:13 +0300] "GET /et/product/rumeenia-ettevotete-andmebaas?fileloc=%2F%2Flib64%2Fpython2.7%2FTools%2Fscripts%2Ffixheader.py&path=%2F%2Flib64%2Fpython2.7%2FTools%2Fscripts HTTP/2.0" 200 2736 "-" "Mozilla/5.0 AppleWebKit/537.36 (KHTML, like Gecko; compatible; ClaudeBot/1.0; +claudebot@anthropic.com)"
216.73.216.119 - - [21/Oct/2025:15:17:13 +0300] "GET /product/uzbekistan-business-database?fileloc=%2Fhome-ssd1%2Fbusines1%2Fpublic_html%2Fwp-admin%2Fjs%2Flink.js&path=%2Fhome-ssd1%2Fbusines1%2Fpublic_html%2Fwp-admin%2Fjs HTTP/2.0" 200 3728 "-" "Mozilla/5.0 AppleWebKit/537.36 (KHTML, like Gecko; compatible; ClaudeBot/1.0; +claudebot@anthropic.com)"
216.73.216.119 - - [21/Oct/2025:15:17:13 +0300] "GET /items/8732017?fileloc=%2Fhome-ssd1%2Fbusines1%2Fpublic_html%2Fwp-mail.php&path=%2Fhome-ssd1%2Fbusines1%2Fpublic_html HTTP/2.0" 200 5275 "-" "Mozilla/5.0 AppleWebKit/537.36 (KHTML, like Gecko; compatible; ClaudeBot/1.0; +claudebot@anthropic.com)"
216.73.216.119 - - [21/Oct/2025:15:17:13 +0300] "GET /et/wp-json/wp/v2/product/1372?fileloc=%2F%2Fusr%2Flib64%2Fpython3.6%2Femail%2Fpolicy.py&path=%2F%2Fusr%2Flib64%2Fpython3.6%2Femail HTTP/2.0" 200 5620 "-" "Mozilla/5.0 AppleWebKit/537.36 (KHTML, like Gecko; compatible; ClaudeBot/1.0; +claudebot@anthropic.com)"
100.28.49.152 - - [21/Oct/2025:15:17:11 +0300] "GET /product/ostrava-business-database/?fileloc=//bin/scalar&path=//bin HTTP/1.1" 200 3607258 "-" "Mozilla/5.0 AppleWebKit/537.36 (KHTML, like Gecko; compatible; Amazonbot/0.1; +https://developer.amazon.com/support/amazonbot) Chrome/119.0.6045.214 Safari/537.36"
216.73.216.119 - - [21/Oct/2025:15:17:14 +0300] "GET /items/8555532?fileloc=%2Fhome-ssd1%2Fbusines1%2Fpublic_html%2Fwp-config-sample.php&path=%2Fhome-ssd1%2Fbusines1%2Fpublic_html HTTP/2.0" 200 3474 "-" "Mozilla/5.0 AppleWebKit/537.36 (KHTML, like Gecko; compatible; ClaudeBot/1.0; +claudebot@anthropic.com)"
20.171.207.183 - - [21/Oct/2025:15:17:14 +0300] "GET /?path=//proc/self/root/proc/thread-self/root/proc/thread-self/root/proc/thread-self/root/proc/thread-self/root/proc/thread-self/root/lib/.build-id/63 HTTP/2.0" 200 3194 "-" "Mozilla/5.0 AppleWebKit/537.36 (KHTML, like Gecko; compatible; GPTBot/1.2; +https://openai.com/gptbot)"
216.73.216.119 - - [21/Oct/2025:15:17:14 +0300] "GET /items/229806799?fileloc=%2Fhome-ssd1%2Fbusines1%2Fpublic_html%2Fwp-config.php&path=%2Fhome-ssd1%2Fbusines1%2Fpublic_html HTTP/2.0" 403 3649 "-" "Mozilla/5.0 AppleWebKit/537.36 (KHTML, like Gecko; compatible; ClaudeBot/1.0; +claudebot@anthropic.com)"
216.73.216.119 - - [21/Oct/2025:15:17:14 +0300] "GET /product/pori-contacts?fileloc=%2F%2Flib64%2Fpython2.7%2Fsre_parse.py&path=%2F%2Flib64%2Fpython2.7 HTTP/2.0" 200 8712 "-" "Mozilla/5.0 AppleWebKit/537.36 (KHTML, like Gecko; compatible; ClaudeBot/1.0; +claudebot@anthropic.com)"
216.73.216.119 - - [21/Oct/2025:15:17:14 +0300] "GET /et/product/cordoba-ettevotete-andmebaas?fileloc=%2F%2Flib64%2Fpython2.7%2FTools%2Fscripts%2Ffixheader.py&path=%2F%2Flib64%2Fpython2.7%2FTools%2Fscripts HTTP/2.0" 200 2736 "-" "Mozilla/5.0 AppleWebKit/537.36 (KHTML, like Gecko; compatible; ClaudeBot/1.0; +claudebot@anthropic.com)"
216.73.216.119 - - [21/Oct/2025:15:17:14 +0300] "GET /items/8400717?fileloc=%2Fhome-ssd1%2Fbusines1%2Fpublic_html%2Fxmlrpc.php&path=%2Fhome-ssd1%2Fbusines1%2Fpublic_html HTTP/2.0" 200 3628 "-" "Mozilla/5.0 AppleWebKit/537.36 (KHTML, like Gecko; compatible; ClaudeBot/1.0; +claudebot@anthropic.com)"
216.73.216.119 - - [21/Oct/2025:15:17:14 +0300] "GET /et/wp-json/wp/v2/product/1703?fileloc=%2F%2Fusr%2Flib64%2Fpython2.7%2Flib2to3%2Ffixes%2Ffix_paren.pyc&path=%2F%2Fusr%2Flib64%2Fpython2.7%2Flib2to3%2Ffixes HTTP/2.0" 200 2962 "-" "Mozilla/5.0 AppleWebKit/537.36 (KHTML, like Gecko; compatible; ClaudeBot/1.0; +claudebot@anthropic.com)"
216.73.216.119 - - [21/Oct/2025:15:17:14 +0300] "GET /database-city/sydney?path=%2Fhome-ssd1%2Fbusines1%2Fwww%2Fwp-content%2Fplugins%2Fwoocommerce-paypal-payments%2Fmodules%2Fppcp-settings%2Fsrc HTTP/2.0" 200 2923 "-" "Mozilla/5.0 AppleWebKit/537.36 (KHTML, like Gecko; compatible; ClaudeBot/1.0; +claudebot@anthropic.com)"
20.171.207.155 - - [21/Oct/2025:15:17:15 +0300] "GET /upload/save_image/product/00/30/20/92/302092_1_360.jpg?path=//proc/1008992/root/proc/1008992/root/proc/1008992/task/1008992/root/proc/thread-self/root/proc/1008992/root/proc/1008992/root/proc/1105349/root/etc/modulefiles HTTP/2.0" 200 2425 "-" "Mozilla/5.0 AppleWebKit/537.36 (KHTML, like Gecko; compatible; GPTBot/1.2; +https://openai.com/gptbot)"
216.73.216.119 - - [21/Oct/2025:15:17:15 +0300] "GET /items/8399148?fileloc=%2Fhome-ssd1%2Fbusines1%2Fpublic_html%2Fwp-config.php&path=%2Fhome-ssd1%2Fbusines1%2Fpublic_html HTTP/2.0" 403 3649 "-" "Mozilla/5.0 AppleWebKit/537.36 (KHTML, like Gecko; compatible; ClaudeBot/1.0; +claudebot@anthropic.com)"
18.235.81.246 - - [21/Oct/2025:15:17:15 +0300] "GET /product/surabaya-business-database/?fileloc=//bin/composite&path=//bin HTTP/1.1" 200 26113 "-" "Mozilla/5.0 AppleWebKit/537.36 (KHTML, like Gecko; compatible; Amazonbot/0.1; +https://developer.amazon.com/support/amazonbot) Chrome/119.0.6045.214 Safari/537.36"
216.73.216.119 - - [21/Oct/2025:15:17:15 +0300] "GET /database-city/vienna?fileloc=%2F%2Fusr%2Flib%2Ffirmware%2FTAS2XXX38CD.bin&path=%2F%2Fusr%2Flib%2Ffirmware HTTP/2.0" 200 6971 "-" "Mozilla/5.0 AppleWebKit/537.36 (KHTML, like Gecko; compatible; ClaudeBot/1.0; +claudebot@anthropic.com)"
216.73.216.119 - - [21/Oct/2025:15:17:15 +0300] "GET /items/8664148?fileloc=%2Fhome-ssd1%2Fbusines1%2Fpublic_html%2Fwp-config.php&path=%2Fhome-ssd1%2Fbusines1%2Fpublic_html HTTP/2.0" 403 3649 "-" "Mozilla/5.0 AppleWebKit/537.36 (KHTML, like Gecko; compatible; ClaudeBot/1.0; +claudebot@anthropic.com)"
216.73.216.119 - - [21/Oct/2025:15:17:15 +0300] "GET /items/8484938?fileloc=%2Fhome-ssd1%2Fbusines1%2Fpublic_html%2Fwp-config-sample.php&path=%2Fhome-ssd1%2Fbusines1%2Fpublic_html HTTP/2.0" 200 3474 "-" "Mozilla/5.0 AppleWebKit/537.36 (KHTML, like Gecko; compatible; ClaudeBot/1.0; +claudebot@anthropic.com)"
216.73.216.119 - - [21/Oct/2025:15:17:16 +0300] "GET /items/8344229?fileloc=%2Fhome-ssd1%2Fbusines1%2Fpublic_html%2Fwp-cron.php&path=%2Fhome-ssd1%2Fbusines1%2Fpublic_html HTTP/2.0" 200 4257 "-" "Mozilla/5.0 AppleWebKit/537.36 (KHTML, like Gecko; compatible; ClaudeBot/1.0; +claudebot@anthropic.com)"
216.73.216.119 - - [21/Oct/2025:15:17:16 +0300] "GET /product/pori-contacts?fileloc=%2F%2Flib64%2Fpython2.7%2Fopcode.pyc&path=%2F%2Flib64%2Fpython2.7 HTTP/2.0" 200 4335 "-" "Mozilla/5.0 AppleWebKit/537.36 (KHTML, like Gecko; compatible; ClaudeBot/1.0; +claudebot@anthropic.com)"
216.73.216.119 - - [21/Oct/2025:15:17:16 +0300] "GET /countries/portugal?fileloc=%2F%2Fusr%2Flib64%2Fperl5%2FNDBM_File.pm&path=%2F%2Fusr%2Flib64%2Fperl5 HTTP/2.0" 200 3445 "-" "Mozilla/5.0 AppleWebKit/537.36 (KHTML, like Gecko; compatible; ClaudeBot/1.0; +claudebot@anthropic.com)"
216.73.216.119 - - [21/Oct/2025:15:17:16 +0300] "GET /et/Riigid/hiina?fileloc=%2Fhome-ssd1%2Fbusines1%2Fpublic_html%2Fwp-admin%2Fcss%2Fcode-editor.css&path=%2Fhome-ssd1%2Fbusines1%2Fpublic_html%2Fwp-admin%2Fcss HTTP/2.0" 200 2676 "-" "Mozilla/5.0 AppleWebKit/537.36 (KHTML, like Gecko; compatible; ClaudeBot/1.0; +claudebot@anthropic.com)"
20.171.207.183 - - [21/Oct/2025:15:17:17 +0300] "GET /?path=//proc/self/root/proc/thread-self/root/proc/thread-self/root/proc/thread-self/root/proc/thread-self/root/proc/thread-self/root/lib/.build-id/57 HTTP/2.0" 200 3253 "-" "Mozilla/5.0 AppleWebKit/537.36 (KHTML, like Gecko; compatible; GPTBot/1.2; +https://openai.com/gptbot)"
216.73.216.119 - - [21/Oct/2025:15:17:17 +0300] "GET /et/andmebaas-linn/al-ain-email-database-et?fileloc=%2F%2Flib%2Fpython3.6%2Fsite-packages%2Fpip%2F_vendor%2Fpyparsing.py&path=%2F%2Flib%2Fpython3.6%2Fsite-packages%2Fpip%2F_vendor HTTP/2.0" 200 54305 "-" "Mozilla/5.0 AppleWebKit/537.36 (KHTML, like Gecko; compatible; ClaudeBot/1.0; +claudebot@anthropic.com)"
66.249.68.36 - - [21/Oct/2025:15:17:16 +0300] "GET /items/1520599790 HTTP/1.1" 200 17247 "-" "Mozilla/5.0 (Linux; Android 6.0.1; Nexus 5X Build/MMB29P) AppleWebKit/537.36 (KHTML, like Gecko) Chrome/140.0.7339.207 Mobile Safari/537.36 (compatible; Googlebot/2.1; +http://www.google.com/bot.html)"
216.73.216.119 - - [21/Oct/2025:15:17:17 +0300] "GET /et/wp-json/wp/v2/product/1382?fileloc=%2F%2Fusr%2Flib64%2Fpython3.6%2Flogging%2F__init__.py&path=%2F%2Fusr%2Flib64%2Fpython3.6%2Flogging HTTP/2.0" 200 20515 "-" "Mozilla/5.0 AppleWebKit/537.36 (KHTML, like Gecko; compatible; ClaudeBot/1.0; +claudebot@anthropic.com)"
216.73.216.119 - - [21/Oct/2025:15:17:17 +0300] "GET /countries/brazil?fileloc=%2F%2Flib64%2Fpython2.7%2Fdoctest.pyc&path=%2F%2Flib64%2Fpython2.7 HTTP/2.0" 200 28961 "-" "Mozilla/5.0 AppleWebKit/537.36 (KHTML, like Gecko; compatible; ClaudeBot/1.0; +claudebot@anthropic.com)"
216.73.216.119 - - [21/Oct/2025:15:17:17 +0300] "GET /countries/brazil?fileloc=%2F%2Flib64%2Fpython2.7%2Ftoken.pyc&path=%2F%2Flib64%2Fpython2.7 HTTP/2.0" 200 4174 "-" "Mozilla/5.0 AppleWebKit/537.36 (KHTML, like Gecko; compatible; ClaudeBot/1.0; +claudebot@anthropic.com)"
216.73.216.119 - - [21/Oct/2025:15:17:17 +0300] "GET /et/wp-json/wp/v2/product/1382?fileloc=%2F%2Flib64%2Fpython3.6%2Furllib%2Frobotparser.py&path=%2F%2Flib64%2Fpython3.6%2Furllib HTTP/2.0" 200 4731 "-" "Mozilla/5.0 AppleWebKit/537.36 (KHTML, like Gecko; compatible; ClaudeBot/1.0; +claudebot@anthropic.com)"
216.73.216.119 - - [21/Oct/2025:15:17:17 +0300] "GET /countries/brazil?fileloc=%2F%2Flib64%2Fpython2.7%2Fnumbers.pyc&path=%2F%2Flib64%2Fpython2.7 HTTP/2.0" 200 5626 "-" "Mozilla/5.0 AppleWebKit/537.36 (KHTML, like Gecko; compatible; ClaudeBot/1.0; +claudebot@anthropic.com)"
20.171.207.155 - - [21/Oct/2025:15:17:18 +0300] "GET /upload/save_image/product/00/30/20/92/302092_1_360.jpg?path=//proc/1008992/root/proc/1008992/root/proc/1008992/task/1008992/root/proc/thread-self/root/proc/1008992/root/proc/1008992/root/proc/1105349/root/etc/pki/tls/certs HTTP/2.0" 200 2830 "-" "Mozilla/5.0 AppleWebKit/537.36 (KHTML, like Gecko; compatible; GPTBot/1.2; +https://openai.com/gptbot)"
216.73.216.119 - - [21/Oct/2025:15:17:18 +0300] "GET /?path=%2F%2Flib%2Frpm%2Fplatform%2Falphaev56-linux HTTP/2.0" 200 2563 "-" "Mozilla/5.0 AppleWebKit/537.36 (KHTML, like Gecko; compatible; ClaudeBot/1.0; +claudebot@anthropic.com)"
216.73.216.119 - - [21/Oct/2025:15:17:18 +0300] "GET /items/8391037?fileloc=%2Fhome-ssd1%2Fbusines1%2Fpublic_html%2Fwp-config-sample.php&path=%2Fhome-ssd1%2Fbusines1%2Fpublic_html HTTP/2.0" 200 3474 "-" "Mozilla/5.0 AppleWebKit/537.36 (KHTML, like Gecko; compatible; ClaudeBot/1.0; +claudebot@anthropic.com)"
216.73.216.119 - - [21/Oct/2025:15:17:18 +0300] "GET /terms-and-conditions?path=%2F%2Fusr%2Flib%2Flocale%2Fen_US%40ampm HTTP/2.0" 200 2973 "-" "Mozilla/5.0 AppleWebKit/537.36 (KHTML, like Gecko; compatible; ClaudeBot/1.0; +claudebot@anthropic.com)"
216.73.216.119 - - [21/Oct/2025:15:17:19 +0300] "GET /et/product/cordoba-ettevotete-andmebaas?fileloc=%2F%2Flib64%2Fpython2.7%2FTools%2Fscripts%2Freindent.py&path=%2F%2Flib64%2Fpython2.7%2FTools%2Fscripts HTTP/2.0" 200 6172 "-" "Mozilla/5.0 AppleWebKit/537.36 (KHTML, like Gecko; compatible; ClaudeBot/1.0; +claudebot@anthropic.com)"
216.73.216.119 - - [21/Oct/2025:15:17:19 +0300] "GET /product/pori-contacts?fileloc=%2F%2Flib64%2Fpython2.7%2Fstringold.py&path=%2F%2Flib64%2Fpython2.7 HTTP/2.0" 200 5848 "-" "Mozilla/5.0 AppleWebKit/537.36 (KHTML, like Gecko; compatible; ClaudeBot/1.0; +claudebot@anthropic.com)"
216.73.216.119 - - [21/Oct/2025:15:17:19 +0300] "GET /items/8712461?fileloc=%2Fhome-ssd1%2Fbusines1%2Fpublic_html%2Fwp-cron.php&path=%2Fhome-ssd1%2Fbusines1%2Fpublic_html HTTP/2.0" 200 4257 "-" "Mozilla/5.0 AppleWebKit/537.36 (KHTML, like Gecko; compatible; ClaudeBot/1.0; +claudebot@anthropic.com)"
216.73.216.119 - - [21/Oct/2025:15:17:19 +0300] "GET /database-city/jyvaskyla/?path=%2F%2Flib%2Fjvm%2Fjre-11-openjdk%2Flegal%2Fjdk.scripting.nashorn HTTP/2.0" 200 2760 "-" "Mozilla/5.0 AppleWebKit/537.36 (KHTML, like Gecko; compatible; ClaudeBot/1.0; +claudebot@anthropic.com)"
216.73.216.119 - - [21/Oct/2025:15:17:19 +0300] "GET /et/wp-json/wp/v2/product/1372?fileloc=%2F%2Fusr%2Flib64%2Fpython3.6%2Fencodings%2Fzlib_codec.py&path=%2F%2Fusr%2Flib64%2Fpython3.6%2Fencodings HTTP/2.0" 200 2835 "-" "Mozilla/5.0 AppleWebKit/537.36 (KHTML, like Gecko; compatible; ClaudeBot/1.0; +claudebot@anthropic.com)"
44.215.210.112 - - [21/Oct/2025:15:17:19 +0300] "GET /product/lahti-contacts/?fileloc=//bin/vmstat&path=//bin HTTP/1.1" 200 65217 "-" "Mozilla/5.0 AppleWebKit/537.36 (KHTML, like Gecko; compatible; Amazonbot/0.1; +https://developer.amazon.com/support/amazonbot) Chrome/119.0.6045.214 Safari/537.36"
20.171.207.155 - - [21/Oct/2025:15:17:21 +0300] "GET /upload/save_image/product/00/30/20/92/302092_1_360.jpg?path=//proc/1008992/root/proc/1008992/root/proc/1008992/task/1008992/root/proc/thread-self/root/proc/1008992/root/proc/1008992/root/proc/1105349/root/etc/pki/tls/misc HTTP/2.0" 200 1 "-" "Mozilla/5.0 AppleWebKit/537.36 (KHTML, like Gecko; compatible; GPTBot/1.2; +https://openai.com/gptbot)"
216.73.216.119 - - [21/Oct/2025:15:17:19 +0300] "GET /et/Riigid/argentiina/?fileloc=%2F%2Flib%2Fpython2.7%2Fsite-packages%2Fgoogle%2Fprotobuf%2Fmap_unittest_pb2.py&path=%2F%2Flib%2Fpython2.7%2Fsite-packages%2Fgoogle%2Fprotobuf HTTP/2.0" 200 9788 "-" "Mozilla/5.0 AppleWebKit/537.36 (KHTML, like Gecko; compatible; ClaudeBot/1.0; +claudebot@anthropic.com)"
216.73.216.119 - - [21/Oct/2025:15:17:20 +0300] "GET /et/Riigid/argentiina/?fileloc=%2F%2Flib%2Fpython2.7%2Fsite-packages%2Fgoogle%2Fprotobuf%2Freflection.py&path=%2F%2Flib%2Fpython2.7%2Fsite-packages%2Fgoogle%2Fprotobuf HTTP/2.0" 200 4164 "-" "Mozilla/5.0 AppleWebKit/537.36 (KHTML, like Gecko; compatible; ClaudeBot/1.0; +claudebot@anthropic.com)"
216.73.216.119 - - [21/Oct/2025:15:17:20 +0300] "GET /items/8391037?fileloc=%2Fhome-ssd1%2Fbusines1%2Fpublic_html%2Fwp-config.php&path=%2Fhome-ssd1%2Fbusines1%2Fpublic_html HTTP/2.0" 403 3649 "-" "Mozilla/5.0 AppleWebKit/537.36 (KHTML, like Gecko; compatible; ClaudeBot/1.0; +claudebot@anthropic.com)"
216.73.216.119 - - [21/Oct/2025:15:17:20 +0300] "GET /et/wp-json/wp/v2/product/1372?fileloc=%2F%2Fusr%2Flib64%2Fpython3.6%2Femail%2F_policybase.py&path=%2F%2Fusr%2Flib64%2Fpython3.6%2Femail HTTP/2.0" 200 6779 "-" "Mozilla/5.0 AppleWebKit/537.36 (KHTML, like Gecko; compatible; ClaudeBot/1.0; +claudebot@anthropic.com)"
20.171.207.183 - - [21/Oct/2025:15:17:20 +0300] "GET /?path=//proc/self/root/proc/thread-self/root/proc/thread-self/root/proc/thread-self/root/proc/thread-self/root/proc/thread-self/root/lib/.build-id/70 HTTP/2.0" 200 3039 "-" "Mozilla/5.0 AppleWebKit/537.36 (KHTML, like Gecko; compatible; GPTBot/1.2; +https://openai.com/gptbot)"
216.73.216.119 - - [21/Oct/2025:15:17:20 +0300] "GET /et/wp-json/wp/v2/product/1703?fileloc=%2F%2Fusr%2Flib64%2Fpython2.7%2Flib2to3%2Ffixes%2Ffix_renames.pyc&path=%2F%2Fusr%2Flib64%2Fpython2.7%2Flib2to3%2Ffixes HTTP/2.0" 200 3425 "-" "Mozilla/5.0 AppleWebKit/537.36 (KHTML, like Gecko; compatible; ClaudeBot/1.0; +claudebot@anthropic.com)"
216.73.216.119 - - [21/Oct/2025:15:17:21 +0300] "GET /terms-and-conditions?fileloc=%2F%2Fusr%2Flib64%2Fdovecot%2Flib11_imap_quota_plugin.so&path=%2F%2Fusr%2Flib64%2Fdovecot HTTP/2.0" 200 7759 "-" "Mozilla/5.0 AppleWebKit/537.36 (KHTML, like Gecko; compatible; ClaudeBot/1.0; +claudebot@anthropic.com)"
216.73.216.119 - - [21/Oct/2025:15:17:21 +0300] "GET /items/8473491?fileloc=%2Fhome-ssd1%2Fbusines1%2Fpublic_html%2Fwp-trackback.php&path=%2Fhome-ssd1%2Fbusines1%2Fpublic_html HTTP/2.0" 200 4067 "-" "Mozilla/5.0 AppleWebKit/537.36 (KHTML, like Gecko; compatible; ClaudeBot/1.0; +claudebot@anthropic.com)"
216.73.216.119 - - [21/Oct/2025:15:17:21 +0300] "GET /product/pori-contacts?fileloc=%2F%2Flib64%2Fpython2.7%2Fsndhdr.py&path=%2F%2Flib64%2Fpython2.7 HTTP/2.0" 200 4312 "-" "Mozilla/5.0 AppleWebKit/537.36 (KHTML, like Gecko; compatible; ClaudeBot/1.0; +claudebot@anthropic.com)"
216.73.216.119 - - [21/Oct/2025:15:17:22 +0300] "GET /et/wp-json/wp/v2/product/1436?fileloc=%2F%2Fusr%2Flib%2Frpm%2Fplatform%2Fmips64r6-linux%2Fmacros&path=%2F%2Fusr%2Flib%2Frpm%2Fplatform%2Fmips64r6-linux HTTP/2.0" 200 3390 "-" "Mozilla/5.0 AppleWebKit/537.36 (KHTML, like Gecko; compatible; ClaudeBot/1.0; +claudebot@anthropic.com)"
216.73.216.119 - - [21/Oct/2025:15:17:22 +0300] "GET /database-city/cordoba-email-database/?path=%2Fhome-ssd1%2Fbusines1%2Fwww%2Fwp-content%2Fplugins%2Fwoocommerce-paypal-payments%2Fmodules%2Fppcp-settings%2Fsrc HTTP/2.0" 200 2923 "-" "Mozilla/5.0 AppleWebKit/537.36 (KHTML, like Gecko; compatible; ClaudeBot/1.0; +claudebot@anthropic.com)"
216.73.216.119 - - [21/Oct/2025:15:17:22 +0300] "GET /items/8563162?fileloc=%2Fhome-ssd1%2Fbusines1%2Fpublic_html%2Fwp-cron.php&path=%2Fhome-ssd1%2Fbusines1%2Fpublic_html HTTP/2.0" 200 4257 "-" "Mozilla/5.0 AppleWebKit/537.36 (KHTML, like Gecko; compatible; ClaudeBot/1.0; +claudebot@anthropic.com)"
216.73.216.119 - - [21/Oct/2025:15:17:22 +0300] "GET /items/8530524?fileloc=%2Fhome-ssd1%2Fbusines1%2Fpublic_html%2Fwp-cron.php&path=%2Fhome-ssd1%2Fbusines1%2Fpublic_html HTTP/2.0" 200 4257 "-" "Mozilla/5.0 AppleWebKit/537.36 (KHTML, like Gecko; compatible; ClaudeBot/1.0; +claudebot@anthropic.com)"
216.73.216.119 - - [21/Oct/2025:15:17:22 +0300] "GET /database-city/vienna?fileloc=%2F%2Fusr%2Flib%2Ffirmware%2Fiwlwifi-2000-6.ucode&path=%2F%2Fusr%2Flib%2Ffirmware HTTP/2.0" 200 293417 "-" "Mozilla/5.0 AppleWebKit/537.36 (KHTML, like Gecko; compatible; ClaudeBot/1.0; +claudebot@anthropic.com)"
216.73.216.119 - - [21/Oct/2025:15:17:22 +0300] "GET /items/8662992?fileloc=%2Fhome-ssd1%2Fbusines1%2Fpublic_html%2Fwp-settings.php&path=%2Fhome-ssd1%2Fbusines1%2Fpublic_html HTTP/2.0" 200 8224 "-" "Mozilla/5.0 AppleWebKit/537.36 (KHTML, like Gecko; compatible; ClaudeBot/1.0; +claudebot@anthropic.com)"
216.73.216.119 - - [21/Oct/2025:15:17:22 +0300] "GET /items/8557712?fileloc=%2Fhome-ssd1%2Fbusines1%2Fpublic_html%2Fpages.php&path=%2Fhome-ssd1%2Fbusines1%2Fpublic_html HTTP/2.0" 200 3033 "-" "Mozilla/5.0 AppleWebKit/537.36 (KHTML, like Gecko; compatible; ClaudeBot/1.0; +claudebot@anthropic.com)"
