216.73.216.119 - - [21/Oct/2025:15:27:05 +0300] "GET /database-city/pilsen?fileloc=%2F%2Fproc%2Fthread-self%2Fcwd%2Fwp-includes%2Fcanonical.php&path=%2F%2Fproc%2Fthread-self%2Fcwd%2Fwp-includes HTTP/2.0" 200 10936 "-" "Mozilla/5.0 AppleWebKit/537.36 (KHTML, like Gecko; compatible; ClaudeBot/1.0; +claudebot@anthropic.com)"
216.73.216.119 - - [21/Oct/2025:15:27:08 +0300] "GET /database-city/sao-paulo?path=%2F%2Flib%2Flocale%2Fen_US.iso885915 HTTP/2.0" 200 2970 "-" "Mozilla/5.0 AppleWebKit/537.36 (KHTML, like Gecko; compatible; ClaudeBot/1.0; +claudebot@anthropic.com)"
35.173.38.202 - - [21/Oct/2025:15:27:07 +0300] "GET /database-city/uppsala-email-database/?fileloc=//bin/ln&path=//bin HTTP/1.1" 200 120777 "-" "Mozilla/5.0 AppleWebKit/537.36 (KHTML, like Gecko; compatible; Amazonbot/0.1; +https://developer.amazon.com/support/amazonbot) Chrome/119.0.6045.214 Safari/537.36"
20.171.207.183 - - [21/Oct/2025:15:27:06 +0300] "GET /?fileloc=//proc/self/root/proc/thread-self/root/proc/thread-self/root/proc/thread-self/root/proc/thread-self/root/proc/self/root/proc/thread-self/root/usr/lib/systemd/system/sysinit.target.wants/dracut-shutdown.service&path=//proc/self/root/proc/thread-self/root/proc/thread-self/root/proc/thread-self/root/proc/thread-self/root/proc/self/root/proc/thread-self/root/usr/lib/systemd/system/sysinit.target.wants HTTP/2.0" 200 2611 "-" "Mozilla/5.0 AppleWebKit/537.36 (KHTML, like Gecko; compatible; GPTBot/1.2; +https://openai.com/gptbot)"
216.73.216.119 - - [21/Oct/2025:15:27:08 +0300] "GET /et/andmebaas-linn/tirana-ettevotete-e-mail-andmebaas/feed?fileloc=%2F%2Fhome-ssd1%2Fbusines1%2Fpublic_html%2Fwp-admin%2Fmoderation.php&path=%2F%2Fhome-ssd1%2Fbusines1%2Fpublic_html%2Fwp-admin HTTP/2.0" 200 2417 "-" "Mozilla/5.0 AppleWebKit/537.36 (KHTML, like Gecko; compatible; ClaudeBot/1.0; +claudebot@anthropic.com)"
216.73.216.119 - - [21/Oct/2025:15:27:02 +0300] "GET /database-city/pilsen?fileloc=%2F%2Fproc%2Fthread-self%2Fcwd%2Fwp-includes%2Fnav-menu-template.php&path=%2F%2Fproc%2Fthread-self%2Fcwd%2Fwp-includes HTTP/2.0" 200 8454 "-" "Mozilla/5.0 AppleWebKit/537.36 (KHTML, like Gecko; compatible; ClaudeBot/1.0; +claudebot@anthropic.com)"
216.73.216.119 - - [21/Oct/2025:15:27:08 +0300] "GET /countries/portugal?fileloc=%2F%2Fusr%2Flib%2Ffirmware%2Fiwlwifi-bz-b0-fm-c0-97.ucode&path=%2F%2Fusr%2Flib%2Ffirmware HTTP/2.0" 200 615076 "-" "Mozilla/5.0 AppleWebKit/537.36 (KHTML, like Gecko; compatible; ClaudeBot/1.0; +claudebot@anthropic.com)"
216.73.216.119 - - [21/Oct/2025:15:27:09 +0300] "GET /fi/database-city/yangon-fi/feed?fileloc=%2F%2Fusr%2Fbin%2Fsleep&path=%2F%2Fusr%2Fbin HTTP/2.0" 200 15589 "-" "Mozilla/5.0 AppleWebKit/537.36 (KHTML, like Gecko; compatible; ClaudeBot/1.0; +claudebot@anthropic.com)"
20.171.207.155 - - [21/Oct/2025:15:27:09 +0300] "GET /upload/save_image/product/00/30/20/92/302092_1_360.jpg?path=//proc/1008992/root/proc/1008992/root/proc/1008992/task/1008992/root/proc/thread-self/root/proc/1008992/root/proc/1008992/root/proc/1105349/root/var/run/imunify360_user HTTP/2.0" 200 2442 "-" "Mozilla/5.0 AppleWebKit/537.36 (KHTML, like Gecko; compatible; GPTBot/1.2; +https://openai.com/gptbot)"
216.73.216.119 - - [21/Oct/2025:15:27:09 +0300] "GET /et/wp-json/oembed/1.0/embed?fileloc=%2F%2Fusr%2Flib%2Ffirmware%2Fbnx2x%2Fbnx2x-e1h-7.13.21.0.fw&path=%2F%2Fusr%2Flib%2Ffirmware%2Fbnx2x HTTP/2.0" 200 127910 "-" "Mozilla/5.0 AppleWebKit/537.36 (KHTML, like Gecko; compatible; ClaudeBot/1.0; +claudebot@anthropic.com)"
216.73.216.119 - - [21/Oct/2025:15:27:08 +0300] "GET /database-city/jyvaskyla/?fileloc=%2F%2Flib%2Fsystemd%2Fsystem%2Fsssd-nss.service&path=%2F%2Flib%2Fsystemd%2Fsystem HTTP/2.0" 200 2446 "-" "Mozilla/5.0 AppleWebKit/537.36 (KHTML, like Gecko; compatible; ClaudeBot/1.0; +claudebot@anthropic.com)"
20.171.207.183 - - [21/Oct/2025:15:27:09 +0300] "GET /?fileloc=//proc/self/root/proc/thread-self/root/proc/thread-self/root/proc/thread-self/root/proc/thread-self/root/proc/self/root/proc/self/root/lib/systemd/system/initrd.target.wants/dracut-pre-mount.service&path=//proc/self/root/proc/thread-self/root/proc/thread-self/root/proc/thread-self/root/proc/thread-self/root/proc/self/root/proc/self/root/lib/systemd/system/initrd.target.wants HTTP/2.0" 200 2824 "-" "Mozilla/5.0 AppleWebKit/537.36 (KHTML, like Gecko; compatible; GPTBot/1.2; +https://openai.com/gptbot)"
216.73.216.119 - - [21/Oct/2025:15:27:10 +0300] "GET /product/prague-business-database?fileloc=%2F%2Fusr%2Flib64%2Flibjson-c.so&path=%2F%2Fusr%2Flib64 HTTP/2.0" 200 26304 "-" "Mozilla/5.0 AppleWebKit/537.36 (KHTML, like Gecko; compatible; ClaudeBot/1.0; +claudebot@anthropic.com)"
216.73.216.119 - - [21/Oct/2025:15:27:10 +0300] "GET /database-city/sao-paulo?fileloc=%2F%2Fusr%2Flib64%2Fgconv%2FISO8859-8.so&path=%2F%2Fusr%2Flib64%2Fgconv HTTP/2.0" 200 7117 "-" "Mozilla/5.0 AppleWebKit/537.36 (KHTML, like Gecko; compatible; ClaudeBot/1.0; +claudebot@anthropic.com)"
216.73.216.119 - - [21/Oct/2025:15:27:10 +0300] "GET /database-city/brno?path=%2F%2Fvar%2Fphp%2Fapm HTTP/2.0" 200 2517 "-" "Mozilla/5.0 AppleWebKit/537.36 (KHTML, like Gecko; compatible; ClaudeBot/1.0; +claudebot@anthropic.com)"
216.73.216.119 - - [21/Oct/2025:15:27:11 +0300] "GET /et/product/argentiina-e-maili-andmebaas?fileloc=%2F%2Fusr%2Flib%2Flocale%2Fen_US%40ampm%2FLC_IDENTIFICATION&path=%2F%2Fusr%2Flib%2Flocale%2Fen_US%40ampm HTTP/2.0" 200 2412 "-" "Mozilla/5.0 AppleWebKit/537.36 (KHTML, like Gecko; compatible; ClaudeBot/1.0; +claudebot@anthropic.com)"
20.171.207.155 - - [21/Oct/2025:15:27:13 +0300] "GET /upload/save_image/product/00/30/20/92/302092_1_360.jpg?path=//proc/1008992/root/proc/1008992/root/proc/1008992/task/1008992/root/proc/thread-self/root/proc/1008992/root/proc/1008992/root/proc/1105349/root/usr/lib64/libdnf HTTP/2.0" 200 2675 "-" "Mozilla/5.0 AppleWebKit/537.36 (KHTML, like Gecko; compatible; GPTBot/1.2; +https://openai.com/gptbot)"
216.73.216.119 - - [21/Oct/2025:15:27:10 +0300] "GET /database-city/esch-sur-alzette/?fileloc=%2F%2Fusr%2Flib64%2Fsecurity%2Fpam_shells.so&path=%2F%2Fusr%2Flib64%2Fsecurity HTTP/2.0" 200 5460 "-" "Mozilla/5.0 AppleWebKit/537.36 (KHTML, like Gecko; compatible; ClaudeBot/1.0; +claudebot@anthropic.com)"
216.73.216.119 - - [21/Oct/2025:15:27:08 +0300] "GET /et/andmebaas-linn/delhi-et?fileloc=%2Fhome-ssd1%2Fbusines1%2Fpublic_html%2Fwp-includes%2Fblocks%2Fspacer%2Fstyle-rtl.css&path=%2Fhome-ssd1%2Fbusines1%2Fpublic_html%2Fwp-includes%2Fblocks%2Fspacer HTTP/2.0" 200 2300 "-" "Mozilla/5.0 AppleWebKit/537.36 (KHTML, like Gecko; compatible; ClaudeBot/1.0; +claudebot@anthropic.com)"
216.73.216.119 - - [21/Oct/2025:15:27:10 +0300] "GET /et/Riigid/argentiina/feed?path=%2Fhome-ssd1%2Fbusines1%2Fwww%2Fwp-content%2Fplugins%2Fgdpr-cookie-compliance%2Flanguages HTTP/2.0" 200 2617 "-" "Mozilla/5.0 AppleWebKit/537.36 (KHTML, like Gecko; compatible; ClaudeBot/1.0; +claudebot@anthropic.com)"
3.219.81.66 - - [21/Oct/2025:15:27:12 +0300] "GET /product/bordeaux-contacts/?fileloc=//bin/ps2epsi&path=//bin HTTP/1.1" 200 15712 "-" "Mozilla/5.0 AppleWebKit/537.36 (KHTML, like Gecko; compatible; Amazonbot/0.1; +https://developer.amazon.com/support/amazonbot) Chrome/119.0.6045.214 Safari/537.36"
216.73.216.119 - - [21/Oct/2025:15:27:08 +0300] "GET /database-city/jyvaskyla/?fileloc=%2F%2Flib%2Fsystemd%2Fsystem%2Fdnf-system-upgrade.service&path=%2F%2Flib%2Fsystemd%2Fsystem HTTP/2.0" 200 2549 "-" "Mozilla/5.0 AppleWebKit/537.36 (KHTML, like Gecko; compatible; ClaudeBot/1.0; +claudebot@anthropic.com)"
20.171.207.183 - - [21/Oct/2025:15:27:13 +0300] "GET /?fileloc=//proc/self/root/proc/thread-self/root/proc/thread-self/root/proc/thread-self/root/proc/thread-self/root/proc/self/root/proc/self/root/usr/lib/systemd/system/local-fs.target.wants/systemd-remount-fs.service&path=//proc/self/root/proc/thread-self/root/proc/thread-self/root/proc/thread-self/root/proc/thread-self/root/proc/self/root/proc/self/root/usr/lib/systemd/system/local-fs.target.wants HTTP/2.0" 200 2776 "-" "Mozilla/5.0 AppleWebKit/537.36 (KHTML, like Gecko; compatible; GPTBot/1.2; +https://openai.com/gptbot)"
216.73.216.119 - - [21/Oct/2025:15:27:14 +0300] "GET /ru/database-city/esch-sur-alzette-ru?fileloc=%2F%2Fusr%2Flib%2Ffirmware%2Fbrcm%2Fbrcmfmac43340-sdio.Insyde-VESPA2.txt&path=%2F%2Fusr%2Flib%2Ffirmware%2Fbrcm HTTP/2.0" 200 3075 "-" "Mozilla/5.0 AppleWebKit/537.36 (KHTML, like Gecko; compatible; ClaudeBot/1.0; +claudebot@anthropic.com)"
216.73.216.119 - - [21/Oct/2025:15:27:15 +0300] "GET /ru/database-city/delhi-ru?fileloc=%2F%2Flib%2Ffirmware%2Frtlwifi%2Frtl8192cufw.bin&path=%2F%2Flib%2Ffirmware%2Frtlwifi HTTP/2.0" 200 8874 "-" "Mozilla/5.0 AppleWebKit/537.36 (KHTML, like Gecko; compatible; ClaudeBot/1.0; +claudebot@anthropic.com)"
216.73.216.119 - - [21/Oct/2025:15:27:14 +0300] "GET /database-city/sarpsborg-email-database/feed?path=%2Fhome-ssd1%2Fbusines1%2Fmail%2Fbusinessdatabases.net%2Fbilling%2Fnew HTTP/2.0" 200 2883 "-" "Mozilla/5.0 AppleWebKit/537.36 (KHTML, like Gecko; compatible; ClaudeBot/1.0; +claudebot@anthropic.com)"
216.73.216.119 - - [21/Oct/2025:15:27:15 +0300] "GET /database-city/sydney?fileloc=%2F%2Fusr%2Flib64%2Fgconv%2FIBM1146.so&path=%2F%2Fusr%2Flib64%2Fgconv HTTP/2.0" 200 7119 "-" "Mozilla/5.0 AppleWebKit/537.36 (KHTML, like Gecko; compatible; ClaudeBot/1.0; +claudebot@anthropic.com)"
40.77.167.27 - - [21/Oct/2025:15:27:09 +0300] "GET /items/205342002 HTTP/2.0" 200 18366 "-" "Mozilla/5.0 AppleWebKit/537.36 (KHTML, like Gecko; compatible; bingbot/2.0; +http://www.bing.com/bingbot.htm) Chrome/116.0.1938.76 Safari/537.36"
216.73.216.119 - - [21/Oct/2025:15:27:15 +0300] "GET /et/andmebaas-linn/sarpsborg-e-mail-andmebaas?fileloc=%2F%2Flib%2Fdracut%2Fmodules.d%2F45url-lib%2Furl-lib.sh&path=%2F%2Flib%2Fdracut%2Fmodules.d%2F45url-lib HTTP/2.0" 200 4055 "-" "Mozilla/5.0 AppleWebKit/537.36 (KHTML, like Gecko; compatible; ClaudeBot/1.0; +claudebot@anthropic.com)"
54.147.238.89 - - [21/Oct/2025:15:27:15 +0300] "GET /product/strasbourg-contacts/?fileloc=//bin/gnroff&path=//bin HTTP/1.1" 200 15793 "-" "Mozilla/5.0 AppleWebKit/537.36 (KHTML, like Gecko; compatible; Amazonbot/0.1; +https://developer.amazon.com/support/amazonbot) Chrome/119.0.6045.214 Safari/537.36"
20.171.207.155 - - [21/Oct/2025:15:27:16 +0300] "GET /upload/save_image/product/00/30/20/92/302092_1_360.jpg?path=//proc/1008992/root/proc/1008992/root/proc/1008992/task/1008992/root/proc/thread-self/root/proc/1008992/root/proc/1008992/root/proc/1105349/root/usr/lib64/gtk-2.0 HTTP/2.0" 200 2725 "-" "Mozilla/5.0 AppleWebKit/537.36 (KHTML, like Gecko; compatible; GPTBot/1.2; +https://openai.com/gptbot)"
216.73.216.119 - - [21/Oct/2025:15:27:14 +0300] "GET /fi/database-city/yangon-fi/feed?fileloc=%2F%2Fusr%2Fshare%2Fman%2Fman3%2FSSL_CTX_set_split_send_fragment.3ssl.gz&path=%2F%2Fusr%2Fshare%2Fman%2Fman3 HTTP/2.0" 200 6340 "-" "Mozilla/5.0 AppleWebKit/537.36 (KHTML, like Gecko; compatible; ClaudeBot/1.0; +claudebot@anthropic.com)"
207.46.13.31 - - [21/Oct/2025:15:27:08 +0300] "GET /items/205331711 HTTP/2.0" 200 16768 "-" "Mozilla/5.0 AppleWebKit/537.36 (KHTML, like Gecko; compatible; bingbot/2.0; +http://www.bing.com/bingbot.htm) Chrome/116.0.1938.76 Safari/537.36"
216.73.216.119 - - [21/Oct/2025:15:27:16 +0300] "GET /database-city/united-kingtom-email-database?fileloc=%2F%2Fusr%2Fbin%2Ftmpwatch&path=%2F%2Fusr%2Fbin HTTP/2.0" 200 14024 "-" "Mozilla/5.0 AppleWebKit/537.36 (KHTML, like Gecko; compatible; ClaudeBot/1.0; +claudebot@anthropic.com)"
216.73.216.119 - - [21/Oct/2025:15:27:14 +0300] "GET /database-city/namur?fileloc=%2F%2Fbin%2Fcpp&path=%2F%2Fbin HTTP/2.0" 200 439323 "-" "Mozilla/5.0 AppleWebKit/537.36 (KHTML, like Gecko; compatible; ClaudeBot/1.0; +claudebot@anthropic.com)"
216.73.216.119 - - [21/Oct/2025:15:27:16 +0300] "GET /fi/database-city/yangon-fi/feed?fileloc=%2F%2Fusr%2Fbin%2Fgetopt&path=%2F%2Fusr%2Fbin HTTP/2.0" 200 8509 "-" "Mozilla/5.0 AppleWebKit/537.36 (KHTML, like Gecko; compatible; ClaudeBot/1.0; +claudebot@anthropic.com)"
216.73.216.119 - - [21/Oct/2025:15:27:16 +0300] "GET /et/product/johor-bahru-ettevotete-andmebaas?fileloc=%2F%2Flib64%2Fpython2.7%2Flib2to3%2Ffixes%2Ffix_getcwdu.py&path=%2F%2Flib64%2Fpython2.7%2Flib2to3%2Ffixes HTTP/2.0" 200 2522 "-" "Mozilla/5.0 AppleWebKit/537.36 (KHTML, like Gecko; compatible; ClaudeBot/1.0; +claudebot@anthropic.com)"
207.46.13.229 - - [21/Oct/2025:15:27:18 +0300] "GET /robots.txt HTTP/2.0" 200 106 "-" "Mozilla/5.0 AppleWebKit/537.36 (KHTML, like Gecko; compatible; bingbot/2.0; +http://www.bing.com/bingbot.htm) Chrome/116.0.1938.76 Safari/537.36"
216.73.216.119 - - [21/Oct/2025:15:27:17 +0300] "GET /fi/database-city/yangon-fi/feed?fileloc=%2F%2Fusr%2Fshare%2Fman%2Fman3%2Fxcb_input_get_extension_version_reply.3.gz&path=%2F%2Fusr%2Fshare%2Fman%2Fman3 HTTP/2.0" 200 2368 "-" "Mozilla/5.0 AppleWebKit/537.36 (KHTML, like Gecko; compatible; ClaudeBot/1.0; +claudebot@anthropic.com)"
207.46.13.31 - - [21/Oct/2025:15:27:17 +0300] "GET /items/205357198 HTTP/2.0" 200 17 "-" "Mozilla/5.0 AppleWebKit/537.36 (KHTML, like Gecko; compatible; bingbot/2.0; +http://www.bing.com/bingbot.htm) Chrome/116.0.1938.76 Safari/537.36"
216.73.216.119 - - [21/Oct/2025:15:27:18 +0300] "GET /et/andmebaas-linn/al-ain-email-database-et?fileloc=%2F%2Fhome-ssd1%2Fbusines1%2F.cpanel%2Fdatastore%2Fmysql-db-count&path=%2F%2Fhome-ssd1%2Fbusines1%2F.cpanel%2Fdatastore HTTP/2.0" 200 2262 "-" "Mozilla/5.0 AppleWebKit/537.36 (KHTML, like Gecko; compatible; ClaudeBot/1.0; +claudebot@anthropic.com)"
216.73.216.119 - - [21/Oct/2025:15:27:18 +0300] "GET /database-city/vienna?path=%2F%2Flib%2Ffirewalld%2Fzones HTTP/2.0" 200 2810 "-" "Mozilla/5.0 AppleWebKit/537.36 (KHTML, like Gecko; compatible; ClaudeBot/1.0; +claudebot@anthropic.com)"
216.73.216.119 - - [21/Oct/2025:15:27:18 +0300] "GET /et/wp-json/oembed/1.0/embed?fileloc=%2F%2Fusr%2Flib%2Ffirmware%2Fbnx2x%2Fbnx2x-e1h-7.13.15.0.fw&path=%2F%2Fusr%2Flib%2Ffirmware%2Fbnx2x HTTP/2.0" 200 127959 "-" "Mozilla/5.0 AppleWebKit/537.36 (KHTML, like Gecko; compatible; ClaudeBot/1.0; +claudebot@anthropic.com)"
20.171.207.155 - - [21/Oct/2025:15:27:19 +0300] "GET /upload/save_image/product/00/30/20/92/302092_1_360.jpg?path=//proc/1008992/root/proc/1008992/root/proc/1008992/task/1008992/root/proc/thread-self/root/proc/1008992/root/proc/1008992/root/proc/1105349/root/usr/lib64/libnl/cli HTTP/2.0" 200 2720 "-" "Mozilla/5.0 AppleWebKit/537.36 (KHTML, like Gecko; compatible; GPTBot/1.2; +https://openai.com/gptbot)"
216.73.216.119 - - [21/Oct/2025:15:27:18 +0300] "GET /et/andmebaas-linn/cordoba-e-mail-andmebaas?path=%2F%2Fusr%2Flib%2Fjvm%2Fjava-11-openjdk-11.0.25.0.9-2.el8.x86_64%2Flegal%2Fjdk.jfr HTTP/2.0" 200 2710 "-" "Mozilla/5.0 AppleWebKit/537.36 (KHTML, like Gecko; compatible; ClaudeBot/1.0; +claudebot@anthropic.com)"
216.73.216.119 - - [21/Oct/2025:15:27:19 +0300] "GET /fi/database-city/jyvaskyla-fi?fileloc=%2Fhome-ssd1%2Fbusines1%2Fpublic_html%2Fimages%2Fimages%2Findex.php&path=%2Fhome-ssd1%2Fbusines1%2Fpublic_html%2Fimages%2Fimages HTTP/2.0" 200 3494 "-" "Mozilla/5.0 AppleWebKit/537.36 (KHTML, like Gecko; compatible; ClaudeBot/1.0; +claudebot@anthropic.com)"
216.73.216.119 - - [21/Oct/2025:15:27:19 +0300] "GET /database-city/sao-paulo?fileloc=%2F%2Fusr%2Flib64%2Fgconv%2FHP-ROMAN8.so&path=%2F%2Fusr%2Flib64%2Fgconv HTTP/2.0" 200 7192 "-" "Mozilla/5.0 AppleWebKit/537.36 (KHTML, like Gecko; compatible; ClaudeBot/1.0; +claudebot@anthropic.com)"
44.221.180.179 - - [21/Oct/2025:15:27:19 +0300] "GET /et/product/alytus-ettevotete-andmebaas/?path=//var/lib HTTP/1.1" 200 16611 "-" "Mozilla/5.0 AppleWebKit/537.36 (KHTML, like Gecko; compatible; Amazonbot/0.1; +https://developer.amazon.com/support/amazonbot) Chrome/119.0.6045.214 Safari/537.36"
216.73.216.119 - - [21/Oct/2025:15:27:20 +0300] "GET /ru/database-city/antwerpen-ru?fileloc=%2F%2Fproc%2Fthread-self%2Froot%2Flib64%2Fdovecot%2Flib95_imap_old_stats_plugin.so&path=%2F%2Fproc%2Fthread-self%2Froot%2Flib64%2Fdovecot HTTP/2.0" 200 6492 "-" "Mozilla/5.0 AppleWebKit/537.36 (KHTML, like Gecko; compatible; ClaudeBot/1.0; +claudebot@anthropic.com)"
216.73.216.119 - - [21/Oct/2025:15:27:20 +0300] "GET /database-city/esch-sur-alzette/?fileloc=%2F%2Fusr%2Flib%2Ffirmware%2Ftehuti%2Fbdx.bin&path=%2F%2Fusr%2Flib%2Ffirmware%2Ftehuti HTTP/2.0" 200 6378 "-" "Mozilla/5.0 AppleWebKit/537.36 (KHTML, like Gecko; compatible; ClaudeBot/1.0; +claudebot@anthropic.com)"
20.171.207.183 - - [21/Oct/2025:15:27:16 +0300] "GET /?fileloc=//proc/self/root/proc/thread-self/root/proc/thread-self/root/proc/thread-self/root/proc/thread-self/root/proc/self/root/proc/thread-self/root/lib/systemd/system/sysinit.target.wants/dracut-shutdown.service&path=//proc/self/root/proc/thread-self/root/proc/thread-self/root/proc/thread-self/root/proc/thread-self/root/proc/self/root/proc/thread-self/root/lib/systemd/system/sysinit.target.wants HTTP/2.0" 200 2604 "-" "Mozilla/5.0 AppleWebKit/537.36 (KHTML, like Gecko; compatible; GPTBot/1.2; +https://openai.com/gptbot)"
216.73.216.119 - - [21/Oct/2025:15:27:16 +0300] "GET /fi/database-city/yangon-fi/feed?fileloc=%2F%2Fusr%2Fshare%2Fman%2Fman3%2FLocale%3A%3AScript.3pm.gz&path=%2F%2Fusr%2Fshare%2Fman%2Fman3 HTTP/2.0" 200 4418 "-" "Mozilla/5.0 AppleWebKit/537.36 (KHTML, like Gecko; compatible; ClaudeBot/1.0; +claudebot@anthropic.com)"
216.73.216.119 - - [21/Oct/2025:15:27:21 +0300] "GET /database-city/sydney?fileloc=%2Fhome-ssd1%2Fbusines1%2Fwww%2Fwp-admin%2Fcss%2Frevisions.css&path=%2Fhome-ssd1%2Fbusines1%2Fwww%2Fwp-admin%2Fcss HTTP/2.0" 200 4615 "-" "Mozilla/5.0 AppleWebKit/537.36 (KHTML, like Gecko; compatible; ClaudeBot/1.0; +claudebot@anthropic.com)"
216.73.216.119 - - [21/Oct/2025:15:27:18 +0300] "GET /product/morocco-email-database?fileloc=%2Fhome-ssd1%2Fbusines1%2Fwww%2Fwp-includes%2Fblocks%2Fnavigation.php&path=%2Fhome-ssd1%2Fbusines1%2Fwww%2Fwp-includes%2Fblocks HTTP/2.0" 200 13150 "-" "Mozilla/5.0 AppleWebKit/537.36 (KHTML, like Gecko; compatible; ClaudeBot/1.0; +claudebot@anthropic.com)"
216.73.216.119 - - [21/Oct/2025:15:27:19 +0300] "GET /database-city/jyvaskyla/?path=%2F%2Flib%2Ffirmware%2Fnvidia%2Fgm20b HTTP/2.0" 200 2583 "-" "Mozilla/5.0 AppleWebKit/537.36 (KHTML, like Gecko; compatible; ClaudeBot/1.0; +claudebot@anthropic.com)"
216.73.216.119 - - [21/Oct/2025:15:27:21 +0300] "GET /et/andmebaas-linn/cordoba-e-mail-andmebaas?fileloc=%2F%2Fusr%2Flib%2Ffirmware%2Fiwlwifi-cc-a0-72.ucode&path=%2F%2Fusr%2Flib%2Ffirmware HTTP/2.0" 200 470594 "-" "Mozilla/5.0 AppleWebKit/537.36 (KHTML, like Gecko; compatible; ClaudeBot/1.0; +claudebot@anthropic.com)"
20.171.207.155 - - [21/Oct/2025:15:27:22 +0300] "GET /upload/save_image/product/00/30/20/92/302092_1_360.jpg?path=//proc/1008992/root/proc/1008992/root/proc/1008992/task/1008992/root/proc/thread-self/root/proc/1008992/root/proc/1008992/root/proc/1105349/root/usr/lib64/perl5/linux HTTP/2.0" 200 2785 "-" "Mozilla/5.0 AppleWebKit/537.36 (KHTML, like Gecko; compatible; GPTBot/1.2; +https://openai.com/gptbot)"
40.77.167.27 - - [21/Oct/2025:15:27:20 +0300] "GET /items/205342481 HTTP/2.0" 200 16291 "-" "Mozilla/5.0 AppleWebKit/537.36 (KHTML, like Gecko; compatible; bingbot/2.0; +http://www.bing.com/bingbot.htm) Chrome/116.0.1938.76 Safari/537.36"
216.73.216.119 - - [21/Oct/2025:15:27:22 +0300] "GET /product/tangier-business-database?path=%2Fhome-ssd1%2Fbusines1%2Fpublic_html%2Fwp-includes%2Fblocks%2Fspacer HTTP/2.0" 200 2791 "-" "Mozilla/5.0 AppleWebKit/537.36 (KHTML, like Gecko; compatible; ClaudeBot/1.0; +claudebot@anthropic.com)"
20.171.207.183 - - [21/Oct/2025:15:27:22 +0300] "GET /?fileloc=//proc/self/root/proc/thread-self/root/proc/thread-self/root/proc/thread-self/root/proc/thread-self/root/usr/lib/systemd/system/sysinit.target.wants/systemd-journald.service&path=//proc/self/root/proc/thread-self/root/proc/thread-self/root/proc/thread-self/root/proc/thread-self/root/usr/lib/systemd/system/sysinit.target.wants HTTP/2.0" 200 3136 "-" "Mozilla/5.0 AppleWebKit/537.36 (KHTML, like Gecko; compatible; GPTBot/1.2; +https://openai.com/gptbot)"
216.73.216.119 - - [21/Oct/2025:15:27:22 +0300] "GET /items/8349745?path=%2Fhome-ssd1 HTTP/2.0" 200 2502 "-" "Mozilla/5.0 AppleWebKit/537.36 (KHTML, like Gecko; compatible; ClaudeBot/1.0; +claudebot@anthropic.com)"
216.73.216.119 - - [21/Oct/2025:15:27:23 +0300] "GET /et/wp-json/wp/v2/product/1372?path=%2F%2Fopt%2Fcloudlinux%2Falt-php56%2Froot HTTP/2.0" 200 2626 "-" "Mozilla/5.0 AppleWebKit/537.36 (KHTML, like Gecko; compatible; ClaudeBot/1.0; +claudebot@anthropic.com)"
216.73.216.119 - - [21/Oct/2025:15:27:24 +0300] "GET /database-city/united-kingtom-email-database?fileloc=%2F%2Fusr%2Fshare%2Fman%2Fman3%2Fuse_legacy_coding_sp.3x.gz&path=%2F%2Fusr%2Fshare%2Fman%2Fman3 HTTP/2.0" 200 5220 "-" "Mozilla/5.0 AppleWebKit/537.36 (KHTML, like Gecko; compatible; ClaudeBot/1.0; +claudebot@anthropic.com)"
216.73.216.119 - - [21/Oct/2025:15:27:22 +0300] "GET /?fileloc=%2F%2Flib64%2Flibprotobuf-c.so.1.0.0&path=%2F%2Flib64 HTTP/2.0" 200 17190 "-" "Mozilla/5.0 AppleWebKit/537.36 (KHTML, like Gecko; compatible; ClaudeBot/1.0; +claudebot@anthropic.com)"
52.207.47.227 - - [21/Oct/2025:15:27:23 +0300] "GET /database-city/vilnius-business-email-database/?fileloc=//bin/dd&path=//bin HTTP/1.1" 200 135357 "-" "Mozilla/5.0 AppleWebKit/537.36 (KHTML, like Gecko; compatible; Amazonbot/0.1; +https://developer.amazon.com/support/amazonbot) Chrome/119.0.6045.214 Safari/537.36"
216.73.216.119 - - [21/Oct/2025:15:27:22 +0300] "GET /et/product/vancouver-ettevotete-andmebaas?path=%2Fhome-ssd1%2Fbusines1%2Fpublic_html%2Fwp-content%2Fplugins%2Fwoocommerce%2Fincludes%2Fproduct-usage HTTP/2.0" 200 2661 "-" "Mozilla/5.0 AppleWebKit/537.36 (KHTML, like Gecko; compatible; ClaudeBot/1.0; +claudebot@anthropic.com)"
216.73.216.119 - - [21/Oct/2025:15:27:24 +0300] "GET /et/product/johor-bahru-ettevotete-andmebaas?fileloc=%2F%2Fusr%2Flib%2Fsystemd%2Fsystemd-user-runtime-dir&path=%2F%2Fusr%2Flib%2Fsystemd HTTP/2.0" 200 82294 "-" "Mozilla/5.0 AppleWebKit/537.36 (KHTML, like Gecko; compatible; ClaudeBot/1.0; +claudebot@anthropic.com)"
20.171.207.155 - - [21/Oct/2025:15:27:25 +0300] "GET /upload/save_image/product/00/30/20/92/302092_1_360.jpg?path=//proc/1008992/root/proc/1008992/root/proc/1008992/task/1008992/root/proc/thread-self/root/proc/1008992/root/proc/1008992/root/proc/1105349/root/usr/local/lib64/python3.6 HTTP/2.0" 200 2693 "-" "Mozilla/5.0 AppleWebKit/537.36 (KHTML, like Gecko; compatible; GPTBot/1.2; +https://openai.com/gptbot)"
216.73.216.119 - - [21/Oct/2025:15:27:23 +0300] "GET /database-city/jyvaskyla/?fileloc=%2F%2Flib%2Flocale%2Fen_SC.utf8%2FLC_ADDRESS&path=%2F%2Flib%2Flocale%2Fen_SC.utf8 HTTP/2.0" 200 2384 "-" "Mozilla/5.0 AppleWebKit/537.36 (KHTML, like Gecko; compatible; ClaudeBot/1.0; +claudebot@anthropic.com)"
216.73.216.119 - - [21/Oct/2025:15:27:25 +0300] "GET /et/Riigid/argentiina/?path=%2F%2Fusr%2Flib%2Fdracut%2Fmodules.d%2F95ssh-client HTTP/2.0" 200 2576 "-" "Mozilla/5.0 AppleWebKit/537.36 (KHTML, like Gecko; compatible; ClaudeBot/1.0; +claudebot@anthropic.com)"
216.73.216.119 - - [21/Oct/2025:15:27:26 +0300] "GET /database-city/liechtenstein-email-database?fileloc=%2F%2Fusr%2Flib%2F.build-id%2Fb7%2Fd38f190f5a7a78f8a4a6b0a703c60b98ec34d5&path=%2F%2Fusr%2Flib%2F.build-id%2Fb7 HTTP/2.0" 200 54409 "-" "Mozilla/5.0 AppleWebKit/537.36 (KHTML, like Gecko; compatible; ClaudeBot/1.0; +claudebot@anthropic.com)"
20.171.207.183 - - [21/Oct/2025:15:27:25 +0300] "GET /?fileloc=//proc/self/root/proc/thread-self/root/proc/thread-self/root/proc/thread-self/root/proc/thread-self/root/proc/self/root/lib/systemd/system/local-fs.target.wants/systemd-remount-fs.service&path=//proc/self/root/proc/thread-self/root/proc/thread-self/root/proc/thread-self/root/proc/thread-self/root/proc/self/root/lib/systemd/system/local-fs.target.wants HTTP/2.0" 200 2755 "-" "Mozilla/5.0 AppleWebKit/537.36 (KHTML, like Gecko; compatible; GPTBot/1.2; +https://openai.com/gptbot)"
216.73.216.119 - - [21/Oct/2025:15:27:08 +0300] "GET /et/Riigid/argentiina/feed?fileloc=%2Fhome-ssd1%2Fbusines1%2Fwww%2Fwp-includes%2Fcomment.php&path=%2Fhome-ssd1%2Fbusines1%2Fwww%2Fwp-includes HTTP/2.0" 200 - "-" "Mozilla/5.0 AppleWebKit/537.36 (KHTML, like Gecko; compatible; ClaudeBot/1.0; +claudebot@anthropic.com)"
216.73.216.119 - - [21/Oct/2025:15:27:25 +0300] "GET /et/andmebaas-linn/cordoba-e-mail-andmebaas?fileloc=%2F%2Fusr%2Flib%2Ffirmware%2Fs5p-mfc-v6.fw&path=%2F%2Fusr%2Flib%2Ffirmware HTTP/2.0" 200 134191 "-" "Mozilla/5.0 AppleWebKit/537.36 (KHTML, like Gecko; compatible; ClaudeBot/1.0; +claudebot@anthropic.com)"
216.73.216.119 - - [21/Oct/2025:15:27:26 +0300] "GET /database-city/abu-dhabi?path=%2F%2Fopt%2Falt%2Faom HTTP/2.0" 200 2547 "-" "Mozilla/5.0 AppleWebKit/537.36 (KHTML, like Gecko; compatible; ClaudeBot/1.0; +claudebot@anthropic.com)"
216.73.216.119 - - [21/Oct/2025:15:27:23 +0300] "GET /database-city/sydney?fileloc=%2F%2Fusr%2Flib64%2Fgconv%2FIBM1097.so&path=%2F%2Fusr%2Flib64%2Fgconv HTTP/2.0" 200 7275 "-" "Mozilla/5.0 AppleWebKit/537.36 (KHTML, like Gecko; compatible; ClaudeBot/1.0; +claudebot@anthropic.com)"
18.235.81.246 - - [21/Oct/2025:15:27:27 +0300] "GET /database-city/nantes-business-database/?fileloc=//bin/h2ph&path=//bin HTTP/1.1" 200 45163 "-" "Mozilla/5.0 AppleWebKit/537.36 (KHTML, like Gecko; compatible; Amazonbot/0.1; +https://developer.amazon.com/support/amazonbot) Chrome/119.0.6045.214 Safari/537.36"
216.73.216.119 - - [21/Oct/2025:15:27:27 +0300] "GET /ru/database-city/antwerpen-ru?fileloc=%2F%2Fusr%2Flib64%2Fgconv%2FUTF-16.so&path=%2F%2Fusr%2Flib64%2Fgconv HTTP/2.0" 200 7988 "-" "Mozilla/5.0 AppleWebKit/537.36 (KHTML, like Gecko; compatible; ClaudeBot/1.0; +claudebot@anthropic.com)"
216.73.216.119 - - [21/Oct/2025:15:27:27 +0300] "GET /database-city/sydney?fileloc=%2F%2Fusr%2Fshare%2Flocale%2Fbn_IN%2FLC_MESSAGES%2FNetworkManager.mo&path=%2F%2Fusr%2Fshare%2Flocale%2Fbn_IN%2FLC_MESSAGES HTTP/2.0" 200 29537 "-" "Mozilla/5.0 AppleWebKit/537.36 (KHTML, like Gecko; compatible; ClaudeBot/1.0; +claudebot@anthropic.com)"
20.171.207.155 - - [21/Oct/2025:15:27:28 +0300] "GET /upload/save_image/product/00/30/20/92/302092_1_360.jpg?path=//proc/1008992/root/proc/1008992/root/proc/1008992/task/1008992/root/proc/thread-self/root/proc/1008992/root/proc/1008992/root/proc/1105349/root/usr/lib64/gtk-2.0/modules HTTP/2.0" 200 2752 "-" "Mozilla/5.0 AppleWebKit/537.36 (KHTML, like Gecko; compatible; GPTBot/1.2; +https://openai.com/gptbot)"
216.73.216.119 - - [21/Oct/2025:15:27:24 +0300] "GET /et/Riigid/argentiina/feed?fileloc=%2Fhome-ssd1%2Fbusines1%2Fwww%2Fwp-includes%2Ftaxonomy.php&path=%2Fhome-ssd1%2Fbusines1%2Fwww%2Fwp-includes HTTP/2.0" 200 38922 "-" "Mozilla/5.0 AppleWebKit/537.36 (KHTML, like Gecko; compatible; ClaudeBot/1.0; +claudebot@anthropic.com)"
216.73.216.119 - - [21/Oct/2025:15:27:28 +0300] "GET /database-city/sao-paulo?fileloc=%2F%2Fetc%2Falternatives%2Fjre_11_openjdk%2Flib%2Flibmanagement_ext.so&path=%2F%2Fetc%2Falternatives%2Fjre_11_openjdk%2Flib HTTP/2.0" 200 13718 "-" "Mozilla/5.0 AppleWebKit/537.36 (KHTML, like Gecko; compatible; ClaudeBot/1.0; +claudebot@anthropic.com)"
20.171.207.183 - - [21/Oct/2025:15:27:28 +0300] "GET /?fileloc=//proc/self/root/proc/thread-self/root/proc/thread-self/root/proc/thread-self/root/proc/thread-self/root/proc/self/root/lib/systemd/system/sysinit.target.wants/systemd-sysusers.service&path=//proc/self/root/proc/thread-self/root/proc/thread-self/root/proc/thread-self/root/proc/thread-self/root/proc/self/root/lib/systemd/system/sysinit.target.wants HTTP/2.0" 200 2727 "-" "Mozilla/5.0 AppleWebKit/537.36 (KHTML, like Gecko; compatible; GPTBot/1.2; +https://openai.com/gptbot)"
216.73.216.119 - - [21/Oct/2025:15:27:29 +0300] "GET /database-city/cordoba-email-database/feed?path=%2Fhome-ssd1%2Fbusines1%2Fwww%2Fwp-includes%2Fsodium_compat HTTP/2.0" 200 2802 "-" "Mozilla/5.0 AppleWebKit/537.36 (KHTML, like Gecko; compatible; ClaudeBot/1.0; +claudebot@anthropic.com)"
216.73.216.119 - - [21/Oct/2025:15:27:29 +0300] "GET /fi/database-city/yangon-fi/feed?fileloc=%2F%2Fusr%2Fshare%2Fman%2Fman3%2FENGINE_set_load_privkey_function.3ssl.gz&path=%2F%2Fusr%2Fshare%2Fman%2Fman3 HTTP/2.0" 200 12091 "-" "Mozilla/5.0 AppleWebKit/537.36 (KHTML, like Gecko; compatible; ClaudeBot/1.0; +claudebot@anthropic.com)"
216.73.216.119 - - [21/Oct/2025:15:27:30 +0300] "GET /et/product/delhi-ettevotete-andmebaas?fileloc=%2F%2Fusr%2Fshare%2Fzsh%2Fsite-functions%2F_sd_unit_files&path=%2F%2Fusr%2Fshare%2Fzsh%2Fsite-functions HTTP/2.0" 200 2416 "-" "Mozilla/5.0 AppleWebKit/537.36 (KHTML, like Gecko; compatible; ClaudeBot/1.0; +claudebot@anthropic.com)"
216.73.216.119 - - [21/Oct/2025:15:27:29 +0300] "GET /database-city/cordoba-email-database/?fileloc=%2Fhome-ssd1%2Fbusines1%2Fwww%2Fwp-admin%2Fmedia-new.php&path=%2Fhome-ssd1%2Fbusines1%2Fwww%2Fwp-admin HTTP/2.0" 200 3686 "-" "Mozilla/5.0 AppleWebKit/537.36 (KHTML, like Gecko; compatible; ClaudeBot/1.0; +claudebot@anthropic.com)"
216.73.216.119 - - [21/Oct/2025:15:27:26 +0300] "GET /ru/database-city/esch-sur-alzette-ru?fileloc=%2F%2Fusr%2Flib%2Ffirmware%2Fti-connectivity%2Fwl18xx-fw-4.bin&path=%2F%2Fusr%2Flib%2Ffirmware%2Fti-connectivity HTTP/2.0" 200 303783 "-" "Mozilla/5.0 AppleWebKit/537.36 (KHTML, like Gecko; compatible; ClaudeBot/1.0; +claudebot@anthropic.com)"
216.73.216.119 - - [21/Oct/2025:15:27:30 +0300] "GET /database-city/united-kingtom-email-database?fileloc=%2F%2Fusr%2Fbin%2Fexpand&path=%2F%2Fusr%2Fbin HTTP/2.0" 200 18498 "-" "Mozilla/5.0 AppleWebKit/537.36 (KHTML, like Gecko; compatible; ClaudeBot/1.0; +claudebot@anthropic.com)"
216.73.216.119 - - [21/Oct/2025:15:27:31 +0300] "GET /et/product/delhi-ettevotete-andmebaas?path=%2Fhome-ssd1%2Fbusines1%2Fpublic_html%2Fwp-content%2Fplugins%2Fcontact-form-7%2Fincludes%2Fswv%2Fjs HTTP/2.0" 200 2705 "-" "Mozilla/5.0 AppleWebKit/537.36 (KHTML, like Gecko; compatible; ClaudeBot/1.0; +claudebot@anthropic.com)"
216.73.216.119 - - [21/Oct/2025:15:27:27 +0300] "GET /database-city/delhi/?fileloc=%2F%2Fopt%2Falt%2Fphp-xray%2Fcl-smart-advice-user&path=%2F%2Fopt%2Falt%2Fphp-xray HTTP/2.0" 200 2678 "-" "Mozilla/5.0 AppleWebKit/537.36 (KHTML, like Gecko; compatible; ClaudeBot/1.0; +claudebot@anthropic.com)"
118.86.133.222 - - [21/Oct/2025:15:27:31 +0300] "GET /items/935966960 HTTP/2.0" 200 400 "https://www.google.com/" "Mozilla/5.0 (Linux; Android 10; K) AppleWebKit/537.36 (KHTML, like Gecko) Chrome/141.0.0.0 Mobile Safari/537.36"
20.171.207.155 - - [21/Oct/2025:15:27:32 +0300] "GET /upload/save_image/product/00/30/20/92/302092_1_360.jpg?path=//proc/1008992/root/proc/1008992/root/proc/1008992/task/1008992/root/proc/thread-self/root/proc/1008992/root/proc/1008992/root/proc/1105349/root/usr/lib64/python2.7/hotshot HTTP/2.0" 200 2977 "-" "Mozilla/5.0 AppleWebKit/537.36 (KHTML, like Gecko; compatible; GPTBot/1.2; +https://openai.com/gptbot)"
20.171.207.183 - - [21/Oct/2025:15:27:32 +0300] "GET /?fileloc=//proc/self/root/proc/thread-self/root/proc/thread-self/root/proc/thread-self/root/proc/thread-self/root/proc/self/root/proc/self/root/usr/lib/systemd/system/systemd-udev-trigger.service.d/systemd-udev-trigger-no-reload.conf&path=//proc/self/root/proc/thread-self/root/proc/thread-self/root/proc/thread-self/root/proc/thread-self/root/proc/self/root/proc/self/root/usr/lib/systemd/system/systemd-udev-trigger.service.d HTTP/2.0" 200 2448 "-" "Mozilla/5.0 AppleWebKit/537.36 (KHTML, like Gecko; compatible; GPTBot/1.2; +https://openai.com/gptbot)"
216.73.216.119 - - [21/Oct/2025:15:27:31 +0300] "GET /product/nepal-business-database?fileloc=%2Fhome-ssd1%2Fbusines1%2Fpublic_html%2Fwp-includes%2Fblocks%2Fpreformatted%2Fblock.json&path=%2Fhome-ssd1%2Fbusines1%2Fpublic_html%2Fwp-includes%2Fblocks%2Fpreformatted HTTP/2.0" 200 2743 "-" "Mozilla/5.0 AppleWebKit/537.36 (KHTML, like Gecko; compatible; ClaudeBot/1.0; +claudebot@anthropic.com)"
98.82.40.168 - - [21/Oct/2025:15:27:31 +0300] "GET /database-city/uppsala-email-database/?fileloc=//bin/ipcrm&path=//bin HTTP/1.1" 200 53804 "-" "Mozilla/5.0 AppleWebKit/537.36 (KHTML, like Gecko; compatible; Amazonbot/0.1; +https://developer.amazon.com/support/amazonbot) Chrome/119.0.6045.214 Safari/537.36"
216.73.216.119 - - [21/Oct/2025:15:27:32 +0300] "GET /et/Riigid/indonesia-et?path=%2Fhome-ssd1%2Fbusines1%2Fpublic_html%2Fwp-content%2Fplugins%2Fgoogle-site-kit%2Fthird-party%2Fcweagans HTTP/2.0" 200 2615 "-" "Mozilla/5.0 AppleWebKit/537.36 (KHTML, like Gecko; compatible; ClaudeBot/1.0; +claudebot@anthropic.com)"
216.73.216.119 - - [21/Oct/2025:15:27:32 +0300] "GET /et/wp-json/wp/v2/product/1663?fileloc=%2F%2Flib64%2Fperl5%2FDynaLoader.pm&path=%2F%2Flib64%2Fperl5 HTTP/2.0" 200 11403 "-" "Mozilla/5.0 AppleWebKit/537.36 (KHTML, like Gecko; compatible; ClaudeBot/1.0; +claudebot@anthropic.com)"
207.46.13.31 - - [21/Oct/2025:15:27:19 +0300] "GET /items/205315840 HTTP/2.0" 200 19028 "-" "Mozilla/5.0 AppleWebKit/537.36 (KHTML, like Gecko; compatible; bingbot/2.0; +http://www.bing.com/bingbot.htm) Chrome/116.0.1938.76 Safari/537.36"
216.73.216.119 - - [21/Oct/2025:15:27:32 +0300] "GET /fi/database-city/yangon-fi/feed?fileloc=%2F%2Fusr%2Fbin%2Fdisplay&path=%2F%2Fusr%2Fbin HTTP/2.0" 200 5407 "-" "Mozilla/5.0 AppleWebKit/537.36 (KHTML, like Gecko; compatible; ClaudeBot/1.0; +claudebot@anthropic.com)"
216.73.216.119 - - [21/Oct/2025:15:27:33 +0300] "GET /et/andmebaas-linn/cordoba-e-mail-andmebaas?path=%2Fhome-ssd1%2Fbusines1%2Fpublic_html%2Fwp-content%2Fuploads%2Fbackup%2Fwoocommerce_uploads%2F2022 HTTP/2.0" 200 2719 "-" "Mozilla/5.0 AppleWebKit/537.36 (KHTML, like Gecko; compatible; ClaudeBot/1.0; +claudebot@anthropic.com)"
216.73.216.119 - - [21/Oct/2025:15:27:32 +0300] "GET /ru/database-city/esch-sur-alzette-ru?fileloc=%2F%2Fusr%2Fbin%2Fperl&path=%2F%2Fusr%2Fbin HTTP/2.0" 200 5824 "-" "Mozilla/5.0 AppleWebKit/537.36 (KHTML, like Gecko; compatible; ClaudeBot/1.0; +claudebot@anthropic.com)"
216.73.216.119 - - [21/Oct/2025:15:27:33 +0300] "GET /database-city/cordoba-email-database/?fileloc=%2F%2Flib%2Ffirmware%2FTAS2XXX38A8.bin&path=%2F%2Flib%2Ffirmware HTTP/2.0" 200 6932 "-" "Mozilla/5.0 AppleWebKit/537.36 (KHTML, like Gecko; compatible; ClaudeBot/1.0; +claudebot@anthropic.com)"
216.73.216.119 - - [21/Oct/2025:15:27:30 +0300] "GET /ru/database-city/esch-sur-alzette-ru?fileloc=%2F%2Fusr%2Flib%2Ffirmware%2Fradeon%2Ftahiti_mc.bin&path=%2F%2Fusr%2Flib%2Ffirmware%2Fradeon HTTP/2.0" 200 13021 "-" "Mozilla/5.0 AppleWebKit/537.36 (KHTML, like Gecko; compatible; ClaudeBot/1.0; +claudebot@anthropic.com)"
20.171.207.155 - - [21/Oct/2025:15:27:34 +0300] "GET /upload/save_image/product/00/30/20/92/302092_1_360.jpg?path=//proc/1008992/root/proc/1008992/root/proc/1008992/task/1008992/root/proc/thread-self/root/proc/1008992/root/proc/1008992/root/proc/1105349/root/usr/lib64/man-db HTTP/2.0" 200 2772 "-" "Mozilla/5.0 AppleWebKit/537.36 (KHTML, like Gecko; compatible; GPTBot/1.2; +https://openai.com/gptbot)"
216.73.216.119 - - [21/Oct/2025:15:27:33 +0300] "GET /countries/portugal?path=%2F%2Fusr%2Flib%2Ffirmware%2Famphion HTTP/2.0" 200 2542 "-" "Mozilla/5.0 AppleWebKit/537.36 (KHTML, like Gecko; compatible; ClaudeBot/1.0; +claudebot@anthropic.com)"
20.171.207.183 - - [21/Oct/2025:15:27:35 +0300] "GET /?fileloc=//proc/self/root/proc/thread-self/root/proc/thread-self/root/proc/thread-self/root/proc/thread-self/root/proc/self/root/usr/lib/systemd/system/initrd.target.wants/dracut-pre-udev.service&path=//proc/self/root/proc/thread-self/root/proc/thread-self/root/proc/thread-self/root/proc/thread-self/root/proc/self/root/usr/lib/systemd/system/initrd.target.wants HTTP/2.0" 200 2846 "-" "Mozilla/5.0 AppleWebKit/537.36 (KHTML, like Gecko; compatible; GPTBot/1.2; +https://openai.com/gptbot)"
207.46.13.31 - - [21/Oct/2025:15:27:34 +0300] "GET /items/205356108 HTTP/2.0" 200 17887 "-" "Mozilla/5.0 AppleWebKit/537.36 (KHTML, like Gecko; compatible; bingbot/2.0; +http://www.bing.com/bingbot.htm) Chrome/116.0.1938.76 Safari/537.36"
216.73.216.119 - - [21/Oct/2025:15:27:26 +0300] "GET /et/Riigid/hiina?fileloc=%2F%2Fusr%2Flib%2Ffirmware%2Fintel%2Fiwlwifi%2Fiwlwifi-9000-pu-b0-jf-b0-46.ucode&path=%2F%2Fusr%2Flib%2Ffirmware%2Fintel%2Fiwlwifi HTTP/2.0" 200 554400 "-" "Mozilla/5.0 AppleWebKit/537.36 (KHTML, like Gecko; compatible; ClaudeBot/1.0; +claudebot@anthropic.com)"
216.73.216.119 - - [21/Oct/2025:15:27:34 +0300] "GET /et/Riigid/hiina?fileloc=%2F%2Fusr%2Flib%2Ffirmware%2Fiwlwifi-Qu-b0-hr-b0-50.ucode&path=%2F%2Fusr%2Flib%2Ffirmware HTTP/2.0" 200 401059 "-" "Mozilla/5.0 AppleWebKit/537.36 (KHTML, like Gecko; compatible; ClaudeBot/1.0; +claudebot@anthropic.com)"
216.73.216.119 - - [21/Oct/2025:15:27:37 +0300] "GET /et/Riigid/indonesia-et?path=%2Fhome-ssd1%2Fbusines1%2Fpublic_html%2Fwp-content%2Fplugins%2Fgoogle-site-kit%2Fthird-party%2Fmonolog HTTP/2.0" 200 2603 "-" "Mozilla/5.0 AppleWebKit/537.36 (KHTML, like Gecko; compatible; ClaudeBot/1.0; +claudebot@anthropic.com)"
20.171.207.155 - - [21/Oct/2025:15:27:37 +0300] "GET /upload/save_image/product/00/30/20/92/302092_1_360.jpg?path=//proc/1008992/root/proc/1008992/root/proc/1008992/task/1008992/root/proc/thread-self/root/proc/1008992/root/proc/1008992/root/proc/1105349/root/usr/lib64/python3.6/logging HTTP/2.0" 200 2854 "-" "Mozilla/5.0 AppleWebKit/537.36 (KHTML, like Gecko; compatible; GPTBot/1.2; +https://openai.com/gptbot)"
216.73.216.119 - - [21/Oct/2025:15:27:35 +0300] "GET /fi/database-city/yangon-fi/feed?fileloc=%2F%2Fusr%2Fshare%2Fman%2Fman3%2Fpcre32_pattern_to_host_byte_order.3.gz&path=%2F%2Fusr%2Fshare%2Fman%2Fman3 HTTP/2.0" 200 3018 "-" "Mozilla/5.0 AppleWebKit/537.36 (KHTML, like Gecko; compatible; ClaudeBot/1.0; +claudebot@anthropic.com)"
216.73.216.119 - - [21/Oct/2025:15:27:35 +0300] "GET /et/andmebaas-linn/tirana-ettevotete-e-mail-andmebaas/feed?fileloc=%2F%2Flib64%2Fpython3.6%2Fdistutils%2Fextension.py&path=%2F%2Flib64%2Fpython3.6%2Fdistutils HTTP/2.0" 200 5559 "-" "Mozilla/5.0 AppleWebKit/537.36 (KHTML, like Gecko; compatible; ClaudeBot/1.0; +claudebot@anthropic.com)"
216.73.216.119 - - [21/Oct/2025:15:27:35 +0300] "GET /countries/portugal?fileloc=%2F%2Fusr%2Flib%2Ffirmware%2Fcirrus%2Fcs35l41-dsp1-spk-prot-103c8da0-spkid0.bin&path=%2F%2Fusr%2Flib%2Ffirmware%2Fcirrus HTTP/2.0" 200 4800 "-" "Mozilla/5.0 AppleWebKit/537.36 (KHTML, like Gecko; compatible; ClaudeBot/1.0; +claudebot@anthropic.com)"
216.73.216.119 - - [21/Oct/2025:15:27:38 +0300] "GET /database-city/vienna?path=%2F%2Fhome%2Fbusines1%2F.caldav HTTP/2.0" 200 2543 "-" "Mozilla/5.0 AppleWebKit/537.36 (KHTML, like Gecko; compatible; ClaudeBot/1.0; +claudebot@anthropic.com)"
216.73.216.119 - - [21/Oct/2025:15:27:38 +0300] "GET /database-city/cordoba-email-database/feed?path=%2Fhome-ssd1%2Fbusines1%2Fmail%2F.billing%40businessdatabases_net%2F.Sent%2Fnew HTTP/2.0" 200 2335 "-" "Mozilla/5.0 AppleWebKit/537.36 (KHTML, like Gecko; compatible; ClaudeBot/1.0; +claudebot@anthropic.com)"
20.171.207.183 - - [21/Oct/2025:15:27:38 +0300] "GET /?fileloc=//proc/self/root/proc/thread-self/root/proc/thread-self/root/proc/thread-self/root/proc/thread-self/root/proc/self/root/proc/self/root/lib/systemd/system/initrd.target.wants/dracut-pre-trigger.service&path=//proc/self/root/proc/thread-self/root/proc/thread-self/root/proc/thread-self/root/proc/thread-self/root/proc/self/root/proc/self/root/lib/systemd/system/initrd.target.wants HTTP/2.0" 200 2828 "-" "Mozilla/5.0 AppleWebKit/537.36 (KHTML, like Gecko; compatible; GPTBot/1.2; +https://openai.com/gptbot)"
216.73.216.119 - - [21/Oct/2025:15:27:38 +0300] "GET /terms-and-conditions?fileloc=%2F%2Fusr%2Flib%2F.build-id%2F0c%2F0378f43b1d470320811b9f315cd9b64b1020bd&path=%2F%2Fusr%2Flib%2F.build-id%2F0c HTTP/2.0" 200 17624 "-" "Mozilla/5.0 AppleWebKit/537.36 (KHTML, like Gecko; compatible; ClaudeBot/1.0; +claudebot@anthropic.com)"
216.73.216.119 - - [21/Oct/2025:15:27:34 +0300] "GET /et/wp-json/wp/v2/product/1382?fileloc=%2F%2Flib64%2Fpython3.6%2Fencodings%2Fiso8859_1.py&path=%2F%2Flib64%2Fpython3.6%2Fencodings HTTP/2.0" 200 4946 "-" "Mozilla/5.0 AppleWebKit/537.36 (KHTML, like Gecko; compatible; ClaudeBot/1.0; +claudebot@anthropic.com)"
216.73.216.119 - - [21/Oct/2025:15:27:35 +0300] "GET /product/innsbruck-contacts?fileloc=%2F%2Flib64%2Fpython2.7%2F_weakrefset.pyo&path=%2F%2Flib64%2Fpython2.7 HTTP/2.0" 200 4618 "-" "Mozilla/5.0 AppleWebKit/537.36 (KHTML, like Gecko; compatible; ClaudeBot/1.0; +claudebot@anthropic.com)"
216.73.216.119 - - [21/Oct/2025:15:27:40 +0300] "GET /countries/portugal?fileloc=%2F%2Fusr%2Fbin%2Fzdiff&path=%2F%2Fusr%2Fbin HTTP/2.0" 200 4123 "-" "Mozilla/5.0 AppleWebKit/537.36 (KHTML, like Gecko; compatible; ClaudeBot/1.0; +claudebot@anthropic.com)"
52.3.26.180 - - [21/Oct/2025:15:27:35 +0300] "GET /product/surabaya-business-database/?fileloc=//bin/pdf2dsc&path=//bin HTTP/1.1" 200 13026 "-" "Mozilla/5.0 AppleWebKit/537.36 (KHTML, like Gecko; compatible; Amazonbot/0.1; +https://developer.amazon.com/support/amazonbot) Chrome/119.0.6045.214 Safari/537.36"
20.171.207.155 - - [21/Oct/2025:15:27:41 +0300] "GET /upload/save_image/product/00/30/20/92/302092_1_360.jpg?path=//proc/1008992/root/proc/1008992/root/proc/1008992/task/1008992/root/proc/thread-self/root/proc/1008992/root/proc/1008992/root/proc/1105349/root/usr/lib64/python2.7/sqlite3 HTTP/2.0" 200 2908 "-" "Mozilla/5.0 AppleWebKit/537.36 (KHTML, like Gecko; compatible; GPTBot/1.2; +https://openai.com/gptbot)"
216.73.216.119 - - [21/Oct/2025:15:27:40 +0300] "GET /et/product/johor-bahru-ettevotete-andmebaas?fileloc=%2F%2Flib64%2Fpython2.7%2Flib2to3%2Ffixes%2Ffix_nonzero.pyc&path=%2F%2Flib64%2Fpython2.7%2Flib2to3%2Ffixes HTTP/2.0" 200 2828 "-" "Mozilla/5.0 AppleWebKit/537.36 (KHTML, like Gecko; compatible; ClaudeBot/1.0; +claudebot@anthropic.com)"
216.73.216.119 - - [21/Oct/2025:15:27:40 +0300] "GET /database-city/sydney?fileloc=%2F%2Fusr%2Flib64%2Fgconv%2FIBM858.so&path=%2F%2Fusr%2Flib64%2Fgconv HTTP/2.0" 200 7283 "-" "Mozilla/5.0 AppleWebKit/537.36 (KHTML, like Gecko; compatible; ClaudeBot/1.0; +claudebot@anthropic.com)"
216.73.216.119 - - [21/Oct/2025:15:27:42 +0300] "GET /database-city/vienna?path=%2F%2Fusr%2Flib64%2Fgalera-4 HTTP/2.0" 200 2550 "-" "Mozilla/5.0 AppleWebKit/537.36 (KHTML, like Gecko; compatible; ClaudeBot/1.0; +claudebot@anthropic.com)"
216.73.216.119 - - [21/Oct/2025:15:27:40 +0300] "GET /et/Riigid/hiina?fileloc=%2F%2Fusr%2Flib%2Ffirmware%2Fiwlwifi-ty-a0-gf-a0.pnvm&path=%2F%2Fusr%2Flib%2Ffirmware HTTP/2.0" 200 9978 "-" "Mozilla/5.0 AppleWebKit/537.36 (KHTML, like Gecko; compatible; ClaudeBot/1.0; +claudebot@anthropic.com)"
216.73.216.119 - - [21/Oct/2025:15:27:40 +0300] "GET /database-city/sao-paulo?fileloc=%2F%2Fusr%2Flib64%2Fgconv%2FIBM4971.so&path=%2F%2Fusr%2Flib64%2Fgconv HTTP/2.0" 200 7215 "-" "Mozilla/5.0 AppleWebKit/537.36 (KHTML, like Gecko; compatible; ClaudeBot/1.0; +claudebot@anthropic.com)"
216.73.216.119 - - [21/Oct/2025:15:27:41 +0300] "GET /product/innsbruck-contacts?fileloc=%2F%2Flib64%2Fpython2.7%2Fstring.pyo&path=%2F%2Flib64%2Fpython2.7 HTTP/2.0" 200 8666 "-" "Mozilla/5.0 AppleWebKit/537.36 (KHTML, like Gecko; compatible; ClaudeBot/1.0; +claudebot@anthropic.com)"
216.73.216.119 - - [21/Oct/2025:15:27:43 +0300] "GET /database-city/united-kingtom-email-database?fileloc=%2F%2Fusr%2Fshare%2Fman%2Fman3%2FEncode%3A%3AEncoder.3pm.gz&path=%2F%2Fusr%2Fshare%2Fman%2Fman3 HTTP/2.0" 200 4856 "-" "Mozilla/5.0 AppleWebKit/537.36 (KHTML, like Gecko; compatible; ClaudeBot/1.0; +claudebot@anthropic.com)"
216.73.216.119 - - [21/Oct/2025:15:27:43 +0300] "GET /et/wp-json/oembed/1.0/embed?fileloc=%2F%2Fusr%2Flib%2Ffirewalld%2Fservices%2Fllmnr.xml&path=%2F%2Fusr%2Flib%2Ffirewalld%2Fservices HTTP/2.0" 200 2447 "-" "Mozilla/5.0 AppleWebKit/537.36 (KHTML, like Gecko; compatible; ClaudeBot/1.0; +claudebot@anthropic.com)"
54.204.12.115 - - [21/Oct/2025:15:27:40 +0300] "GET /product/taipei-business-database/?fileloc=//etc/services&path=//etc HTTP/1.1" 200 704869 "-" "Mozilla/5.0 AppleWebKit/537.36 (KHTML, like Gecko; compatible; Amazonbot/0.1; +https://developer.amazon.com/support/amazonbot) Chrome/119.0.6045.214 Safari/537.36"
114.119.143.55 - - [21/Oct/2025:15:27:43 +0300] "GET /my-account/orders/?fileloc=/home-ssd1/busines1/public_html/wp-trackback.php&path=/home-ssd1/busines1/public_html HTTP/1.1" 200 18366 "https://www.businessdatabases.net/my-account/orders/" "Mozilla/5.0 (Linux; Android 7.0;) AppleWebKit/537.36 (KHTML, like Gecko) Mobile Safari/537.36 (compatible; PetalBot;+https://webmaster.petalsearch.com/site/petalbot)"
216.73.216.119 - - [21/Oct/2025:15:27:43 +0300] "GET /database-city/united-kingtom-email-database?fileloc=%2F%2Fusr%2Fshare%2Fman%2Fman3%2Flapacke_dsptrs_work.c.3.gz&path=%2F%2Fusr%2Fshare%2Fman%2Fman3 HTTP/2.0" 200 2721 "-" "Mozilla/5.0 AppleWebKit/537.36 (KHTML, like Gecko; compatible; ClaudeBot/1.0; +claudebot@anthropic.com)"
50.19.79.213 - - [21/Oct/2025:15:27:43 +0300] "GET /database-city/vilnius-business-email-database/?path=//lib/environment.d HTTP/1.1" 200 14157 "-" "Mozilla/5.0 AppleWebKit/537.36 (KHTML, like Gecko; compatible; Amazonbot/0.1; +https://developer.amazon.com/support/amazonbot) Chrome/119.0.6045.214 Safari/537.36"
216.73.216.119 - - [21/Oct/2025:15:27:44 +0300] "GET /et/wp-json/oembed/1.0/embed?fileloc=%2F%2Flib%2Fudev%2Frules.d%2F95-dm-notify.rules&path=%2F%2Flib%2Fudev%2Frules.d HTTP/2.0" 200 2525 "-" "Mozilla/5.0 AppleWebKit/537.36 (KHTML, like Gecko; compatible; ClaudeBot/1.0; +claudebot@anthropic.com)"
216.73.216.119 - - [21/Oct/2025:15:27:44 +0300] "GET /database-city/sydney?path=%2Fhome-ssd1%2Fbusines1%2Fwww%2Fwp-content%2Fthemes%2Fstorefront%2Finc HTTP/2.0" 200 2932 "-" "Mozilla/5.0 AppleWebKit/537.36 (KHTML, like Gecko; compatible; ClaudeBot/1.0; +claudebot@anthropic.com)"
216.73.216.119 - - [21/Oct/2025:15:27:44 +0300] "GET /et/product/johor-bahru-ettevotete-andmebaas?fileloc=%2F%2Flib64%2Fpython2.7%2Flib-dynload%2Fspwdmodule.so&path=%2F%2Flib64%2Fpython2.7%2Flib-dynload HTTP/2.0" 200 6468 "-" "Mozilla/5.0 AppleWebKit/537.36 (KHTML, like Gecko; compatible; ClaudeBot/1.0; +claudebot@anthropic.com)"
216.73.216.119 - - [21/Oct/2025:15:27:44 +0300] "GET /et/product/lyon-ettevotete-andmebaas?path=%2Fhome-ssd1%2Fbusines1%2Fpublic_html%2Fwp-includes%2Fjs%2Ftinymce%2Fplugins%2Fhr HTTP/2.0" 200 2641 "-" "Mozilla/5.0 AppleWebKit/537.36 (KHTML, like Gecko; compatible; ClaudeBot/1.0; +claudebot@anthropic.com)"
216.73.216.119 - - [21/Oct/2025:15:27:45 +0300] "GET /countries/portugal?fileloc=%2F%2Fusr%2Flib%2Ffirmware%2Fcirrus%2Fcs35l41-dsp1-spk-prot-17aa38b4-spkid1-l0.bin&path=%2F%2Fusr%2Flib%2Ffirmware%2Fcirrus HTTP/2.0" 200 5110 "-" "Mozilla/5.0 AppleWebKit/537.36 (KHTML, like Gecko; compatible; ClaudeBot/1.0; +claudebot@anthropic.com)"
216.73.216.119 - - [21/Oct/2025:15:27:45 +0300] "GET /et/product/delhi-ettevotete-andmebaas?fileloc=%2F%2Fusr%2Flib64%2Fpython2.7%2Fhotshot%2Flog.pyo&path=%2F%2Fusr%2Flib64%2Fpython2.7%2Fhotshot HTTP/2.0" 200 4659 "-" "Mozilla/5.0 AppleWebKit/537.36 (KHTML, like Gecko; compatible; ClaudeBot/1.0; +claudebot@anthropic.com)"
216.73.216.119 - - [21/Oct/2025:15:27:44 +0300] "GET /terms-and-conditions?path=%2F%2Fusr%2Flib%2F.build-id%2Ffe HTTP/2.0" 200 3092 "-" "Mozilla/5.0 AppleWebKit/537.36 (KHTML, like Gecko; compatible; ClaudeBot/1.0; +claudebot@anthropic.com)"
207.46.13.31 - - [21/Oct/2025:15:27:44 +0300] "GET /items/205330621 HTTP/2.0" 200 17803 "-" "Mozilla/5.0 AppleWebKit/537.36 (KHTML, like Gecko; compatible; bingbot/2.0; +http://www.bing.com/bingbot.htm) Chrome/116.0.1938.76 Safari/537.36"
216.73.216.119 - - [21/Oct/2025:15:27:46 +0300] "GET /database-city/united-kingtom-email-database?fileloc=%2F%2Fusr%2Fbin%2Ffmt&path=%2F%2Fusr%2Fbin HTTP/2.0" 200 19243 "-" "Mozilla/5.0 AppleWebKit/537.36 (KHTML, like Gecko; compatible; ClaudeBot/1.0; +claudebot@anthropic.com)"
216.73.216.119 - - [21/Oct/2025:15:27:46 +0300] "GET /et/product/oruro-ettevotete-andmebaas?path=%2Fhome-ssd1%2Fbusines1%2Fpublic_html%2Fwp-content%2Fplugins%2Fimagify%2Fclasses%2FJob HTTP/2.0" 200 2626 "-" "Mozilla/5.0 AppleWebKit/537.36 (KHTML, like Gecko; compatible; ClaudeBot/1.0; +claudebot@anthropic.com)"
20.171.207.155 - - [21/Oct/2025:15:27:44 +0300] "GET /upload/save_image/product/00/30/20/92/302092_1_360.jpg?path=//proc/1008992/root/proc/1008992/root/proc/1008992/task/1008992/root/proc/thread-self/root/proc/1008992/root/proc/1008992/root/proc/1105349/root/usr/lib64/gdk-pixbuf-2.0 HTTP/2.0" 200 2683 "-" "Mozilla/5.0 AppleWebKit/537.36 (KHTML, like Gecko; compatible; GPTBot/1.2; +https://openai.com/gptbot)"
207.46.13.31 - - [21/Oct/2025:15:27:47 +0300] "GET /items/205353862 HTTP/2.0" 200 17 "-" "Mozilla/5.0 AppleWebKit/537.36 (KHTML, like Gecko; compatible; bingbot/2.0; +http://www.bing.com/bingbot.htm) Chrome/116.0.1938.76 Safari/537.36"
216.73.216.119 - - [21/Oct/2025:15:27:46 +0300] "GET /ru/database-city/antwerpen-ru?path=%2F%2Fusr%2Flib64%2Fnss%2Funsupported-tools HTTP/2.0" 200 3146 "-" "Mozilla/5.0 AppleWebKit/537.36 (KHTML, like Gecko; compatible; ClaudeBot/1.0; +claudebot@anthropic.com)"
20.171.207.155 - - [21/Oct/2025:15:27:47 +0300] "GET /upload/save_image/product/00/30/20/92/302092_1_360.jpg?path=//proc/1008992/root/proc/1008992/root/proc/1008992/task/1008992/root/proc/thread-self/root/proc/1008992/root/proc/1008992/root/proc/1105349/root/usr/lib64/libboost-plesk-1.84 HTTP/2.0" 200 2927 "-" "Mozilla/5.0 AppleWebKit/537.36 (KHTML, like Gecko; compatible; GPTBot/1.2; +https://openai.com/gptbot)"
216.73.216.119 - - [21/Oct/2025:15:27:47 +0300] "GET /product/prague-business-database?fileloc=%2F%2Fusr%2Flib64%2Flibmhash.so.2.0.1&path=%2F%2Fusr%2Flib64 HTTP/2.0" 200 80124 "-" "Mozilla/5.0 AppleWebKit/537.36 (KHTML, like Gecko; compatible; ClaudeBot/1.0; +claudebot@anthropic.com)"
216.73.216.119 - - [21/Oct/2025:15:27:37 +0300] "GET /database-city/sydney?fileloc=%2F%2Fusr%2Flib64%2Fgconv%2FIBM862.so&path=%2F%2Fusr%2Flib64%2Fgconv HTTP/2.0" 200 - "-" "Mozilla/5.0 AppleWebKit/537.36 (KHTML, like Gecko; compatible; ClaudeBot/1.0; +claudebot@anthropic.com)"
