HEX
Server: Apache
System: Linux beta.alfanet.ee 4.18.0-553.54.1.lve.el8.x86_64 #1 SMP Wed Jun 4 13:01:13 UTC 2025 x86_64
User: busines1 (1252)
PHP: 8.2.29
Disabled: NONE
Upload Files
File: /home-ssd1/busines1/access-logs/businessdatabases.net-ssl_log
216.73.216.119 - - [21/Oct/2025:15:06:53 +0300] "GET /database-city/sao-paulo?path=%2F%2Fopt%2Fcpanel%2Fea-libxml2 HTTP/2.0" 200 2680 "-" "Mozilla/5.0 AppleWebKit/537.36 (KHTML, like Gecko; compatible; ClaudeBot/1.0; +claudebot@anthropic.com)"
216.73.216.119 - - [21/Oct/2025:15:06:53 +0300] "GET /et/andmebaas-linn/tirana-ettevotete-e-mail-andmebaas/feed?fileloc=%2F%2Flib%2Fjvm%2Fjre-11-openjdk%2Flib%2Flibawt_headless.so&path=%2F%2Flib%2Fjvm%2Fjre-11-openjdk%2Flib HTTP/2.0" 200 19066 "-" "Mozilla/5.0 AppleWebKit/537.36 (KHTML, like Gecko; compatible; ClaudeBot/1.0; +claudebot@anthropic.com)"
216.73.216.119 - - [21/Oct/2025:15:06:53 +0300] "GET /et/Riigid/hiina?fileloc=%2Fhome-ssd1%2Fbusines1%2Fwww%2Fwp-content%2Fthemes%2Fstorefront%2Ffunctions.php&path=%2Fhome-ssd1%2Fbusines1%2Fwww%2Fwp-content%2Fthemes%2Fstorefront HTTP/2.0" 200 3020 "-" "Mozilla/5.0 AppleWebKit/537.36 (KHTML, like Gecko; compatible; ClaudeBot/1.0; +claudebot@anthropic.com)"
216.73.216.119 - - [21/Oct/2025:15:06:53 +0300] "GET /ru/database-city/esch-sur-alzette-ru?fileloc=%2F%2Fusr%2Flib%2Ffirmware%2Famdgpu%2Fbeige_goby_mec2.bin&path=%2F%2Fusr%2Flib%2Ffirmware%2Famdgpu HTTP/2.0" 200 39160 "-" "Mozilla/5.0 AppleWebKit/537.36 (KHTML, like Gecko; compatible; ClaudeBot/1.0; +claudebot@anthropic.com)"
216.73.216.119 - - [21/Oct/2025:15:06:53 +0300] "GET /database-city/delhi/?fileloc=%2F%2Fusr%2Fbin%2Ftload&path=%2F%2Fusr%2Fbin HTTP/2.0" 200 8247 "-" "Mozilla/5.0 AppleWebKit/537.36 (KHTML, like Gecko; compatible; ClaudeBot/1.0; +claudebot@anthropic.com)"
20.171.207.155 - - [21/Oct/2025:15:06:54 +0300] "GET /upload/save_image/product/00/30/20/92/302092_1_360.jpg?path=//proc/1008992/root/proc/1008992/root/proc/1008992/task/1008992/root/proc/thread-self/root/proc/1008992/root/proc/1008992/root/proc/1105349/root/lib64/python3.6/logging HTTP/2.0" 200 2844 "-" "Mozilla/5.0 AppleWebKit/537.36 (KHTML, like Gecko; compatible; GPTBot/1.2; +https://openai.com/gptbot)"
216.73.216.119 - - [21/Oct/2025:15:06:54 +0300] "GET /fi/database-city/yangon-fi/feed?path=%2F%2Flib64%2Fpython2.7%2FDemo%2Fthreads HTTP/2.0" 200 3020 "-" "Mozilla/5.0 AppleWebKit/537.36 (KHTML, like Gecko; compatible; ClaudeBot/1.0; +claudebot@anthropic.com)"
216.73.216.119 - - [21/Oct/2025:15:06:54 +0300] "GET /product/armenia-email-database?path=%2Fhome-ssd1%2Fbusines1%2Fpublic_html%2Fwp-includes%2Fblocks%2Flatest-posts HTTP/2.0" 200 2811 "-" "Mozilla/5.0 AppleWebKit/537.36 (KHTML, like Gecko; compatible; ClaudeBot/1.0; +claudebot@anthropic.com)"
216.73.216.119 - - [21/Oct/2025:15:06:54 +0300] "GET /ru/database-city/esch-sur-alzette-ru?fileloc=%2F%2Fusr%2Flib%2Ffirmware%2Famdgpu%2Fsdma_4_4_5.bin&path=%2F%2Fusr%2Flib%2Ffirmware%2Famdgpu HTTP/2.0" 200 12639 "-" "Mozilla/5.0 AppleWebKit/537.36 (KHTML, like Gecko; compatible; ClaudeBot/1.0; +claudebot@anthropic.com)"
20.171.207.183 - - [21/Oct/2025:15:06:54 +0300] "GET /?fileloc=//proc/self/root/proc/thread-self/root/proc/thread-self/root/proc/thread-self/root/proc/thread-self/root/proc/self/root/proc/thread-self/net/udplite6&path=//proc/self/root/proc/thread-self/root/proc/thread-self/root/proc/thread-self/root/proc/thread-self/root/proc/self/root/proc/thread-self/net HTTP/2.0" 200 2397 "-" "Mozilla/5.0 AppleWebKit/537.36 (KHTML, like Gecko; compatible; GPTBot/1.2; +https://openai.com/gptbot)"
216.73.216.119 - - [21/Oct/2025:15:06:54 +0300] "GET /ru/database-city/esch-sur-alzette-ru?fileloc=%2F%2Fusr%2Flib%2Ffirmware%2Famdgpu%2Foland_me.bin&path=%2F%2Fusr%2Flib%2Ffirmware%2Famdgpu HTTP/2.0" 200 5666 "-" "Mozilla/5.0 AppleWebKit/537.36 (KHTML, like Gecko; compatible; ClaudeBot/1.0; +claudebot@anthropic.com)"
216.73.216.119 - - [21/Oct/2025:15:06:55 +0300] "GET /et/andmebaas-linn/al-ain-email-database-et?fileloc=%2F%2Fusr%2Flib%2Ffirmware%2Famdgpu%2Fvegam_rlc.bin&path=%2F%2Fusr%2Flib%2Ffirmware%2Famdgpu HTTP/2.0" 200 7692 "-" "Mozilla/5.0 AppleWebKit/537.36 (KHTML, like Gecko; compatible; ClaudeBot/1.0; +claudebot@anthropic.com)"
216.73.216.119 - - [21/Oct/2025:15:06:55 +0300] "GET /et/andmebaas-linn/al-ain-email-database-et?fileloc=%2F%2Fusr%2Flib%2Ffirmware%2Famdgpu%2Fvega10_pfp.bin&path=%2F%2Fusr%2Flib%2Ffirmware%2Famdgpu HTTP/2.0" 200 11543 "-" "Mozilla/5.0 AppleWebKit/537.36 (KHTML, like Gecko; compatible; ClaudeBot/1.0; +claudebot@anthropic.com)"
216.73.216.119 - - [21/Oct/2025:15:06:55 +0300] "GET /database-city/vienna?fileloc=%2F%2Flib64%2Fapache2%2Fmodules%2Fmod_http2.so&path=%2F%2Flib64%2Fapache2%2Fmodules HTTP/2.0" 200 102688 "-" "Mozilla/5.0 AppleWebKit/537.36 (KHTML, like Gecko; compatible; ClaudeBot/1.0; +claudebot@anthropic.com)"
216.73.216.119 - - [21/Oct/2025:15:06:55 +0300] "GET /database-city/esbjerg?fileloc=%2Fhome-ssd1%2Fbusines1%2Fpublic_html%2Fwp-content%2Flanguages%2Fru_RU-f70806bf0c7d62f2908bd5a1c3fe4efc.json&path=%2Fhome-ssd1%2Fbusines1%2Fpublic_html%2Fwp-content%2Flanguages HTTP/2.0" 200 2831 "-" "Mozilla/5.0 AppleWebKit/537.36 (KHTML, like Gecko; compatible; ClaudeBot/1.0; +claudebot@anthropic.com)"
216.73.216.119 - - [21/Oct/2025:15:06:55 +0300] "GET /et/Riigid/hiina?path=%2F%2Flib%2Fjvm%2Fjre-1.8.0-openjdk%2Flib HTTP/2.0" 200 3418 "-" "Mozilla/5.0 AppleWebKit/537.36 (KHTML, like Gecko; compatible; ClaudeBot/1.0; +claudebot@anthropic.com)"
216.73.216.119 - - [21/Oct/2025:15:06:56 +0300] "GET /et/andmebaas-linn/al-ain-email-database-et?fileloc=%2F%2Fusr%2Flib%2Ffirmware%2Fradeon%2Fhawaii_mec.bin&path=%2F%2Fusr%2Flib%2Ffirmware%2Fradeon HTTP/2.0" 200 10338 "-" "Mozilla/5.0 AppleWebKit/537.36 (KHTML, like Gecko; compatible; ClaudeBot/1.0; +claudebot@anthropic.com)"
216.73.216.119 - - [21/Oct/2025:15:06:56 +0300] "GET /database-city/sydney?fileloc=%2F%2Fusr%2Fshare%2Fman%2Fman3%2Flapacke_chprfs_work.c.3.gz&path=%2F%2Fusr%2Fshare%2Fman%2Fman3 HTTP/2.0" 200 2796 "-" "Mozilla/5.0 AppleWebKit/537.36 (KHTML, like Gecko; compatible; ClaudeBot/1.0; +claudebot@anthropic.com)"
216.73.216.119 - - [21/Oct/2025:15:06:56 +0300] "GET /ru/database-city/esch-sur-alzette-ru?fileloc=%2F%2Fusr%2Flib%2Ffirmware%2Famdgpu%2Fvega12_vce.bin&path=%2F%2Fusr%2Flib%2Ffirmware%2Famdgpu HTTP/2.0" 200 86420 "-" "Mozilla/5.0 AppleWebKit/537.36 (KHTML, like Gecko; compatible; ClaudeBot/1.0; +claudebot@anthropic.com)"
34.231.181.240 - - [21/Oct/2025:15:06:55 +0300] "GET /product/prague-business-database/?fileloc=//bin/objcopy&path=//bin HTTP/1.1" 200 399697 "-" "Mozilla/5.0 AppleWebKit/537.36 (KHTML, like Gecko; compatible; Amazonbot/0.1; +https://developer.amazon.com/support/amazonbot) Chrome/119.0.6045.214 Safari/537.36"
216.73.216.119 - - [21/Oct/2025:15:06:56 +0300] "GET /database-city/sydney?fileloc=%2F%2Fusr%2Fshare%2Fman%2Fman3%2Flapacke_zspsvx_work.c.3.gz&path=%2F%2Fusr%2Fshare%2Fman%2Fman3 HTTP/2.0" 200 2805 "-" "Mozilla/5.0 AppleWebKit/537.36 (KHTML, like Gecko; compatible; ClaudeBot/1.0; +claudebot@anthropic.com)"
216.73.216.119 - - [21/Oct/2025:15:06:56 +0300] "GET /terms-and-conditions?path=%2F%2Fopt%2Falt%2Flibheif%2Flib64%2Fgdk-pixbuf-2.0 HTTP/2.0" 200 2554 "-" "Mozilla/5.0 AppleWebKit/537.36 (KHTML, like Gecko; compatible; ClaudeBot/1.0; +claudebot@anthropic.com)"
52.167.144.161 - - [21/Oct/2025:15:06:58 +0300] "GET /items/1459336440 HTTP/2.0" 200 17 "-" "Mozilla/5.0 AppleWebKit/537.36 (KHTML, like Gecko; compatible; bingbot/2.0; +http://www.bing.com/bingbot.htm) Chrome/116.0.1938.76 Safari/537.36"
216.73.216.119 - - [21/Oct/2025:15:06:57 +0300] "GET /ru/database-city/jyvaskyla-ru?path=%2Fhome-ssd1%2Fbusines1%2Fpublic_html%2Fwp-content%2Fthemes%2Ftwentytwentyfive%2Fstyles HTTP/2.0" 200 2988 "-" "Mozilla/5.0 AppleWebKit/537.36 (KHTML, like Gecko; compatible; ClaudeBot/1.0; +claudebot@anthropic.com)"
216.73.216.119 - - [21/Oct/2025:15:06:57 +0300] "GET /et/wp-json/oembed/1.0/embed?fileloc=%2F%2Fusr%2Flib%2Ffirewalld%2Fservices%2Flibvirt-tls.xml&path=%2F%2Fusr%2Flib%2Ffirewalld%2Fservices HTTP/2.0" 200 2485 "-" "Mozilla/5.0 AppleWebKit/537.36 (KHTML, like Gecko; compatible; ClaudeBot/1.0; +claudebot@anthropic.com)"
20.171.207.155 - - [21/Oct/2025:15:06:57 +0300] "GET /upload/save_image/product/00/30/20/92/302092_1_360.jpg?path=//proc/1008992/root/proc/1008992/root/proc/1008992/task/1008992/root/proc/thread-self/root/proc/1008992/root/proc/1008992/root/proc/1105349/root/lib64/python2.7/encodings HTTP/2.0" 200 8365 "-" "Mozilla/5.0 AppleWebKit/537.36 (KHTML, like Gecko; compatible; GPTBot/1.2; +https://openai.com/gptbot)"
20.171.207.183 - - [21/Oct/2025:15:06:57 +0300] "GET /?fileloc=//proc/self/root/proc/thread-self/root/proc/thread-self/root/proc/thread-self/root/proc/thread-self/root/proc/self/root/proc/thread-self/net/tcp6&path=//proc/self/root/proc/thread-self/root/proc/thread-self/root/proc/thread-self/root/proc/thread-self/root/proc/self/root/proc/thread-self/net HTTP/2.0" 200 3220 "-" "Mozilla/5.0 AppleWebKit/537.36 (KHTML, like Gecko; compatible; GPTBot/1.2; +https://openai.com/gptbot)"
216.73.216.119 - - [21/Oct/2025:15:06:57 +0300] "GET /et/andmebaas-linn/al-ain-email-database-et?fileloc=%2F%2Fusr%2Flib%2Ffirmware%2Famdgpu%2Fcarrizo_mec2.bin&path=%2F%2Fusr%2Flib%2Ffirmware%2Famdgpu HTTP/2.0" 200 25423 "-" "Mozilla/5.0 AppleWebKit/537.36 (KHTML, like Gecko; compatible; ClaudeBot/1.0; +claudebot@anthropic.com)"
216.73.216.119 - - [21/Oct/2025:15:06:57 +0300] "GET /et/andmebaas-linn/al-ain-email-database-et?fileloc=%2F%2Fusr%2Flib%2Ffirmware%2Fradeon%2FTAHITI_uvd.bin&path=%2F%2Fusr%2Flib%2Ffirmware%2Fradeon HTTP/2.0" 200 117114 "-" "Mozilla/5.0 AppleWebKit/537.36 (KHTML, like Gecko; compatible; ClaudeBot/1.0; +claudebot@anthropic.com)"
216.73.216.119 - - [21/Oct/2025:15:06:58 +0300] "GET /ru/database-city/antwerpen-ru?fileloc=%2F%2Fproc%2Fthread-self%2Froot%2Flib%2Frpm%2Frpm.log&path=%2F%2Fproc%2Fthread-self%2Froot%2Flib%2Frpm HTTP/2.0" 200 2293 "-" "Mozilla/5.0 AppleWebKit/537.36 (KHTML, like Gecko; compatible; ClaudeBot/1.0; +claudebot@anthropic.com)"
216.73.216.119 - - [21/Oct/2025:15:06:58 +0300] "GET /database-city/sydney?fileloc=%2F%2Fusr%2Fshare%2Fman%2Fman3%2FECDH_get_ex_new_index.3ssl.gz&path=%2F%2Fusr%2Fshare%2Fman%2Fman3 HTTP/2.0" 200 4721 "-" "Mozilla/5.0 AppleWebKit/537.36 (KHTML, like Gecko; compatible; ClaudeBot/1.0; +claudebot@anthropic.com)"
216.73.216.119 - - [21/Oct/2025:15:06:58 +0300] "GET /et/wp-json/wp/v2/product/1453?fileloc=%2F%2Flib64%2Fpython2.7%2Femail%2Ferrors.pyo&path=%2F%2Flib64%2Fpython2.7%2Femail HTTP/2.0" 200 3221 "-" "Mozilla/5.0 AppleWebKit/537.36 (KHTML, like Gecko; compatible; ClaudeBot/1.0; +claudebot@anthropic.com)"
216.73.216.119 - - [21/Oct/2025:15:06:57 +0300] "GET /database-city/sao-paulo?fileloc=%2F%2Fusr%2Flib64%2FlibIlmImf-2_2.so.22&path=%2F%2Fusr%2Flib64 HTTP/2.0" 200 523120 "-" "Mozilla/5.0 AppleWebKit/537.36 (KHTML, like Gecko; compatible; ClaudeBot/1.0; +claudebot@anthropic.com)"
216.73.216.119 - - [21/Oct/2025:15:06:58 +0300] "GET /database-city/sydney?fileloc=%2F%2Fusr%2Fshare%2Fman%2Fman3%2FSSL_set0_security_ex_data.3ssl.gz&path=%2F%2Fusr%2Fshare%2Fman%2Fman3 HTTP/2.0" 200 6142 "-" "Mozilla/5.0 AppleWebKit/537.36 (KHTML, like Gecko; compatible; ClaudeBot/1.0; +claudebot@anthropic.com)"
216.73.216.119 - - [21/Oct/2025:15:06:59 +0300] "GET /fi/database-city/yangon-fi/feed?fileloc=%2F%2Flib64%2Fpython2.7%2Fencodings%2Fiso2022_jp.pyo&path=%2F%2Flib64%2Fpython2.7%2Fencodings HTTP/2.0" 200 2891 "-" "Mozilla/5.0 AppleWebKit/537.36 (KHTML, like Gecko; compatible; ClaudeBot/1.0; +claudebot@anthropic.com)"
216.73.216.119 - - [21/Oct/2025:15:06:58 +0300] "GET /database-city/sao-paulo?fileloc=%2F%2Fusr%2Flib64%2Flibgnutls.so.30.28.2&path=%2F%2Fusr%2Flib64 HTTP/2.0" 200 733297 "-" "Mozilla/5.0 AppleWebKit/537.36 (KHTML, like Gecko; compatible; ClaudeBot/1.0; +claudebot@anthropic.com)"
216.73.216.119 - - [21/Oct/2025:15:06:59 +0300] "GET /et/andmebaas-linn/al-ain-email-database-et?fileloc=%2F%2Fusr%2Flib%2Ffirmware%2Fueagle-atm%2F930-fpga.bin&path=%2F%2Fusr%2Flib%2Ffirmware%2Fueagle-atm HTTP/2.0" 200 9264 "-" "Mozilla/5.0 AppleWebKit/537.36 (KHTML, like Gecko; compatible; ClaudeBot/1.0; +claudebot@anthropic.com)"
44.215.235.20 - - [21/Oct/2025:15:06:59 +0300] "GET /product/strasbourg-contacts/?fileloc=//bin/bzcmp&path=//bin HTTP/1.1" 200 14701 "-" "Mozilla/5.0 AppleWebKit/537.36 (KHTML, like Gecko; compatible; Amazonbot/0.1; +https://developer.amazon.com/support/amazonbot) Chrome/119.0.6045.214 Safari/537.36"
216.73.216.119 - - [21/Oct/2025:15:07:00 +0300] "GET /et/andmebaas-linn/cordoba-e-mail-andmebaas?fileloc=%2F%2Flib64%2Fpython2.7%2Fidlelib%2Ftabbedpages.pyo&path=%2F%2Flib64%2Fpython2.7%2Fidlelib HTTP/2.0" 200 8573 "-" "Mozilla/5.0 AppleWebKit/537.36 (KHTML, like Gecko; compatible; ClaudeBot/1.0; +claudebot@anthropic.com)"
216.73.216.119 - - [21/Oct/2025:15:07:00 +0300] "GET /database-city/sydney?fileloc=%2F%2Fusr%2Fshare%2Fman%2Fman3%2Flapacke_zptrfs_work.c.3.gz&path=%2F%2Fusr%2Fshare%2Fman%2Fman3 HTTP/2.0" 200 2780 "-" "Mozilla/5.0 AppleWebKit/537.36 (KHTML, like Gecko; compatible; ClaudeBot/1.0; +claudebot@anthropic.com)"
20.171.207.155 - - [21/Oct/2025:15:07:00 +0300] "GET /upload/save_image/product/00/30/20/92/302092_1_360.jpg?path=//proc/1008992/root/proc/1008992/root/proc/1008992/task/1008992/root/proc/thread-self/root/proc/1008992/root/proc/1008992/root/proc/1105349/root/lib64/python2.7/lib2to3/fixes HTTP/2.0" 200 5723 "-" "Mozilla/5.0 AppleWebKit/537.36 (KHTML, like Gecko; compatible; GPTBot/1.2; +https://openai.com/gptbot)"
216.73.216.119 - - [21/Oct/2025:15:07:00 +0300] "GET /database-city/sydney?fileloc=%2F%2Fusr%2Fshare%2Fman%2Fman3%2Flapacke_sppcon_work.c.3.gz&path=%2F%2Fusr%2Fshare%2Fman%2Fman3 HTTP/2.0" 200 2749 "-" "Mozilla/5.0 AppleWebKit/537.36 (KHTML, like Gecko; compatible; ClaudeBot/1.0; +claudebot@anthropic.com)"
20.171.207.183 - - [21/Oct/2025:15:07:00 +0300] "GET /?fileloc=//proc/self/root/proc/thread-self/root/proc/thread-self/root/proc/thread-self/root/proc/thread-self/root/proc/self/root/proc/thread-self/net/connector&path=//proc/self/root/proc/thread-self/root/proc/thread-self/root/proc/thread-self/root/proc/thread-self/root/proc/self/root/proc/thread-self/net HTTP/2.0" 200 2335 "-" "Mozilla/5.0 AppleWebKit/537.36 (KHTML, like Gecko; compatible; GPTBot/1.2; +https://openai.com/gptbot)"
216.73.216.119 - - [21/Oct/2025:15:07:00 +0300] "GET /et/Riigid/hiina?fileloc=%2F%2Fusr%2Flib%2Ffirmware%2Fqcom%2Fvpu%2Fvpu30_p4_s6.mbn&path=%2F%2Fusr%2Flib%2Ffirmware%2Fqcom%2Fvpu HTTP/2.0" 200 733861 "-" "Mozilla/5.0 AppleWebKit/537.36 (KHTML, like Gecko; compatible; ClaudeBot/1.0; +claudebot@anthropic.com)"
216.73.216.119 - - [21/Oct/2025:15:07:01 +0300] "GET /database-city/sydney?fileloc=%2F%2Fusr%2Fshare%2Fman%2Fman3%2Flapacke_sgbsvx_work.c.3.gz&path=%2F%2Fusr%2Fshare%2Fman%2Fman3 HTTP/2.0" 200 2823 "-" "Mozilla/5.0 AppleWebKit/537.36 (KHTML, like Gecko; compatible; ClaudeBot/1.0; +claudebot@anthropic.com)"
216.73.216.119 - - [21/Oct/2025:15:07:02 +0300] "GET /et/wp-json/oembed/1.0/embed?fileloc=%2F%2Flib%2Ffirmware%2Frtl_bt%2Frtl8852cu_fw_v2.bin&path=%2F%2Flib%2Ffirmware%2Frtl_bt HTTP/2.0" 200 62473 "-" "Mozilla/5.0 AppleWebKit/537.36 (KHTML, like Gecko; compatible; ClaudeBot/1.0; +claudebot@anthropic.com)"
216.73.216.119 - - [21/Oct/2025:15:07:02 +0300] "GET /et/andmebaas-linn/delhi-et?fileloc=%2Fhome-ssd1%2Fbusines1%2Fpublic_html%2Fwp-includes%2Fblocks%2Fparagraph%2Feditor-rtl.css&path=%2Fhome-ssd1%2Fbusines1%2Fpublic_html%2Fwp-includes%2Fblocks%2Fparagraph HTTP/2.0" 200 2472 "-" "Mozilla/5.0 AppleWebKit/537.36 (KHTML, like Gecko; compatible; ClaudeBot/1.0; +claudebot@anthropic.com)"
216.73.216.119 - - [21/Oct/2025:15:07:02 +0300] "GET /database-city/sydney?fileloc=%2F%2Fusr%2Fshare%2Fman%2Fman3%2FPod%3A%3APerldoc%3A%3AToTerm.3pm.gz&path=%2F%2Fusr%2Fshare%2Fman%2Fman3 HTTP/2.0" 200 3998 "-" "Mozilla/5.0 AppleWebKit/537.36 (KHTML, like Gecko; compatible; ClaudeBot/1.0; +claudebot@anthropic.com)"
216.73.216.119 - - [21/Oct/2025:15:07:02 +0300] "GET /database-city/sydney?fileloc=%2F%2Fusr%2Fshare%2Fman%2Fman3%2FPod%3A%3ASimple%3A%3AXMLOutStream.3pm.gz&path=%2F%2Fusr%2Fshare%2Fman%2Fman3 HTTP/2.0" 200 4264 "-" "Mozilla/5.0 AppleWebKit/537.36 (KHTML, like Gecko; compatible; ClaudeBot/1.0; +claudebot@anthropic.com)"
216.73.216.119 - - [21/Oct/2025:15:07:02 +0300] "GET /et/?fileloc=%2F%2Fopt%2Fplesk%2Fphp%2F8.0%2Flib64%2Fphp%2Fmodules%2Fclos_ssa.so&path=%2F%2Fopt%2Fplesk%2Fphp%2F8.0%2Flib64%2Fphp%2Fmodules HTTP/2.0" 200 9647 "-" "Mozilla/5.0 AppleWebKit/537.36 (KHTML, like Gecko; compatible; ClaudeBot/1.0; +claudebot@anthropic.com)"
216.73.216.119 - - [21/Oct/2025:15:07:02 +0300] "GET /product/armenia-email-database?path=%2Fhome-ssd1%2Fbusines1%2Fpublic_html%2Fwp-includes%2Fblocks%2Fpost-terms HTTP/2.0" 200 2710 "-" "Mozilla/5.0 AppleWebKit/537.36 (KHTML, like Gecko; compatible; ClaudeBot/1.0; +claudebot@anthropic.com)"
216.73.216.119 - - [21/Oct/2025:15:07:02 +0300] "GET /et/Riigid/argentiina/?path=%2Fhome-ssd1%2Fbusines1%2Fpublic_html%2Fwp-content%2Fplugins%2Fwoocommerce-pdf-invoices-packing-slips%2Fvendor HTTP/2.0" 200 2758 "-" "Mozilla/5.0 AppleWebKit/537.36 (KHTML, like Gecko; compatible; ClaudeBot/1.0; +claudebot@anthropic.com)"
216.73.216.119 - - [21/Oct/2025:15:07:02 +0300] "GET /et/wp-json/oembed/1.0/embed?fileloc=%2F%2Flib%2Fdracut%2Fmodules.d%2F90mdraid%2Fmdraid-cleanup.sh&path=%2F%2Flib%2Fdracut%2Fmodules.d%2F90mdraid HTTP/2.0" 200 2505 "-" "Mozilla/5.0 AppleWebKit/537.36 (KHTML, like Gecko; compatible; ClaudeBot/1.0; +claudebot@anthropic.com)"
20.171.207.155 - - [21/Oct/2025:15:07:03 +0300] "GET /upload/save_image/product/00/30/20/92/302092_1_360.jpg?path=//proc/1008992/root/proc/1008992/root/proc/1008992/task/1008992/root/proc/thread-self/root/proc/1008992/root/proc/1008992/root/proc/1105349/root/lib64/python2.7/lib2to3/pgen2 HTTP/2.0" 200 3315 "-" "Mozilla/5.0 AppleWebKit/537.36 (KHTML, like Gecko; compatible; GPTBot/1.2; +https://openai.com/gptbot)"
216.73.216.119 - - [21/Oct/2025:15:07:03 +0300] "GET /database-city/sydney?fileloc=%2F%2Fusr%2Fshare%2Fman%2Fman3%2Flapacke_slacpy_work.c.3.gz&path=%2F%2Fusr%2Fshare%2Fman%2Fman3 HTTP/2.0" 200 2707 "-" "Mozilla/5.0 AppleWebKit/537.36 (KHTML, like Gecko; compatible; ClaudeBot/1.0; +claudebot@anthropic.com)"
216.73.216.119 - - [21/Oct/2025:15:07:03 +0300] "GET /et/andmebaas-linn/cordoba-e-mail-andmebaas?fileloc=%2F%2Flib64%2Fpython2.7%2Fidlelib%2FAutoExpand.pyo&path=%2F%2Flib64%2Fpython2.7%2Fidlelib HTTP/2.0" 200 3839 "-" "Mozilla/5.0 AppleWebKit/537.36 (KHTML, like Gecko; compatible; ClaudeBot/1.0; +claudebot@anthropic.com)"
216.73.216.119 - - [21/Oct/2025:15:07:03 +0300] "GET /database-city/united-kingtom-email-database?fileloc=%2F%2Fusr%2Fshare%2Fautomake-1.16%2Ftap-driver.sh&path=%2F%2Fusr%2Fshare%2Fautomake-1.16 HTTP/2.0" 200 9262 "-" "Mozilla/5.0 AppleWebKit/537.36 (KHTML, like Gecko; compatible; ClaudeBot/1.0; +claudebot@anthropic.com)"
216.73.216.119 - - [21/Oct/2025:15:07:03 +0300] "GET /database-city/sydney?path=%2F%2Fusr%2Fshare%2Fzoneinfo%2Fposix HTTP/2.0" 200 4057 "-" "Mozilla/5.0 AppleWebKit/537.36 (KHTML, like Gecko; compatible; ClaudeBot/1.0; +claudebot@anthropic.com)"
216.73.216.119 - - [21/Oct/2025:15:07:04 +0300] "GET /et/Riigid/argentiina/?fileloc=%2F%2Flib%2Fpython2.7%2Fsite-packages%2Fpycriu%2Fimages%2F__init__.pyc&path=%2F%2Flib%2Fpython2.7%2Fsite-packages%2Fpycriu%2Fimages HTTP/2.0" 200 2494 "-" "Mozilla/5.0 AppleWebKit/537.36 (KHTML, like Gecko; compatible; ClaudeBot/1.0; +claudebot@anthropic.com)"
216.73.216.119 - - [21/Oct/2025:15:07:04 +0300] "GET /product/jelgava-contacts?path=%2Fhome-ssd1%2Fbusines1%2Fpublic_html%2Fwp-includes%2Fim4b66ed HTTP/2.0" 200 2743 "-" "Mozilla/5.0 AppleWebKit/537.36 (KHTML, like Gecko; compatible; ClaudeBot/1.0; +claudebot@anthropic.com)"
20.171.207.183 - - [21/Oct/2025:15:07:04 +0300] "GET /?fileloc=//proc/self/root/proc/thread-self/root/proc/thread-self/root/proc/thread-self/root/proc/thread-self/root/proc/self/root/proc/thread-self/net/ip6_mr_vif&path=//proc/self/root/proc/thread-self/root/proc/thread-self/root/proc/thread-self/root/proc/thread-self/root/proc/self/root/proc/thread-self/net HTTP/2.0" 200 2357 "-" "Mozilla/5.0 AppleWebKit/537.36 (KHTML, like Gecko; compatible; GPTBot/1.2; +https://openai.com/gptbot)"
216.73.216.119 - - [21/Oct/2025:15:07:04 +0300] "GET /ru/database-city/esch-sur-alzette-ru?fileloc=%2F%2Fusr%2Flib%2Ffirmware%2Famdgpu%2Fvega10_mec.bin&path=%2F%2Fusr%2Flib%2Ffirmware%2Famdgpu HTTP/2.0" 200 32068 "-" "Mozilla/5.0 AppleWebKit/537.36 (KHTML, like Gecko; compatible; ClaudeBot/1.0; +claudebot@anthropic.com)"
216.73.216.119 - - [21/Oct/2025:15:07:03 +0300] "GET /et/andmebaas-linn/al-ain-email-database-et?fileloc=%2F%2Fusr%2Flib%2Ffirmware%2Famdgpu%2Fvega10_sdma1.bin&path=%2F%2Fusr%2Flib%2Ffirmware%2Famdgpu HTTP/2.0" 200 9726 "-" "Mozilla/5.0 AppleWebKit/537.36 (KHTML, like Gecko; compatible; ClaudeBot/1.0; +claudebot@anthropic.com)"
216.73.216.119 - - [21/Oct/2025:15:07:04 +0300] "GET /et/wp-json/oembed/1.0/embed?fileloc=%2F%2Flib%2Ffirmware%2Frtlwifi%2Frtl8822befw.bin&path=%2F%2Flib%2Ffirmware%2Frtlwifi HTTP/2.0" 200 61402 "-" "Mozilla/5.0 AppleWebKit/537.36 (KHTML, like Gecko; compatible; ClaudeBot/1.0; +claudebot@anthropic.com)"
216.73.216.119 - - [21/Oct/2025:15:07:04 +0300] "GET /et/product/argentiina-e-maili-andmebaas?fileloc=%2F%2Fusr%2Flib64%2Fpython2.7%2Fxmllib.pyo&path=%2F%2Fusr%2Flib64%2Fpython2.7 HTTP/2.0" 200 11866 "-" "Mozilla/5.0 AppleWebKit/537.36 (KHTML, like Gecko; compatible; ClaudeBot/1.0; +claudebot@anthropic.com)"
216.73.216.119 - - [21/Oct/2025:15:07:06 +0300] "GET /fi/database-city/yangon-fi/feed?fileloc=%2F%2Flib64%2Fpython2.7%2Femail%2Fquoprimime.pyo&path=%2F%2Flib64%2Fpython2.7%2Femail HTTP/2.0" 503 428 "-" "Mozilla/5.0 AppleWebKit/537.36 (KHTML, like Gecko; compatible; ClaudeBot/1.0; +claudebot@anthropic.com)"
216.73.216.119 - - [21/Oct/2025:15:07:05 +0300] "GET /database-city/esbjerg?fileloc=%2Fhome-ssd1%2Fbusines1%2Fpublic_html%2Fwp-content%2Flanguages%2Fru_RU-270d72d1cff17227d37f3244759cbecb.json&path=%2Fhome-ssd1%2Fbusines1%2Fpublic_html%2Fwp-content%2Flanguages HTTP/2.0" 200 2743 "-" "Mozilla/5.0 AppleWebKit/537.36 (KHTML, like Gecko; compatible; ClaudeBot/1.0; +claudebot@anthropic.com)"
216.73.216.119 - - [21/Oct/2025:15:07:05 +0300] "GET /database-city/jyvaskyla/?fileloc=%2F%2Fusr%2Fshare%2Fmyspell%2Fen_ZW.aff&path=%2F%2Fusr%2Fshare%2Fmyspell HTTP/2.0" 200 7219 "-" "Mozilla/5.0 AppleWebKit/537.36 (KHTML, like Gecko; compatible; ClaudeBot/1.0; +claudebot@anthropic.com)"
216.73.216.119 - - [21/Oct/2025:15:07:05 +0300] "GET /et/wp-json/wp/v2/product/1793?fileloc=%2F%2Fusr%2Flib64%2Flibpath_utils.so.1&path=%2F%2Fusr%2Flib64 HTTP/2.0" 200 8119 "-" "Mozilla/5.0 AppleWebKit/537.36 (KHTML, like Gecko; compatible; ClaudeBot/1.0; +claudebot@anthropic.com)"
216.73.216.119 - - [21/Oct/2025:15:07:05 +0300] "GET /database-city/delhi/?path=%2F%2Fopt%2Falt%2Flibgeos%2Fshare HTTP/2.0" 200 2536 "-" "Mozilla/5.0 AppleWebKit/537.36 (KHTML, like Gecko; compatible; ClaudeBot/1.0; +claudebot@anthropic.com)"
216.73.216.119 - - [21/Oct/2025:15:07:06 +0300] "GET /terms-and-conditions?fileloc=%2F%2Flib%2Ffirmware%2Fradeon%2FOLAND_ce.bin&path=%2F%2Flib%2Ffirmware%2Fradeon HTTP/2.0" 200 3139 "-" "Mozilla/5.0 AppleWebKit/537.36 (KHTML, like Gecko; compatible; ClaudeBot/1.0; +claudebot@anthropic.com)"
3.227.180.70 - - [21/Oct/2025:15:07:06 +0300] "GET /product/abu-dhabi-contacts/?fileloc=//bin/infocmp&path=//bin HTTP/1.1" 200 102267 "-" "Mozilla/5.0 AppleWebKit/537.36 (KHTML, like Gecko; compatible; Amazonbot/0.1; +https://developer.amazon.com/support/amazonbot) Chrome/119.0.6045.214 Safari/537.36"
20.171.207.155 - - [21/Oct/2025:15:07:06 +0300] "GET /upload/save_image/product/00/30/20/92/302092_1_360.jpg?path=//proc/1008992/root/proc/1008992/root/proc/1008992/task/1008992/root/proc/thread-self/root/proc/1008992/root/proc/1008992/root/proc/1105349/root/lib64/python3.6/dbm/__pycache__ HTTP/2.0" 200 2982 "-" "Mozilla/5.0 AppleWebKit/537.36 (KHTML, like Gecko; compatible; GPTBot/1.2; +https://openai.com/gptbot)"
216.73.216.119 - - [21/Oct/2025:15:07:06 +0300] "GET /database-city/sydney?fileloc=%2F%2Fusr%2Fshare%2Fman%2Fman3%2FExtUtils%3A%3AMM_AIX.3pm.gz&path=%2F%2Fusr%2Fshare%2Fman%2Fman3 HTTP/2.0" 200 3741 "-" "Mozilla/5.0 AppleWebKit/537.36 (KHTML, like Gecko; compatible; ClaudeBot/1.0; +claudebot@anthropic.com)"
216.73.216.119 - - [21/Oct/2025:15:07:06 +0300] "GET /database-city/delhi/?fileloc=%2F%2Fusr%2Fbin%2Ffgrep&path=%2F%2Fusr%2Fbin HTTP/2.0" 200 2249 "-" "Mozilla/5.0 AppleWebKit/537.36 (KHTML, like Gecko; compatible; ClaudeBot/1.0; +claudebot@anthropic.com)"
216.73.216.119 - - [21/Oct/2025:15:07:06 +0300] "GET /product/uzbekistan-business-database?fileloc=%2F%2Fusr%2Finclude%2Fopenssl%2Fcmac.h&path=%2F%2Fusr%2Finclude%2Fopenssl HTTP/2.0" 200 2732 "-" "Mozilla/5.0 AppleWebKit/537.36 (KHTML, like Gecko; compatible; ClaudeBot/1.0; +claudebot@anthropic.com)"
216.73.216.119 - - [21/Oct/2025:15:07:06 +0300] "GET /database-city/delhi/?fileloc=%2F%2Fusr%2Fbin%2Fbzip2&path=%2F%2Fusr%2Fbin HTTP/2.0" 200 15951 "-" "Mozilla/5.0 AppleWebKit/537.36 (KHTML, like Gecko; compatible; ClaudeBot/1.0; +claudebot@anthropic.com)"
216.73.216.119 - - [21/Oct/2025:15:07:07 +0300] "GET /ru/database-city/esch-sur-alzette-ru?fileloc=%2F%2Fusr%2Flib%2Ffirmware%2Famdgpu%2Ftopaz_rlc.bin&path=%2F%2Fusr%2Flib%2Ffirmware%2Famdgpu HTTP/2.0" 200 4649 "-" "Mozilla/5.0 AppleWebKit/537.36 (KHTML, like Gecko; compatible; ClaudeBot/1.0; +claudebot@anthropic.com)"
216.73.216.119 - - [21/Oct/2025:15:07:07 +0300] "GET /et/wp-json/wp/v2/product/1372?path=%2F%2Flib64%2Fpython2.7%2Fdistutils%2Fcommand HTTP/2.0" 200 3963 "-" "Mozilla/5.0 AppleWebKit/537.36 (KHTML, like Gecko; compatible; ClaudeBot/1.0; +claudebot@anthropic.com)"
20.171.207.183 - - [21/Oct/2025:15:07:07 +0300] "GET /?fileloc=//proc/self/root/proc/thread-self/root/proc/thread-self/root/proc/thread-self/root/proc/thread-self/root/proc/self/root/proc/thread-self/net/igmp6&path=//proc/self/root/proc/thread-self/root/proc/thread-self/root/proc/thread-self/root/proc/thread-self/root/proc/self/root/proc/thread-self/net HTTP/2.0" 200 2377 "-" "Mozilla/5.0 AppleWebKit/537.36 (KHTML, like Gecko; compatible; GPTBot/1.2; +https://openai.com/gptbot)"
216.73.216.119 - - [21/Oct/2025:15:07:07 +0300] "GET /et/andmebaas-linn/al-ain-email-database-et?fileloc=%2F%2Fusr%2Flib%2Ffirmware%2Famdgpu%2Fyellow_carp_ce.bin&path=%2F%2Fusr%2Flib%2Ffirmware%2Famdgpu HTTP/2.0" 200 6483 "-" "Mozilla/5.0 AppleWebKit/537.36 (KHTML, like Gecko; compatible; ClaudeBot/1.0; +claudebot@anthropic.com)"
216.73.216.119 - - [21/Oct/2025:15:07:07 +0300] "GET /et/andmebaas-linn/delhi-et?fileloc=%2Fhome-ssd1%2Fbusines1%2Fpublic_html%2Fwp-includes%2Fblocks%2Fgroup%2Ftheme-rtl.css&path=%2Fhome-ssd1%2Fbusines1%2Fpublic_html%2Fwp-includes%2Fblocks%2Fgroup HTTP/2.0" 200 2323 "-" "Mozilla/5.0 AppleWebKit/537.36 (KHTML, like Gecko; compatible; ClaudeBot/1.0; +claudebot@anthropic.com)"
216.73.216.119 - - [21/Oct/2025:15:07:07 +0300] "GET /database-city/sydney?fileloc=%2F%2Fusr%2Fshare%2Fman%2Fman3%2Flapacke_chfrk_work.c.3.gz&path=%2F%2Fusr%2Fshare%2Fman%2Fman3 HTTP/2.0" 200 2753 "-" "Mozilla/5.0 AppleWebKit/537.36 (KHTML, like Gecko; compatible; ClaudeBot/1.0; +claudebot@anthropic.com)"
216.73.216.119 - - [21/Oct/2025:15:07:07 +0300] "GET /fi/database-city/yangon-fi/feed?path=%2F%2Fusr%2Flib%2Foracle%2F12.1 HTTP/2.0" 200 2533 "-" "Mozilla/5.0 AppleWebKit/537.36 (KHTML, like Gecko; compatible; ClaudeBot/1.0; +claudebot@anthropic.com)"
216.73.216.119 - - [21/Oct/2025:15:07:08 +0300] "GET /fi/database-city/yangon-fi/feed?fileloc=%2F%2Flib64%2Fpython2.7%2Fencodings%2Fptcp154.pyo&path=%2F%2Flib64%2Fpython2.7%2Fencodings HTTP/2.0" 200 3732 "-" "Mozilla/5.0 AppleWebKit/537.36 (KHTML, like Gecko; compatible; ClaudeBot/1.0; +claudebot@anthropic.com)"
216.73.216.119 - - [21/Oct/2025:15:07:08 +0300] "GET /fi/database-city/yangon-fi/feed?fileloc=%2F%2Flib64%2Fpython2.7%2Fencodings%2Futf_32_be.pyo&path=%2F%2Flib64%2Fpython2.7%2Fencodings HTTP/2.0" 200 2964 "-" "Mozilla/5.0 AppleWebKit/537.36 (KHTML, like Gecko; compatible; ClaudeBot/1.0; +claudebot@anthropic.com)"
216.73.216.119 - - [21/Oct/2025:15:07:09 +0300] "GET /database-city/delhi/?fileloc=%2F%2Fusr%2Fbin%2Fmogrify&path=%2F%2Fusr%2Fbin HTTP/2.0" 200 5416 "-" "Mozilla/5.0 AppleWebKit/537.36 (KHTML, like Gecko; compatible; ClaudeBot/1.0; +claudebot@anthropic.com)"
216.73.216.119 - - [21/Oct/2025:15:07:09 +0300] "GET /et/andmebaas-linn/al-ain-email-database-et?fileloc=%2F%2Fusr%2Flib%2Ffirmware%2Famdgpu%2Fvega12_mec.bin&path=%2F%2Fusr%2Flib%2Ffirmware%2Famdgpu HTTP/2.0" 200 31770 "-" "Mozilla/5.0 AppleWebKit/537.36 (KHTML, like Gecko; compatible; ClaudeBot/1.0; +claudebot@anthropic.com)"
216.73.216.119 - - [21/Oct/2025:15:07:08 +0300] "GET /database-city/delhi/?fileloc=%2F%2Fusr%2Fshare%2Fzoneinfo%2FUCT&path=%2F%2Fusr%2Fshare%2Fzoneinfo HTTP/2.0" 200 2293 "-" "Mozilla/5.0 AppleWebKit/537.36 (KHTML, like Gecko; compatible; ClaudeBot/1.0; +claudebot@anthropic.com)"
44.212.131.50 - - [21/Oct/2025:15:07:09 +0300] "GET /database-city/india/?fileloc=//bin/watch&path=//bin HTTP/1.1" 200 52496 "-" "Mozilla/5.0 AppleWebKit/537.36 (KHTML, like Gecko; compatible; Amazonbot/0.1; +https://developer.amazon.com/support/amazonbot) Chrome/119.0.6045.214 Safari/537.36"
20.171.207.155 - - [21/Oct/2025:15:07:09 +0300] "GET /upload/save_image/product/00/30/20/92/302092_1_360.jpg?path=//proc/1008992/root/proc/1008992/root/proc/1008992/task/1008992/root/proc/thread-self/root/proc/1008992/root/proc/1008992/root/proc/1105349/root/lib64/python2.7/lib-tk/test HTTP/2.0" 200 2977 "-" "Mozilla/5.0 AppleWebKit/537.36 (KHTML, like Gecko; compatible; GPTBot/1.2; +https://openai.com/gptbot)"
216.73.216.119 - - [21/Oct/2025:15:07:09 +0300] "GET /database-city/sydney?fileloc=%2F%2Fusr%2Fshare%2Fman%2Fman3%2FERR_error_string_n.3ssl.gz&path=%2F%2Fusr%2Fshare%2Fman%2Fman3 HTTP/2.0" 200 4906 "-" "Mozilla/5.0 AppleWebKit/537.36 (KHTML, like Gecko; compatible; ClaudeBot/1.0; +claudebot@anthropic.com)"
216.73.216.119 - - [21/Oct/2025:15:07:09 +0300] "GET /database-city/sydney?fileloc=%2F%2Fusr%2Fshare%2Fman%2Fman3%2Fxcb_xfixes_get_cursor_image_cursor_image_end.3.gz&path=%2F%2Fusr%2Fshare%2Fman%2Fman3 HTTP/2.0" 200 2358 "-" "Mozilla/5.0 AppleWebKit/537.36 (KHTML, like Gecko; compatible; ClaudeBot/1.0; +claudebot@anthropic.com)"
216.73.216.119 - - [21/Oct/2025:15:07:09 +0300] "GET /et/andmebaas-linn/al-ain-email-database-et?fileloc=%2F%2Fusr%2Flib64%2Fapache2%2Fmodules%2Fmod_proxy_fcgi.so&path=%2F%2Fusr%2Flib64%2Fapache2%2Fmodules HTTP/2.0" 200 14553 "-" "Mozilla/5.0 AppleWebKit/537.36 (KHTML, like Gecko; compatible; ClaudeBot/1.0; +claudebot@anthropic.com)"
216.73.216.119 - - [21/Oct/2025:15:07:09 +0300] "GET /database-city/delhi/?path=%2F%2Fusr%2Fshare%2Fzoneinfo%2FAtlantic HTTP/2.0" 200 2895 "-" "Mozilla/5.0 AppleWebKit/537.36 (KHTML, like Gecko; compatible; ClaudeBot/1.0; +claudebot@anthropic.com)"
216.73.216.119 - - [21/Oct/2025:15:07:10 +0300] "GET /et/andmebaas-linn/al-ain-email-database-et?fileloc=%2F%2Fusr%2Flib%2Ffirmware%2Famdgpu%2Ffiji_ce.bin&path=%2F%2Fusr%2Flib%2Ffirmware%2Famdgpu HTTP/2.0" 200 4864 "-" "Mozilla/5.0 AppleWebKit/537.36 (KHTML, like Gecko; compatible; ClaudeBot/1.0; +claudebot@anthropic.com)"
216.73.216.119 - - [21/Oct/2025:15:07:09 +0300] "GET /terms-and-conditions?fileloc=%2F%2Flib%2Ffirmware%2Fqca%2Fhpnv21.b8c&path=%2F%2Flib%2Ffirmware%2Fqca HTTP/2.0" 200 5401 "-" "Mozilla/5.0 AppleWebKit/537.36 (KHTML, like Gecko; compatible; ClaudeBot/1.0; +claudebot@anthropic.com)"
20.171.207.183 - - [21/Oct/2025:15:07:10 +0300] "GET /?fileloc=//proc/self/root/proc/thread-self/root/proc/thread-self/root/proc/thread-self/root/proc/thread-self/root/proc/self/root/proc/self/net/igmp6&path=//proc/self/root/proc/thread-self/root/proc/thread-self/root/proc/thread-self/root/proc/thread-self/root/proc/self/root/proc/self/net HTTP/2.0" 200 2318 "-" "Mozilla/5.0 AppleWebKit/537.36 (KHTML, like Gecko; compatible; GPTBot/1.2; +https://openai.com/gptbot)"
216.73.216.119 - - [21/Oct/2025:15:07:10 +0300] "GET /et/product/argentiina-e-maili-andmebaas?path=%2Fhome-ssd1%2Fbusines1%2Fpublic_html%2Fwp-content%2Fplugins%2Fw3-total-cache%2Finc%2Foptions%2Fcommon HTTP/2.0" 200 2762 "-" "Mozilla/5.0 AppleWebKit/537.36 (KHTML, like Gecko; compatible; ClaudeBot/1.0; +claudebot@anthropic.com)"
216.73.216.119 - - [21/Oct/2025:15:07:11 +0300] "GET /database-city/sydney?fileloc=%2F%2Fusr%2Fshare%2Fman%2Fman3%2FDBD%3A%3AFile%3A%3ADevelopers.3pm.gz&path=%2F%2Fusr%2Fshare%2Fman%2Fman3 HTTP/2.0" 200 9194 "-" "Mozilla/5.0 AppleWebKit/537.36 (KHTML, like Gecko; compatible; ClaudeBot/1.0; +claudebot@anthropic.com)"
216.73.216.119 - - [21/Oct/2025:15:07:11 +0300] "GET /et/Riigid/argentiina/?fileloc=%2F%2Fusr%2Flib%2Fkernel%2Finstall.d%2F92-tuned.install&path=%2F%2Fusr%2Flib%2Fkernel%2Finstall.d HTTP/2.0" 200 2905 "-" "Mozilla/5.0 AppleWebKit/537.36 (KHTML, like Gecko; compatible; ClaudeBot/1.0; +claudebot@anthropic.com)"
216.73.216.119 - - [21/Oct/2025:15:07:11 +0300] "GET /et/wp-json/wp/v2/product/1453?path=%2F%2Fusr%2Flib64%2Fpython3.6%2Fconcurrent HTTP/2.0" 200 2665 "-" "Mozilla/5.0 AppleWebKit/537.36 (KHTML, like Gecko; compatible; ClaudeBot/1.0; +claudebot@anthropic.com)"
216.73.216.119 - - [21/Oct/2025:15:07:11 +0300] "GET /et/Riigid/argentiina/?fileloc=%2F%2Flib%2Fpython2.7%2Fsite-packages%2Fpycriu%2Fimages%2Ftimerfd_pb2.pyo&path=%2F%2Flib%2Fpython2.7%2Fsite-packages%2Fpycriu%2Fimages HTTP/2.0" 200 3854 "-" "Mozilla/5.0 AppleWebKit/537.36 (KHTML, like Gecko; compatible; ClaudeBot/1.0; +claudebot@anthropic.com)"
216.73.216.119 - - [21/Oct/2025:15:07:12 +0300] "GET /database-city/ireland-email-database?fileloc=%2Fhome-ssd1%2Fbusines1%2Fpublic_html%2Fwp-admin%2Fimages%2Fprivacy.svg&path=%2Fhome-ssd1%2Fbusines1%2Fpublic_html%2Fwp-admin%2Fimages HTTP/2.0" 200 2632 "-" "Mozilla/5.0 AppleWebKit/537.36 (KHTML, like Gecko; compatible; ClaudeBot/1.0; +claudebot@anthropic.com)"
216.73.216.119 - - [21/Oct/2025:15:07:12 +0300] "GET /database-city/sydney?fileloc=%2F%2Fusr%2Fshare%2Fman%2Fman3%2FSelfLoader.3pm.gz&path=%2F%2Fusr%2Fshare%2Fman%2Fman3 HTTP/2.0" 200 7760 "-" "Mozilla/5.0 AppleWebKit/537.36 (KHTML, like Gecko; compatible; ClaudeBot/1.0; +claudebot@anthropic.com)"
216.73.216.119 - - [21/Oct/2025:15:07:12 +0300] "GET /items/229996911?path=%2Fhome-ssd1%2Fbusines1%2Fpublic_html%2Fwp-admin HTTP/2.0" 200 5333 "-" "Mozilla/5.0 AppleWebKit/537.36 (KHTML, like Gecko; compatible; ClaudeBot/1.0; +claudebot@anthropic.com)"
216.73.216.119 - - [21/Oct/2025:15:07:12 +0300] "GET /database-city/sydney?fileloc=%2F%2Fusr%2Fshare%2Fman%2Fman3%2Fbytes.3pm.gz&path=%2F%2Fusr%2Fshare%2Fman%2Fman3 HTTP/2.0" 200 5308 "-" "Mozilla/5.0 AppleWebKit/537.36 (KHTML, like Gecko; compatible; ClaudeBot/1.0; +claudebot@anthropic.com)"
216.73.216.119 - - [21/Oct/2025:15:07:12 +0300] "GET /et/product/argentiina-e-maili-andmebaas?fileloc=%2F%2Fusr%2Flib64%2Fpython2.7%2Fpipes.pyo&path=%2F%2Fusr%2Flib64%2Fpython2.7 HTTP/2.0" 200 5948 "-" "Mozilla/5.0 AppleWebKit/537.36 (KHTML, like Gecko; compatible; ClaudeBot/1.0; +claudebot@anthropic.com)"
20.171.207.155 - - [21/Oct/2025:15:07:12 +0300] "GET /upload/save_image/product/00/30/20/92/302092_1_360.jpg?path=//proc/1008992/root/proc/1008992/root/proc/1008992/task/1008992/root/proc/thread-self/root/proc/1008992/root/proc/1008992/root/proc/1105349/root/lib64/python2.7/Doc HTTP/2.0" 200 2678 "-" "Mozilla/5.0 AppleWebKit/537.36 (KHTML, like Gecko; compatible; GPTBot/1.2; +https://openai.com/gptbot)"
216.73.216.119 - - [21/Oct/2025:15:07:13 +0300] "GET /et/andmebaas-linn/cordoba-e-mail-andmebaas?fileloc=%2F%2Fusr%2Flib%2Fjvm%2Fjre%2Fbin%2Fkeytool&path=%2F%2Fusr%2Flib%2Fjvm%2Fjre%2Fbin HTTP/2.0" 200 5400 "-" "Mozilla/5.0 AppleWebKit/537.36 (KHTML, like Gecko; compatible; ClaudeBot/1.0; +claudebot@anthropic.com)"
216.73.216.119 - - [21/Oct/2025:15:07:13 +0300] "GET /et/wp-json/oembed/1.0/embed?fileloc=%2F%2Flib%2Ffirmware%2Frtlwifi%2Frtl8723bs_bt.bin&path=%2F%2Flib%2Ffirmware%2Frtlwifi HTTP/2.0" 200 8034 "-" "Mozilla/5.0 AppleWebKit/537.36 (KHTML, like Gecko; compatible; ClaudeBot/1.0; +claudebot@anthropic.com)"
216.73.216.119 - - [21/Oct/2025:15:07:13 +0300] "GET /et/andmebaas-linn/al-ain-email-database-et?fileloc=%2F%2Fusr%2Flib%2Ffirmware%2Famdgpu%2Fbonaire_mc.bin&path=%2F%2Fusr%2Flib%2Ffirmware%2Famdgpu HTTP/2.0" 200 13302 "-" "Mozilla/5.0 AppleWebKit/537.36 (KHTML, like Gecko; compatible; ClaudeBot/1.0; +claudebot@anthropic.com)"
216.73.216.119 - - [21/Oct/2025:15:07:13 +0300] "GET /et/andmebaas-linn/abu-dhabi-et/?fileloc=%2Fhome-ssd1%2Fbusines1%2Fpublic_html%2Fwp-includes%2Farchives.1760537100.php&path=%2Fhome-ssd1%2Fbusines1%2Fpublic_html%2Fwp-includes HTTP/2.0" 200 2577 "-" "Mozilla/5.0 AppleWebKit/537.36 (KHTML, like Gecko; compatible; ClaudeBot/1.0; +claudebot@anthropic.com)"
216.73.216.119 - - [21/Oct/2025:15:07:13 +0300] "GET /et/andmebaas-linn/al-ain-email-database-et?fileloc=%2F%2Fusr%2Flib%2Ffirmware%2Famdgpu%2Fvangogh_dmcub.bin&path=%2F%2Fusr%2Flib%2Ffirmware%2Famdgpu HTTP/2.0" 200 48953 "-" "Mozilla/5.0 AppleWebKit/537.36 (KHTML, like Gecko; compatible; ClaudeBot/1.0; +claudebot@anthropic.com)"
216.73.216.119 - - [21/Oct/2025:15:07:13 +0300] "GET /database-city/united-kingtom-email-database?fileloc=%2F%2Fusr%2Fshare%2Faclocal%2Fpkg.m4&path=%2F%2Fusr%2Fshare%2Faclocal HTTP/2.0" 200 6196 "-" "Mozilla/5.0 AppleWebKit/537.36 (KHTML, like Gecko; compatible; ClaudeBot/1.0; +claudebot@anthropic.com)"
20.171.207.183 - - [21/Oct/2025:15:07:13 +0300] "GET /?fileloc=//proc/self/root/proc/thread-self/root/proc/thread-self/root/proc/thread-self/root/proc/thread-self/root/proc/self/root/proc/thread-self/net/rt6_stats&path=//proc/self/root/proc/thread-self/root/proc/thread-self/root/proc/thread-self/root/proc/thread-self/root/proc/self/root/proc/thread-self/net HTTP/2.0" 200 2341 "-" "Mozilla/5.0 AppleWebKit/537.36 (KHTML, like Gecko; compatible; GPTBot/1.2; +https://openai.com/gptbot)"
216.73.216.119 - - [21/Oct/2025:15:07:14 +0300] "GET /ru/database-city/esch-sur-alzette-ru?fileloc=%2F%2Fusr%2Flib%2Ffirmware%2Famdgpu%2Fverde_ce.bin&path=%2F%2Fusr%2Flib%2Ffirmware%2Famdgpu HTTP/2.0" 200 3330 "-" "Mozilla/5.0 AppleWebKit/537.36 (KHTML, like Gecko; compatible; ClaudeBot/1.0; +claudebot@anthropic.com)"
216.73.216.119 - - [21/Oct/2025:15:07:14 +0300] "GET /et/andmebaas-linn/al-ain-email-database-et?fileloc=%2F%2Fusr%2Flib%2Ffirmware%2Famdgpu%2Fraven_ce.bin&path=%2F%2Fusr%2Flib%2Ffirmware%2Famdgpu HTTP/2.0" 200 5351 "-" "Mozilla/5.0 AppleWebKit/537.36 (KHTML, like Gecko; compatible; ClaudeBot/1.0; +claudebot@anthropic.com)"
216.73.216.119 - - [21/Oct/2025:15:07:14 +0300] "GET /et/andmebaas-linn/cordoba-e-mail-andmebaas?fileloc=%2F%2Flib64%2Fpython2.7%2Fidlelib%2FTreeWidget.pyo&path=%2F%2Flib64%2Fpython2.7%2Fidlelib HTTP/2.0" 200 8253 "-" "Mozilla/5.0 AppleWebKit/537.36 (KHTML, like Gecko; compatible; ClaudeBot/1.0; +claudebot@anthropic.com)"
52.0.218.219 - - [21/Oct/2025:15:07:14 +0300] "GET /database-city/vilnius-business-email-database/?path=//run/dbus HTTP/1.1" 200 12661 "-" "Mozilla/5.0 AppleWebKit/537.36 (KHTML, like Gecko; compatible; Amazonbot/0.1; +https://developer.amazon.com/support/amazonbot) Chrome/119.0.6045.214 Safari/537.36"
216.73.216.119 - - [21/Oct/2025:15:07:14 +0300] "GET /ru/database-city/esch-sur-alzette-ru?fileloc=%2F%2Fusr%2Finclude%2Fncurses_dll.h&path=%2F%2Fusr%2Finclude HTTP/2.0" 200 3829 "-" "Mozilla/5.0 AppleWebKit/537.36 (KHTML, like Gecko; compatible; ClaudeBot/1.0; +claudebot@anthropic.com)"
216.73.216.119 - - [21/Oct/2025:15:07:15 +0300] "GET /database-city/sydney?fileloc=%2F%2Fusr%2Fshare%2Fman%2Fman3%2FFcPatternAddWeak.3.gz&path=%2F%2Fusr%2Fshare%2Fman%2Fman3 HTTP/2.0" 200 2673 "-" "Mozilla/5.0 AppleWebKit/537.36 (KHTML, like Gecko; compatible; ClaudeBot/1.0; +claudebot@anthropic.com)"
20.171.207.155 - - [21/Oct/2025:15:07:16 +0300] "GET /upload/save_image/product/00/30/20/92/302092_1_360.jpg?path=//proc/1008992/root/proc/1008992/root/proc/1008992/task/1008992/root/proc/thread-self/root/proc/1008992/root/proc/1008992/root/proc/1105349/root/home-ssd1/busines1 HTTP/2.0" 200 3815 "-" "Mozilla/5.0 AppleWebKit/537.36 (KHTML, like Gecko; compatible; GPTBot/1.2; +https://openai.com/gptbot)"
216.73.216.119 - - [21/Oct/2025:15:07:15 +0300] "GET /et/wp-json/wp/v2/product/1703?fileloc=%2F%2Fusr%2Flib%2Ftmpfiles.d%2Flvm2.conf&path=%2F%2Fusr%2Flib%2Ftmpfiles.d HTTP/2.0" 200 2264 "-" "Mozilla/5.0 AppleWebKit/537.36 (KHTML, like Gecko; compatible; ClaudeBot/1.0; +claudebot@anthropic.com)"
216.73.216.119 - - [21/Oct/2025:15:07:15 +0300] "GET /ru/database-city/esch-sur-alzette-ru?fileloc=%2F%2Fusr%2Flib%2Ffirmware%2Famdgpu%2Fvegam_uvd.bin&path=%2F%2Fusr%2Flib%2Ffirmware%2Famdgpu HTTP/2.0" 200 193701 "-" "Mozilla/5.0 AppleWebKit/537.36 (KHTML, like Gecko; compatible; ClaudeBot/1.0; +claudebot@anthropic.com)"
216.73.216.119 - - [21/Oct/2025:15:07:15 +0300] "GET /terms-and-conditions?fileloc=%2F%2Fusr%2Flib%2Flocale%2Fen_DK.utf8%2FLC_TELEPHONE&path=%2F%2Fusr%2Flib%2Flocale%2Fen_DK.utf8 HTTP/2.0" 200 2317 "-" "Mozilla/5.0 AppleWebKit/537.36 (KHTML, like Gecko; compatible; ClaudeBot/1.0; +claudebot@anthropic.com)"
216.73.216.119 - - [21/Oct/2025:15:07:16 +0300] "GET /database-city/sydney?fileloc=%2F%2Fusr%2Fshare%2Fman%2Fman3%2Flapack_make_complex_float.3.gz&path=%2F%2Fusr%2Fshare%2Fman%2Fman3 HTTP/2.0" 200 2334 "-" "Mozilla/5.0 AppleWebKit/537.36 (KHTML, like Gecko; compatible; ClaudeBot/1.0; +claudebot@anthropic.com)"
216.73.216.119 - - [21/Oct/2025:15:07:15 +0300] "GET /et/andmebaas-linn/al-ain-email-database-et?fileloc=%2F%2Fusr%2Flib%2Ffirmware%2Fradeon%2Fbonaire_smc.bin&path=%2F%2Fusr%2Flib%2Ffirmware%2Fradeon HTTP/2.0" 200 41712 "-" "Mozilla/5.0 AppleWebKit/537.36 (KHTML, like Gecko; compatible; ClaudeBot/1.0; +claudebot@anthropic.com)"
216.73.216.119 - - [21/Oct/2025:15:07:16 +0300] "GET /database-city/sydney?fileloc=%2F%2Fusr%2Fshare%2Fman%2Fman3%2FSSL_bytes_to_cipher_list.3ssl.gz&path=%2F%2Fusr%2Fshare%2Fman%2Fman3 HTTP/2.0" 200 5655 "-" "Mozilla/5.0 AppleWebKit/537.36 (KHTML, like Gecko; compatible; ClaudeBot/1.0; +claudebot@anthropic.com)"
20.171.207.183 - - [21/Oct/2025:15:07:16 +0300] "GET /?fileloc=//proc/self/root/proc/thread-self/root/proc/thread-self/root/proc/thread-self/root/proc/thread-self/root/proc/self/root/proc/thread-self/net/ip6_flowlabel&path=//proc/self/root/proc/thread-self/root/proc/thread-self/root/proc/thread-self/root/proc/thread-self/root/proc/self/root/proc/thread-self/net HTTP/2.0" 200 2362 "-" "Mozilla/5.0 AppleWebKit/537.36 (KHTML, like Gecko; compatible; GPTBot/1.2; +https://openai.com/gptbot)"
216.73.216.119 - - [21/Oct/2025:15:07:16 +0300] "GET /et/wp-json/oembed/1.0/embed?fileloc=%2F%2Flib%2Ffirmware%2Fmicrochip%2Fmscc_vsc8584_revb_int8051_fb48.bin&path=%2F%2Flib%2Ffirmware%2Fmicrochip HTTP/2.0" 200 2401 "-" "Mozilla/5.0 AppleWebKit/537.36 (KHTML, like Gecko; compatible; ClaudeBot/1.0; +claudebot@anthropic.com)"
216.73.216.119 - - [21/Oct/2025:15:07:18 +0300] "GET /database-city/sao-paulo?fileloc=%2F%2Fusr%2Flib64%2Flibgvpr.so.2&path=%2F%2Fusr%2Flib64 HTTP/2.0" 503 428 "-" "Mozilla/5.0 AppleWebKit/537.36 (KHTML, like Gecko; compatible; ClaudeBot/1.0; +claudebot@anthropic.com)"
216.73.216.119 - - [21/Oct/2025:15:07:16 +0300] "GET /et/wp-json/oembed/1.0/embed?fileloc=%2F%2Flib%2Ffirmware%2Frtl_bt%2Frtl8723d_config.bin&path=%2F%2Flib%2Ffirmware%2Frtl_bt HTTP/2.0" 200 2280 "-" "Mozilla/5.0 AppleWebKit/537.36 (KHTML, like Gecko; compatible; ClaudeBot/1.0; +claudebot@anthropic.com)"
216.73.216.119 - - [21/Oct/2025:15:07:17 +0300] "GET /terms-and-conditions?fileloc=%2F%2Flib%2Ffirmware%2Fradeon%2FMULLINS_sdma.bin&path=%2F%2Flib%2Ffirmware%2Fradeon HTTP/2.0" 200 4270 "-" "Mozilla/5.0 AppleWebKit/537.36 (KHTML, like Gecko; compatible; ClaudeBot/1.0; +claudebot@anthropic.com)"
216.73.216.119 - - [21/Oct/2025:15:07:17 +0300] "GET /et/wp-json/wp/v2/product/1703?fileloc=%2F%2Fusr%2Flib%2Ftmpfiles.d%2Fapache2.conf&path=%2F%2Fusr%2Flib%2Ftmpfiles.d HTTP/2.0" 200 2280 "-" "Mozilla/5.0 AppleWebKit/537.36 (KHTML, like Gecko; compatible; ClaudeBot/1.0; +claudebot@anthropic.com)"
18.210.58.238 - - [21/Oct/2025:15:07:17 +0300] "GET /database-city/nantes-business-database/?fileloc=//bin/find&path=//bin HTTP/1.1" 200 366319 "-" "Mozilla/5.0 AppleWebKit/537.36 (KHTML, like Gecko; compatible; Amazonbot/0.1; +https://developer.amazon.com/support/amazonbot) Chrome/119.0.6045.214 Safari/537.36"
216.73.216.119 - - [21/Oct/2025:15:07:18 +0300] "GET /fi/database-city/yangon-fi/feed?path=%2F%2Flib64%2Fpython2.7%2FDemo%2Fnewmetaclasses HTTP/2.0" 200 2685 "-" "Mozilla/5.0 AppleWebKit/537.36 (KHTML, like Gecko; compatible; ClaudeBot/1.0; +claudebot@anthropic.com)"
216.73.216.119 - - [21/Oct/2025:15:07:18 +0300] "GET /et/andmebaas-linn/al-ain-email-database-et?fileloc=%2F%2Fusr%2Flib%2Ffirmware%2Famdgpu%2Fsdma_5_2_6.bin&path=%2F%2Fusr%2Flib%2Ffirmware%2Famdgpu HTTP/2.0" 200 12854 "-" "Mozilla/5.0 AppleWebKit/537.36 (KHTML, like Gecko; compatible; ClaudeBot/1.0; +claudebot@anthropic.com)"
216.73.216.119 - - [21/Oct/2025:15:07:18 +0300] "GET /et/wp-json/wp/v2/product/1372?fileloc=%2F%2Flib64%2Fpython2.7%2Femail%2Ferrors.pyo&path=%2F%2Flib64%2Fpython2.7%2Femail HTTP/2.0" 200 3221 "-" "Mozilla/5.0 AppleWebKit/537.36 (KHTML, like Gecko; compatible; ClaudeBot/1.0; +claudebot@anthropic.com)"
216.73.216.119 - - [21/Oct/2025:15:07:18 +0300] "GET /et/wp-json/wp/v2/product/1372?fileloc=%2F%2Fusr%2Fshare%2Ftcl8.6%2Fsafe.tcl&path=%2F%2Fusr%2Fshare%2Ftcl8.6 HTTP/2.0" 200 12422 "-" "Mozilla/5.0 AppleWebKit/537.36 (KHTML, like Gecko; compatible; ClaudeBot/1.0; +claudebot@anthropic.com)"
20.171.207.155 - - [21/Oct/2025:15:07:19 +0300] "GET /upload/save_image/product/00/30/20/92/302092_1_360.jpg?path=//proc/1008992/root/proc/1008992/root/proc/1008992/task/1008992/root/proc/thread-self/root/proc/1008992/root/proc/1008992/root/proc/1105349/root/lib64/python2.7/Demo HTTP/2.0" 200 3250 "-" "Mozilla/5.0 AppleWebKit/537.36 (KHTML, like Gecko; compatible; GPTBot/1.2; +https://openai.com/gptbot)"
216.73.216.119 - - [21/Oct/2025:15:07:18 +0300] "GET /et/product/argentiina-e-maili-andmebaas?fileloc=%2F%2Fusr%2Flib64%2Fpython2.7%2Fcollections.pyo&path=%2F%2Fusr%2Flib64%2Fpython2.7 HTTP/2.0" 200 11119 "-" "Mozilla/5.0 AppleWebKit/537.36 (KHTML, like Gecko; compatible; ClaudeBot/1.0; +claudebot@anthropic.com)"
216.73.216.119 - - [21/Oct/2025:15:07:19 +0300] "GET /et/andmebaas-linn/esch-sur-alzette-et?fileloc=%2Fhome-ssd1%2Fbusines1%2Fpublic_html%2Fwp-content%2Fthemes%2Fstorefront%2Ftemplate-homepage.php&path=%2Fhome-ssd1%2Fbusines1%2Fpublic_html%2Fwp-content%2Fthemes%2Fstorefront HTTP/2.0" 200 2725 "-" "Mozilla/5.0 AppleWebKit/537.36 (KHTML, like Gecko; compatible; ClaudeBot/1.0; +claudebot@anthropic.com)"
216.73.216.119 - - [21/Oct/2025:15:07:18 +0300] "GET /et/wp-json/wp/v2/product/1663?path=%2Fhome-ssd1%2Fbusines1%2Fpublic_html%2Fwp-includes%2Fblocks%2Frss HTTP/2.0" 200 2789 "-" "Mozilla/5.0 AppleWebKit/537.36 (KHTML, like Gecko; compatible; ClaudeBot/1.0; +claudebot@anthropic.com)"
216.73.216.119 - - [21/Oct/2025:15:07:19 +0300] "GET /product/prague-business-database?fileloc=%2F%2Flib64%2Fperl5%2Fauto%2FGDBM_File%2FGDBM_File.so&path=%2F%2Flib64%2Fperl5%2Fauto%2FGDBM_File HTTP/2.0" 200 10391 "-" "Mozilla/5.0 AppleWebKit/537.36 (KHTML, like Gecko; compatible; ClaudeBot/1.0; +claudebot@anthropic.com)"
216.73.216.119 - - [21/Oct/2025:15:07:19 +0300] "GET /fi/database-city/yangon-fi/feed?path=%2F%2Flib%2Ftuned%2Fhpc-compute HTTP/2.0" 200 2548 "-" "Mozilla/5.0 AppleWebKit/537.36 (KHTML, like Gecko; compatible; ClaudeBot/1.0; +claudebot@anthropic.com)"
216.73.216.119 - - [21/Oct/2025:15:07:19 +0300] "GET /database-city/sydney?fileloc=%2F%2Fusr%2Fshare%2Fman%2Fman3%2FRAND_keep_random_devices_open.3ssl.gz&path=%2F%2Fusr%2Fshare%2Fman%2Fman3 HTTP/2.0" 200 5450 "-" "Mozilla/5.0 AppleWebKit/537.36 (KHTML, like Gecko; compatible; ClaudeBot/1.0; +claudebot@anthropic.com)"
216.73.216.119 - - [21/Oct/2025:15:07:19 +0300] "GET /et/wp-json/oembed/1.0/embed?fileloc=%2F%2Fhome-ssd1%2Fbusines1%2Fpublic_html%2F.htaccess&path=%2F%2Fhome-ssd1%2Fbusines1%2Fpublic_html HTTP/2.0" 200 2730 "-" "Mozilla/5.0 AppleWebKit/537.36 (KHTML, like Gecko; compatible; ClaudeBot/1.0; +claudebot@anthropic.com)"
20.171.207.183 - - [21/Oct/2025:15:07:19 +0300] "GET /?fileloc=//proc/self/root/proc/thread-self/root/proc/thread-self/root/proc/thread-self/root/proc/thread-self/root/proc/self/root/proc/thread-self/net/ip6_mr_cache&path=//proc/self/root/proc/thread-self/root/proc/thread-self/root/proc/thread-self/root/proc/thread-self/root/proc/self/root/proc/thread-self/net HTTP/2.0" 200 2361 "-" "Mozilla/5.0 AppleWebKit/537.36 (KHTML, like Gecko; compatible; GPTBot/1.2; +https://openai.com/gptbot)"
216.73.216.119 - - [21/Oct/2025:15:07:20 +0300] "GET /et/andmebaas-linn/al-ain-email-database-et?fileloc=%2F%2Fusr%2Flib%2Ffirmware%2Famdgpu%2Fvegam_sdma1.bin&path=%2F%2Fusr%2Flib%2Ffirmware%2Famdgpu HTTP/2.0" 200 6344 "-" "Mozilla/5.0 AppleWebKit/537.36 (KHTML, like Gecko; compatible; ClaudeBot/1.0; +claudebot@anthropic.com)"
216.73.216.119 - - [21/Oct/2025:15:07:20 +0300] "GET /database-city/jyvaskyla/?path=%2F%2Flib64%2Fperl5%2Fvendor_perl%2Fauto%2FCompress%2FRaw HTTP/2.0" 200 2600 "-" "Mozilla/5.0 AppleWebKit/537.36 (KHTML, like Gecko; compatible; ClaudeBot/1.0; +claudebot@anthropic.com)"
216.73.216.119 - - [21/Oct/2025:15:07:20 +0300] "GET /et/andmebaas-linn/al-ain-email-database-et?fileloc=%2F%2Fusr%2Flib%2Ffirmware%2Famdgpu%2Fhawaii_k_smc.bin&path=%2F%2Fusr%2Flib%2Ffirmware%2Famdgpu HTTP/2.0" 200 44091 "-" "Mozilla/5.0 AppleWebKit/537.36 (KHTML, like Gecko; compatible; ClaudeBot/1.0; +claudebot@anthropic.com)"
