216.73.216.119 - - [21/Oct/2025:15:13:52 +0300] "GET /et/andmebaas-linn/al-ain-email-database-et?fileloc=%2F%2Fusr%2Flib%2Ffirmware%2Famdgpu%2Fpolaris10_pfp_2.bin&path=%2F%2Fusr%2Flib%2Ffirmware%2Famdgpu HTTP/2.0" 200 10058 "-" "Mozilla/5.0 AppleWebKit/537.36 (KHTML, like Gecko; compatible; ClaudeBot/1.0; +claudebot@anthropic.com)"
216.73.216.119 - - [21/Oct/2025:15:13:53 +0300] "GET /et/Riigid/hiina?fileloc=%2F%2Fusr%2Flib64%2Fpython3.6%2F__pycache__%2Fpdb.cpython-36.opt-1.pyc&path=%2F%2Fusr%2Flib64%2Fpython3.6%2F__pycache__ HTTP/2.0" 200 21536 "-" "Mozilla/5.0 AppleWebKit/537.36 (KHTML, like Gecko; compatible; ClaudeBot/1.0; +claudebot@anthropic.com)"
216.73.216.119 - - [21/Oct/2025:15:13:53 +0300] "GET /et/andmebaas-linn/rootsi/feed?path=%2Fhome-ssd1%2Fbusines1%2Fpublic_html%2Fwp-includes%2Fblocks%2Fsite-title HTTP/2.0" 200 2792 "-" "Mozilla/5.0 AppleWebKit/537.36 (KHTML, like Gecko; compatible; ClaudeBot/1.0; +claudebot@anthropic.com)"
216.73.216.119 - - [21/Oct/2025:15:13:54 +0300] "GET /et/andmebaas-linn/cordoba-e-mail-andmebaas?fileloc=%2F%2Flib64%2Fpython2.7%2Fidlelib%2FdynOptionMenuWidget.pyo&path=%2F%2Flib64%2Fpython2.7%2Fidlelib HTTP/2.0" 200 3601 "-" "Mozilla/5.0 AppleWebKit/537.36 (KHTML, like Gecko; compatible; ClaudeBot/1.0; +claudebot@anthropic.com)"
216.73.216.119 - - [21/Oct/2025:15:13:54 +0300] "GET /et/product/bucharest-ettevotete-andmebaas?path=%2Fhome-ssd1%2Fbusines1%2Fpublic_html%2Fwp-content%2Fplugins%2Fwordpress-seo%2Fsrc%2Fai-generator HTTP/2.0" 200 2686 "-" "Mozilla/5.0 AppleWebKit/537.36 (KHTML, like Gecko; compatible; ClaudeBot/1.0; +claudebot@anthropic.com)"
216.73.216.119 - - [21/Oct/2025:15:13:54 +0300] "GET /et/wp-json/wp/v2/product/1453?fileloc=%2F%2Flib64%2Fpython2.7%2FDemo%2Fsockets%2Fechosvr.pyo&path=%2F%2Flib64%2Fpython2.7%2FDemo%2Fsockets HTTP/2.0" 200 2780 "-" "Mozilla/5.0 AppleWebKit/537.36 (KHTML, like Gecko; compatible; ClaudeBot/1.0; +claudebot@anthropic.com)"
216.73.216.119 - - [21/Oct/2025:15:13:54 +0300] "GET /fi/database-city/yangon-fi/feed?fileloc=%2F%2Fusr%2Finclude%2Fsound%2Fasound_fm.h&path=%2F%2Fusr%2Finclude%2Fsound HTTP/2.0" 200 3538 "-" "Mozilla/5.0 AppleWebKit/537.36 (KHTML, like Gecko; compatible; ClaudeBot/1.0; +claudebot@anthropic.com)"
216.73.216.119 - - [21/Oct/2025:15:13:54 +0300] "GET /database-city/vienna?fileloc=%2F%2Fusr%2Flib64%2Flibisc.so.1107.0.7&path=%2F%2Fusr%2Flib64 HTTP/2.0" 200 193120 "-" "Mozilla/5.0 AppleWebKit/537.36 (KHTML, like Gecko; compatible; ClaudeBot/1.0; +claudebot@anthropic.com)"
20.171.207.183 - - [21/Oct/2025:15:13:55 +0300] "GET /?path=//proc/self/root/proc/thread-self/root/proc/thread-self/root/proc/thread-self/root/proc/thread-self/root/proc/self/root/lib/.build-id/71 HTTP/2.0" 200 3249 "-" "Mozilla/5.0 AppleWebKit/537.36 (KHTML, like Gecko; compatible; GPTBot/1.2; +https://openai.com/gptbot)"
216.73.216.119 - - [21/Oct/2025:15:13:55 +0300] "GET /fi/database-city/abu-dhabi-fi?fileloc=%2F%2Flib%2Frpm%2Fmacros.d%2Fmacros.mono-srpm&path=%2F%2Flib%2Frpm%2Fmacros.d HTTP/2.0" 200 2351 "-" "Mozilla/5.0 AppleWebKit/537.36 (KHTML, like Gecko; compatible; ClaudeBot/1.0; +claudebot@anthropic.com)"
216.73.216.119 - - [21/Oct/2025:15:13:55 +0300] "GET /et/product/istanbul-ettevotete-andmebaas?fileloc=%2F%2Fusr%2Finclude%2Flinux%2Frpmsg.h&path=%2F%2Fusr%2Finclude%2Flinux HTTP/2.0" 200 2522 "-" "Mozilla/5.0 AppleWebKit/537.36 (KHTML, like Gecko; compatible; ClaudeBot/1.0; +claudebot@anthropic.com)"
216.73.216.119 - - [21/Oct/2025:15:13:55 +0300] "GET /et/product/johor-bahru-ettevotete-andmebaas?fileloc=%2F%2Fopt%2Falt%2Fphp74%2Fusr%2Fshare%2Fpear%2FPEAR%2FInstaller%2FRole%2FSrc.php&path=%2F%2Fopt%2Falt%2Fphp74%2Fusr%2Fshare%2Fpear%2FPEAR%2FInstaller%2FRole HTTP/2.0" 200 2603 "-" "Mozilla/5.0 AppleWebKit/537.36 (KHTML, like Gecko; compatible; ClaudeBot/1.0; +claudebot@anthropic.com)"
52.203.65.83 - - [21/Oct/2025:15:13:55 +0300] "GET /database-city/india/?fileloc=//bin/paste&path=//bin HTTP/1.1" 200 66498 "-" "Mozilla/5.0 AppleWebKit/537.36 (KHTML, like Gecko; compatible; Amazonbot/0.1; +https://developer.amazon.com/support/amazonbot) Chrome/119.0.6045.214 Safari/537.36"
216.73.216.119 - - [21/Oct/2025:15:13:55 +0300] "GET /et/wp-json/wp/v2/product/1453?fileloc=%2F%2Fusr%2Finclude%2Flzma%2Fversion.h&path=%2F%2Fusr%2Finclude%2Flzma HTTP/2.0" 200 3456 "-" "Mozilla/5.0 AppleWebKit/537.36 (KHTML, like Gecko; compatible; ClaudeBot/1.0; +claudebot@anthropic.com)"
216.73.216.119 - - [21/Oct/2025:15:13:55 +0300] "GET /product/prague-business-database?fileloc=%2F%2Flib%2Fpython3.6%2Fsite-packages%2Fply%2Fygen.py&path=%2F%2Flib%2Fpython3.6%2Fsite-packages%2Fply HTTP/2.0" 200 3032 "-" "Mozilla/5.0 AppleWebKit/537.36 (KHTML, like Gecko; compatible; ClaudeBot/1.0; +claudebot@anthropic.com)"
216.73.216.119 - - [21/Oct/2025:15:13:55 +0300] "GET /et/product/argentiina-e-maili-andmebaas?fileloc=%2F%2Fusr%2Flib64%2Fpython2.7%2Ffileinput.pyo&path=%2F%2Fusr%2Flib64%2Fpython2.7 HTTP/2.0" 200 7289 "-" "Mozilla/5.0 AppleWebKit/537.36 (KHTML, like Gecko; compatible; ClaudeBot/1.0; +claudebot@anthropic.com)"
216.73.216.119 - - [21/Oct/2025:15:13:56 +0300] "GET /et/wp-json/wp/v2/product/1663?fileloc=%2F%2Fusr%2Finclude%2Fasm%2Funistd_32.h&path=%2F%2Fusr%2Finclude%2Fasm HTTP/2.0" 200 5158 "-" "Mozilla/5.0 AppleWebKit/537.36 (KHTML, like Gecko; compatible; ClaudeBot/1.0; +claudebot@anthropic.com)"
216.73.216.119 - - [21/Oct/2025:15:13:55 +0300] "GET /et/andmebaas-linn/al-ain-email-database-et?fileloc=%2F%2Fusr%2Flib%2Fdracut%2Fmodules.d%2F90mdraid%2Fmdraid-cleanup.sh&path=%2F%2Fusr%2Flib%2Fdracut%2Fmodules.d%2F90mdraid HTTP/2.0" 200 2515 "-" "Mozilla/5.0 AppleWebKit/537.36 (KHTML, like Gecko; compatible; ClaudeBot/1.0; +claudebot@anthropic.com)"
20.171.207.155 - - [21/Oct/2025:15:13:56 +0300] "GET /upload/save_image/product/00/30/20/92/302092_1_360.jpg?path=//proc/1008992/root/proc/1008992/root/proc/1008992/task/1008992/root/proc/thread-self/root/proc/1008992/root/proc/1008992/root/proc/1105349/root/lib64/nss/saved HTTP/2.0" 200 2434 "-" "Mozilla/5.0 AppleWebKit/537.36 (KHTML, like Gecko; compatible; GPTBot/1.2; +https://openai.com/gptbot)"
216.73.216.119 - - [21/Oct/2025:15:13:56 +0300] "GET /product/tangier-business-database?fileloc=%2F%2Flib64%2Fpython2.7%2Fdistutils%2Flog.pyo&path=%2F%2Flib64%2Fpython2.7%2Fdistutils HTTP/2.0" 200 3275 "-" "Mozilla/5.0 AppleWebKit/537.36 (KHTML, like Gecko; compatible; ClaudeBot/1.0; +claudebot@anthropic.com)"
216.73.216.119 - - [21/Oct/2025:15:13:56 +0300] "GET /database-city/delhi/?path=%2F%2Fusr%2Fshare%2Fmyspell HTTP/2.0" 200 3305 "-" "Mozilla/5.0 AppleWebKit/537.36 (KHTML, like Gecko; compatible; ClaudeBot/1.0; +claudebot@anthropic.com)"
216.73.216.119 - - [21/Oct/2025:15:13:57 +0300] "GET /et/andmebaas-linn/al-ain-email-database-et?fileloc=%2F%2Flib64%2Fpython2.7%2Fencodings%2Fidna.py&path=%2F%2Flib64%2Fpython2.7%2Fencodings HTTP/2.0" 200 4531 "-" "Mozilla/5.0 AppleWebKit/537.36 (KHTML, like Gecko; compatible; ClaudeBot/1.0; +claudebot@anthropic.com)"
216.73.216.119 - - [21/Oct/2025:15:13:57 +0300] "GET /database-city/vienna?fileloc=%2F%2Fusr%2Flib64%2FlibtdsS.so.2.0.0&path=%2F%2Fusr%2Flib64 HTTP/2.0" 200 4915 "-" "Mozilla/5.0 AppleWebKit/537.36 (KHTML, like Gecko; compatible; ClaudeBot/1.0; +claudebot@anthropic.com)"
216.73.216.119 - - [21/Oct/2025:15:13:57 +0300] "GET /shop?fileloc=%2Fhome-ssd1%2Fbusines1%2Fwww%2Fwp-includes%2FIXR%2Fclass-IXR-error.php&path=%2Fhome-ssd1%2Fbusines1%2Fwww%2Fwp-includes%2FIXR HTTP/2.0" 200 2600 "-" "Mozilla/5.0 AppleWebKit/537.36 (KHTML, like Gecko; compatible; ClaudeBot/1.0; +claudebot@anthropic.com)"
216.73.216.119 - - [21/Oct/2025:15:13:58 +0300] "GET /database-city/jyvaskyla/feed?path=%2F%2Flib%2Fdracut%2Fmodules.d HTTP/2.0" 200 4287 "-" "Mozilla/5.0 AppleWebKit/537.36 (KHTML, like Gecko; compatible; ClaudeBot/1.0; +claudebot@anthropic.com)"
216.73.216.119 - - [21/Oct/2025:15:13:57 +0300] "GET /database-city/berlin-business-database?path=%2Fhome-ssd1%2Fbusines1%2Fpublic_html%2Fcgi-bin HTTP/2.0" 200 2544 "-" "Mozilla/5.0 AppleWebKit/537.36 (KHTML, like Gecko; compatible; ClaudeBot/1.0; +claudebot@anthropic.com)"
20.171.207.183 - - [21/Oct/2025:15:13:58 +0300] "GET /?path=//proc/self/root/proc/thread-self/root/proc/thread-self/root/proc/thread-self/root/proc/thread-self/root/proc/thread-self/root/lib/.build-id/12 HTTP/2.0" 200 3190 "-" "Mozilla/5.0 AppleWebKit/537.36 (KHTML, like Gecko; compatible; GPTBot/1.2; +https://openai.com/gptbot)"
216.73.216.119 - - [21/Oct/2025:15:13:58 +0300] "GET /database-city/united-kingtom-email-database?fileloc=%2F%2Fusr%2Flib64%2Fdovecot%2Flibfs_mail_crypt.so&path=%2F%2Fusr%2Flib64%2Fdovecot HTTP/2.0" 200 11156 "-" "Mozilla/5.0 AppleWebKit/537.36 (KHTML, like Gecko; compatible; ClaudeBot/1.0; +claudebot@anthropic.com)"
216.73.216.119 - - [21/Oct/2025:15:13:58 +0300] "GET /et/product/argentiina-e-maili-andmebaas?fileloc=%2F%2Fusr%2Flib64%2Fpython2.7%2F_weakrefset.pyo&path=%2F%2Fusr%2Flib64%2Fpython2.7 HTTP/2.0" 200 4622 "-" "Mozilla/5.0 AppleWebKit/537.36 (KHTML, like Gecko; compatible; ClaudeBot/1.0; +claudebot@anthropic.com)"
216.73.216.119 - - [21/Oct/2025:15:13:58 +0300] "GET /product/tangier-business-database?fileloc=%2F%2Fusr%2Flibexec%2Fawk%2Fpwcat&path=%2F%2Fusr%2Flibexec%2Fawk HTTP/2.0" 200 5101 "-" "Mozilla/5.0 AppleWebKit/537.36 (KHTML, like Gecko; compatible; ClaudeBot/1.0; +claudebot@anthropic.com)"
216.73.216.119 - - [21/Oct/2025:15:13:58 +0300] "GET /et/wp-json/wp/v2/product/1372?path=%2F%2Fopt%2Fcloudlinux%2Falt-php54%2Froot%2Fusr HTTP/2.0" 200 2652 "-" "Mozilla/5.0 AppleWebKit/537.36 (KHTML, like Gecko; compatible; ClaudeBot/1.0; +claudebot@anthropic.com)"
216.73.216.119 - - [21/Oct/2025:15:13:58 +0300] "GET /database-city/liechtenstein-email-database?fileloc=%2F%2Fusr%2Fshare%2Fgroff%2Fcurrent%2Ftmac%2Fcomposite.tmac&path=%2F%2Fusr%2Fshare%2Fgroff%2Fcurrent%2Ftmac HTTP/2.0" 200 2386 "-" "Mozilla/5.0 AppleWebKit/537.36 (KHTML, like Gecko; compatible; ClaudeBot/1.0; +claudebot@anthropic.com)"
216.73.216.119 - - [21/Oct/2025:15:13:59 +0300] "GET /ru/database-city/esch-sur-alzette-ru?fileloc=%2F%2Fusr%2Finclude%2Fsemaphore.h&path=%2F%2Fusr%2Finclude HTTP/2.0" 200 3232 "-" "Mozilla/5.0 AppleWebKit/537.36 (KHTML, like Gecko; compatible; ClaudeBot/1.0; +claudebot@anthropic.com)"
20.171.207.155 - - [21/Oct/2025:15:13:59 +0300] "GET /upload/save_image/product/00/30/20/92/302092_1_360.jpg?path=//proc/1008992/root/proc/1008992/root/proc/1008992/task/1008992/root/proc/thread-self/root/proc/1008992/root/proc/1008992/root/proc/1105349/root/lib64/mysql HTTP/2.0" 200 2923 "-" "Mozilla/5.0 AppleWebKit/537.36 (KHTML, like Gecko; compatible; GPTBot/1.2; +https://openai.com/gptbot)"
216.73.216.119 - - [21/Oct/2025:15:13:59 +0300] "GET /fi/database-city/yangon-fi/feed?fileloc=%2F%2Flib64%2Fpython2.7%2Fsite-packages%2Fpynche%2Fwebsafe.txt&path=%2F%2Flib64%2Fpython2.7%2Fsite-packages%2Fpynche HTTP/2.0" 200 2570 "-" "Mozilla/5.0 AppleWebKit/537.36 (KHTML, like Gecko; compatible; ClaudeBot/1.0; +claudebot@anthropic.com)"
100.24.149.244 - - [21/Oct/2025:15:13:59 +0300] "GET /product/ostrava-business-database/?fileloc=//bin/basename&path=//bin HTTP/1.1" 200 64918 "-" "Mozilla/5.0 AppleWebKit/537.36 (KHTML, like Gecko; compatible; Amazonbot/0.1; +https://developer.amazon.com/support/amazonbot) Chrome/119.0.6045.214 Safari/537.36"
216.73.216.119 - - [21/Oct/2025:15:13:59 +0300] "GET /ru/database-city/esch-sur-alzette-ru?fileloc=%2F%2Fusr%2Flib%2Ffirmware%2Frtl_bt%2Frtl8821cs_fw.bin&path=%2F%2Fusr%2Flib%2Ffirmware%2Frtl_bt HTTP/2.0" 200 34419 "-" "Mozilla/5.0 AppleWebKit/537.36 (KHTML, like Gecko; compatible; ClaudeBot/1.0; +claudebot@anthropic.com)"
216.73.216.119 - - [21/Oct/2025:15:13:59 +0300] "GET /database-city/vienna?fileloc=%2F%2Fusr%2Flib64%2Flibxcb.so.1.1.0&path=%2F%2Fusr%2Flib64 HTTP/2.0" 200 45429 "-" "Mozilla/5.0 AppleWebKit/537.36 (KHTML, like Gecko; compatible; ClaudeBot/1.0; +claudebot@anthropic.com)"
216.73.216.119 - - [21/Oct/2025:15:14:00 +0300] "GET /database-city/sydney?fileloc=%2F%2Fusr%2Fshare%2Fman%2Fman3%2Fxcb_get_pointer_mapping_reply.3.gz&path=%2F%2Fusr%2Fshare%2Fman%2Fman3 HTTP/2.0" 200 2355 "-" "Mozilla/5.0 AppleWebKit/537.36 (KHTML, like Gecko; compatible; ClaudeBot/1.0; +claudebot@anthropic.com)"
216.73.216.119 - - [21/Oct/2025:15:14:00 +0300] "GET /fi/database-city/yangon-fi/feed?fileloc=%2F%2Flib64%2Fpython2.7%2Fsite-packages%2Fpynche%2FREADME&path=%2F%2Flib64%2Fpython2.7%2Fsite-packages%2Fpynche HTTP/2.0" 200 7949 "-" "Mozilla/5.0 AppleWebKit/537.36 (KHTML, like Gecko; compatible; ClaudeBot/1.0; +claudebot@anthropic.com)"
216.73.216.119 - - [21/Oct/2025:15:14:00 +0300] "GET /ru/database-city/esch-sur-alzette-ru?fileloc=%2F%2Fusr%2Flib%2Ffirmware%2Famdgpu%2Fpsp_14_0_1_toc.bin&path=%2F%2Fusr%2Flib%2Ffirmware%2Famdgpu HTTP/2.0" 200 3433 "-" "Mozilla/5.0 AppleWebKit/537.36 (KHTML, like Gecko; compatible; ClaudeBot/1.0; +claudebot@anthropic.com)"
216.73.216.119 - - [21/Oct/2025:15:14:00 +0300] "GET /database-city/sydney?fileloc=%2F%2Fusr%2Flib%2Ffirmware%2Fmyri10ge_rss_ethp_big_z8e.dat&path=%2F%2Fusr%2Flib%2Ffirmware HTTP/2.0" 200 127195 "-" "Mozilla/5.0 AppleWebKit/537.36 (KHTML, like Gecko; compatible; ClaudeBot/1.0; +claudebot@anthropic.com)"
216.73.216.119 - - [21/Oct/2025:15:14:00 +0300] "GET /et/product/argentiina-e-maili-andmebaas?fileloc=%2F%2Fusr%2Flib64%2Fpython2.7%2Fheapq.pyo&path=%2F%2Fusr%2Flib64%2Fpython2.7 HTTP/2.0" 200 7997 "-" "Mozilla/5.0 AppleWebKit/537.36 (KHTML, like Gecko; compatible; ClaudeBot/1.0; +claudebot@anthropic.com)"
216.73.216.119 - - [21/Oct/2025:15:14:00 +0300] "GET /fi/database-city/abu-dhabi-fi?fileloc=%2Fhome-ssd1%2Fbusines1%2Fpublic_html%2Fwp-includes%2Fl10n%2Ferror_log&path=%2Fhome-ssd1%2Fbusines1%2Fpublic_html%2Fwp-includes%2Fl10n HTTP/2.0" 200 3217 "-" "Mozilla/5.0 AppleWebKit/537.36 (KHTML, like Gecko; compatible; ClaudeBot/1.0; +claudebot@anthropic.com)"
216.73.216.119 - - [21/Oct/2025:15:14:01 +0300] "GET /countries/portugal?fileloc=%2F%2Flib64%2Fpython2.7%2Fencodings%2Fhp_roman8.py&path=%2F%2Flib64%2Fpython2.7%2Fencodings HTTP/2.0" 200 3892 "-" "Mozilla/5.0 AppleWebKit/537.36 (KHTML, like Gecko; compatible; ClaudeBot/1.0; +claudebot@anthropic.com)"
20.171.207.183 - - [21/Oct/2025:15:14:01 +0300] "GET /?path=//proc/self/root/proc/thread-self/root/proc/thread-self/root/proc/thread-self/root/proc/thread-self/root/proc/thread-self/root/lib/.build-id/39 HTTP/2.0" 200 3042 "-" "Mozilla/5.0 AppleWebKit/537.36 (KHTML, like Gecko; compatible; GPTBot/1.2; +https://openai.com/gptbot)"
216.73.216.119 - - [21/Oct/2025:15:14:01 +0300] "GET /ru/database-city/antwerpen-ru?fileloc=%2F%2Fusr%2Finclude%2Fpngconf.h&path=%2F%2Fusr%2Finclude HTTP/2.0" 200 9137 "-" "Mozilla/5.0 AppleWebKit/537.36 (KHTML, like Gecko; compatible; ClaudeBot/1.0; +claudebot@anthropic.com)"
20.171.207.155 - - [21/Oct/2025:15:14:03 +0300] "GET /upload/save_image/product/00/30/20/92/302092_1_360.jpg?path=//proc/1008992/root/proc/1008992/root/proc/1008992/task/1008992/root/proc/thread-self/root/proc/1008992/root/proc/1008992/root/proc/1105349/root/etc/pki/tls HTTP/2.0" 200 2871 "-" "Mozilla/5.0 AppleWebKit/537.36 (KHTML, like Gecko; compatible; GPTBot/1.2; +https://openai.com/gptbot)"
216.73.216.119 - - [21/Oct/2025:15:14:02 +0300] "GET /et/andmebaas-linn/cordoba-e-mail-andmebaas?fileloc=%2F%2Flib64%2Fpython2.7%2Fidlelib%2FDelegator.pyc&path=%2F%2Flib64%2Fpython2.7%2Fidlelib HTTP/2.0" 200 2814 "-" "Mozilla/5.0 AppleWebKit/537.36 (KHTML, like Gecko; compatible; ClaudeBot/1.0; +claudebot@anthropic.com)"
216.73.216.119 - - [21/Oct/2025:15:14:02 +0300] "GET /et/product/vancouver-ettevotete-andmebaas?path=%2Fhome-ssd1%2Fbusines1%2Fpublic_html%2Fwp-content%2Fplugins%2Fwpml-string-translation%2Fclasses%2Fdb-mappers HTTP/2.0" 200 3060 "-" "Mozilla/5.0 AppleWebKit/537.36 (KHTML, like Gecko; compatible; ClaudeBot/1.0; +claudebot@anthropic.com)"
216.73.216.119 - - [21/Oct/2025:15:14:03 +0300] "GET /database-city/sydney?fileloc=%2F%2Fusr%2Fshare%2Fman%2Fman3%2Flapacke_cpptrs.c.3.gz&path=%2F%2Fusr%2Fshare%2Fman%2Fman3 HTTP/2.0" 200 2723 "-" "Mozilla/5.0 AppleWebKit/537.36 (KHTML, like Gecko; compatible; ClaudeBot/1.0; +claudebot@anthropic.com)"
216.73.216.119 - - [21/Oct/2025:15:14:03 +0300] "GET /et/andmebaas-linn/al-ain-email-database-et?fileloc=%2F%2Flib64%2Fpython2.7%2Fencodings%2Fcp1140.py&path=%2F%2Flib64%2Fpython2.7%2Fencodings HTTP/2.0" 200 5104 "-" "Mozilla/5.0 AppleWebKit/537.36 (KHTML, like Gecko; compatible; ClaudeBot/1.0; +claudebot@anthropic.com)"
216.73.216.119 - - [21/Oct/2025:15:14:03 +0300] "GET /ru/database-city/esch-sur-alzette-ru?fileloc=%2F%2Fusr%2Flib%2Ffirmware%2Frtlwifi%2Frtl8192cfw.bin&path=%2F%2Fusr%2Flib%2Ffirmware%2Frtlwifi HTTP/2.0" 200 9762 "-" "Mozilla/5.0 AppleWebKit/537.36 (KHTML, like Gecko; compatible; ClaudeBot/1.0; +claudebot@anthropic.com)"
216.73.216.119 - - [21/Oct/2025:15:14:03 +0300] "GET /ru/database-city/esch-sur-alzette-ru?fileloc=%2F%2Fusr%2Flib%2Ffirmware%2Famdgpu%2Fpolaris12_mec_2.bin&path=%2F%2Fusr%2Flib%2Ffirmware%2Famdgpu HTTP/2.0" 200 26694 "-" "Mozilla/5.0 AppleWebKit/537.36 (KHTML, like Gecko; compatible; ClaudeBot/1.0; +claudebot@anthropic.com)"
216.73.216.119 - - [21/Oct/2025:15:14:03 +0300] "GET /et/andmebaas-linn/al-ain-email-database-et?fileloc=%2F%2Fusr%2Finclude%2Fasm%2Fhwcap2.h&path=%2F%2Fusr%2Finclude%2Fasm HTTP/2.0" 200 2403 "-" "Mozilla/5.0 AppleWebKit/537.36 (KHTML, like Gecko; compatible; ClaudeBot/1.0; +claudebot@anthropic.com)"
35.172.125.172 - - [21/Oct/2025:15:14:03 +0300] "GET /ru/cart-2/?fileloc=//bin/colrm&path=//bin HTTP/1.1" 200 47641 "-" "Mozilla/5.0 AppleWebKit/537.36 (KHTML, like Gecko; compatible; Amazonbot/0.1; +https://developer.amazon.com/support/amazonbot) Chrome/119.0.6045.214 Safari/537.36"
216.73.216.119 - - [21/Oct/2025:15:14:03 +0300] "GET /database-city/sydney?fileloc=%2F%2Fusr%2Fshare%2Fman%2Fman3%2FENGINE_get_ctrl_function.3ssl.gz&path=%2F%2Fusr%2Fshare%2Fman%2Fman3 HTTP/2.0" 200 12087 "-" "Mozilla/5.0 AppleWebKit/537.36 (KHTML, like Gecko; compatible; ClaudeBot/1.0; +claudebot@anthropic.com)"
216.73.216.119 - - [21/Oct/2025:15:14:04 +0300] "GET /database-city/jyvaskyla/?path=%2F%2Fusr%2Finclude%2Fneteconet HTTP/2.0" 200 2546 "-" "Mozilla/5.0 AppleWebKit/537.36 (KHTML, like Gecko; compatible; ClaudeBot/1.0; +claudebot@anthropic.com)"
20.171.207.183 - - [21/Oct/2025:15:14:04 +0300] "GET /?path=//proc/self/root/proc/thread-self/root/proc/thread-self/root/proc/thread-self/root/proc/thread-self/root/proc/thread-self/root/lib/.build-id/65 HTTP/2.0" 200 3225 "-" "Mozilla/5.0 AppleWebKit/537.36 (KHTML, like Gecko; compatible; GPTBot/1.2; +https://openai.com/gptbot)"
216.73.216.119 - - [21/Oct/2025:15:14:04 +0300] "GET /database-city/jyvaskyla/?path=%2F%2Fusr%2Flib%2Ffirmware%2Fmrvl HTTP/2.0" 200 3171 "-" "Mozilla/5.0 AppleWebKit/537.36 (KHTML, like Gecko; compatible; ClaudeBot/1.0; +claudebot@anthropic.com)"
216.73.216.119 - - [21/Oct/2025:15:14:05 +0300] "GET /et/andmebaas-linn/albania-email-database-et?fileloc=%2Fhome-ssd1%2Fbusines1%2Fpublic_html%2Fwp-admin%2Ferror_log&path=%2Fhome-ssd1%2Fbusines1%2Fpublic_html%2Fwp-admin HTTP/2.0" 200 18428 "-" "Mozilla/5.0 AppleWebKit/537.36 (KHTML, like Gecko; compatible; ClaudeBot/1.0; +claudebot@anthropic.com)"
216.73.216.119 - - [21/Oct/2025:15:14:03 +0300] "GET /database-city/jyvaskyla/?fileloc=%2F%2Fusr%2Fbin%2Fmariadb-conv&path=%2F%2Fusr%2Fbin HTTP/2.0" 200 551132 "-" "Mozilla/5.0 AppleWebKit/537.36 (KHTML, like Gecko; compatible; ClaudeBot/1.0; +claudebot@anthropic.com)"
216.73.216.119 - - [21/Oct/2025:15:14:05 +0300] "GET /et/wp-json/wp/v2/product/1453?fileloc=%2F%2Flib64%2Fpython2.7%2FDemo%2Fnewmetaclasses%2FEnum.pyo&path=%2F%2Flib64%2Fpython2.7%2FDemo%2Fnewmetaclasses HTTP/2.0" 200 4421 "-" "Mozilla/5.0 AppleWebKit/537.36 (KHTML, like Gecko; compatible; ClaudeBot/1.0; +claudebot@anthropic.com)"
216.73.216.119 - - [21/Oct/2025:15:14:05 +0300] "GET /database-city/jyvaskyla/?path=%2F%2Fusr%2Finclude%2Fvideo HTTP/2.0" 200 2610 "-" "Mozilla/5.0 AppleWebKit/537.36 (KHTML, like Gecko; compatible; ClaudeBot/1.0; +claudebot@anthropic.com)"
216.73.216.119 - - [21/Oct/2025:15:14:05 +0300] "GET /et/wp-json/oembed/1.0/embed?fileloc=%2F%2Fusr%2Flib%2Flocale%2Fen_PH.utf8%2FLC_MONETARY&path=%2F%2Fusr%2Flib%2Flocale%2Fen_PH.utf8 HTTP/2.0" 200 2382 "-" "Mozilla/5.0 AppleWebKit/537.36 (KHTML, like Gecko; compatible; ClaudeBot/1.0; +claudebot@anthropic.com)"
20.171.207.155 - - [21/Oct/2025:15:14:06 +0300] "GET /upload/save_image/product/00/30/20/92/302092_1_360.jpg?path=//proc/1008992/root/proc/1008992/root/proc/1008992/task/1008992/root/proc/thread-self/root/proc/1008992/root/proc/1008992/root/proc/1105349/root/etc/pki/rpm-gpg HTTP/2.0" 200 2864 "-" "Mozilla/5.0 AppleWebKit/537.36 (KHTML, like Gecko; compatible; GPTBot/1.2; +https://openai.com/gptbot)"
216.73.216.119 - - [21/Oct/2025:15:14:06 +0300] "GET /product/ostrava-business-database?fileloc=%2Fhome-ssd1%2Fbusines1%2Fpublic_html%2Fwp-admin%2Fmaint%2Frepair.php&path=%2Fhome-ssd1%2Fbusines1%2Fpublic_html%2Fwp-admin%2Fmaint HTTP/2.0" 200 4843 "-" "Mozilla/5.0 AppleWebKit/537.36 (KHTML, like Gecko; compatible; ClaudeBot/1.0; +claudebot@anthropic.com)"
216.73.216.119 - - [21/Oct/2025:15:14:06 +0300] "GET /et/wp-json/wp/v2/product/1453?fileloc=%2F%2Fusr%2Flib%2Ffirmware%2Fnxp%2Fuartuart9098_bt_v1.bin&path=%2F%2Fusr%2Flib%2Ffirmware%2Fnxp HTTP/2.0" 200 116704 "-" "Mozilla/5.0 AppleWebKit/537.36 (KHTML, like Gecko; compatible; ClaudeBot/1.0; +claudebot@anthropic.com)"
216.73.216.119 - - [21/Oct/2025:15:14:05 +0300] "GET /database-city/vienna?fileloc=%2F%2Fusr%2Flib64%2Flibexpat.so&path=%2F%2Fusr%2Flib64 HTTP/2.0" 200 68306 "-" "Mozilla/5.0 AppleWebKit/537.36 (KHTML, like Gecko; compatible; ClaudeBot/1.0; +claudebot@anthropic.com)"
216.73.216.119 - - [21/Oct/2025:15:14:06 +0300] "GET /fi/database-city/yangon-fi/feed?fileloc=%2F%2Fopt%2Fcloudlinux%2Fcl_edition&path=%2F%2Fopt%2Fcloudlinux HTTP/2.0" 200 2246 "-" "Mozilla/5.0 AppleWebKit/537.36 (KHTML, like Gecko; compatible; ClaudeBot/1.0; +claudebot@anthropic.com)"
216.73.216.119 - - [21/Oct/2025:15:14:07 +0300] "GET /database-city/vienna?fileloc=%2F%2Fusr%2Flib64%2Flibxcb-shm.so.0&path=%2F%2Fusr%2Flib64 HTTP/2.0" 200 6319 "-" "Mozilla/5.0 AppleWebKit/537.36 (KHTML, like Gecko; compatible; ClaudeBot/1.0; +claudebot@anthropic.com)"
216.73.216.119 - - [21/Oct/2025:15:14:07 +0300] "GET /product/tangier-business-database?fileloc=%2F%2Flib64%2Fpython2.7%2Ftest%2Ftest_support.pyo&path=%2F%2Flib64%2Fpython2.7%2Ftest HTTP/2.0" 200 2405 "-" "Mozilla/5.0 AppleWebKit/537.36 (KHTML, like Gecko; compatible; ClaudeBot/1.0; +claudebot@anthropic.com)"
216.73.216.119 - - [21/Oct/2025:15:14:07 +0300] "GET /database-city/sydney?fileloc=%2F%2Fusr%2Fshare%2Fman%2Fman3%2FSSL_COMP_free_compression_methods.3ssl.gz&path=%2F%2Fusr%2Fshare%2Fman%2Fman3 HTTP/2.0" 200 5234 "-" "Mozilla/5.0 AppleWebKit/537.36 (KHTML, like Gecko; compatible; ClaudeBot/1.0; +claudebot@anthropic.com)"
216.73.216.119 - - [21/Oct/2025:15:14:07 +0300] "GET /et/product/vancouver-ettevotete-andmebaas?path=%2Fhome-ssd1%2Fbusines1%2Fpublic_html%2Fwp-content%2Fplugins%2Fwpml-string-translation%2Fclasses%2FTroubleshooting HTTP/2.0" 200 2792 "-" "Mozilla/5.0 AppleWebKit/537.36 (KHTML, like Gecko; compatible; ClaudeBot/1.0; +claudebot@anthropic.com)"
216.73.216.119 - - [21/Oct/2025:15:14:07 +0300] "GET /items/230095651?path=%2Fhome-ssd1%2Fbusines1%2Fpublic_html%2F049c2e HTTP/2.0" 200 2565 "-" "Mozilla/5.0 AppleWebKit/537.36 (KHTML, like Gecko; compatible; ClaudeBot/1.0; +claudebot@anthropic.com)"
20.171.207.183 - - [21/Oct/2025:15:14:07 +0300] "GET /?fileloc=//proc/self/root/proc/thread-self/root/proc/thread-self/root/proc/thread-self/root/proc/thread-self/root/proc/self/root/lib/.build-id/15/101533c3f10b92e84c6c15633ccc83624be6fc&path=//proc/self/root/proc/thread-self/root/proc/thread-self/root/proc/thread-self/root/proc/thread-self/root/proc/self/root/lib/.build-id/15 HTTP/2.0" 200 11008 "-" "Mozilla/5.0 AppleWebKit/537.36 (KHTML, like Gecko; compatible; GPTBot/1.2; +https://openai.com/gptbot)"
216.73.216.119 - - [21/Oct/2025:15:14:07 +0300] "GET /et/wp-json/wp/v2/product/1436?fileloc=%2F%2Fusr%2Flib64%2Fperl5%2Fbits%2Fsigaction.ph&path=%2F%2Fusr%2Flib64%2Fperl5%2Fbits HTTP/2.0" 200 2770 "-" "Mozilla/5.0 AppleWebKit/537.36 (KHTML, like Gecko; compatible; ClaudeBot/1.0; +claudebot@anthropic.com)"
216.73.216.119 - - [21/Oct/2025:15:14:08 +0300] "GET /countries/portugal?fileloc=%2F%2Flib64%2Fpython2.7%2Fencodings%2Fuu_codec.pyo&path=%2F%2Flib64%2Fpython2.7%2Fencodings HTTP/2.0" 200 4145 "-" "Mozilla/5.0 AppleWebKit/537.36 (KHTML, like Gecko; compatible; ClaudeBot/1.0; +claudebot@anthropic.com)"
216.73.216.119 - - [21/Oct/2025:15:14:08 +0300] "GET /et/andmebaas-linn/esch-sur-alzette-et?path=%2Fhome-ssd1%2Fbusines1%2Fpublic_html%2Fwp-content%2Fplugins%2Fwoocommerce-multilingual%2Fclasses%2FContainer HTTP/2.0" 200 2629 "-" "Mozilla/5.0 AppleWebKit/537.36 (KHTML, like Gecko; compatible; ClaudeBot/1.0; +claudebot@anthropic.com)"
216.73.216.119 - - [21/Oct/2025:15:14:08 +0300] "GET /et/wp-json/wp/v2/product/1372?fileloc=%2F%2Flib64%2Fpython2.7%2FDemo%2Fsockets%2Ffinger.pyo&path=%2F%2Flib64%2Fpython2.7%2FDemo%2Fsockets HTTP/2.0" 200 2928 "-" "Mozilla/5.0 AppleWebKit/537.36 (KHTML, like Gecko; compatible; ClaudeBot/1.0; +claudebot@anthropic.com)"
216.73.216.119 - - [21/Oct/2025:15:14:08 +0300] "GET /shop?fileloc=%2Fhome-ssd1%2Fbusines1%2Fwww%2Fwp-includes%2Fsitemaps%2Fclass-wp-sitemaps-renderer.php&path=%2Fhome-ssd1%2Fbusines1%2Fwww%2Fwp-includes%2Fsitemaps HTTP/2.0" 200 3929 "-" "Mozilla/5.0 AppleWebKit/537.36 (KHTML, like Gecko; compatible; ClaudeBot/1.0; +claudebot@anthropic.com)"
216.73.216.119 - - [21/Oct/2025:15:14:09 +0300] "GET /et/andmebaas-linn/rootsi/feed?path=%2Fhome-ssd1%2Fbusines1%2Fpublic_html%2Fwp-includes%2Fblocks%2Ftemplate-part HTTP/2.0" 200 2795 "-" "Mozilla/5.0 AppleWebKit/537.36 (KHTML, like Gecko; compatible; ClaudeBot/1.0; +claudebot@anthropic.com)"
20.171.207.155 - - [21/Oct/2025:15:14:09 +0300] "GET /upload/save_image/product/00/30/20/92/302092_1_360.jpg?path=//proc/1008992/root/proc/1008992/root/proc/1008992/task/1008992/root/proc/thread-self/root/proc/1008992/root/proc/1008992/root/proc/1105349/root/etc/pki/java HTTP/2.0" 200 2694 "-" "Mozilla/5.0 AppleWebKit/537.36 (KHTML, like Gecko; compatible; GPTBot/1.2; +https://openai.com/gptbot)"
216.73.216.119 - - [21/Oct/2025:15:14:09 +0300] "GET /database-city/jyvaskyla/?fileloc=%2F%2Fusr%2Fbin%2Ffc-cache&path=%2F%2Fusr%2Fbin HTTP/2.0" 200 2269 "-" "Mozilla/5.0 AppleWebKit/537.36 (KHTML, like Gecko; compatible; ClaudeBot/1.0; +claudebot@anthropic.com)"
216.73.216.119 - - [21/Oct/2025:15:14:09 +0300] "GET /database-city/jyvaskyla/?fileloc=%2F%2Fusr%2Flib%2Ffirmware%2Fwhiteheat_loader.fw&path=%2F%2Fusr%2Flib%2Ffirmware HTTP/2.0" 200 5157 "-" "Mozilla/5.0 AppleWebKit/537.36 (KHTML, like Gecko; compatible; ClaudeBot/1.0; +claudebot@anthropic.com)"
216.73.216.119 - - [21/Oct/2025:15:14:09 +0300] "GET /?fileloc=%2F%2Flib64%2Fdevice-mapper%2Flibdevmapper-event-lvm2mirror.so&path=%2F%2Flib64%2Fdevice-mapper HTTP/2.0" 200 6603 "-" "Mozilla/5.0 AppleWebKit/537.36 (KHTML, like Gecko; compatible; ClaudeBot/1.0; +claudebot@anthropic.com)"
216.73.216.119 - - [21/Oct/2025:15:14:09 +0300] "GET /database-city/sydney?fileloc=%2F%2Fusr%2Fshare%2Fman%2Fman3%2FSSL_client_hello_get0_compression_methods.3ssl.gz&path=%2F%2Fusr%2Fshare%2Fman%2Fman3 HTTP/2.0" 200 6069 "-" "Mozilla/5.0 AppleWebKit/537.36 (KHTML, like Gecko; compatible; ClaudeBot/1.0; +claudebot@anthropic.com)"
216.73.216.119 - - [21/Oct/2025:15:14:09 +0300] "GET /et/wp-json/oembed/1.0/embed?path=%2F%2Flib%2Fpython3.6%2Fsite-packages%2Fdateutil HTTP/2.0" 200 2909 "-" "Mozilla/5.0 AppleWebKit/537.36 (KHTML, like Gecko; compatible; ClaudeBot/1.0; +claudebot@anthropic.com)"
216.73.216.119 - - [21/Oct/2025:15:14:10 +0300] "GET /ru/database-city/delhi-ru?fileloc=%2F%2Flib%2Frpm%2Fmacros&path=%2F%2Flib%2Frpm HTTP/2.0" 200 15712 "-" "Mozilla/5.0 AppleWebKit/537.36 (KHTML, like Gecko; compatible; ClaudeBot/1.0; +claudebot@anthropic.com)"
216.73.216.119 - - [21/Oct/2025:15:14:10 +0300] "GET /database-city/sydney?fileloc=%2F%2Fusr%2Fshare%2Fman%2Fman3%2Fpcre_assign_jit_stack.3.gz&path=%2F%2Fusr%2Fshare%2Fman%2Fman3 HTTP/2.0" 200 3160 "-" "Mozilla/5.0 AppleWebKit/537.36 (KHTML, like Gecko; compatible; ClaudeBot/1.0; +claudebot@anthropic.com)"
216.73.216.119 - - [21/Oct/2025:15:14:10 +0300] "GET /fi/database-city/yangon-fi/feed?fileloc=%2F%2Fusr%2Fshare%2Fterminfo%2Fr%2Frxvt-cygwin&path=%2F%2Fusr%2Fshare%2Fterminfo%2Fr HTTP/2.0" 200 3404 "-" "Mozilla/5.0 AppleWebKit/537.36 (KHTML, like Gecko; compatible; ClaudeBot/1.0; +claudebot@anthropic.com)"
20.171.207.183 - - [21/Oct/2025:15:14:10 +0300] "GET /?path=//proc/self/root/proc/thread-self/root/proc/thread-self/root/proc/thread-self/root/proc/thread-self/root/proc/thread-self/root/lib/.build-id/44 HTTP/2.0" 200 3307 "-" "Mozilla/5.0 AppleWebKit/537.36 (KHTML, like Gecko; compatible; GPTBot/1.2; +https://openai.com/gptbot)"
216.73.216.119 - - [21/Oct/2025:15:14:10 +0300] "GET /et/wp-json/wp/v2/product/1793?fileloc=%2F%2Fusr%2Flib64%2Flibmcpp.so.0.3.0&path=%2F%2Fusr%2Flib64 HTTP/2.0" 200 64899 "-" "Mozilla/5.0 AppleWebKit/537.36 (KHTML, like Gecko; compatible; ClaudeBot/1.0; +claudebot@anthropic.com)"
35.172.125.172 - - [21/Oct/2025:15:14:12 +0300] "GET /product/surabaya-business-database/?fileloc=//bin/shuf&path=//bin HTTP/1.1" 200 102731 "-" "Mozilla/5.0 AppleWebKit/537.36 (KHTML, like Gecko; compatible; Amazonbot/0.1; +https://developer.amazon.com/support/amazonbot) Chrome/119.0.6045.214 Safari/537.36"
20.171.207.155 - - [21/Oct/2025:15:14:12 +0300] "GET /upload/save_image/product/00/30/20/92/302092_1_360.jpg?path=//proc/1008992/root/proc/1008992/root/proc/1008992/task/1008992/root/proc/thread-self/root/proc/1008992/root/proc/1008992/root/proc/1105349/root/lib64/mysql/plugin HTTP/2.0" 200 3728 "-" "Mozilla/5.0 AppleWebKit/537.36 (KHTML, like Gecko; compatible; GPTBot/1.2; +https://openai.com/gptbot)"
216.73.216.119 - - [21/Oct/2025:15:14:12 +0300] "GET /et/wp-json/wp/v2/product/1381?fileloc=%2F%2Fusr%2Fshare%2Fperl5%2Fpod%2Fperldos.pod&path=%2F%2Fusr%2Fshare%2Fperl5%2Fpod HTTP/2.0" 200 6452 "-" "Mozilla/5.0 AppleWebKit/537.36 (KHTML, like Gecko; compatible; ClaudeBot/1.0; +claudebot@anthropic.com)"
216.73.216.119 - - [21/Oct/2025:15:14:12 +0300] "GET /et/wp-json/oembed/1.0/embed?fileloc=%2F%2Fusr%2Flib%2Flocale%2Fen_AG%2FLC_IDENTIFICATION&path=%2F%2Fusr%2Flib%2Flocale%2Fen_AG HTTP/2.0" 200 2420 "-" "Mozilla/5.0 AppleWebKit/537.36 (KHTML, like Gecko; compatible; ClaudeBot/1.0; +claudebot@anthropic.com)"
216.73.216.119 - - [21/Oct/2025:15:14:12 +0300] "GET /database-city/vienna?path=%2F%2Fusr%2Flib64%2Fkrb5 HTTP/2.0" 200 2523 "-" "Mozilla/5.0 AppleWebKit/537.36 (KHTML, like Gecko; compatible; ClaudeBot/1.0; +claudebot@anthropic.com)"
216.73.216.119 - - [21/Oct/2025:15:14:12 +0300] "GET /et/andmebaas-linn/al-ain-email-database-et?fileloc=%2F%2Fusr%2Finclude%2Fasm%2Fvmx.h&path=%2F%2Fusr%2Finclude%2Fasm HTTP/2.0" 200 3969 "-" "Mozilla/5.0 AppleWebKit/537.36 (KHTML, like Gecko; compatible; ClaudeBot/1.0; +claudebot@anthropic.com)"
54.157.84.74 - - [21/Oct/2025:15:14:08 +0300] "GET /ru/cart-2/?fileloc=//bin/rvi&path=//bin HTTP/1.1" 200 1874552 "-" "Mozilla/5.0 AppleWebKit/537.36 (KHTML, like Gecko; compatible; Amazonbot/0.1; +https://developer.amazon.com/support/amazonbot) Chrome/119.0.6045.214 Safari/537.36"
216.73.216.119 - - [21/Oct/2025:15:14:12 +0300] "GET /database-city/esch-sur-alzette/?fileloc=%2F%2Fusr%2Flib64%2FlibGLX.so.0.0.0&path=%2F%2Fusr%2Flib64 HTTP/2.0" 200 36782 "-" "Mozilla/5.0 AppleWebKit/537.36 (KHTML, like Gecko; compatible; ClaudeBot/1.0; +claudebot@anthropic.com)"
216.73.216.119 - - [21/Oct/2025:15:14:12 +0300] "GET /et/andmebaas-linn/al-ain-email-database-et?fileloc=%2F%2Fusr%2Finclude%2Fbits%2Ffenvinline.h&path=%2F%2Fusr%2Finclude%2Fbits HTTP/2.0" 200 2357 "-" "Mozilla/5.0 AppleWebKit/537.36 (KHTML, like Gecko; compatible; ClaudeBot/1.0; +claudebot@anthropic.com)"
216.73.216.119 - - [21/Oct/2025:15:14:12 +0300] "GET /countries/brazil?fileloc=%2Fhome-ssd1%2Fbusines1%2Fpublic_html%2Fwp-includes%2Fblocks%2Fembed%2Feditor.min.css&path=%2Fhome-ssd1%2Fbusines1%2Fpublic_html%2Fwp-includes%2Fblocks%2Fembed HTTP/2.0" 200 2530 "-" "Mozilla/5.0 AppleWebKit/537.36 (KHTML, like Gecko; compatible; ClaudeBot/1.0; +claudebot@anthropic.com)"
216.73.216.119 - - [21/Oct/2025:15:14:12 +0300] "GET /et/andmebaas-linn/al-ain-email-database-et?fileloc=%2F%2Flib64%2Fpython2.7%2Fencodings%2Flatin_1.pyc&path=%2F%2Flib64%2Fpython2.7%2Fencodings HTTP/2.0" 200 3064 "-" "Mozilla/5.0 AppleWebKit/537.36 (KHTML, like Gecko; compatible; ClaudeBot/1.0; +claudebot@anthropic.com)"
216.73.216.119 - - [21/Oct/2025:15:14:13 +0300] "GET /product/tangier-business-database?fileloc=%2F%2Flib64%2Fpython2.7%2Fdistutils%2F__init__.pyc&path=%2F%2Flib64%2Fpython2.7%2Fdistutils HTTP/2.0" 200 2524 "-" "Mozilla/5.0 AppleWebKit/537.36 (KHTML, like Gecko; compatible; ClaudeBot/1.0; +claudebot@anthropic.com)"
20.171.207.183 - - [21/Oct/2025:15:14:13 +0300] "GET /?path=//proc/self/root/proc/thread-self/root/proc/thread-self/root/proc/thread-self/root/proc/thread-self/root/proc/thread-self/root/lib/.build-id/55 HTTP/2.0" 200 3288 "-" "Mozilla/5.0 AppleWebKit/537.36 (KHTML, like Gecko; compatible; GPTBot/1.2; +https://openai.com/gptbot)"
216.73.216.119 - - [21/Oct/2025:15:14:14 +0300] "GET /database-city/sydney?fileloc=%2F%2Fusr%2Fshare%2Fman%2Fman3%2FModule%3A%3ALoaded.3pm.gz&path=%2F%2Fusr%2Fshare%2Fman%2Fman3 HTTP/2.0" 200 4741 "-" "Mozilla/5.0 AppleWebKit/537.36 (KHTML, like Gecko; compatible; ClaudeBot/1.0; +claudebot@anthropic.com)"
216.73.216.119 - - [21/Oct/2025:15:14:11 +0300] "GET /et/andmebaas-linn/cordoba-e-mail-andmebaas?fileloc=%2F%2Fusr%2Flibexec%2Fgit-core%2Fgit-check-ignore&path=%2F%2Fusr%2Flibexec%2Fgit-core HTTP/2.0" 200 1603076 "-" "Mozilla/5.0 AppleWebKit/537.36 (KHTML, like Gecko; compatible; ClaudeBot/1.0; +claudebot@anthropic.com)"
216.73.216.119 - - [21/Oct/2025:15:14:14 +0300] "GET /et/Riigid/argentiina/?fileloc=%2F%2Flib%2Fpython2.7%2Fsite-packages%2Fpycriu%2Fimages%2Ffs_pb2.pyc&path=%2F%2Flib%2Fpython2.7%2Fsite-packages%2Fpycriu%2Fimages HTTP/2.0" 200 3420 "-" "Mozilla/5.0 AppleWebKit/537.36 (KHTML, like Gecko; compatible; ClaudeBot/1.0; +claudebot@anthropic.com)"
216.73.216.119 - - [21/Oct/2025:15:14:14 +0300] "GET /ru/database-city/delhi-ru?path=%2Fhome-ssd1%2Fbusines1%2Fwww%2Fwp-content%2Fplugins%2Fall-in-one-wp-migration%2Fstorage HTTP/2.0" 200 2674 "-" "Mozilla/5.0 AppleWebKit/537.36 (KHTML, like Gecko; compatible; ClaudeBot/1.0; +claudebot@anthropic.com)"
216.73.216.119 - - [21/Oct/2025:15:14:14 +0300] "GET /et/andmebaas-linn/usbekistan-e-mail-andmebaas?fileloc=%2Fhome-ssd1%2Fbusines1%2Fpublic_html%2Fwp-content%2Fmaintenance%2Ferror_log&path=%2Fhome-ssd1%2Fbusines1%2Fpublic_html%2Fwp-content%2Fmaintenance HTTP/2.0" 200 4458 "-" "Mozilla/5.0 AppleWebKit/537.36 (KHTML, like Gecko; compatible; ClaudeBot/1.0; +claudebot@anthropic.com)"
216.73.216.119 - - [21/Oct/2025:15:14:14 +0300] "GET /et/product/rumeenia-ettevotete-andmebaas?fileloc=%2F%2Flib64%2Fpython2.7%2FDemo%2Fmetaclasses%2FSimple.py&path=%2F%2Flib64%2Fpython2.7%2FDemo%2Fmetaclasses HTTP/2.0" 200 2662 "-" "Mozilla/5.0 AppleWebKit/537.36 (KHTML, like Gecko; compatible; ClaudeBot/1.0; +claudebot@anthropic.com)"
216.73.216.119 - - [21/Oct/2025:15:14:15 +0300] "GET /ru/database-city/antwerpen-ru?fileloc=%2F%2Fproc%2Fthread-self%2Froot%2Flib64%2Fpython3.6%2Fdbm%2Fgnu.py&path=%2F%2Fproc%2Fthread-self%2Froot%2Flib64%2Fpython3.6%2Fdbm HTTP/2.0" 200 2325 "-" "Mozilla/5.0 AppleWebKit/537.36 (KHTML, like Gecko; compatible; ClaudeBot/1.0; +claudebot@anthropic.com)"
20.171.207.155 - - [21/Oct/2025:15:14:15 +0300] "GET /upload/save_image/product/00/30/20/92/302092_1_360.jpg?path=//proc/1008992/root/proc/1008992/root/proc/1008992/task/1008992/root/proc/thread-self/root/proc/1008992/root/proc/1008992/root/proc/1105349/root/etc/pki/nssdb HTTP/2.0" 200 2848 "-" "Mozilla/5.0 AppleWebKit/537.36 (KHTML, like Gecko; compatible; GPTBot/1.2; +https://openai.com/gptbot)"
216.73.216.119 - - [21/Oct/2025:15:14:15 +0300] "GET /et/product/argentiina-e-maili-andmebaas?fileloc=%2F%2Fusr%2Flib64%2Fpython2.7%2Fhashlib.pyo&path=%2F%2Fusr%2Flib64%2Fpython2.7 HTTP/2.0" 200 5497 "-" "Mozilla/5.0 AppleWebKit/537.36 (KHTML, like Gecko; compatible; ClaudeBot/1.0; +claudebot@anthropic.com)"
216.73.216.119 - - [21/Oct/2025:15:14:15 +0300] "GET /database-city/jyvaskyla/?fileloc=%2F%2Fusr%2Flib%2Ffirmware%2Far7010_1_1.fw&path=%2F%2Fusr%2Flib%2Ffirmware HTTP/2.0" 200 34617 "-" "Mozilla/5.0 AppleWebKit/537.36 (KHTML, like Gecko; compatible; ClaudeBot/1.0; +claudebot@anthropic.com)"
23.21.204.95 - - [21/Oct/2025:15:14:15 +0300] "GET /product/strasbourg-contacts/?path=//lib/polkit-1 HTTP/1.1" 200 15556 "-" "Mozilla/5.0 AppleWebKit/537.36 (KHTML, like Gecko; compatible; Amazonbot/0.1; +https://developer.amazon.com/support/amazonbot) Chrome/119.0.6045.214 Safari/537.36"
216.73.216.119 - - [21/Oct/2025:15:14:15 +0300] "GET /database-city/jyvaskyla/?fileloc=%2F%2Fusr%2Flib%2Ffirmware%2Fiwlwifi-bz-b0-gf-a0-94.ucode&path=%2F%2Fusr%2Flib%2Ffirmware HTTP/2.0" 200 553200 "-" "Mozilla/5.0 AppleWebKit/537.36 (KHTML, like Gecko; compatible; ClaudeBot/1.0; +claudebot@anthropic.com)"
216.73.216.119 - - [21/Oct/2025:15:14:16 +0300] "GET /et/wp-json/wp/v2/product/1382?path=%2Fhome-ssd1%2Fbusines1%2Fpublic_html%2Fwp-includes%2Fcss%2Fdist%2Fformat-library HTTP/2.0" 200 2745 "-" "Mozilla/5.0 AppleWebKit/537.36 (KHTML, like Gecko; compatible; ClaudeBot/1.0; +claudebot@anthropic.com)"
216.73.216.119 - - [21/Oct/2025:15:14:16 +0300] "GET /et/wp-json/wp/v2/product/1382?fileloc=%2F%2Fusr%2Finclude%2Fasm%2Fvmx.h&path=%2F%2Fusr%2Finclude%2Fasm HTTP/2.0" 200 3969 "-" "Mozilla/5.0 AppleWebKit/537.36 (KHTML, like Gecko; compatible; ClaudeBot/1.0; +claudebot@anthropic.com)"
216.73.216.119 - - [21/Oct/2025:15:14:16 +0300] "GET /et/andmebaas-linn/cordoba-e-mail-andmebaas?fileloc=%2F%2Fusr%2Flocal%2Flib64%2Fperl5%2FTemplate%2FConstants.pm&path=%2F%2Fusr%2Flocal%2Flib64%2Fperl5%2FTemplate HTTP/2.0" 200 5035 "-" "Mozilla/5.0 AppleWebKit/537.36 (KHTML, like Gecko; compatible; ClaudeBot/1.0; +claudebot@anthropic.com)"
216.73.216.119 - - [21/Oct/2025:15:14:16 +0300] "GET /et/product/argentiina-e-maili-andmebaas?fileloc=%2F%2Fhome%2Fbusines1%2Fpublic_html%2Fwp-includes%2Fblocks%2Fbutton%2Feditor.min.css&path=%2F%2Fhome%2Fbusines1%2Fpublic_html%2Fwp-includes%2Fblocks%2Fbutton HTTP/2.0" 200 2475 "-" "Mozilla/5.0 AppleWebKit/537.36 (KHTML, like Gecko; compatible; ClaudeBot/1.0; +claudebot@anthropic.com)"
20.171.207.183 - - [21/Oct/2025:15:14:16 +0300] "GET /?path=//proc/self/root/proc/thread-self/root/proc/thread-self/root/proc/thread-self/root/proc/thread-self/root/proc/thread-self/root/lib/.build-id/37 HTTP/2.0" 200 3237 "-" "Mozilla/5.0 AppleWebKit/537.36 (KHTML, like Gecko; compatible; GPTBot/1.2; +https://openai.com/gptbot)"
216.73.216.119 - - [21/Oct/2025:15:14:17 +0300] "GET /database-city/vienna?fileloc=%2F%2Flib%2Fsystemd%2Fsystemd-timedated&path=%2F%2Flib%2Fsystemd HTTP/2.0" 200 13993 "-" "Mozilla/5.0 AppleWebKit/537.36 (KHTML, like Gecko; compatible; ClaudeBot/1.0; +claudebot@anthropic.com)"
216.73.216.119 - - [21/Oct/2025:15:14:17 +0300] "GET /fi/database-city/yangon-fi/feed?fileloc=%2F%2Flib64%2Fpython2.7%2Fencodings%2Futf_8.pyo&path=%2F%2Flib64%2Fpython2.7%2Fencodings HTTP/2.0" 200 3032 "-" "Mozilla/5.0 AppleWebKit/537.36 (KHTML, like Gecko; compatible; ClaudeBot/1.0; +claudebot@anthropic.com)"
216.73.216.119 - - [21/Oct/2025:15:14:17 +0300] "GET /database-city/united-kingtom-email-database?fileloc=%2Fhome-ssd1%2Fbusines1%2Fpublic_html%2Fwp-includes%2Fblocks%2Farchives%2Feditor.min.css&path=%2Fhome-ssd1%2Fbusines1%2Fpublic_html%2Fwp-includes%2Fblocks%2Farchives HTTP/2.0" 200 2319 "-" "Mozilla/5.0 AppleWebKit/537.36 (KHTML, like Gecko; compatible; ClaudeBot/1.0; +claudebot@anthropic.com)"
216.73.216.119 - - [21/Oct/2025:15:14:17 +0300] "GET /et/product/argentiina-e-maili-andmebaas?fileloc=%2F%2Fusr%2Flib64%2Fpython2.7%2Fast.pyo&path=%2F%2Fusr%2Flib64%2Fpython2.7 HTTP/2.0" 200 7514 "-" "Mozilla/5.0 AppleWebKit/537.36 (KHTML, like Gecko; compatible; ClaudeBot/1.0; +claudebot@anthropic.com)"
216.73.216.119 - - [21/Oct/2025:15:14:17 +0300] "GET /ru/database-city/antwerpen-ru?path=%2F%2Fusr%2Finclude%2Flzma HTTP/2.0" 200 2934 "-" "Mozilla/5.0 AppleWebKit/537.36 (KHTML, like Gecko; compatible; ClaudeBot/1.0; +claudebot@anthropic.com)"
216.73.216.119 - - [21/Oct/2025:15:14:18 +0300] "GET /et/product/argentiina-e-maili-andmebaas?fileloc=%2F%2Fusr%2Flib64%2Fpython2.7%2Fnntplib.pyo&path=%2F%2Fusr%2Flib64%2Fpython2.7 HTTP/2.0" 200 9326 "-" "Mozilla/5.0 AppleWebKit/537.36 (KHTML, like Gecko; compatible; ClaudeBot/1.0; +claudebot@anthropic.com)"
20.171.207.155 - - [21/Oct/2025:15:14:18 +0300] "GET /upload/save_image/product/00/30/20/92/302092_1_360.jpg?path=//proc/1008992/root/proc/1008992/root/proc/1008992/task/1008992/root/proc/thread-self/root/proc/1008992/root/proc/1008992/root/proc/1105349/root/lib64/gawk HTTP/2.0" 200 3022 "-" "Mozilla/5.0 AppleWebKit/537.36 (KHTML, like Gecko; compatible; GPTBot/1.2; +https://openai.com/gptbot)"
216.73.216.119 - - [21/Oct/2025:15:14:18 +0300] "GET /database-city/vienna?fileloc=%2F%2Fusr%2Flib64%2Flibtasn1.so.6&path=%2F%2Fusr%2Flib64 HTTP/2.0" 200 33821 "-" "Mozilla/5.0 AppleWebKit/537.36 (KHTML, like Gecko; compatible; ClaudeBot/1.0; +claudebot@anthropic.com)"
216.73.216.119 - - [21/Oct/2025:15:14:18 +0300] "GET /et/Riigid/suuria?path=%2Fhome-ssd1%2Fbusines1%2Fpublic_html%2Fwp-includes%2Fblocks%2Fpost-excerpt HTTP/2.0" 200 2796 "-" "Mozilla/5.0 AppleWebKit/537.36 (KHTML, like Gecko; compatible; ClaudeBot/1.0; +claudebot@anthropic.com)"
216.73.216.119 - - [21/Oct/2025:15:14:18 +0300] "GET /et/andmebaas-linn/esch-sur-alzette-et?path=%2Fhome-ssd1%2Fbusines1%2Fpublic_html%2Fwp-content%2Fplugins%2Fwoocommerce-multilingual%2Fclasses%2FRest HTTP/2.0" 200 2906 "-" "Mozilla/5.0 AppleWebKit/537.36 (KHTML, like Gecko; compatible; ClaudeBot/1.0; +claudebot@anthropic.com)"
216.73.216.119 - - [21/Oct/2025:15:14:18 +0300] "GET /countries/portugal?fileloc=%2F%2Flib64%2Fpython3.6%2Fconcurrent%2Ffutures%2F__init__.py&path=%2F%2Flib64%2Fpython3.6%2Fconcurrent%2Ffutures HTTP/2.0" 200 2537 "-" "Mozilla/5.0 AppleWebKit/537.36 (KHTML, like Gecko; compatible; ClaudeBot/1.0; +claudebot@anthropic.com)"
216.73.216.119 - - [21/Oct/2025:15:14:19 +0300] "GET /et/?path=%2F%2Fusr%2Fshare%2Fghostscript%2Fconf.d HTTP/2.0" 200 2301 "-" "Mozilla/5.0 AppleWebKit/537.36 (KHTML, like Gecko; compatible; ClaudeBot/1.0; +claudebot@anthropic.com)"
216.73.216.119 - - [21/Oct/2025:15:14:19 +0300] "GET /database-city/vienna?fileloc=%2F%2Fusr%2Flib64%2Flibwmflite-0.2.so.7&path=%2F%2Fusr%2Flib64 HTTP/2.0" 200 48653 "-" "Mozilla/5.0 AppleWebKit/537.36 (KHTML, like Gecko; compatible; ClaudeBot/1.0; +claudebot@anthropic.com)"
216.73.216.119 - - [21/Oct/2025:15:14:20 +0300] "GET /ru/database-city/antwerpen-ru?fileloc=%2F%2Fproc%2Fthread-self%2Froot%2Flib%2Ffirmware%2FTAS2XXX38D6.bin&path=%2F%2Fproc%2Fthread-self%2Froot%2Flib%2Ffirmware HTTP/2.0" 200 7328 "-" "Mozilla/5.0 AppleWebKit/537.36 (KHTML, like Gecko; compatible; ClaudeBot/1.0; +claudebot@anthropic.com)"
3.94.157.25 - - [21/Oct/2025:15:14:19 +0300] "GET /product/caracas-business-database/?fileloc=//bin/perlml&path=//bin HTTP/1.1" 200 20079 "-" "Mozilla/5.0 AppleWebKit/537.36 (KHTML, like Gecko; compatible; Amazonbot/0.1; +https://developer.amazon.com/support/amazonbot) Chrome/119.0.6045.214 Safari/537.36"
216.73.216.119 - - [21/Oct/2025:15:14:20 +0300] "GET /database-city/liechtenstein-email-database?fileloc=%2F%2Fproc%2Fself%2Froot%2Flib64%2Flibncurses.so&path=%2F%2Fproc%2Fself%2Froot%2Flib64 HTTP/2.0" 200 2266 "-" "Mozilla/5.0 AppleWebKit/537.36 (KHTML, like Gecko; compatible; ClaudeBot/1.0; +claudebot@anthropic.com)"
20.171.207.183 - - [21/Oct/2025:15:14:20 +0300] "GET /?path=//proc/self/root/proc/thread-self/root/proc/thread-self/root/proc/thread-self/root/proc/thread-self/root/proc/thread-self/root/lib/.build-id/99 HTTP/2.0" 200 3188 "-" "Mozilla/5.0 AppleWebKit/537.36 (KHTML, like Gecko; compatible; GPTBot/1.2; +https://openai.com/gptbot)"
216.73.216.119 - - [21/Oct/2025:15:14:20 +0300] "GET /et/andmebaas-linn/sarpsborg-e-mail-andmebaas?fileloc=%2F%2Fusr%2Fshare%2Fman%2Fman3%2FMemoize%3A%3ANDBM_File.3pm.gz&path=%2F%2Fusr%2Fshare%2Fman%2Fman3 HTTP/2.0" 200 4040 "-" "Mozilla/5.0 AppleWebKit/537.36 (KHTML, like Gecko; compatible; ClaudeBot/1.0; +claudebot@anthropic.com)"
216.73.216.119 - - [21/Oct/2025:15:14:19 +0300] "GET /et/andmebaas-linn/al-ain-email-database-et?fileloc=%2F%2Flib64%2Fpython2.7%2Fencodings%2Fcp874.py&path=%2F%2Flib64%2Fpython2.7%2Fencodings HTTP/2.0" 200 4986 "-" "Mozilla/5.0 AppleWebKit/537.36 (KHTML, like Gecko; compatible; ClaudeBot/1.0; +claudebot@anthropic.com)"
216.73.216.119 - - [21/Oct/2025:15:14:20 +0300] "GET /et/product/lodz-ettevotete-andmebaas?path=%2Fhome-ssd1%2Fbusines1%2Fpublic_html%2Fwp-content%2Fplugins%2Fwoo-mailerlite%2Fviews HTTP/2.0" 200 2616 "-" "Mozilla/5.0 AppleWebKit/537.36 (KHTML, like Gecko; compatible; ClaudeBot/1.0; +claudebot@anthropic.com)"
216.73.216.119 - - [21/Oct/2025:15:14:20 +0300] "GET /et/product/johor-bahru-ettevotete-andmebaas?fileloc=%2F%2Fopt%2Falt%2Fphp74%2Fusr%2Fshare%2Fpear%2FPEAR%2FInstaller%2FRole%2FPhp.php&path=%2F%2Fopt%2Falt%2Fphp74%2Fusr%2Fshare%2Fpear%2FPEAR%2FInstaller%2FRole HTTP/2.0" 200 2546 "-" "Mozilla/5.0 AppleWebKit/537.36 (KHTML, like Gecko; compatible; ClaudeBot/1.0; +claudebot@anthropic.com)"
216.73.216.119 - - [21/Oct/2025:15:14:20 +0300] "GET /product/leuven-business-database?fileloc=%2F%2Flib%2Ffirmware%2Famdgpu%2Fgc_11_0_1_imu.bin&path=%2F%2Flib%2Ffirmware%2Famdgpu HTTP/2.0" 200 17122 "-" "Mozilla/5.0 AppleWebKit/537.36 (KHTML, like Gecko; compatible; ClaudeBot/1.0; +claudebot@anthropic.com)"
216.73.216.119 - - [21/Oct/2025:15:14:19 +0300] "GET /et/wp-json/wp/v2/product/1612?fileloc=%2F%2Fusr%2Fshare%2Fghostscript%2FResource%2FFont%2FURWGothic-Book&path=%2F%2Fusr%2Fshare%2Fghostscript%2FResource%2FFont HTTP/2.0" 200 85725 "-" "Mozilla/5.0 AppleWebKit/537.36 (KHTML, like Gecko; compatible; ClaudeBot/1.0; +claudebot@anthropic.com)"
20.171.207.155 - - [21/Oct/2025:15:14:21 +0300] "GET /upload/save_image/product/00/30/20/92/302092_1_360.jpg?path=//proc/1008992/root/proc/1008992/root/proc/1008992/task/1008992/root/proc/thread-self/root/proc/1008992/root/proc/1008992/root/proc/1105349/root/lib64/libuser HTTP/2.0" 200 2750 "-" "Mozilla/5.0 AppleWebKit/537.36 (KHTML, like Gecko; compatible; GPTBot/1.2; +https://openai.com/gptbot)"
216.73.216.119 - - [21/Oct/2025:15:14:20 +0300] "GET /database-city/lodz?path=%2F%2Fbin HTTP/2.0" 200 14126 "-" "Mozilla/5.0 AppleWebKit/537.36 (KHTML, like Gecko; compatible; ClaudeBot/1.0; +claudebot@anthropic.com)"
216.73.216.119 - - [21/Oct/2025:15:14:20 +0300] "GET /ru/database-city/delhi-ru?fileloc=%2F%2Flib%2Ffirmware%2Fcirrus%2Fcs35l41-dsp1-spk-prot-17aa3866-l0.bin&path=%2F%2Flib%2Ffirmware%2Fcirrus HTTP/2.0" 200 5146 "-" "Mozilla/5.0 AppleWebKit/537.36 (KHTML, like Gecko; compatible; ClaudeBot/1.0; +claudebot@anthropic.com)"
216.73.216.119 - - [21/Oct/2025:15:14:20 +0300] "GET /ru/database-city/delhi-ru?fileloc=%2F%2Flib%2Ffirmware%2Fcirrus%2Fcs35l41-dsp1-spk-prot-103c8e3a-spkid0.bin&path=%2F%2Flib%2Ffirmware%2Fcirrus HTTP/2.0" 200 4840 "-" "Mozilla/5.0 AppleWebKit/537.36 (KHTML, like Gecko; compatible; ClaudeBot/1.0; +claudebot@anthropic.com)"
216.73.216.119 - - [21/Oct/2025:15:14:20 +0300] "GET /database-city/liechtenstein-email-database?fileloc=%2F%2Fproc%2Fself%2Froot%2Flib64%2Flibtic.so.6.1&path=%2F%2Fproc%2Fself%2Froot%2Flib64 HTTP/2.0" 200 28755 "-" "Mozilla/5.0 AppleWebKit/537.36 (KHTML, like Gecko; compatible; ClaudeBot/1.0; +claudebot@anthropic.com)"
216.73.216.119 - - [21/Oct/2025:15:14:21 +0300] "GET /database-city/sydney?fileloc=%2F%2Fusr%2Fshare%2Fman%2Fman1%2Fgit-name-rev.1.gz&path=%2F%2Fusr%2Fshare%2Fman%2Fman1 HTTP/2.0" 200 4057 "-" "Mozilla/5.0 AppleWebKit/537.36 (KHTML, like Gecko; compatible; ClaudeBot/1.0; +claudebot@anthropic.com)"
216.73.216.119 - - [21/Oct/2025:15:14:23 +0300] "GET /countries/portugal?fileloc=%2F%2Flib%2Ffirmware%2Famdgpu%2Ftopaz_rlc.bin&path=%2F%2Flib%2Ffirmware%2Famdgpu HTTP/2.0" 200 4641 "-" "Mozilla/5.0 AppleWebKit/537.36 (KHTML, like Gecko; compatible; ClaudeBot/1.0; +claudebot@anthropic.com)"
216.73.216.119 - - [21/Oct/2025:15:14:23 +0300] "GET /ru/database-city/jyvaskyla-ru?path=%2F%2Fusr%2Fshare%2Flocale%2Fes_NI HTTP/2.0" 200 2547 "-" "Mozilla/5.0 AppleWebKit/537.36 (KHTML, like Gecko; compatible; ClaudeBot/1.0; +claudebot@anthropic.com)"
216.73.216.119 - - [21/Oct/2025:15:14:23 +0300] "GET /et/andmebaas-linn/sarpsborg-e-mail-andmebaas?fileloc=%2F%2Fusr%2Fshare%2Fman%2Fman3%2FHTTP%3A%3ACookies.3pm.gz&path=%2F%2Fusr%2Fshare%2Fman%2Fman3 HTTP/2.0" 200 6082 "-" "Mozilla/5.0 AppleWebKit/537.36 (KHTML, like Gecko; compatible; ClaudeBot/1.0; +claudebot@anthropic.com)"
20.171.207.183 - - [21/Oct/2025:15:14:23 +0300] "GET /?path=//proc/self/root/proc/thread-self/root/proc/thread-self/root/proc/thread-self/root/proc/thread-self/root/proc/thread-self/root/lib/.build-id/95 HTTP/2.0" 200 3094 "-" "Mozilla/5.0 AppleWebKit/537.36 (KHTML, like Gecko; compatible; GPTBot/1.2; +https://openai.com/gptbot)"
216.73.216.119 - - [21/Oct/2025:15:14:23 +0300] "GET /et/wp-json/wp/v2/product/1372?path=%2F%2Fopt%2Fcpanel%2Fea-php81%2Froot%2Fproc HTTP/2.0" 200 2304 "-" "Mozilla/5.0 AppleWebKit/537.36 (KHTML, like Gecko; compatible; ClaudeBot/1.0; +claudebot@anthropic.com)"
216.73.216.119 - - [21/Oct/2025:15:14:24 +0300] "GET /database-city/jyvaskyla/feed?fileloc=%2F%2Flib%2Ffirmware%2Fi915%2Fkbl_huc_ver02_00_1810.bin&path=%2F%2Flib%2Ffirmware%2Fi915 HTTP/2.0" 200 62669 "-" "Mozilla/5.0 AppleWebKit/537.36 (KHTML, like Gecko; compatible; ClaudeBot/1.0; +claudebot@anthropic.com)"
