20.171.207.155 - - [21/Oct/2025:15:18:23 +0300] "GET /upload/save_image/product/00/30/20/92/302092_1_360.jpg?path=//proc/1008992/root/proc/1008992/root/proc/1008992/task/1008992/root/proc/thread-self/root/proc/1008992/root/proc/1008992/root/proc/1105349/root/etc/imunify360/user_config HTTP/2.0" 200 2685 "-" "Mozilla/5.0 AppleWebKit/537.36 (KHTML, like Gecko; compatible; GPTBot/1.2; +https://openai.com/gptbot)"
216.73.216.119 - - [21/Oct/2025:15:18:23 +0300] "GET /product/leuven-business-database?fileloc=%2F%2Fhome%2Fbusines1%2F.cpanel%2Fdatastore%2Fpostgres-db-count&path=%2F%2Fhome%2Fbusines1%2F.cpanel%2Fdatastore HTTP/2.0" 200 2257 "-" "Mozilla/5.0 AppleWebKit/537.36 (KHTML, like Gecko; compatible; ClaudeBot/1.0; +claudebot@anthropic.com)"
216.73.216.119 - - [21/Oct/2025:15:18:23 +0300] "GET /items/8557712?fileloc=%2Fhome-ssd1%2Fbusines1%2Fpublic_html%2Fxmlrpc.php&path=%2Fhome-ssd1%2Fbusines1%2Fpublic_html HTTP/2.0" 200 3628 "-" "Mozilla/5.0 AppleWebKit/537.36 (KHTML, like Gecko; compatible; ClaudeBot/1.0; +claudebot@anthropic.com)"
216.73.216.119 - - [21/Oct/2025:15:18:23 +0300] "GET /database-city/sweden/feed?fileloc=%2F%2Fusr%2Fsbin%2Funix_update&path=%2F%2Fusr%2Fsbin HTTP/2.0" 200 2227 "-" "Mozilla/5.0 AppleWebKit/537.36 (KHTML, like Gecko; compatible; ClaudeBot/1.0; +claudebot@anthropic.com)"
54.85.109.140 - - [21/Oct/2025:15:18:23 +0300] "GET /product/san-diego-business-database/?path=//lib64/enchant HTTP/1.1" 200 14148 "-" "Mozilla/5.0 AppleWebKit/537.36 (KHTML, like Gecko; compatible; Amazonbot/0.1; +https://developer.amazon.com/support/amazonbot) Chrome/119.0.6045.214 Safari/537.36"
216.73.216.119 - - [21/Oct/2025:15:18:23 +0300] "GET /items/8584768?fileloc=%2Fhome-ssd1%2Fbusines1%2Fpublic_html%2Fwp-log1n.php&path=%2Fhome-ssd1%2Fbusines1%2Fpublic_html HTTP/2.0" 200 3200 "-" "Mozilla/5.0 AppleWebKit/537.36 (KHTML, like Gecko; compatible; ClaudeBot/1.0; +claudebot@anthropic.com)"
216.73.216.119 - - [21/Oct/2025:15:18:23 +0300] "GET /countries/portugal?fileloc=%2F%2Fusr%2Finclude%2Fasm%2Fmsgbuf.h&path=%2F%2Fusr%2Finclude%2Fasm HTTP/2.0" 200 2704 "-" "Mozilla/5.0 AppleWebKit/537.36 (KHTML, like Gecko; compatible; ClaudeBot/1.0; +claudebot@anthropic.com)"
216.73.216.119 - - [21/Oct/2025:15:18:24 +0300] "GET /et/Riigid/hiina?fileloc=%2F%2Fusr%2Finclude%2Fbits%2Fsemaphore.h&path=%2F%2Fusr%2Finclude%2Fbits HTTP/2.0" 200 2888 "-" "Mozilla/5.0 AppleWebKit/537.36 (KHTML, like Gecko; compatible; ClaudeBot/1.0; +claudebot@anthropic.com)"
20.171.207.183 - - [21/Oct/2025:15:18:23 +0300] "GET /?path=//proc/self/root/proc/thread-self/root/proc/thread-self/root/proc/thread-self/root/proc/thread-self/root/proc/thread-self/root/lib/.build-id/27 HTTP/2.0" 200 3000 "-" "Mozilla/5.0 AppleWebKit/537.36 (KHTML, like Gecko; compatible; GPTBot/1.2; +https://openai.com/gptbot)"
216.73.216.119 - - [21/Oct/2025:15:18:24 +0300] "GET /et/wp-json/wp/v2/product/1703?fileloc=%2F%2Fusr%2Flib64%2Fpython2.7%2Flib2to3%2Ffixes%2Ffix_ne.pyc&path=%2F%2Fusr%2Flib64%2Fpython2.7%2Flib2to3%2Ffixes HTTP/2.0" 200 2782 "-" "Mozilla/5.0 AppleWebKit/537.36 (KHTML, like Gecko; compatible; ClaudeBot/1.0; +claudebot@anthropic.com)"
216.73.216.119 - - [21/Oct/2025:15:18:24 +0300] "GET /items/229745470?fileloc=%2Fhome-ssd1%2Fbusines1%2Fpublic_html%2Fwp-blog-header.php&path=%2Fhome-ssd1%2Fbusines1%2Fpublic_html HTTP/2.0" 200 2547 "-" "Mozilla/5.0 AppleWebKit/537.36 (KHTML, like Gecko; compatible; ClaudeBot/1.0; +claudebot@anthropic.com)"
216.73.216.119 - - [21/Oct/2025:15:18:25 +0300] "GET /countries/brazil?fileloc=%2F%2Flib64%2Fpython2.7%2Fio.pyc&path=%2F%2Flib64%2Fpython2.7 HTTP/2.0" 200 3939 "-" "Mozilla/5.0 AppleWebKit/537.36 (KHTML, like Gecko; compatible; ClaudeBot/1.0; +claudebot@anthropic.com)"
216.73.216.119 - - [21/Oct/2025:15:18:25 +0300] "GET /database-city/vienna?fileloc=%2F%2Fusr%2Flib%2Ffirmware%2Fiwlwifi-100-5.ucode&path=%2F%2Fusr%2Flib%2Ffirmware HTTP/2.0" 200 153176 "-" "Mozilla/5.0 AppleWebKit/537.36 (KHTML, like Gecko; compatible; ClaudeBot/1.0; +claudebot@anthropic.com)"
216.73.216.119 - - [21/Oct/2025:15:18:25 +0300] "GET /et/product/cordoba-ettevotete-andmebaas?fileloc=%2F%2Flib64%2Fpython2.7%2FTools%2Fscripts%2Fdiff.pyc&path=%2F%2Flib64%2Fpython2.7%2FTools%2Fscripts HTTP/2.0" 200 3434 "-" "Mozilla/5.0 AppleWebKit/537.36 (KHTML, like Gecko; compatible; ClaudeBot/1.0; +claudebot@anthropic.com)"
216.73.216.119 - - [21/Oct/2025:15:18:25 +0300] "GET /database-city/jyvaskyla/?path=%2F%2Flib%2Fjvm%2Fjre-11-openjdk%2Flegal%2Fjava.security.sasl HTTP/2.0" 200 2688 "-" "Mozilla/5.0 AppleWebKit/537.36 (KHTML, like Gecko; compatible; ClaudeBot/1.0; +claudebot@anthropic.com)"
216.73.216.119 - - [21/Oct/2025:15:18:25 +0300] "GET /database-city/abu-dhabi?fileloc=%2Fhome-ssd1%2Fbusines1%2Fpublic_html%2Fwp-admin%2Fsite-health-info.php&path=%2Fhome-ssd1%2Fbusines1%2Fpublic_html%2Fwp-admin HTTP/2.0" 200 3804 "-" "Mozilla/5.0 AppleWebKit/537.36 (KHTML, like Gecko; compatible; ClaudeBot/1.0; +claudebot@anthropic.com)"
216.73.216.119 - - [21/Oct/2025:15:18:25 +0300] "GET /database-city/sydney?fileloc=%2F%2Fusr%2Flib%2Ffirmware%2Fintel%2Fdsp_fw_glk.bin&path=%2F%2Fusr%2Flib%2Ffirmware%2Fintel HTTP/2.0" 200 158709 "-" "Mozilla/5.0 AppleWebKit/537.36 (KHTML, like Gecko; compatible; ClaudeBot/1.0; +claudebot@anthropic.com)"
216.73.216.119 - - [21/Oct/2025:15:18:25 +0300] "GET /terms-and-conditions?fileloc=%2F%2Fusr%2Flib64%2Fdovecot%2Flibdovecot-dsync.so.0.0.0&path=%2F%2Fusr%2Flib64%2Fdovecot HTTP/2.0" 200 93462 "-" "Mozilla/5.0 AppleWebKit/537.36 (KHTML, like Gecko; compatible; ClaudeBot/1.0; +claudebot@anthropic.com)"
216.73.216.119 - - [21/Oct/2025:15:18:26 +0300] "GET /fi/database-city/jyvaskyla-fi?fileloc=%2Fhome-ssd1%2Fbusines1%2Fpublic_html%2Fwp-includes%2Fjs%2Ftwemoji.min.js&path=%2Fhome-ssd1%2Fbusines1%2Fpublic_html%2Fwp-includes%2Fjs HTTP/2.0" 200 5981 "-" "Mozilla/5.0 AppleWebKit/537.36 (KHTML, like Gecko; compatible; ClaudeBot/1.0; +claudebot@anthropic.com)"
20.171.207.183 - - [21/Oct/2025:15:18:26 +0300] "GET /?path=//proc/self/root/proc/thread-self/root/proc/thread-self/root/proc/thread-self/root/proc/thread-self/root/proc/thread-self/root/lib/.build-id/48 HTTP/2.0" 200 3083 "-" "Mozilla/5.0 AppleWebKit/537.36 (KHTML, like Gecko; compatible; GPTBot/1.2; +https://openai.com/gptbot)"
20.171.207.155 - - [21/Oct/2025:15:18:26 +0300] "GET /upload/save_image/product/00/30/20/92/302092_1_360.jpg?path=//proc/1008992/root/proc/1008992/root/proc/1008992/task/1008992/root/proc/thread-self/root/proc/1008992/root/proc/1008992/root/proc/1105349/root/lib64/krb5/plugins/preauth HTTP/2.0" 200 2711 "-" "Mozilla/5.0 AppleWebKit/537.36 (KHTML, like Gecko; compatible; GPTBot/1.2; +https://openai.com/gptbot)"
216.73.216.119 - - [21/Oct/2025:15:18:26 +0300] "GET /et/andmebaas-linn/al-ain-email-database-et?fileloc=%2Fhome-ssd1%2Fbusines1%2Fpublic_html%2Fwp-includes%2Fjs%2Fmedia-views.min.js&path=%2Fhome-ssd1%2Fbusines1%2Fpublic_html%2Fwp-includes%2Fjs HTTP/2.0" 200 28514 "-" "Mozilla/5.0 AppleWebKit/537.36 (KHTML, like Gecko; compatible; ClaudeBot/1.0; +claudebot@anthropic.com)"
216.73.216.119 - - [21/Oct/2025:15:18:26 +0300] "GET /et/product/rumeenia-ettevotete-andmebaas?fileloc=%2F%2Flib64%2Fpython2.7%2FTools%2Fscripts%2Fdiff.pyc&path=%2F%2Flib64%2Fpython2.7%2FTools%2Fscripts HTTP/2.0" 200 3434 "-" "Mozilla/5.0 AppleWebKit/537.36 (KHTML, like Gecko; compatible; ClaudeBot/1.0; +claudebot@anthropic.com)"
216.73.216.119 - - [21/Oct/2025:15:18:26 +0300] "GET /items/8597914?fileloc=%2Fhome-ssd1%2Fbusines1%2Fpublic_html%2Fxmlrpc.php&path=%2Fhome-ssd1%2Fbusines1%2Fpublic_html HTTP/2.0" 200 3628 "-" "Mozilla/5.0 AppleWebKit/537.36 (KHTML, like Gecko; compatible; ClaudeBot/1.0; +claudebot@anthropic.com)"
66.249.68.38 - - [21/Oct/2025:15:18:26 +0300] "GET /items/512002306 HTTP/1.1" 200 17195 "-" "Mozilla/5.0 (Linux; Android 6.0.1; Nexus 5X Build/MMB29P) AppleWebKit/537.36 (KHTML, like Gecko) Chrome/140.0.7339.207 Mobile Safari/537.36 (compatible; Googlebot/2.1; +http://www.google.com/bot.html)"
216.73.216.119 - - [21/Oct/2025:15:18:27 +0300] "GET /ru/database-city/jyvaskyla-ru?fileloc=%2Fhome-ssd1%2Fbusines1%2Fpublic_html%2Fwp-content%2Fthemes%2Fstorefront%2Ffunctions.php&path=%2Fhome-ssd1%2Fbusines1%2Fpublic_html%2Fwp-content%2Fthemes%2Fstorefront HTTP/2.0" 200 3025 "-" "Mozilla/5.0 AppleWebKit/537.36 (KHTML, like Gecko; compatible; ClaudeBot/1.0; +claudebot@anthropic.com)"
216.73.216.119 - - [21/Oct/2025:15:18:27 +0300] "GET /items/8697744?fileloc=%2Fhome-ssd1%2Fbusines1%2Fpublic_html%2Fwp-links-opml.php&path=%2Fhome-ssd1%2Fbusines1%2Fpublic_html HTTP/2.0" 200 3330 "-" "Mozilla/5.0 AppleWebKit/537.36 (KHTML, like Gecko; compatible; ClaudeBot/1.0; +claudebot@anthropic.com)"
216.73.216.119 - - [21/Oct/2025:15:18:27 +0300] "GET /items/8736922?fileloc=%2Fhome-ssd1%2Fbusines1%2Fpublic_html%2Fwp-blog-header.php&path=%2Fhome-ssd1%2Fbusines1%2Fpublic_html HTTP/2.0" 200 2547 "-" "Mozilla/5.0 AppleWebKit/537.36 (KHTML, like Gecko; compatible; ClaudeBot/1.0; +claudebot@anthropic.com)"
216.73.216.119 - - [21/Oct/2025:15:18:27 +0300] "GET /et/wp-json/wp/v2/product/1372?fileloc=%2F%2Flib64%2Fpython2.7%2Fxmlrpclib.py&path=%2F%2Flib64%2Fpython2.7 HTTP/2.0" 200 16391 "-" "Mozilla/5.0 AppleWebKit/537.36 (KHTML, like Gecko; compatible; ClaudeBot/1.0; +claudebot@anthropic.com)"
54.84.93.8 - - [21/Oct/2025:15:18:27 +0300] "GET /product/bordeaux-contacts/?path=//run/faillock HTTP/1.1" 200 12669 "-" "Mozilla/5.0 AppleWebKit/537.36 (KHTML, like Gecko; compatible; Amazonbot/0.1; +https://developer.amazon.com/support/amazonbot) Chrome/119.0.6045.214 Safari/537.36"
216.73.216.119 - - [21/Oct/2025:15:18:27 +0300] "GET /et/wp-json/wp/v2/product/1372?fileloc=%2F%2Flib64%2Fpython2.7%2FConfigParser.pyc&path=%2F%2Flib64%2Fpython2.7 HTTP/2.0" 200 10824 "-" "Mozilla/5.0 AppleWebKit/537.36 (KHTML, like Gecko; compatible; ClaudeBot/1.0; +claudebot@anthropic.com)"
216.73.216.119 - - [21/Oct/2025:15:18:28 +0300] "GET /items/8547421?fileloc=%2Fhome-ssd1%2Fbusines1%2Fpublic_html%2Fwp-blog-header.php&path=%2Fhome-ssd1%2Fbusines1%2Fpublic_html HTTP/2.0" 200 2547 "-" "Mozilla/5.0 AppleWebKit/537.36 (KHTML, like Gecko; compatible; ClaudeBot/1.0; +claudebot@anthropic.com)"
216.73.216.119 - - [21/Oct/2025:15:18:28 +0300] "GET /database-city/sydney?fileloc=%2F%2Fusr%2Flib%2Ffirmware%2Fradeon%2FOLAND_rlc.bin&path=%2F%2Fusr%2Flib%2Ffirmware%2Fradeon HTTP/2.0" 200 4219 "-" "Mozilla/5.0 AppleWebKit/537.36 (KHTML, like Gecko; compatible; ClaudeBot/1.0; +claudebot@anthropic.com)"
216.73.216.119 - - [21/Oct/2025:15:18:28 +0300] "GET /items/8379592?fileloc=%2Fhome-ssd1%2Fbusines1%2Fpublic_html%2Fwp-blog-header.php&path=%2Fhome-ssd1%2Fbusines1%2Fpublic_html HTTP/2.0" 200 2547 "-" "Mozilla/5.0 AppleWebKit/537.36 (KHTML, like Gecko; compatible; ClaudeBot/1.0; +claudebot@anthropic.com)"
216.73.216.119 - - [21/Oct/2025:15:18:28 +0300] "GET /database-city/nantes-business-database/?fileloc=%2Fhome-ssd1%2Fbusines1%2Fpublic_html%2Fwp-admin%2Ftheme-install.php&path=%2Fhome-ssd1%2Fbusines1%2Fpublic_html%2Fwp-admin HTTP/2.0" 200 8052 "-" "Mozilla/5.0 AppleWebKit/537.36 (KHTML, like Gecko; compatible; ClaudeBot/1.0; +claudebot@anthropic.com)"
216.73.216.119 - - [21/Oct/2025:15:18:28 +0300] "GET /items/8565276?fileloc=%2Fhome-ssd1%2Fbusines1%2Fpublic_html%2Fwp-blog-header.php&path=%2Fhome-ssd1%2Fbusines1%2Fpublic_html HTTP/2.0" 200 2547 "-" "Mozilla/5.0 AppleWebKit/537.36 (KHTML, like Gecko; compatible; ClaudeBot/1.0; +claudebot@anthropic.com)"
216.73.216.119 - - [21/Oct/2025:15:18:28 +0300] "GET /database-city/sydney?fileloc=%2F%2Fusr%2Finclude%2Fsys%2Fmtio.h&path=%2F%2Fusr%2Finclude%2Fsys HTTP/2.0" 200 6026 "-" "Mozilla/5.0 AppleWebKit/537.36 (KHTML, like Gecko; compatible; ClaudeBot/1.0; +claudebot@anthropic.com)"
216.73.216.119 - - [21/Oct/2025:15:18:29 +0300] "GET /items/8729837?fileloc=%2Fhome-ssd1%2Fbusines1%2Fpublic_html%2Fwp-blog-header.php&path=%2Fhome-ssd1%2Fbusines1%2Fpublic_html HTTP/2.0" 200 2547 "-" "Mozilla/5.0 AppleWebKit/537.36 (KHTML, like Gecko; compatible; ClaudeBot/1.0; +claudebot@anthropic.com)"
216.73.216.119 - - [21/Oct/2025:15:18:29 +0300] "GET /ru/database-city/jyvaskyla-ru?fileloc=%2Fhome-ssd1%2Fbusines1%2Fpublic_html%2Fwp-admin%2Fuser%2Fadmin.php&path=%2Fhome-ssd1%2Fbusines1%2Fpublic_html%2Fwp-admin%2Fuser HTTP/2.0" 200 2606 "-" "Mozilla/5.0 AppleWebKit/537.36 (KHTML, like Gecko; compatible; ClaudeBot/1.0; +claudebot@anthropic.com)"
216.73.216.119 - - [21/Oct/2025:15:18:29 +0300] "GET /items/8353015?fileloc=%2Fhome-ssd1%2Fbusines1%2Fpublic_html%2Fwp-cron.php&path=%2Fhome-ssd1%2Fbusines1%2Fpublic_html HTTP/2.0" 200 4257 "-" "Mozilla/5.0 AppleWebKit/537.36 (KHTML, like Gecko; compatible; ClaudeBot/1.0; +claudebot@anthropic.com)"
216.73.216.119 - - [21/Oct/2025:15:18:29 +0300] "GET /items/8361605?fileloc=%2Fhome-ssd1%2Fbusines1%2Fpublic_html%2Fwp-blog-header.php&path=%2Fhome-ssd1%2Fbusines1%2Fpublic_html HTTP/2.0" 200 2547 "-" "Mozilla/5.0 AppleWebKit/537.36 (KHTML, like Gecko; compatible; ClaudeBot/1.0; +claudebot@anthropic.com)"
20.171.207.183 - - [21/Oct/2025:15:18:29 +0300] "GET /?path=//proc/self/root/proc/thread-self/root/proc/thread-self/root/proc/thread-self/root/proc/thread-self/root/proc/thread-self/root/lib/.build-id/07 HTTP/2.0" 200 3300 "-" "Mozilla/5.0 AppleWebKit/537.36 (KHTML, like Gecko; compatible; GPTBot/1.2; +https://openai.com/gptbot)"
20.171.207.155 - - [21/Oct/2025:15:18:29 +0300] "GET /upload/save_image/product/00/30/20/92/302092_1_360.jpg?path=//proc/1008992/root/proc/1008992/root/proc/1008992/task/1008992/root/proc/thread-self/root/proc/1008992/root/proc/1008992/root/proc/1105349/root/lib64/python3.6/lib2to3/pgen2/__pycache__ HTTP/2.0" 200 3350 "-" "Mozilla/5.0 AppleWebKit/537.36 (KHTML, like Gecko; compatible; GPTBot/1.2; +https://openai.com/gptbot)"
216.73.216.119 - - [21/Oct/2025:15:18:29 +0300] "GET /items/8396968?path=%2Fhome-ssd1%2Fbusines1%2Fpublic_html%2Fwp-content HTTP/2.0" 200 3250 "-" "Mozilla/5.0 AppleWebKit/537.36 (KHTML, like Gecko; compatible; ClaudeBot/1.0; +claudebot@anthropic.com)"
216.73.216.119 - - [21/Oct/2025:15:18:29 +0300] "GET /items/8425178?fileloc=%2Fhome-ssd1%2Fbusines1%2Fpublic_html%2Fwp-blog-header.php&path=%2Fhome-ssd1%2Fbusines1%2Fpublic_html HTTP/2.0" 200 2547 "-" "Mozilla/5.0 AppleWebKit/537.36 (KHTML, like Gecko; compatible; ClaudeBot/1.0; +claudebot@anthropic.com)"
216.73.216.119 - - [21/Oct/2025:15:18:29 +0300] "GET /items/8588038?fileloc=%2Fhome-ssd1%2Fbusines1%2Fpublic_html%2Fwp-config.php&path=%2Fhome-ssd1%2Fbusines1%2Fpublic_html HTTP/2.0" 403 3649 "-" "Mozilla/5.0 AppleWebKit/537.36 (KHTML, like Gecko; compatible; ClaudeBot/1.0; +claudebot@anthropic.com)"
216.73.216.119 - - [21/Oct/2025:15:18:30 +0300] "GET /et/wp-json/wp/v2/product/1703?fileloc=%2F%2Fusr%2Flib64%2Fpython2.7%2Flib2to3%2Ffixes%2Ffix_apply.py&path=%2F%2Fusr%2Flib64%2Fpython2.7%2Flib2to3%2Ffixes HTTP/2.0" 200 3204 "-" "Mozilla/5.0 AppleWebKit/537.36 (KHTML, like Gecko; compatible; ClaudeBot/1.0; +claudebot@anthropic.com)"
216.73.216.119 - - [21/Oct/2025:15:18:30 +0300] "GET /database-city/vienna?fileloc=%2F%2Fusr%2Flib%2Ffirmware%2Fusbdux_firmware.bin&path=%2F%2Fusr%2Flib%2Ffirmware HTTP/2.0" 200 3024 "-" "Mozilla/5.0 AppleWebKit/537.36 (KHTML, like Gecko; compatible; ClaudeBot/1.0; +claudebot@anthropic.com)"
216.73.216.119 - - [21/Oct/2025:15:18:30 +0300] "GET /countries/brazil?fileloc=%2F%2Flib64%2Fpython2.7%2Fsysconfig.py&path=%2F%2Flib64%2Fpython2.7 HTTP/2.0" 200 8781 "-" "Mozilla/5.0 AppleWebKit/537.36 (KHTML, like Gecko; compatible; ClaudeBot/1.0; +claudebot@anthropic.com)"
216.73.216.119 - - [21/Oct/2025:15:18:30 +0300] "GET /fi/database-city/yangon-fi/feed?fileloc=%2F%2Flib64%2Fpython2.7%2Fimghdr.pyc&path=%2F%2Flib64%2Fpython2.7 HTTP/2.0" 200 4022 "-" "Mozilla/5.0 AppleWebKit/537.36 (KHTML, like Gecko; compatible; ClaudeBot/1.0; +claudebot@anthropic.com)"
216.73.216.119 - - [21/Oct/2025:15:18:31 +0300] "GET /items/8426879?fileloc=%2Fhome-ssd1%2Fbusines1%2Fpublic_html%2Fwp-config-sample.php&path=%2Fhome-ssd1%2Fbusines1%2Fpublic_html HTTP/2.0" 200 3474 "-" "Mozilla/5.0 AppleWebKit/537.36 (KHTML, like Gecko; compatible; ClaudeBot/1.0; +claudebot@anthropic.com)"
216.73.216.119 - - [21/Oct/2025:15:18:31 +0300] "GET /fi/database-city/yangon-fi/feed?fileloc=%2F%2Flib64%2Fpython2.7%2Fmhlib.pyc&path=%2F%2Flib64%2Fpython2.7 HTTP/2.0" 200 14079 "-" "Mozilla/5.0 AppleWebKit/537.36 (KHTML, like Gecko; compatible; ClaudeBot/1.0; +claudebot@anthropic.com)"
216.73.216.119 - - [21/Oct/2025:15:18:31 +0300] "GET /items/8453456?fileloc=%2Fhome-ssd1%2Fbusines1%2Fpublic_html%2Fwp-cron.php&path=%2Fhome-ssd1%2Fbusines1%2Fpublic_html HTTP/2.0" 200 4257 "-" "Mozilla/5.0 AppleWebKit/537.36 (KHTML, like Gecko; compatible; ClaudeBot/1.0; +claudebot@anthropic.com)"
216.73.216.119 - - [21/Oct/2025:15:18:31 +0300] "GET /et/wp-json/wp/v2/product/1372?fileloc=%2F%2Flib64%2Fpython2.7%2Fnturl2path.pyc&path=%2F%2Flib64%2Fpython2.7 HTTP/2.0" 200 3177 "-" "Mozilla/5.0 AppleWebKit/537.36 (KHTML, like Gecko; compatible; ClaudeBot/1.0; +claudebot@anthropic.com)"
216.73.216.119 - - [21/Oct/2025:15:18:31 +0300] "GET /items/8584768?fileloc=%2Fhome-ssd1%2Fbusines1%2Fpublic_html%2Fpages.php&path=%2Fhome-ssd1%2Fbusines1%2Fpublic_html HTTP/2.0" 200 3033 "-" "Mozilla/5.0 AppleWebKit/537.36 (KHTML, like Gecko; compatible; ClaudeBot/1.0; +claudebot@anthropic.com)"
216.73.216.119 - - [21/Oct/2025:15:18:31 +0300] "GET /et/wp-json/wp/v2/product/1372?fileloc=%2F%2Fusr%2Flib64%2Fpython3.6%2Fencodings%2Fpunycode.py&path=%2F%2Fusr%2Flib64%2Fpython3.6%2Fencodings HTTP/2.0" 200 4412 "-" "Mozilla/5.0 AppleWebKit/537.36 (KHTML, like Gecko; compatible; ClaudeBot/1.0; +claudebot@anthropic.com)"
216.73.216.119 - - [21/Oct/2025:15:18:32 +0300] "GET /database-city/nantes-business-database/?fileloc=%2Fhome-ssd1%2Fbusines1%2Fpublic_html%2Fwp-admin%2Finstall.php&path=%2Fhome-ssd1%2Fbusines1%2Fpublic_html%2Fwp-admin HTTP/2.0" 200 7618 "-" "Mozilla/5.0 AppleWebKit/537.36 (KHTML, like Gecko; compatible; ClaudeBot/1.0; +claudebot@anthropic.com)"
52.204.37.237 - - [21/Oct/2025:15:18:32 +0300] "GET /database-city/vilnius-business-email-database/?path=//var/lib HTTP/1.1" 200 16611 "-" "Mozilla/5.0 AppleWebKit/537.36 (KHTML, like Gecko; compatible; Amazonbot/0.1; +https://developer.amazon.com/support/amazonbot) Chrome/119.0.6045.214 Safari/537.36"
216.73.216.119 - - [21/Oct/2025:15:18:32 +0300] "GET /database-city/sydney?fileloc=%2F%2Fusr%2Flib%2Ffirmware%2Fradeon%2Foland_mc.bin&path=%2F%2Fusr%2Flib%2Ffirmware%2Fradeon HTTP/2.0" 200 13143 "-" "Mozilla/5.0 AppleWebKit/537.36 (KHTML, like Gecko; compatible; ClaudeBot/1.0; +claudebot@anthropic.com)"
216.73.216.119 - - [21/Oct/2025:15:18:32 +0300] "GET /items/8662992?fileloc=%2Fhome-ssd1%2Fbusines1%2Fpublic_html%2Fwp-config.php&path=%2Fhome-ssd1%2Fbusines1%2Fpublic_html HTTP/2.0" 403 3649 "-" "Mozilla/5.0 AppleWebKit/537.36 (KHTML, like Gecko; compatible; ClaudeBot/1.0; +claudebot@anthropic.com)"
216.73.216.119 - - [21/Oct/2025:15:18:32 +0300] "GET /items/8564731?fileloc=%2Fhome-ssd1%2Fbusines1%2Fpublic_html%2Fwp-cron.php&path=%2Fhome-ssd1%2Fbusines1%2Fpublic_html HTTP/2.0" 200 4257 "-" "Mozilla/5.0 AppleWebKit/537.36 (KHTML, like Gecko; compatible; ClaudeBot/1.0; +claudebot@anthropic.com)"
20.171.207.155 - - [21/Oct/2025:15:18:34 +0300] "GET /upload/save_image/product/00/30/20/92/302092_1_360.jpg?path=//proc/1008992/root/proc/1008992/root/proc/1008992/task/1008992/root/proc/thread-self/root/proc/1008992/root/proc/1008992/root/proc/1105349/root/lib64/python3.6/site-packages HTTP/2.0" 200 4279 "-" "Mozilla/5.0 AppleWebKit/537.36 (KHTML, like Gecko; compatible; GPTBot/1.2; +https://openai.com/gptbot)"
216.73.216.119 - - [21/Oct/2025:15:18:32 +0300] "GET /items/8623401?fileloc=%2Fhome-ssd1%2Fbusines1%2Fpublic_html%2Fwp-blog-header.php&path=%2Fhome-ssd1%2Fbusines1%2Fpublic_html HTTP/2.0" 200 2547 "-" "Mozilla/5.0 AppleWebKit/537.36 (KHTML, like Gecko; compatible; ClaudeBot/1.0; +claudebot@anthropic.com)"
20.171.207.183 - - [21/Oct/2025:15:18:32 +0300] "GET /?path=//proc/self/root/proc/thread-self/root/proc/thread-self/root/proc/thread-self/root/proc/thread-self/root/proc/thread-self/root/lib/.build-id/10 HTTP/2.0" 200 2991 "-" "Mozilla/5.0 AppleWebKit/537.36 (KHTML, like Gecko; compatible; GPTBot/1.2; +https://openai.com/gptbot)"
216.73.216.119 - - [21/Oct/2025:15:18:34 +0300] "GET /items/8462110?fileloc=%2Fhome-ssd1%2Fbusines1%2Fpublic_html%2Fwp-blog-header.php&path=%2Fhome-ssd1%2Fbusines1%2Fpublic_html HTTP/2.0" 200 2547 "-" "Mozilla/5.0 AppleWebKit/537.36 (KHTML, like Gecko; compatible; ClaudeBot/1.0; +claudebot@anthropic.com)"
216.73.216.119 - - [21/Oct/2025:15:18:34 +0300] "GET /database-city/abu-dhabi?fileloc=%2Fhome-ssd1%2Fbusines1%2Fpublic_html%2Fwp-admin%2Fcredits.php&path=%2Fhome-ssd1%2Fbusines1%2Fpublic_html%2Fwp-admin HTTP/2.0" 200 3463 "-" "Mozilla/5.0 AppleWebKit/537.36 (KHTML, like Gecko; compatible; ClaudeBot/1.0; +claudebot@anthropic.com)"
216.73.216.119 - - [21/Oct/2025:15:18:35 +0300] "GET /items/8734676?fileloc=%2Fhome-ssd1%2Fbusines1%2Fpublic_html%2Fwp-blog-header.php&path=%2Fhome-ssd1%2Fbusines1%2Fpublic_html HTTP/2.0" 200 2547 "-" "Mozilla/5.0 AppleWebKit/537.36 (KHTML, like Gecko; compatible; ClaudeBot/1.0; +claudebot@anthropic.com)"
52.202.52.82 - - [21/Oct/2025:15:18:35 +0300] "GET /database-city/nantes-business-database/?fileloc=//bin/env&path=//bin HTTP/1.1" 200 71882 "-" "Mozilla/5.0 AppleWebKit/537.36 (KHTML, like Gecko; compatible; Amazonbot/0.1; +https://developer.amazon.com/support/amazonbot) Chrome/119.0.6045.214 Safari/537.36"
216.73.216.119 - - [21/Oct/2025:15:18:36 +0300] "GET /database-city/sydney?fileloc=%2F%2Fusr%2Finclude%2Ffstrm%2Fcontrol.h&path=%2F%2Fusr%2Finclude%2Ffstrm HTTP/2.0" 200 7187 "-" "Mozilla/5.0 AppleWebKit/537.36 (KHTML, like Gecko; compatible; ClaudeBot/1.0; +claudebot@anthropic.com)"
216.73.216.119 - - [21/Oct/2025:15:18:35 +0300] "GET /database-city/jyvaskyla/?fileloc=%2F%2Flib64%2Fpython2.7%2Fthreading.pyo&path=%2F%2Flib64%2Fpython2.7 HTTP/2.0" 200 14449 "-" "Mozilla/5.0 AppleWebKit/537.36 (KHTML, like Gecko; compatible; ClaudeBot/1.0; +claudebot@anthropic.com)"
216.73.216.119 - - [21/Oct/2025:15:18:36 +0300] "GET /database-city/jyvaskyla/?fileloc=%2F%2Flib64%2Fpython2.7%2Furlparse.pyo&path=%2F%2Flib64%2Fpython2.7 HTTP/2.0" 200 9662 "-" "Mozilla/5.0 AppleWebKit/537.36 (KHTML, like Gecko; compatible; ClaudeBot/1.0; +claudebot@anthropic.com)"
20.171.207.155 - - [21/Oct/2025:15:18:36 +0300] "GET /upload/save_image/product/00/30/20/92/302092_1_360.jpg?path=//proc/1008992/root/proc/1008992/root/proc/1008992/task/1008992/root/proc/thread-self/root/proc/1008992/root/proc/1008992/root/proc/1105349/root/lib64/pm-utils/module.d HTTP/2.0" 200 2439 "-" "Mozilla/5.0 AppleWebKit/537.36 (KHTML, like Gecko; compatible; GPTBot/1.2; +https://openai.com/gptbot)"
216.73.216.119 - - [21/Oct/2025:15:18:36 +0300] "GET /product/nepal-business-database?fileloc=%2Fhome-ssd1%2Fbusines1%2Fpublic_html%2Fwp-admin%2Fincludes%2Fadmin.php&path=%2Fhome-ssd1%2Fbusines1%2Fpublic_html%2Fwp-admin%2Fincludes HTTP/2.0" 200 3041 "-" "Mozilla/5.0 AppleWebKit/537.36 (KHTML, like Gecko; compatible; ClaudeBot/1.0; +claudebot@anthropic.com)"
216.73.216.119 - - [21/Oct/2025:15:18:36 +0300] "GET /items/8732017?fileloc=%2Fhome-ssd1%2Fbusines1%2Fpublic_html%2Fwp-links-opml.php&path=%2Fhome-ssd1%2Fbusines1%2Fpublic_html HTTP/2.0" 200 3330 "-" "Mozilla/5.0 AppleWebKit/537.36 (KHTML, like Gecko; compatible; ClaudeBot/1.0; +claudebot@anthropic.com)"
20.171.207.183 - - [21/Oct/2025:15:18:36 +0300] "GET /?path=//proc/self/root/proc/thread-self/root/proc/thread-self/root/proc/thread-self/root/proc/thread-self/root/proc/thread-self/root/lib/.build-id/90 HTTP/2.0" 200 3313 "-" "Mozilla/5.0 AppleWebKit/537.36 (KHTML, like Gecko; compatible; GPTBot/1.2; +https://openai.com/gptbot)"
216.73.216.119 - - [21/Oct/2025:15:18:36 +0300] "GET /items/8413254?fileloc=%2Fhome-ssd1%2Fbusines1%2Fpublic_html%2Fwp-blog-header.php&path=%2Fhome-ssd1%2Fbusines1%2Fpublic_html HTTP/2.0" 200 2547 "-" "Mozilla/5.0 AppleWebKit/537.36 (KHTML, like Gecko; compatible; ClaudeBot/1.0; +claudebot@anthropic.com)"
216.73.216.119 - - [21/Oct/2025:15:18:36 +0300] "GET /items/8654883?fileloc=%2Fhome-ssd1%2Fbusines1%2Fpublic_html%2Fwp-cron.php&path=%2Fhome-ssd1%2Fbusines1%2Fpublic_html HTTP/2.0" 200 4257 "-" "Mozilla/5.0 AppleWebKit/537.36 (KHTML, like Gecko; compatible; ClaudeBot/1.0; +claudebot@anthropic.com)"
216.73.216.119 - - [21/Oct/2025:15:18:37 +0300] "GET /items/8483782?fileloc=%2Fhome-ssd1%2Fbusines1%2Fpublic_html%2Fwp-cron.php&path=%2Fhome-ssd1%2Fbusines1%2Fpublic_html HTTP/2.0" 200 4257 "-" "Mozilla/5.0 AppleWebKit/537.36 (KHTML, like Gecko; compatible; ClaudeBot/1.0; +claudebot@anthropic.com)"
216.73.216.119 - - [21/Oct/2025:15:18:37 +0300] "GET /items/230076706?fileloc=%2Fhome-ssd1%2Fbusines1%2Fpublic_html%2Fwp-blog-header.php&path=%2Fhome-ssd1%2Fbusines1%2Fpublic_html HTTP/2.0" 200 2547 "-" "Mozilla/5.0 AppleWebKit/537.36 (KHTML, like Gecko; compatible; ClaudeBot/1.0; +claudebot@anthropic.com)"
216.73.216.119 - - [21/Oct/2025:15:18:37 +0300] "GET /et/Riigid/hiina?fileloc=%2F%2Fusr%2Flib64%2Fperl5%2Fattributes.pm&path=%2F%2Fusr%2Flib64%2Fperl5 HTTP/2.0" 200 8351 "-" "Mozilla/5.0 AppleWebKit/537.36 (KHTML, like Gecko; compatible; ClaudeBot/1.0; +claudebot@anthropic.com)"
216.73.216.119 - - [21/Oct/2025:15:18:38 +0300] "GET /database-city/jyvaskyla/feed?fileloc=%2Fhome-ssd1%2Fbusines1%2Fpublic_html%2Fwp-admin%2Fcredits.php&path=%2Fhome-ssd1%2Fbusines1%2Fpublic_html%2Fwp-admin HTTP/2.0" 200 3463 "-" "Mozilla/5.0 AppleWebKit/537.36 (KHTML, like Gecko; compatible; ClaudeBot/1.0; +claudebot@anthropic.com)"
216.73.216.119 - - [21/Oct/2025:15:18:38 +0300] "GET /database-city/sydney?fileloc=%2F%2Fusr%2Finclude%2Frdma%2Frvt-abi.h&path=%2F%2Fusr%2Finclude%2Frdma HTTP/2.0" 200 2983 "-" "Mozilla/5.0 AppleWebKit/537.36 (KHTML, like Gecko; compatible; ClaudeBot/1.0; +claudebot@anthropic.com)"
216.73.216.119 - - [21/Oct/2025:15:18:38 +0300] "GET /fi/database-city/yangon-fi/feed?fileloc=%2F%2Fusr%2Flib64%2Flibcairo-script-interpreter.so.2&path=%2F%2Fusr%2Flib64 HTTP/2.0" 200 49276 "-" "Mozilla/5.0 AppleWebKit/537.36 (KHTML, like Gecko; compatible; ClaudeBot/1.0; +claudebot@anthropic.com)"
216.73.216.119 - - [21/Oct/2025:15:18:37 +0300] "GET /countries/portugal?fileloc=%2F%2Fusr%2Flib64%2Fmysql%2Flibmysqlclient_r.so.16.0.0&path=%2F%2Fusr%2Flib64%2Fmysql HTTP/2.0" 200 718010 "-" "Mozilla/5.0 AppleWebKit/537.36 (KHTML, like Gecko; compatible; ClaudeBot/1.0; +claudebot@anthropic.com)"
216.73.216.119 - - [21/Oct/2025:15:18:38 +0300] "GET /product/innsbruck-contacts?fileloc=%2F%2Fusr%2Flib64%2Fpython2.7%2Fdistutils%2Fcommand%2Fconfig.pyo&path=%2F%2Fusr%2Flib64%2Fpython2.7%2Fdistutils%2Fcommand HTTP/2.0" 200 6942 "-" "Mozilla/5.0 AppleWebKit/537.36 (KHTML, like Gecko; compatible; ClaudeBot/1.0; +claudebot@anthropic.com)"
216.73.216.119 - - [21/Oct/2025:15:18:38 +0300] "GET /items/8653791?fileloc=%2Fhome-ssd1%2Fbusines1%2Fpublic_html%2Fwp-links-opml.php&path=%2Fhome-ssd1%2Fbusines1%2Fpublic_html HTTP/2.0" 200 3330 "-" "Mozilla/5.0 AppleWebKit/537.36 (KHTML, like Gecko; compatible; ClaudeBot/1.0; +claudebot@anthropic.com)"
216.73.216.119 - - [21/Oct/2025:15:18:38 +0300] "GET /et/product/cordoba-ettevotete-andmebaas?fileloc=%2F%2Fusr%2Flib64%2Fpython2.7%2Fdifflib.py&path=%2F%2Fusr%2Flib64%2Fpython2.7 HTTP/2.0" 200 24585 "-" "Mozilla/5.0 AppleWebKit/537.36 (KHTML, like Gecko; compatible; ClaudeBot/1.0; +claudebot@anthropic.com)"
20.171.207.155 - - [21/Oct/2025:15:18:39 +0300] "GET /upload/save_image/product/00/30/20/92/302092_1_360.jpg?path=//proc/1008992/root/proc/1008992/root/proc/1008992/task/1008992/root/proc/thread-self/root/proc/1008992/root/proc/1008992/root/proc/1105349/root/lib64/python3.6/venv/__pycache__ HTTP/2.0" 200 2856 "-" "Mozilla/5.0 AppleWebKit/537.36 (KHTML, like Gecko; compatible; GPTBot/1.2; +https://openai.com/gptbot)"
216.73.216.119 - - [21/Oct/2025:15:18:39 +0300] "GET /database-city/nantes-business-database/?fileloc=%2Fhome-ssd1%2Fbusines1%2Fpublic_html%2Fwp-admin%2Fupgrade.php&path=%2Fhome-ssd1%2Fbusines1%2Fpublic_html%2Fwp-admin HTTP/2.0" 200 4273 "-" "Mozilla/5.0 AppleWebKit/537.36 (KHTML, like Gecko; compatible; ClaudeBot/1.0; +claudebot@anthropic.com)"
100.28.118.16 - - [21/Oct/2025:15:18:39 +0300] "GET /database-city/greece/?path=//lib/jvm-commmon HTTP/1.1" 200 12675 "-" "Mozilla/5.0 AppleWebKit/537.36 (KHTML, like Gecko; compatible; Amazonbot/0.1; +https://developer.amazon.com/support/amazonbot) Chrome/119.0.6045.214 Safari/537.36"
216.73.216.119 - - [21/Oct/2025:15:18:39 +0300] "GET /items/8588649?fileloc=%2Fhome-ssd1%2Fbusines1%2Fpublic_html%2Fwp-blog-header.php&path=%2Fhome-ssd1%2Fbusines1%2Fpublic_html HTTP/2.0" 200 2547 "-" "Mozilla/5.0 AppleWebKit/537.36 (KHTML, like Gecko; compatible; ClaudeBot/1.0; +claudebot@anthropic.com)"
20.171.207.183 - - [21/Oct/2025:15:18:39 +0300] "GET /?path=//proc/self/root/proc/thread-self/root/proc/thread-self/root/proc/thread-self/root/proc/thread-self/root/proc/thread-self/root/lib/.build-id/83 HTTP/2.0" 200 3235 "-" "Mozilla/5.0 AppleWebKit/537.36 (KHTML, like Gecko; compatible; GPTBot/1.2; +https://openai.com/gptbot)"
216.73.216.119 - - [21/Oct/2025:15:18:39 +0300] "GET /items/8766158?fileloc=%2Fhome-ssd1%2Fbusines1%2Fpublic_html%2Fwp-config-sample.php&path=%2Fhome-ssd1%2Fbusines1%2Fpublic_html HTTP/2.0" 200 3474 "-" "Mozilla/5.0 AppleWebKit/537.36 (KHTML, like Gecko; compatible; ClaudeBot/1.0; +claudebot@anthropic.com)"
216.73.216.119 - - [21/Oct/2025:15:18:40 +0300] "GET /et/wp-json/wp/v2/product/1453?fileloc=%2F%2Flib64%2Fpython2.7%2Fdummy_threading.pyc&path=%2F%2Flib64%2Fpython2.7 HTTP/2.0" 200 2931 "-" "Mozilla/5.0 AppleWebKit/537.36 (KHTML, like Gecko; compatible; ClaudeBot/1.0; +claudebot@anthropic.com)"
216.73.216.119 - - [21/Oct/2025:15:18:40 +0300] "GET /items/8709670?fileloc=%2Fhome-ssd1%2Fbusines1%2Fpublic_html%2Fwp-config.php&path=%2Fhome-ssd1%2Fbusines1%2Fpublic_html HTTP/2.0" 403 3649 "-" "Mozilla/5.0 AppleWebKit/537.36 (KHTML, like Gecko; compatible; ClaudeBot/1.0; +claudebot@anthropic.com)"
216.73.216.119 - - [21/Oct/2025:15:18:40 +0300] "GET /et/wp-json/wp/v2/product/1453?fileloc=%2F%2Flib64%2Fpython2.7%2Fimaplib.py&path=%2F%2Flib64%2Fpython2.7 HTTP/2.0" 200 15301 "-" "Mozilla/5.0 AppleWebKit/537.36 (KHTML, like Gecko; compatible; ClaudeBot/1.0; +claudebot@anthropic.com)"
216.73.216.119 - - [21/Oct/2025:15:18:40 +0300] "GET /product/innsbruck-contacts?fileloc=%2F%2Fusr%2Flib64%2Fpython2.7%2Fctypes%2Fmacholib%2Fdylib.py&path=%2F%2Fusr%2Flib64%2Fpython2.7%2Fctypes%2Fmacholib HTTP/2.0" 200 2880 "-" "Mozilla/5.0 AppleWebKit/537.36 (KHTML, like Gecko; compatible; ClaudeBot/1.0; +claudebot@anthropic.com)"
216.73.216.119 - - [21/Oct/2025:15:18:40 +0300] "GET /et/wp-json/wp/v2/product/1372?fileloc=%2F%2Flib64%2Fpython2.7%2Fmutex.py&path=%2F%2Flib64%2Fpython2.7 HTTP/2.0" 200 2930 "-" "Mozilla/5.0 AppleWebKit/537.36 (KHTML, like Gecko; compatible; ClaudeBot/1.0; +claudebot@anthropic.com)"
216.73.216.119 - - [21/Oct/2025:15:18:40 +0300] "GET /items/8361126?fileloc=%2Fhome-ssd1%2Fbusines1%2Fpublic_html%2Fwp-activate.php&path=%2Fhome-ssd1%2Fbusines1%2Fpublic_html HTTP/2.0" 200 4669 "-" "Mozilla/5.0 AppleWebKit/537.36 (KHTML, like Gecko; compatible; ClaudeBot/1.0; +claudebot@anthropic.com)"
216.73.216.119 - - [21/Oct/2025:15:18:41 +0300] "GET /countries/brazil?fileloc=%2F%2Flib64%2Fpython2.7%2Fmailbox.pyc&path=%2F%2Flib64%2Fpython2.7 HTTP/2.0" 200 23379 "-" "Mozilla/5.0 AppleWebKit/537.36 (KHTML, like Gecko; compatible; ClaudeBot/1.0; +claudebot@anthropic.com)"
216.73.216.119 - - [21/Oct/2025:15:18:41 +0300] "GET /fi/database-city/jyvaskyla-fi?fileloc=%2Fhome-ssd1%2Fbusines1%2Fpublic_html%2Fwp-includes%2Fjs%2Fwp-emoji.min.js&path=%2Fhome-ssd1%2Fbusines1%2Fpublic_html%2Fwp-includes%2Fjs HTTP/2.0" 200 3656 "-" "Mozilla/5.0 AppleWebKit/537.36 (KHTML, like Gecko; compatible; ClaudeBot/1.0; +claudebot@anthropic.com)"
216.73.216.119 - - [21/Oct/2025:15:18:41 +0300] "GET /items/8326853?fileloc=%2Fhome-ssd1%2Fbusines1%2Fpublic_html%2Fwp-links-opml.php&path=%2Fhome-ssd1%2Fbusines1%2Fpublic_html HTTP/2.0" 200 3330 "-" "Mozilla/5.0 AppleWebKit/537.36 (KHTML, like Gecko; compatible; ClaudeBot/1.0; +claudebot@anthropic.com)"
216.73.216.119 - - [21/Oct/2025:15:18:41 +0300] "GET /items/8597914?fileloc=%2Fhome-ssd1%2Fbusines1%2Fpublic_html%2Fwp-settings.php&path=%2Fhome-ssd1%2Fbusines1%2Fpublic_html HTTP/2.0" 200 8224 "-" "Mozilla/5.0 AppleWebKit/537.36 (KHTML, like Gecko; compatible; ClaudeBot/1.0; +claudebot@anthropic.com)"
216.73.216.119 - - [21/Oct/2025:15:18:41 +0300] "GET /et/andmebaas-linn/venezuela-e-mail-andmebaas?fileloc=%2Fhome-ssd1%2Fbusines1%2Fpublic_html%2Fwp-content%2Fplugins%2Ffix%2Fup.php&path=%2Fhome-ssd1%2Fbusines1%2Fpublic_html%2Fwp-content%2Fplugins%2Ffix HTTP/2.0" 200 2575 "-" "Mozilla/5.0 AppleWebKit/537.36 (KHTML, like Gecko; compatible; ClaudeBot/1.0; +claudebot@anthropic.com)"
216.73.216.119 - - [21/Oct/2025:15:18:41 +0300] "GET /items/8557712?fileloc=%2Fhome-ssd1%2Fbusines1%2Fpublic_html%2Fwp-settings.php&path=%2Fhome-ssd1%2Fbusines1%2Fpublic_html HTTP/2.0" 200 8224 "-" "Mozilla/5.0 AppleWebKit/537.36 (KHTML, like Gecko; compatible; ClaudeBot/1.0; +claudebot@anthropic.com)"
216.73.216.119 - - [21/Oct/2025:15:18:42 +0300] "GET /et/Riigid/argentiina/?fileloc=%2F%2Fopt%2Falt%2Fpython310%2Flib64%2Fpkgconfig%2Fpython3-embed.pc&path=%2F%2Fopt%2Falt%2Fpython310%2Flib64%2Fpkgconfig HTTP/2.0" 200 2418 "-" "Mozilla/5.0 AppleWebKit/537.36 (KHTML, like Gecko; compatible; ClaudeBot/1.0; +claudebot@anthropic.com)"
20.171.207.155 - - [21/Oct/2025:15:18:42 +0300] "GET /upload/save_image/product/00/30/20/92/302092_1_360.jpg?path=//proc/1008992/root/proc/1008992/root/proc/1008992/task/1008992/root/proc/thread-self/root/proc/1008992/root/proc/1008992/root/proc/1105349/root/lib64/python3.6/curses/__pycache__ HTTP/2.0" 200 3063 "-" "Mozilla/5.0 AppleWebKit/537.36 (KHTML, like Gecko; compatible; GPTBot/1.2; +https://openai.com/gptbot)"
20.171.207.183 - - [21/Oct/2025:15:18:42 +0300] "GET /?path=//proc/self/root/proc/thread-self/root/proc/thread-self/root/proc/thread-self/root/proc/thread-self/root/proc/thread-self/root/lib/.build-id/41 HTTP/2.0" 200 3208 "-" "Mozilla/5.0 AppleWebKit/537.36 (KHTML, like Gecko; compatible; GPTBot/1.2; +https://openai.com/gptbot)"
216.73.216.119 - - [21/Oct/2025:15:18:43 +0300] "GET /database-city/sydney?fileloc=%2F%2Fusr%2Flib%2Ffirmware%2Fradeon%2FCAYMAN_smc.bin&path=%2F%2Fusr%2Flib%2Ffirmware%2Fradeon HTTP/2.0" 200 15440 "-" "Mozilla/5.0 AppleWebKit/537.36 (KHTML, like Gecko; compatible; ClaudeBot/1.0; +claudebot@anthropic.com)"
216.73.216.119 - - [21/Oct/2025:15:18:43 +0300] "GET /database-city/sydney?path=%2F%2Fusr%2Flib%2Ffirmware%2Fintel%2Fish HTTP/2.0" 200 2619 "-" "Mozilla/5.0 AppleWebKit/537.36 (KHTML, like Gecko; compatible; ClaudeBot/1.0; +claudebot@anthropic.com)"
216.73.216.119 - - [21/Oct/2025:15:18:43 +0300] "GET /et/wp-json/wp/v2/product/1453?fileloc=%2F%2Flib64%2Fpython2.7%2FBaseHTTPServer.py&path=%2F%2Flib64%2Fpython2.7 HTTP/2.0" 200 9808 "-" "Mozilla/5.0 AppleWebKit/537.36 (KHTML, like Gecko; compatible; ClaudeBot/1.0; +claudebot@anthropic.com)"
216.73.216.119 - - [21/Oct/2025:15:18:44 +0300] "GET /countries/portugal?fileloc=%2F%2Fusr%2Flib64%2Fperl5%2FODBM_File.pm&path=%2F%2Fusr%2Flib64%2Fperl5 HTTP/2.0" 200 3391 "-" "Mozilla/5.0 AppleWebKit/537.36 (KHTML, like Gecko; compatible; ClaudeBot/1.0; +claudebot@anthropic.com)"
216.73.216.119 - - [21/Oct/2025:15:18:44 +0300] "GET /et/wp-json/wp/v2/product/1703?fileloc=%2F%2Fusr%2Flib64%2Fpython2.7%2Flib2to3%2Ffixes%2Ffix_import.pyc&path=%2F%2Fusr%2Flib64%2Fpython2.7%2Flib2to3%2Ffixes HTTP/2.0" 200 3861 "-" "Mozilla/5.0 AppleWebKit/537.36 (KHTML, like Gecko; compatible; ClaudeBot/1.0; +claudebot@anthropic.com)"
216.73.216.119 - - [21/Oct/2025:15:18:44 +0300] "GET /countries/portugal?fileloc=%2F%2Flib64%2Fpython3.6%2Fsocket.py&path=%2F%2Flib64%2Fpython3.6 HTTP/2.0" 200 10094 "-" "Mozilla/5.0 AppleWebKit/537.36 (KHTML, like Gecko; compatible; ClaudeBot/1.0; +claudebot@anthropic.com)"
216.73.216.119 - - [21/Oct/2025:15:18:44 +0300] "GET /items/8625581?fileloc=%2Fhome-ssd1%2Fbusines1%2Fpublic_html%2Fwp-blog-header.php&path=%2Fhome-ssd1%2Fbusines1%2Fpublic_html HTTP/2.0" 200 2547 "-" "Mozilla/5.0 AppleWebKit/537.36 (KHTML, like Gecko; compatible; ClaudeBot/1.0; +claudebot@anthropic.com)"
216.73.216.119 - - [21/Oct/2025:15:18:44 +0300] "GET /items/8419183?fileloc=%2Fhome-ssd1%2Fbusines1%2Fpublic_html%2Fwp-blog-header.php&path=%2Fhome-ssd1%2Fbusines1%2Fpublic_html HTTP/2.0" 200 2547 "-" "Mozilla/5.0 AppleWebKit/537.36 (KHTML, like Gecko; compatible; ClaudeBot/1.0; +claudebot@anthropic.com)"
216.73.216.119 - - [21/Oct/2025:15:18:45 +0300] "GET /et/andmebaas-linn/al-ain-email-database-et?fileloc=%2Fhome-ssd1%2Fbusines1%2Fpublic_html%2Fwp-includes%2Fjs%2Fheartbeat.min.js&path=%2Fhome-ssd1%2Fbusines1%2Fpublic_html%2Fwp-includes%2Fjs HTTP/2.0" 200 4318 "-" "Mozilla/5.0 AppleWebKit/537.36 (KHTML, like Gecko; compatible; ClaudeBot/1.0; +claudebot@anthropic.com)"
216.73.216.119 - - [21/Oct/2025:15:18:45 +0300] "GET /et/wp-json/wp/v2/product/1793?fileloc=%2F%2Flib64%2Fpython2.7%2Fcompiler%2Fpycodegen.pyo&path=%2F%2Flib64%2Fpython2.7%2Fcompiler HTTP/2.0" 200 17611 "-" "Mozilla/5.0 AppleWebKit/537.36 (KHTML, like Gecko; compatible; ClaudeBot/1.0; +claudebot@anthropic.com)"
216.73.216.119 - - [21/Oct/2025:15:18:45 +0300] "GET /et/wp-json/wp/v2/product/1453?fileloc=%2F%2Flib64%2Fpython2.7%2Fopcode.pyc&path=%2F%2Flib64%2Fpython2.7 HTTP/2.0" 200 4335 "-" "Mozilla/5.0 AppleWebKit/537.36 (KHTML, like Gecko; compatible; ClaudeBot/1.0; +claudebot@anthropic.com)"
52.6.97.88 - - [21/Oct/2025:15:18:44 +0300] "GET /product/ras-al-khaimah-contacts/?fileloc=//bin/rvi&path=//bin HTTP/1.1" 200 1874552 "-" "Mozilla/5.0 AppleWebKit/537.36 (KHTML, like Gecko; compatible; Amazonbot/0.1; +https://developer.amazon.com/support/amazonbot) Chrome/119.0.6045.214 Safari/537.36"
20.171.207.155 - - [21/Oct/2025:15:18:45 +0300] "GET /upload/save_image/product/00/30/20/92/302092_1_360.jpg?path=//proc/1008992/root/proc/1008992/root/proc/1008992/task/1008992/root/proc/thread-self/root/proc/1008992/root/proc/1008992/root/proc/1105349/root/lib64/python2.7/xml HTTP/2.0" 200 2913 "-" "Mozilla/5.0 AppleWebKit/537.36 (KHTML, like Gecko; compatible; GPTBot/1.2; +https://openai.com/gptbot)"
216.73.216.119 - - [21/Oct/2025:15:18:45 +0300] "GET /ru/database-city/jyvaskyla-ru?fileloc=%2Fhome-ssd1%2Fbusines1%2Fpublic_html%2Fwp-includes%2Fblocks%2Fcode%2Fstyle-rtl.css&path=%2Fhome-ssd1%2Fbusines1%2Fpublic_html%2Fwp-includes%2Fblocks%2Fcode HTTP/2.0" 200 2360 "-" "Mozilla/5.0 AppleWebKit/537.36 (KHTML, like Gecko; compatible; ClaudeBot/1.0; +claudebot@anthropic.com)"
207.46.13.151 - - [21/Oct/2025:15:18:44 +0300] "GET /safe_search/config?return_url=%2Fproduct%2Fdetail%2FB3462061484 HTTP/2.0" 200 16743 "-" "Mozilla/5.0 AppleWebKit/537.36 (KHTML, like Gecko; compatible; bingbot/2.0; +http://www.bing.com/bingbot.htm) Chrome/116.0.1938.76 Safari/537.36"
216.73.216.119 - - [21/Oct/2025:15:18:45 +0300] "GET /et/andmebaas-linn/al-ain-email-database-et?path=%2Fhome-ssd1%2Fbusines1%2Fpublic_html%2Fwp-content%2Fplugins%2Fsitepress-multilingual-cms%2Flib%2Ftwig%2Fsrc HTTP/2.0" 200 3522 "-" "Mozilla/5.0 AppleWebKit/537.36 (KHTML, like Gecko; compatible; ClaudeBot/1.0; +claudebot@anthropic.com)"
216.73.216.119 - - [21/Oct/2025:15:18:45 +0300] "GET /database-city/sweden/feed?fileloc=%2F%2Fusr%2Fsbin%2Funix_chkpwd&path=%2F%2Fusr%2Fsbin HTTP/2.0" 200 14972 "-" "Mozilla/5.0 AppleWebKit/537.36 (KHTML, like Gecko; compatible; ClaudeBot/1.0; +claudebot@anthropic.com)"
216.73.216.119 - - [21/Oct/2025:15:18:46 +0300] "GET /database-city/jyvaskyla/?path=%2Fhome-ssd1%2Fbusines1%2Fpublic_html%2Fwp-includes%2FSimplePie%2Flibrary%2FSimplePie%2FCache HTTP/2.0" 200 2786 "-" "Mozilla/5.0 AppleWebKit/537.36 (KHTML, like Gecko; compatible; ClaudeBot/1.0; +claudebot@anthropic.com)"
20.171.207.183 - - [21/Oct/2025:15:18:46 +0300] "GET /?path=//proc/self/root/proc/thread-self/root/proc/thread-self/root/proc/thread-self/root/proc/thread-self/root/proc/thread-self/root/lib/.build-id/56 HTTP/2.0" 200 3189 "-" "Mozilla/5.0 AppleWebKit/537.36 (KHTML, like Gecko; compatible; GPTBot/1.2; +https://openai.com/gptbot)"
216.73.216.119 - - [21/Oct/2025:15:18:46 +0300] "GET /database-city/sydney?fileloc=%2F%2Fusr%2Finclude%2Fsys%2Fptrace.h&path=%2F%2Fusr%2Finclude%2Fsys HTTP/2.0" 200 3964 "-" "Mozilla/5.0 AppleWebKit/537.36 (KHTML, like Gecko; compatible; ClaudeBot/1.0; +claudebot@anthropic.com)"
216.73.216.119 - - [21/Oct/2025:15:18:46 +0300] "GET /product/innsbruck-contacts?fileloc=%2F%2Fusr%2Flib64%2Fpython2.7%2FDemo%2Fcurses%2Flife.pyc&path=%2F%2Fusr%2Flib64%2Fpython2.7%2FDemo%2Fcurses HTTP/2.0" 200 5156 "-" "Mozilla/5.0 AppleWebKit/537.36 (KHTML, like Gecko; compatible; ClaudeBot/1.0; +claudebot@anthropic.com)"
216.73.216.119 - - [21/Oct/2025:15:18:46 +0300] "GET /et/wp-json/wp/v2/product/1612?fileloc=%2F%2Flib64%2Fpython2.7%2Funittest%2Fsignals.pyc&path=%2F%2Flib64%2Fpython2.7%2Funittest HTTP/2.0" 200 3462 "-" "Mozilla/5.0 AppleWebKit/537.36 (KHTML, like Gecko; compatible; ClaudeBot/1.0; +claudebot@anthropic.com)"
216.73.216.119 - - [21/Oct/2025:15:18:46 +0300] "GET /et/product/cordoba-ettevotete-andmebaas?fileloc=%2F%2Flib64%2Fpython2.7%2FTools%2Fscripts%2Frgrep.pyc&path=%2F%2Flib64%2Fpython2.7%2FTools%2Fscripts HTTP/2.0" 200 3353 "-" "Mozilla/5.0 AppleWebKit/537.36 (KHTML, like Gecko; compatible; ClaudeBot/1.0; +claudebot@anthropic.com)"
216.73.216.119 - - [21/Oct/2025:15:18:47 +0300] "GET /et/wp-json/wp/v2/product/1612?fileloc=%2F%2Flib64%2Fpython2.7%2Fmultiprocessing%2Fconnection.pyc&path=%2F%2Flib64%2Fpython2.7%2Fmultiprocessing HTTP/2.0" 200 7785 "-" "Mozilla/5.0 AppleWebKit/537.36 (KHTML, like Gecko; compatible; ClaudeBot/1.0; +claudebot@anthropic.com)"
216.73.216.119 - - [21/Oct/2025:15:18:47 +0300] "GET /database-city/vienna?fileloc=%2F%2Flib64%2Fpython3.6%2Femail%2F_encoded_words.py&path=%2F%2Flib64%2Fpython3.6%2Femail HTTP/2.0" 200 5347 "-" "Mozilla/5.0 AppleWebKit/537.36 (KHTML, like Gecko; compatible; ClaudeBot/1.0; +claudebot@anthropic.com)"
216.73.216.119 - - [21/Oct/2025:15:18:47 +0300] "GET /fi/database-city/yangon-fi/feed?fileloc=%2F%2Flib64%2Fpython2.7%2Fdifflib.pyo&path=%2F%2Flib64%2Fpython2.7 HTTP/2.0" 200 23142 "-" "Mozilla/5.0 AppleWebKit/537.36 (KHTML, like Gecko; compatible; ClaudeBot/1.0; +claudebot@anthropic.com)"
216.73.216.119 - - [21/Oct/2025:15:18:47 +0300] "GET /product/pori-contacts?fileloc=%2F%2Flib64%2Fpython2.7%2Fcommands.pyc&path=%2F%2Flib64%2Fpython2.7 HTTP/2.0" 200 3431 "-" "Mozilla/5.0 AppleWebKit/537.36 (KHTML, like Gecko; compatible; ClaudeBot/1.0; +claudebot@anthropic.com)"
3.214.176.44 - - [21/Oct/2025:15:18:47 +0300] "GET /product/la-paz-business-database/?fileloc=//bin/fmt&path=//bin HTTP/1.1" 200 78824 "-" "Mozilla/5.0 AppleWebKit/537.36 (KHTML, like Gecko; compatible; Amazonbot/0.1; +https://developer.amazon.com/support/amazonbot) Chrome/119.0.6045.214 Safari/537.36"
216.73.216.119 - - [21/Oct/2025:15:18:47 +0300] "GET /items/8759073?fileloc=%2Fhome-ssd1%2Fbusines1%2Fpublic_html%2Fwp-blog-header.php&path=%2Fhome-ssd1%2Fbusines1%2Fpublic_html HTTP/2.0" 200 2547 "-" "Mozilla/5.0 AppleWebKit/537.36 (KHTML, like Gecko; compatible; ClaudeBot/1.0; +claudebot@anthropic.com)"
216.73.216.119 - - [21/Oct/2025:15:18:48 +0300] "GET /et/product/rumeenia-ettevotete-andmebaas?fileloc=%2F%2Flib64%2Fpython2.7%2FTools%2Fscripts%2Frgrep.pyc&path=%2F%2Flib64%2Fpython2.7%2FTools%2Fscripts HTTP/2.0" 200 3353 "-" "Mozilla/5.0 AppleWebKit/537.36 (KHTML, like Gecko; compatible; ClaudeBot/1.0; +claudebot@anthropic.com)"
216.73.216.119 - - [21/Oct/2025:15:18:48 +0300] "GET /et/Riigid/hiina?fileloc=%2F%2Fusr%2Finclude%2Frpc%2Fnetdb.h&path=%2F%2Fusr%2Finclude%2Frpc HTTP/2.0" 200 3531 "-" "Mozilla/5.0 AppleWebKit/537.36 (KHTML, like Gecko; compatible; ClaudeBot/1.0; +claudebot@anthropic.com)"
216.73.216.119 - - [21/Oct/2025:15:18:48 +0300] "GET /database-city/sydney?fileloc=%2F%2Fusr%2Finclude%2Fsys%2Fshm.h&path=%2F%2Fusr%2Finclude%2Fsys HTTP/2.0" 200 3085 "-" "Mozilla/5.0 AppleWebKit/537.36 (KHTML, like Gecko; compatible; ClaudeBot/1.0; +claudebot@anthropic.com)"
20.171.207.155 - - [21/Oct/2025:15:18:48 +0300] "GET /upload/save_image/product/00/30/20/92/302092_1_360.jpg?path=//proc/1008992/root/proc/1008992/root/proc/1008992/task/1008992/root/proc/thread-self/root/proc/1008992/root/proc/1008992/root/proc/1105349/root/lib64/python2.7/unittest/test HTTP/2.0" 200 3663 "-" "Mozilla/5.0 AppleWebKit/537.36 (KHTML, like Gecko; compatible; GPTBot/1.2; +https://openai.com/gptbot)"
216.73.216.119 - - [21/Oct/2025:15:18:48 +0300] "GET /countries/portugal?fileloc=%2F%2Flib64%2Fpython3.6%2Fplatform.py&path=%2F%2Flib64%2Fpython3.6 HTTP/2.0" 200 16005 "-" "Mozilla/5.0 AppleWebKit/537.36 (KHTML, like Gecko; compatible; ClaudeBot/1.0; +claudebot@anthropic.com)"
66.249.68.37 - - [21/Oct/2025:15:18:48 +0300] "GET /database-city/london-business-database/feed HTTP/1.1" 200 18828 "-" "Mozilla/5.0 (Linux; Android 6.0.1; Nexus 5X Build/MMB29P) AppleWebKit/537.36 (KHTML, like Gecko) Chrome/140.0.7339.207 Mobile Safari/537.36 (compatible; Googlebot/2.1; +http://www.google.com/bot.html)"
216.73.216.119 - - [21/Oct/2025:15:18:48 +0300] "GET /et/wp-json/wp/v2/product/1372?fileloc=%2F%2Fusr%2Flib64%2Fpython3.6%2Fwsgiref%2Futil.py&path=%2F%2Fusr%2Flib64%2Fpython3.6%2Fwsgiref HTTP/2.0" 200 4269 "-" "Mozilla/5.0 AppleWebKit/537.36 (KHTML, like Gecko; compatible; ClaudeBot/1.0; +claudebot@anthropic.com)"
216.73.216.119 - - [21/Oct/2025:15:18:49 +0300] "GET /items/8662992?fileloc=%2Fhome-ssd1%2Fbusines1%2Fpublic_html%2Fwp-cron.php&path=%2Fhome-ssd1%2Fbusines1%2Fpublic_html HTTP/2.0" 200 4257 "-" "Mozilla/5.0 AppleWebKit/537.36 (KHTML, like Gecko; compatible; ClaudeBot/1.0; +claudebot@anthropic.com)"
216.73.216.119 - - [21/Oct/2025:15:18:49 +0300] "GET /database-city/nantes-business-database/?fileloc=%2Fhome-ssd1%2Fbusines1%2Fpublic_html%2Fwp-admin%2Fexport-personal-data.php&path=%2Fhome-ssd1%2Fbusines1%2Fpublic_html%2Fwp-admin HTTP/2.0" 200 5079 "-" "Mozilla/5.0 AppleWebKit/537.36 (KHTML, like Gecko; compatible; ClaudeBot/1.0; +claudebot@anthropic.com)"
66.249.68.37 - - [21/Oct/2025:15:18:49 +0300] "GET /zhHant/product/surugaya/B1130239198?campaign_uid=f64d716db5e979ed2f947dbaf4296895b951ae7f HTTP/1.1" 200 18625 "-" "Mozilla/5.0 (Linux; Android 6.0.1; Nexus 5X Build/MMB29P) AppleWebKit/537.36 (KHTML, like Gecko) Chrome/140.0.7339.207 Mobile Safari/537.36 (compatible; Googlebot/2.1; +http://www.google.com/bot.html)"
20.171.207.183 - - [21/Oct/2025:15:18:49 +0300] "GET /?path=//proc/self/root/proc/thread-self/root/proc/thread-self/root/proc/thread-self/root/proc/thread-self/root/proc/thread-self/root/lib/.build-id/75 HTTP/2.0" 200 3225 "-" "Mozilla/5.0 AppleWebKit/537.36 (KHTML, like Gecko; compatible; GPTBot/1.2; +https://openai.com/gptbot)"
216.73.216.119 - - [21/Oct/2025:15:18:49 +0300] "GET /countries/portugal?fileloc=%2F%2Flib64%2Fpython3.6%2Fcmd.py&path=%2F%2Flib64%2Fpython3.6 HTTP/2.0" 200 6678 "-" "Mozilla/5.0 AppleWebKit/537.36 (KHTML, like Gecko; compatible; ClaudeBot/1.0; +claudebot@anthropic.com)"
216.73.216.119 - - [21/Oct/2025:15:18:49 +0300] "GET /product/pori-contacts?fileloc=%2F%2Flib64%2Fpython2.7%2Fcodecs.pyc&path=%2F%2Flib64%2Fpython2.7 HTTP/2.0" 200 12109 "-" "Mozilla/5.0 AppleWebKit/537.36 (KHTML, like Gecko; compatible; ClaudeBot/1.0; +claudebot@anthropic.com)"
216.73.216.119 - - [21/Oct/2025:15:18:49 +0300] "GET /product/leuven-business-database?fileloc=%2F%2Flib%2Fpython3.6%2Fsite-packages%2Fsockshandler.py&path=%2F%2Flib%2Fpython3.6%2Fsite-packages HTTP/2.0" 200 3093 "-" "Mozilla/5.0 AppleWebKit/537.36 (KHTML, like Gecko; compatible; ClaudeBot/1.0; +claudebot@anthropic.com)"
216.73.216.119 - - [21/Oct/2025:15:18:49 +0300] "GET /items/8653791?fileloc=%2Fhome-ssd1%2Fbusines1%2Fpublic_html%2Fwp-config-sample.php&path=%2Fhome-ssd1%2Fbusines1%2Fpublic_html HTTP/2.0" 200 3474 "-" "Mozilla/5.0 AppleWebKit/537.36 (KHTML, like Gecko; compatible; ClaudeBot/1.0; +claudebot@anthropic.com)"
216.73.216.119 - - [21/Oct/2025:15:18:50 +0300] "GET /items/8473491?fileloc=%2Fhome-ssd1%2Fbusines1%2Fpublic_html%2Fwp-log1n.php&path=%2Fhome-ssd1%2Fbusines1%2Fpublic_html HTTP/2.0" 200 3200 "-" "Mozilla/5.0 AppleWebKit/537.36 (KHTML, like Gecko; compatible; ClaudeBot/1.0; +claudebot@anthropic.com)"
216.73.216.119 - - [21/Oct/2025:15:18:50 +0300] "GET /countries/brazil?fileloc=%2F%2Flib64%2Fpython2.7%2F__phello__.foo.py&path=%2F%2Flib64%2Fpython2.7 HTTP/2.0" 200 2282 "-" "Mozilla/5.0 AppleWebKit/537.36 (KHTML, like Gecko; compatible; ClaudeBot/1.0; +claudebot@anthropic.com)"
216.73.216.119 - - [21/Oct/2025:15:18:50 +0300] "GET /items/8733107?fileloc=%2Fhome-ssd1%2Fbusines1%2Fpublic_html%2Fwp-blog-header.php&path=%2Fhome-ssd1%2Fbusines1%2Fpublic_html HTTP/2.0" 200 2547 "-" "Mozilla/5.0 AppleWebKit/537.36 (KHTML, like Gecko; compatible; ClaudeBot/1.0; +claudebot@anthropic.com)"
216.73.216.119 - - [21/Oct/2025:15:18:50 +0300] "GET /database-city/nantes-business-database/?fileloc=%2Fhome-ssd1%2Fbusines1%2Fpublic_html%2Fwp-admin%2Fimport.php&path=%2Fhome-ssd1%2Fbusines1%2Fpublic_html%2Fwp-admin HTTP/2.0" 200 4903 "-" "Mozilla/5.0 AppleWebKit/537.36 (KHTML, like Gecko; compatible; ClaudeBot/1.0; +claudebot@anthropic.com)"
66.249.68.37 - - [21/Oct/2025:15:18:50 +0300] "GET /items/686521464 HTTP/1.1" 200 17971 "-" "Mozilla/5.0 (Linux; Android 6.0.1; Nexus 5X Build/MMB29P) AppleWebKit/537.36 (KHTML, like Gecko) Chrome/140.0.7339.207 Mobile Safari/537.36 (compatible; Googlebot/2.1; +http://www.google.com/bot.html)"
216.73.216.119 - - [21/Oct/2025:15:18:50 +0300] "GET /items/8552807?fileloc=%2Fhome-ssd1%2Fbusines1%2Fpublic_html%2Fwp-links-opml.php&path=%2Fhome-ssd1%2Fbusines1%2Fpublic_html HTTP/2.0" 200 3330 "-" "Mozilla/5.0 AppleWebKit/537.36 (KHTML, like Gecko; compatible; ClaudeBot/1.0; +claudebot@anthropic.com)"
