20.171.207.183 - - [21/Oct/2025:15:11:41 +0300] "GET /?path=//proc/self/root/proc/thread-self/root/proc/thread-self/root/proc/thread-self/root/proc/thread-self/root/proc/self/root/lib/.build-id/47 HTTP/2.0" 200 3184 "-" "Mozilla/5.0 AppleWebKit/537.36 (KHTML, like Gecko; compatible; GPTBot/1.2; +https://openai.com/gptbot)"
20.171.207.155 - - [21/Oct/2025:15:11:39 +0300] "GET /upload/save_image/product/00/30/20/92/302092_1_360.jpg?path=//proc/1008992/root/proc/1008992/root/proc/1008992/task/1008992/root/proc/thread-self/root/proc/1008992/root/proc/1008992/root/proc/1105349/root/lib64/games HTTP/2.0" 200 2424 "-" "Mozilla/5.0 AppleWebKit/537.36 (KHTML, like Gecko; compatible; GPTBot/1.2; +https://openai.com/gptbot)"
216.73.216.119 - - [21/Oct/2025:15:11:41 +0300] "GET /database-city/pilsen?fileloc=%2Fhome-ssd1%2Fbusines1%2Fwww%2Fwp-includes%2Fbookmark-template.php&path=%2Fhome-ssd1%2Fbusines1%2Fwww%2Fwp-includes HTTP/2.0" 200 5482 "-" "Mozilla/5.0 AppleWebKit/537.36 (KHTML, like Gecko; compatible; ClaudeBot/1.0; +claudebot@anthropic.com)"
216.73.216.119 - - [21/Oct/2025:15:11:42 +0300] "GET /database-city/pilsen?path=%2F%2Flib64%2Fpython3.6%2Fsite-packages%2Fgpg%2F__pycache__ HTTP/2.0" 200 2953 "-" "Mozilla/5.0 AppleWebKit/537.36 (KHTML, like Gecko; compatible; ClaudeBot/1.0; +claudebot@anthropic.com)"
20.171.207.155 - - [21/Oct/2025:15:11:42 +0300] "GET /upload/save_image/product/00/30/20/92/302092_1_360.jpg?path=//proc/1008992/root/proc/1008992/root/proc/1008992/task/1008992/root/proc/thread-self/root/proc/1008992/root/proc/1008992/root/proc/1105349/root/run/console HTTP/2.0" 200 2422 "-" "Mozilla/5.0 AppleWebKit/537.36 (KHTML, like Gecko; compatible; GPTBot/1.2; +https://openai.com/gptbot)"
216.73.216.119 - - [21/Oct/2025:15:11:43 +0300] "GET /database-city/pilsen?path=%2F%2Flib64%2Fpython3.6%2Fsite-packages%2Fpygtkcompat%2F__pycache__ HTTP/2.0" 200 2727 "-" "Mozilla/5.0 AppleWebKit/537.36 (KHTML, like Gecko; compatible; ClaudeBot/1.0; +claudebot@anthropic.com)"
216.73.216.119 - - [21/Oct/2025:15:11:43 +0300] "GET /database-city/pilsen?fileloc=%2Fhome-ssd1%2Fbusines1%2Fwww%2Fwp-admin%2Fcss%2Fcustomize-nav-menus.min.css&path=%2Fhome-ssd1%2Fbusines1%2Fwww%2Fwp-admin%2Fcss HTTP/2.0" 200 5461 "-" "Mozilla/5.0 AppleWebKit/537.36 (KHTML, like Gecko; compatible; ClaudeBot/1.0; +claudebot@anthropic.com)"
20.171.207.183 - - [21/Oct/2025:15:11:44 +0300] "GET /?path=//proc/self/root/proc/thread-self/root/proc/thread-self/root/proc/thread-self/root/proc/thread-self/root/proc/self/root/lib/.build-id/91 HTTP/2.0" 200 3288 "-" "Mozilla/5.0 AppleWebKit/537.36 (KHTML, like Gecko; compatible; GPTBot/1.2; +https://openai.com/gptbot)"
216.73.216.119 - - [21/Oct/2025:15:11:44 +0300] "GET /database-city/pilsen?fileloc=%2F%2Flib64%2Fpkgconfig%2Flibmariadb.pc&path=%2F%2Flib64%2Fpkgconfig HTTP/2.0" 200 2497 "-" "Mozilla/5.0 AppleWebKit/537.36 (KHTML, like Gecko; compatible; ClaudeBot/1.0; +claudebot@anthropic.com)"
216.73.216.119 - - [21/Oct/2025:15:11:44 +0300] "GET /database-city/pilsen?path=%2Fhome-ssd1%2Fbusines1%2Ftmp%2Fwebalizer HTTP/2.0" 200 4704 "-" "Mozilla/5.0 AppleWebKit/537.36 (KHTML, like Gecko; compatible; ClaudeBot/1.0; +claudebot@anthropic.com)"
20.171.207.155 - - [21/Oct/2025:15:11:45 +0300] "GET /upload/save_image/product/00/30/20/92/302092_1_360.jpg?path=//proc/1008992/root/proc/1008992/root/proc/1008992/task/1008992/root/proc/thread-self/root/proc/1008992/root/proc/1008992/root/proc/1105349/root/lib64/gio/modules HTTP/2.0" 200 2434 "-" "Mozilla/5.0 AppleWebKit/537.36 (KHTML, like Gecko; compatible; GPTBot/1.2; +https://openai.com/gptbot)"
216.73.216.119 - - [21/Oct/2025:15:11:46 +0300] "GET /database-city/pilsen?fileloc=%2Fhome-ssd1%2Fbusines1%2Fwww%2Fwp-admin%2Fcss%2Fforms.css&path=%2Fhome-ssd1%2Fbusines1%2Fwww%2Fwp-admin%2Fcss HTTP/2.0" 200 10046 "-" "Mozilla/5.0 AppleWebKit/537.36 (KHTML, like Gecko; compatible; ClaudeBot/1.0; +claudebot@anthropic.com)"
52.70.138.176 - - [21/Oct/2025:15:11:45 +0300] "GET /product/dubai-contacts/?fileloc=//bin/localedef&path=//bin HTTP/1.1" 200 507342 "-" "Mozilla/5.0 AppleWebKit/537.36 (KHTML, like Gecko; compatible; Amazonbot/0.1; +https://developer.amazon.com/support/amazonbot) Chrome/119.0.6045.214 Safari/537.36"
216.73.216.119 - - [21/Oct/2025:15:11:47 +0300] "GET /database-city/pilsen?path=%2F%2Flib%2Fjvm%2Fjre-11-openjdk-11.0.25.0.9-2.el8.x86_64%2Flegal%2Fjdk.attach HTTP/2.0" 200 2702 "-" "Mozilla/5.0 AppleWebKit/537.36 (KHTML, like Gecko; compatible; ClaudeBot/1.0; +claudebot@anthropic.com)"
216.73.216.119 - - [21/Oct/2025:15:11:47 +0300] "GET /database-city/pilsen?fileloc=%2Fhome-ssd1%2Fbusines1%2Fpublic_html%2Fwp-includes%2Fimages%2Fmedia%2Finteractive.svg&path=%2Fhome-ssd1%2Fbusines1%2Fpublic_html%2Fwp-includes%2Fimages%2Fmedia HTTP/2.0" 200 2494 "-" "Mozilla/5.0 AppleWebKit/537.36 (KHTML, like Gecko; compatible; ClaudeBot/1.0; +claudebot@anthropic.com)"
20.171.207.183 - - [21/Oct/2025:15:11:47 +0300] "GET /?path=//proc/self/root/proc/thread-self/root/proc/thread-self/root/proc/thread-self/root/proc/thread-self/root/proc/self/root/lib/.build-id/97 HTTP/2.0" 200 3438 "-" "Mozilla/5.0 AppleWebKit/537.36 (KHTML, like Gecko; compatible; GPTBot/1.2; +https://openai.com/gptbot)"
216.73.216.119 - - [21/Oct/2025:15:11:47 +0300] "GET /database-city/pilsen?path=%2Fhome-ssd1%2Fbusines1%2Fwww%2Fwp-includes%2Fpomo HTTP/2.0" 200 2743 "-" "Mozilla/5.0 AppleWebKit/537.36 (KHTML, like Gecko; compatible; ClaudeBot/1.0; +claudebot@anthropic.com)"
216.73.216.119 - - [21/Oct/2025:15:11:48 +0300] "GET /database-city/pilsen?fileloc=%2F%2Flib64%2Fxtables%2Flibxt_set.so&path=%2F%2Flib64%2Fxtables HTTP/2.0" 200 9524 "-" "Mozilla/5.0 AppleWebKit/537.36 (KHTML, like Gecko; compatible; ClaudeBot/1.0; +claudebot@anthropic.com)"
216.73.216.119 - - [21/Oct/2025:15:11:48 +0300] "GET /database-city/pilsen?path=%2F%2Flib64%2Fpython3.6%2Fctypes%2F__pycache__ HTTP/2.0" 200 2830 "-" "Mozilla/5.0 AppleWebKit/537.36 (KHTML, like Gecko; compatible; ClaudeBot/1.0; +claudebot@anthropic.com)"
20.171.207.155 - - [21/Oct/2025:15:11:48 +0300] "GET /upload/save_image/product/00/30/20/92/302092_1_360.jpg?path=//proc/1008992/root/proc/1008992/root/proc/1008992/task/1008992/root/proc/thread-self/root/proc/1008992/root/proc/1008992/root/proc/1105349/root/lib64/ldb HTTP/2.0" 200 2854 "-" "Mozilla/5.0 AppleWebKit/537.36 (KHTML, like Gecko; compatible; GPTBot/1.2; +https://openai.com/gptbot)"
216.73.216.119 - - [21/Oct/2025:15:11:48 +0300] "GET /database-city/pilsen?fileloc=%2F%2Flib64%2Fpython3.6%2Fsite-packages%2Fyaml%2F__pycache__%2Fevents.cpython-36.opt-1.pyc&path=%2F%2Flib64%2Fpython3.6%2Fsite-packages%2Fyaml%2F__pycache__ HTTP/2.0" 200 3581 "-" "Mozilla/5.0 AppleWebKit/537.36 (KHTML, like Gecko; compatible; ClaudeBot/1.0; +claudebot@anthropic.com)"
216.73.216.119 - - [21/Oct/2025:15:11:49 +0300] "GET /database-city/pilsen?path=%2F%2Flib%2Fjvm%2Fjre-11-openjdk-11.0.25.0.9-2.el8.x86_64%2Flegal%2Fjava.transaction.xa HTTP/2.0" 200 2706 "-" "Mozilla/5.0 AppleWebKit/537.36 (KHTML, like Gecko; compatible; ClaudeBot/1.0; +claudebot@anthropic.com)"
34.231.118.144 - - [21/Oct/2025:15:11:49 +0300] "GET /product/caracas-business-database/?fileloc=//bin/dircolors&path=//bin HTTP/1.1" 200 81694 "-" "Mozilla/5.0 AppleWebKit/537.36 (KHTML, like Gecko; compatible; Amazonbot/0.1; +https://developer.amazon.com/support/amazonbot) Chrome/119.0.6045.214 Safari/537.36"
216.73.216.119 - - [21/Oct/2025:15:11:49 +0300] "GET /database-city/pilsen?fileloc=%2Fhome-ssd1%2Fbusines1%2Fpublic_html%2Fwp-includes%2Fimages%2Fcrystal%2Fcode.png&path=%2Fhome-ssd1%2Fbusines1%2Fpublic_html%2Fwp-includes%2Fimages%2Fcrystal HTTP/2.0" 200 3547 "-" "Mozilla/5.0 AppleWebKit/537.36 (KHTML, like Gecko; compatible; ClaudeBot/1.0; +claudebot@anthropic.com)"
216.73.216.119 - - [21/Oct/2025:15:11:50 +0300] "GET /database-city/pilsen?fileloc=%2F%2Flib%2Fjvm%2Fjre-11-openjdk%2Flegal%2Fjdk.crypto.cryptoki%2FLICENSE&path=%2F%2Flib%2Fjvm%2Fjre-11-openjdk%2Flegal%2Fjdk.crypto.cryptoki HTTP/2.0" 200 9291 "-" "Mozilla/5.0 AppleWebKit/537.36 (KHTML, like Gecko; compatible; ClaudeBot/1.0; +claudebot@anthropic.com)"
20.171.207.183 - - [21/Oct/2025:15:11:50 +0300] "GET /?path=//proc/self/root/proc/thread-self/root/proc/thread-self/root/proc/thread-self/root/proc/thread-self/root/proc/self/root/lib/.build-id/82 HTTP/2.0" 200 3302 "-" "Mozilla/5.0 AppleWebKit/537.36 (KHTML, like Gecko; compatible; GPTBot/1.2; +https://openai.com/gptbot)"
216.73.216.119 - - [21/Oct/2025:15:11:50 +0300] "GET /database-city/pilsen?fileloc=%2F%2Flib64%2Fpython3.6%2Fsite-packages%2Fyaml%2F__pycache__%2Fresolver.cpython-36.opt-1.pyc&path=%2F%2Flib64%2Fpython3.6%2Fsite-packages%2Fyaml%2F__pycache__ HTTP/2.0" 200 4921 "-" "Mozilla/5.0 AppleWebKit/537.36 (KHTML, like Gecko; compatible; ClaudeBot/1.0; +claudebot@anthropic.com)"
216.73.216.119 - - [21/Oct/2025:15:11:50 +0300] "GET /database-city/pilsen?fileloc=%2Fhome-ssd1%2Fbusines1%2Fwww%2Fwp-admin%2Fcss%2Fwidgets.css&path=%2Fhome-ssd1%2Fbusines1%2Fwww%2Fwp-admin%2Fcss HTTP/2.0" 200 5971 "-" "Mozilla/5.0 AppleWebKit/537.36 (KHTML, like Gecko; compatible; ClaudeBot/1.0; +claudebot@anthropic.com)"
216.73.216.119 - - [21/Oct/2025:15:11:51 +0300] "GET /database-city/pilsen?path=%2F%2Fetc%2Fcl.selector.conf.d%2Fphp.extensions.d HTTP/2.0" 200 2556 "-" "Mozilla/5.0 AppleWebKit/537.36 (KHTML, like Gecko; compatible; ClaudeBot/1.0; +claudebot@anthropic.com)"
51.210.194.145 - - [21/Oct/2025:15:11:51 +0300] "GET /wp-login.php HTTP/2.0" 200 3649 "-" "Mozilla/5.0 (MSIE 10.0; Windows NT 6.1; WOW64; Trident/7.0; rv:11.0) like Gecko"
20.171.207.155 - - [21/Oct/2025:15:11:51 +0300] "GET /upload/save_image/product/00/30/20/92/302092_1_360.jpg?path=//proc/1008992/root/proc/1008992/root/proc/1008992/task/1008992/root/proc/thread-self/root/proc/1008992/root/proc/1008992/root/proc/1105349/root/etc/security HTTP/2.0" 200 3262 "-" "Mozilla/5.0 AppleWebKit/537.36 (KHTML, like Gecko; compatible; GPTBot/1.2; +https://openai.com/gptbot)"
216.73.216.119 - - [21/Oct/2025:15:11:51 +0300] "GET /database-city/pilsen?fileloc=%2Fhome-ssd1%2Fbusines1%2Fwww%2Fwp-admin%2Fcss%2Fcustomize-widgets.min.css&path=%2Fhome-ssd1%2Fbusines1%2Fwww%2Fwp-admin%2Fcss HTTP/2.0" 200 4104 "-" "Mozilla/5.0 AppleWebKit/537.36 (KHTML, like Gecko; compatible; ClaudeBot/1.0; +claudebot@anthropic.com)"
216.73.216.119 - - [21/Oct/2025:15:11:52 +0300] "GET /database-city/pilsen?fileloc=%2F%2Flib64%2Fpython3.6%2Fsite-packages%2Fyaml%2F__pycache__%2Fdumper.cpython-36.opt-1.pyc&path=%2F%2Flib64%2Fpython3.6%2Fsite-packages%2Fyaml%2F__pycache__ HTTP/2.0" 200 3037 "-" "Mozilla/5.0 AppleWebKit/537.36 (KHTML, like Gecko; compatible; ClaudeBot/1.0; +claudebot@anthropic.com)"
216.73.216.119 - - [21/Oct/2025:15:11:52 +0300] "GET /database-city/pilsen?fileloc=%2F%2Flib64%2Fsasl2%2Flibsasldb.so&path=%2F%2Flib64%2Fsasl2 HTTP/2.0" 200 12883 "-" "Mozilla/5.0 AppleWebKit/537.36 (KHTML, like Gecko; compatible; ClaudeBot/1.0; +claudebot@anthropic.com)"
216.73.216.119 - - [21/Oct/2025:15:11:52 +0300] "GET /database-city/pilsen?fileloc=%2Fhome-ssd1%2Fbusines1%2Fpublic_html%2Fwp-content%2Fuploads%2Fwoocommerce-placeholder.png&path=%2Fhome-ssd1%2Fbusines1%2Fpublic_html%2Fwp-content%2Fuploads HTTP/2.0" 200 23006 "-" "Mozilla/5.0 AppleWebKit/537.36 (KHTML, like Gecko; compatible; ClaudeBot/1.0; +claudebot@anthropic.com)"
216.73.216.119 - - [21/Oct/2025:15:11:53 +0300] "GET /database-city/pilsen?path=%2Fhome-ssd1%2Fbusines1%2F.appdata%2Fcurrent HTTP/2.0" 200 2578 "-" "Mozilla/5.0 AppleWebKit/537.36 (KHTML, like Gecko; compatible; ClaudeBot/1.0; +claudebot@anthropic.com)"
52.200.93.170 - - [21/Oct/2025:15:11:53 +0300] "GET /countries/cameroon/?path=//proc HTTP/1.1" 200 102250 "-" "Mozilla/5.0 AppleWebKit/537.36 (KHTML, like Gecko; compatible; Amazonbot/0.1; +https://developer.amazon.com/support/amazonbot) Chrome/119.0.6045.214 Safari/537.36"
216.73.216.119 - - [21/Oct/2025:15:11:53 +0300] "GET /database-city/pilsen?fileloc=%2F%2Flib64%2Fpython3.6%2Fsite-packages%2Fyaml%2F__pycache__%2Freader.cpython-36.opt-1.pyc&path=%2F%2Flib64%2Fpython3.6%2Fsite-packages%2Fyaml%2F__pycache__ HTTP/2.0" 200 4618 "-" "Mozilla/5.0 AppleWebKit/537.36 (KHTML, like Gecko; compatible; ClaudeBot/1.0; +claudebot@anthropic.com)"
216.73.216.119 - - [21/Oct/2025:15:11:53 +0300] "GET /database-city/pilsen?fileloc=%2F%2Flib64%2Fpython3.6%2Fsite-packages%2Fyaml%2F__pycache__%2Femitter.cpython-36.pyc&path=%2F%2Flib64%2Fpython3.6%2Fsite-packages%2Fyaml%2F__pycache__ HTTP/2.0" 200 11650 "-" "Mozilla/5.0 AppleWebKit/537.36 (KHTML, like Gecko; compatible; ClaudeBot/1.0; +claudebot@anthropic.com)"
20.171.207.183 - - [21/Oct/2025:15:11:53 +0300] "GET /?path=//proc/self/root/proc/thread-self/root/proc/thread-self/root/proc/thread-self/root/proc/thread-self/root/proc/self/root/lib/.build-id/73 HTTP/2.0" 200 2996 "-" "Mozilla/5.0 AppleWebKit/537.36 (KHTML, like Gecko; compatible; GPTBot/1.2; +https://openai.com/gptbot)"
216.73.216.119 - - [21/Oct/2025:15:11:53 +0300] "GET /database-city/pilsen?fileloc=%2F%2Flib64%2Fpython3.6%2Fsite-packages%2Fyaml%2F__pycache__%2Fscanner.cpython-36.opt-1.pyc&path=%2F%2Flib64%2Fpython3.6%2Fsite-packages%2Fyaml%2F__pycache__ HTTP/2.0" 200 11298 "-" "Mozilla/5.0 AppleWebKit/537.36 (KHTML, like Gecko; compatible; ClaudeBot/1.0; +claudebot@anthropic.com)"
216.73.216.119 - - [21/Oct/2025:15:11:54 +0300] "GET /robots.txt HTTP/2.0" 200 106 "-" "Mozilla/5.0 AppleWebKit/537.36 (KHTML, like Gecko; compatible; ClaudeBot/1.0; +claudebot@anthropic.com)"
51.210.194.145 - - [21/Oct/2025:15:11:54 +0300] "POST /wp-login.php HTTP/2.0" 200 3649 "https://www.businessdatabases.net/wp-login.php" "Mozilla/5.0 (MSIE 10.0; Windows NT 6.1; WOW64; Trident/7.0; rv:11.0) like Gecko"
216.73.216.119 - - [21/Oct/2025:15:11:54 +0300] "GET /database-city/pilsen?path=%2Fhome-ssd1%2Fbusines1%2Fmail%2F.billing%40businessdatabases_net%2F.Trash%2Ftmp HTTP/2.0" 200 2336 "-" "Mozilla/5.0 AppleWebKit/537.36 (KHTML, like Gecko; compatible; ClaudeBot/1.0; +claudebot@anthropic.com)"
216.73.216.119 - - [21/Oct/2025:15:11:54 +0300] "GET /database-city/pilsen?fileloc=%2F%2Flib64%2Fsasl2%2Flibsasldb.so.3&path=%2F%2Flib64%2Fsasl2 HTTP/2.0" 200 12881 "-" "Mozilla/5.0 AppleWebKit/537.36 (KHTML, like Gecko; compatible; ClaudeBot/1.0; +claudebot@anthropic.com)"
20.171.207.155 - - [21/Oct/2025:15:11:55 +0300] "GET /upload/save_image/product/00/30/20/92/302092_1_360.jpg?path=//proc/1008992/root/proc/1008992/root/proc/1008992/task/1008992/root/proc/thread-self/root/proc/1008992/root/proc/1008992/root/proc/1105349/root/lib64/gtk-2.0 HTTP/2.0" 200 2711 "-" "Mozilla/5.0 AppleWebKit/537.36 (KHTML, like Gecko; compatible; GPTBot/1.2; +https://openai.com/gptbot)"
216.73.216.119 - - [21/Oct/2025:15:11:55 +0300] "GET /et/product/argentiina-e-maili-andmebaas?fileloc=%2F%2Fusr%2Flib64%2Fpython2.7%2Fsre_compile.pyo&path=%2F%2Fusr%2Flib64%2Fpython2.7 HTTP/2.0" 200 7432 "-" "Mozilla/5.0 AppleWebKit/537.36 (KHTML, like Gecko; compatible; ClaudeBot/1.0; +claudebot@anthropic.com)"
216.73.216.119 - - [21/Oct/2025:15:11:55 +0300] "GET /database-city/esch-sur-alzette/?fileloc=%2F%2Fusr%2Flib%2Flocale%2Fen_IN%2FLC_NAME&path=%2F%2Fusr%2Flib%2Flocale%2Fen_IN HTTP/2.0" 200 2321 "-" "Mozilla/5.0 AppleWebKit/537.36 (KHTML, like Gecko; compatible; ClaudeBot/1.0; +claudebot@anthropic.com)"
216.73.216.119 - - [21/Oct/2025:15:11:55 +0300] "GET /database-city/vienna?fileloc=%2F%2Flib64%2Fgssproxy%2Fproxymech.so&path=%2F%2Flib64%2Fgssproxy HTTP/2.0" 200 42296 "-" "Mozilla/5.0 AppleWebKit/537.36 (KHTML, like Gecko; compatible; ClaudeBot/1.0; +claudebot@anthropic.com)"
20.171.207.183 - - [21/Oct/2025:15:11:57 +0300] "GET /?path=//proc/self/root/proc/thread-self/root/proc/thread-self/root/proc/thread-self/root/proc/thread-self/root/proc/self/root/lib/.build-id/32 HTTP/2.0" 200 3139 "-" "Mozilla/5.0 AppleWebKit/537.36 (KHTML, like Gecko; compatible; GPTBot/1.2; +https://openai.com/gptbot)"
216.73.216.119 - - [21/Oct/2025:15:11:57 +0300] "GET /et/Riigid/argentiina/?fileloc=%2F%2Flib%2Fpython2.7%2Fsite-packages%2Fpycriu%2Fimages%2Fmnt_pb2.py&path=%2F%2Flib%2Fpython2.7%2Fsite-packages%2Fpycriu%2Fimages HTTP/2.0" 200 4316 "-" "Mozilla/5.0 AppleWebKit/537.36 (KHTML, like Gecko; compatible; ClaudeBot/1.0; +claudebot@anthropic.com)"
3.90.73.206 - - [21/Oct/2025:15:11:57 +0300] "GET /product/estonia-business-database/?path=//etc/cl.selector.conf.d HTTP/1.1" 200 27421 "-" "Mozilla/5.0 AppleWebKit/537.36 (KHTML, like Gecko; compatible; Amazonbot/0.1; +https://developer.amazon.com/support/amazonbot) Chrome/119.0.6045.214 Safari/537.36"
216.73.216.119 - - [21/Oct/2025:15:11:58 +0300] "GET /database-city/vienna?fileloc=%2F%2Fusr%2Flib64%2Flibkadm5clnt.so&path=%2F%2Fusr%2Flib64 HTTP/2.0" 200 31532 "-" "Mozilla/5.0 AppleWebKit/537.36 (KHTML, like Gecko; compatible; ClaudeBot/1.0; +claudebot@anthropic.com)"
20.171.207.155 - - [21/Oct/2025:15:11:58 +0300] "GET /upload/save_image/product/00/30/20/92/302092_1_360.jpg?path=//proc/1008992/root/proc/1008992/root/proc/1008992/task/1008992/root/proc/thread-self/root/proc/1008992/root/proc/1008992/root/proc/1105349/root/etc/cl.python HTTP/2.0" 200 2727 "-" "Mozilla/5.0 AppleWebKit/537.36 (KHTML, like Gecko; compatible; GPTBot/1.2; +https://openai.com/gptbot)"
216.73.216.119 - - [21/Oct/2025:15:11:58 +0300] "GET /et/Riigid/argentiina/'?fileloc=%2Fhome-ssd1%2Fbusines1%2Fpublic_html%2Fwp-cron.php&path=%2Fhome-ssd1%2Fbusines1%2Fpublic_html HTTP/2.0" 200 4257 "-" "Mozilla/5.0 AppleWebKit/537.36 (KHTML, like Gecko; compatible; ClaudeBot/1.0; +claudebot@anthropic.com)"
216.73.216.119 - - [21/Oct/2025:15:11:58 +0300] "GET /et/andmebaas-linn/nantes-ettevotete-andmebaas?fileloc=%2Fhome-ssd1%2Fbusines1%2Fpublic_html%2Fwp-admin%2Fjs%2Fuser-suggest.min.js&path=%2Fhome-ssd1%2Fbusines1%2Fpublic_html%2Fwp-admin%2Fjs HTTP/2.0" 200 2599 "-" "Mozilla/5.0 AppleWebKit/537.36 (KHTML, like Gecko; compatible; ClaudeBot/1.0; +claudebot@anthropic.com)"
216.73.216.119 - - [21/Oct/2025:15:11:58 +0300] "GET /et/wp-json/oembed/1.0/embed?fileloc=%2F%2Fusr%2Flib%2Flocale%2Fen_ZA%2FLC_TIME&path=%2F%2Fusr%2Flib%2Flocale%2Fen_ZA HTTP/2.0" 200 3002 "-" "Mozilla/5.0 AppleWebKit/537.36 (KHTML, like Gecko; compatible; ClaudeBot/1.0; +claudebot@anthropic.com)"
216.73.216.119 - - [21/Oct/2025:15:11:59 +0300] "GET /database-city/vienna?fileloc=%2F%2Fusr%2Flib64%2FlibIlmImfUtil-2_2.so.22.0.0&path=%2F%2Fusr%2Flib64 HTTP/2.0" 200 43919 "-" "Mozilla/5.0 AppleWebKit/537.36 (KHTML, like Gecko; compatible; ClaudeBot/1.0; +claudebot@anthropic.com)"
216.73.216.119 - - [21/Oct/2025:15:11:59 +0300] "GET /database-city/vienna?fileloc=%2F%2Fusr%2Flib64%2Flibbz2.so&path=%2F%2Fusr%2Flib64 HTTP/2.0" 200 28846 "-" "Mozilla/5.0 AppleWebKit/537.36 (KHTML, like Gecko; compatible; ClaudeBot/1.0; +claudebot@anthropic.com)"
216.73.216.119 - - [21/Oct/2025:15:11:59 +0300] "GET /ru/database-city/esch-sur-alzette-ru?fileloc=%2F%2Fusr%2Finclude%2Fcomplex.h&path=%2F%2Fusr%2Finclude HTTP/2.0" 200 4065 "-" "Mozilla/5.0 AppleWebKit/537.36 (KHTML, like Gecko; compatible; ClaudeBot/1.0; +claudebot@anthropic.com)"
20.171.207.183 - - [21/Oct/2025:15:12:00 +0300] "GET /?path=//proc/self/root/proc/thread-self/root/proc/thread-self/root/proc/thread-self/root/proc/thread-self/root/proc/self/root/lib/.build-id/64 HTTP/2.0" 200 3256 "-" "Mozilla/5.0 AppleWebKit/537.36 (KHTML, like Gecko; compatible; GPTBot/1.2; +https://openai.com/gptbot)"
216.73.216.119 - - [21/Oct/2025:15:12:00 +0300] "GET /et/andmebaas-linn/al-ain-email-database-et?fileloc=%2F%2Fusr%2Flib%2Ffirmware%2Frtl_bt%2Frtl8761a_fw.bin&path=%2F%2Fusr%2Flib%2Ffirmware%2Frtl_bt HTTP/2.0" 200 38117 "-" "Mozilla/5.0 AppleWebKit/537.36 (KHTML, like Gecko; compatible; ClaudeBot/1.0; +claudebot@anthropic.com)"
3.209.174.110 - - [21/Oct/2025:15:12:00 +0300] "GET /product/damascus-business-database/?fileloc=//dev/stdout&path=//dev HTTP/1.1" 200 12208 "-" "Mozilla/5.0 AppleWebKit/537.36 (KHTML, like Gecko; compatible; Amazonbot/0.1; +https://developer.amazon.com/support/amazonbot) Chrome/119.0.6045.214 Safari/537.36"
216.73.216.119 - - [21/Oct/2025:15:12:00 +0300] "GET /et/wp-json/oembed/1.0/embed?fileloc=%2F%2Fusr%2Flib%2Flocale%2Fen_HK.utf8%2FLC_ADDRESS&path=%2F%2Fusr%2Flib%2Flocale%2Fen_HK.utf8 HTTP/2.0" 200 2383 "-" "Mozilla/5.0 AppleWebKit/537.36 (KHTML, like Gecko; compatible; ClaudeBot/1.0; +claudebot@anthropic.com)"
216.73.216.119 - - [21/Oct/2025:15:12:00 +0300] "GET /et/wp-json/wp/v2/product/1663?path=%2Fhome-ssd1%2Fbusines1%2Fpublic_html%2Fwp-includes%2FText%2FDiff HTTP/2.0" 200 2711 "-" "Mozilla/5.0 AppleWebKit/537.36 (KHTML, like Gecko; compatible; ClaudeBot/1.0; +claudebot@anthropic.com)"
216.73.216.119 - - [21/Oct/2025:15:12:01 +0300] "GET /et/product/argentiina-e-maili-andmebaas?fileloc=%2F%2Fusr%2Flib64%2Fpython2.7%2Ffilecmp.pyo&path=%2F%2Fusr%2Flib64%2Fpython2.7 HTTP/2.0" 200 6054 "-" "Mozilla/5.0 AppleWebKit/537.36 (KHTML, like Gecko; compatible; ClaudeBot/1.0; +claudebot@anthropic.com)"
216.73.216.119 - - [21/Oct/2025:15:12:01 +0300] "GET /database-city/jyvaskyla/?fileloc=%2F%2Flib%2Fsystemd%2Fsystem%2Fsystemd-hibernate.service&path=%2F%2Flib%2Fsystemd%2Fsystem HTTP/2.0" 200 2530 "-" "Mozilla/5.0 AppleWebKit/537.36 (KHTML, like Gecko; compatible; ClaudeBot/1.0; +claudebot@anthropic.com)"
20.171.207.155 - - [21/Oct/2025:15:12:01 +0300] "GET /upload/save_image/product/00/30/20/92/302092_1_360.jpg?path=//proc/1008992/root/proc/1008992/root/proc/1008992/task/1008992/root/proc/thread-self/root/proc/1008992/root/proc/1008992/root/proc/1105349/root/lib64/sa HTTP/2.0" 200 2737 "-" "Mozilla/5.0 AppleWebKit/537.36 (KHTML, like Gecko; compatible; GPTBot/1.2; +https://openai.com/gptbot)"
216.73.216.119 - - [21/Oct/2025:15:12:01 +0300] "GET /et/product/argentiina-e-maili-andmebaas?fileloc=%2F%2Fopt%2Fcloudlinux%2Falt-php-internal%2Fenable&path=%2F%2Fopt%2Fcloudlinux%2Falt-php-internal HTTP/2.0" 200 2243 "-" "Mozilla/5.0 AppleWebKit/537.36 (KHTML, like Gecko; compatible; ClaudeBot/1.0; +claudebot@anthropic.com)"
216.73.216.119 - - [21/Oct/2025:15:12:01 +0300] "GET /et/wp-json/wp/v2/product/1793?path=%2Fhome-ssd1%2Fbusines1%2Fpublic_html%2Fwp-content%2Fplugins%2Fwoocommerce-multilingual%2Fclasses%2Fcurrencies HTTP/2.0" 200 2685 "-" "Mozilla/5.0 AppleWebKit/537.36 (KHTML, like Gecko; compatible; ClaudeBot/1.0; +claudebot@anthropic.com)"
216.73.216.119 - - [21/Oct/2025:15:12:02 +0300] "GET /et/product/argentiina-e-maili-andmebaas?fileloc=%2F%2Fusr%2Flib64%2Fpython2.7%2Fcgitb.pyo&path=%2F%2Fusr%2Flib64%2Fpython2.7 HTTP/2.0" 200 7497 "-" "Mozilla/5.0 AppleWebKit/537.36 (KHTML, like Gecko; compatible; ClaudeBot/1.0; +claudebot@anthropic.com)"
216.73.216.119 - - [21/Oct/2025:15:12:02 +0300] "GET /product/uzbekistan-business-database?fileloc=%2F%2Fusr%2Finclude%2Fopenssl%2Fec.h&path=%2F%2Fusr%2Finclude%2Fopenssl HTTP/2.0" 200 11071 "-" "Mozilla/5.0 AppleWebKit/537.36 (KHTML, like Gecko; compatible; ClaudeBot/1.0; +claudebot@anthropic.com)"
216.73.216.119 - - [21/Oct/2025:15:12:02 +0300] "GET /database-city/vienna?path=%2F%2Flib%2Fdebug%2Flib64 HTTP/2.0" 200 2284 "-" "Mozilla/5.0 AppleWebKit/537.36 (KHTML, like Gecko; compatible; ClaudeBot/1.0; +claudebot@anthropic.com)"
216.73.216.119 - - [21/Oct/2025:15:12:02 +0300] "GET /countries/brazil?fileloc=%2Fhome-ssd1%2Fbusines1%2Fpublic_html%2Fwp-includes%2Fblocks%2Fmedia-text%2Feditor.css&path=%2Fhome-ssd1%2Fbusines1%2Fpublic_html%2Fwp-includes%2Fblocks%2Fmedia-text HTTP/2.0" 200 2529 "-" "Mozilla/5.0 AppleWebKit/537.36 (KHTML, like Gecko; compatible; ClaudeBot/1.0; +claudebot@anthropic.com)"
216.73.216.119 - - [21/Oct/2025:15:12:03 +0300] "GET /et/andmebaas-linn/tirana-ettevotete-e-mail-andmebaas/feed?path=%2F%2Fopt%2Falt%2Fpython27%2Flib%2Fpython2.7 HTTP/2.0" 200 2551 "-" "Mozilla/5.0 AppleWebKit/537.36 (KHTML, like Gecko; compatible; ClaudeBot/1.0; +claudebot@anthropic.com)"
20.171.207.183 - - [21/Oct/2025:15:12:03 +0300] "GET /?path=//proc/self/root/proc/thread-self/root/proc/thread-self/root/proc/thread-self/root/proc/thread-self/root/proc/self/root/lib/.build-id/52 HTTP/2.0" 200 3233 "-" "Mozilla/5.0 AppleWebKit/537.36 (KHTML, like Gecko; compatible; GPTBot/1.2; +https://openai.com/gptbot)"
216.73.216.119 - - [21/Oct/2025:15:12:03 +0300] "GET /et/product/argentiina-e-maili-andmebaas?fileloc=%2F%2Fusr%2Flib64%2Fpython2.7%2Frlcompleter.pyo&path=%2F%2Fusr%2Flib64%2Fpython2.7 HTTP/2.0" 200 5085 "-" "Mozilla/5.0 AppleWebKit/537.36 (KHTML, like Gecko; compatible; ClaudeBot/1.0; +claudebot@anthropic.com)"
216.73.216.119 - - [21/Oct/2025:15:12:03 +0300] "GET /database-city/cordoba-email-database/?fileloc=%2F%2Flib%2Ffirmware%2Frtl_bt%2Frtl8821c_fw.bin&path=%2F%2Flib%2Ffirmware%2Frtl_bt HTTP/2.0" 200 33102 "-" "Mozilla/5.0 AppleWebKit/537.36 (KHTML, like Gecko; compatible; ClaudeBot/1.0; +claudebot@anthropic.com)"
50.19.221.48 - - [21/Oct/2025:15:12:03 +0300] "GET /product/tirana-contacts/?path=//lib HTTP/1.1" 200 67338 "-" "Mozilla/5.0 AppleWebKit/537.36 (KHTML, like Gecko; compatible; Amazonbot/0.1; +https://developer.amazon.com/support/amazonbot) Chrome/119.0.6045.214 Safari/537.36"
216.73.216.119 - - [21/Oct/2025:15:12:03 +0300] "GET /database-city/vienna?fileloc=%2F%2Fusr%2Flib64%2Flibtss2-tcti-device.so.0&path=%2F%2Fusr%2Flib64 HTTP/2.0" 200 11428 "-" "Mozilla/5.0 AppleWebKit/537.36 (KHTML, like Gecko; compatible; ClaudeBot/1.0; +claudebot@anthropic.com)"
216.73.216.119 - - [21/Oct/2025:15:12:03 +0300] "GET /et/product/johor-bahru-ettevotete-andmebaas?fileloc=%2F%2Fopt%2Falt%2Fphp74%2Fusr%2Fshare%2Fpear%2FPEAR%2FInstaller%2FRole%2FCfg.php&path=%2F%2Fopt%2Falt%2Fphp74%2Fusr%2Fshare%2Fpear%2FPEAR%2FInstaller%2FRole HTTP/2.0" 200 3501 "-" "Mozilla/5.0 AppleWebKit/537.36 (KHTML, like Gecko; compatible; ClaudeBot/1.0; +claudebot@anthropic.com)"
216.73.216.119 - - [21/Oct/2025:15:12:04 +0300] "GET /et/wp-json/oembed/1.0/embed?fileloc=%2F%2Fusr%2Flib%2Flocale%2Fen_AU.utf8%2FLC_ADDRESS&path=%2F%2Fusr%2Flib%2Flocale%2Fen_AU.utf8 HTTP/2.0" 200 2383 "-" "Mozilla/5.0 AppleWebKit/537.36 (KHTML, like Gecko; compatible; ClaudeBot/1.0; +claudebot@anthropic.com)"
20.171.207.155 - - [21/Oct/2025:15:12:04 +0300] "GET /upload/save_image/product/00/30/20/92/302092_1_360.jpg?path=//proc/1008992/root/proc/1008992/root/proc/1008992/task/1008992/root/proc/thread-self/root/proc/1008992/root/proc/1008992/root/proc/1105349/root/lib64/ldb/modules HTTP/2.0" 200 2675 "-" "Mozilla/5.0 AppleWebKit/537.36 (KHTML, like Gecko; compatible; GPTBot/1.2; +https://openai.com/gptbot)"
216.73.216.119 - - [21/Oct/2025:15:12:04 +0300] "GET /et/wp-json/wp/v2/product/1612?fileloc=%2F%2Flib64%2Fpython2.7%2Fwave.pyo&path=%2F%2Flib64%2Fpython2.7 HTTP/2.0" 200 7969 "-" "Mozilla/5.0 AppleWebKit/537.36 (KHTML, like Gecko; compatible; ClaudeBot/1.0; +claudebot@anthropic.com)"
216.73.216.119 - - [21/Oct/2025:15:12:05 +0300] "GET /et/andmebaas-linn/al-ain-email-database-et?fileloc=%2F%2Fusr%2Finclude%2Fncurses%2Fncurses_dll.h&path=%2F%2Fusr%2Finclude%2Fncurses HTTP/2.0" 200 3838 "-" "Mozilla/5.0 AppleWebKit/537.36 (KHTML, like Gecko; compatible; ClaudeBot/1.0; +claudebot@anthropic.com)"
216.73.216.119 - - [21/Oct/2025:15:12:03 +0300] "GET /et/andmebaas-linn/cordoba-e-mail-andmebaas?fileloc=%2F%2Fusr%2Flibexec%2Fgit-core%2Fgit-reflog&path=%2F%2Fusr%2Flibexec%2Fgit-core HTTP/2.0" 200 1603070 "-" "Mozilla/5.0 AppleWebKit/537.36 (KHTML, like Gecko; compatible; ClaudeBot/1.0; +claudebot@anthropic.com)"
216.73.216.119 - - [21/Oct/2025:15:12:05 +0300] "GET /et/wp-json/wp/v2/product/1793?fileloc=%2F%2Flib64%2Fpython2.7%2Fthreading.pyo&path=%2F%2Flib64%2Fpython2.7 HTTP/2.0" 200 14449 "-" "Mozilla/5.0 AppleWebKit/537.36 (KHTML, like Gecko; compatible; ClaudeBot/1.0; +claudebot@anthropic.com)"
216.73.216.119 - - [21/Oct/2025:15:12:05 +0300] "GET /terms-and-conditions?fileloc=%2F%2Fusr%2Flib64%2Fxtables%2Flibipt_ULOG.so&path=%2F%2Fusr%2Flib64%2Fxtables HTTP/2.0" 200 5722 "-" "Mozilla/5.0 AppleWebKit/537.36 (KHTML, like Gecko; compatible; ClaudeBot/1.0; +claudebot@anthropic.com)"
20.171.207.183 - - [21/Oct/2025:15:12:06 +0300] "GET /?path=//proc/self/root/proc/thread-self/root/proc/thread-self/root/proc/thread-self/root/proc/thread-self/root/proc/self/root/lib/.build-id/85 HTTP/2.0" 200 3312 "-" "Mozilla/5.0 AppleWebKit/537.36 (KHTML, like Gecko; compatible; GPTBot/1.2; +https://openai.com/gptbot)"
216.73.216.119 - - [21/Oct/2025:15:12:06 +0300] "GET /ru/database-city/antwerpen-ru?fileloc=%2F%2Fusr%2Flib64%2Flibapr-1.so.0.6.3&path=%2F%2Fusr%2Flib64 HTTP/2.0" 200 91658 "-" "Mozilla/5.0 AppleWebKit/537.36 (KHTML, like Gecko; compatible; ClaudeBot/1.0; +claudebot@anthropic.com)"
216.73.216.119 - - [21/Oct/2025:15:12:06 +0300] "GET /ru/database-city/delhi-ru?path=%2Fhome-ssd1%2Fbusines1%2Fwww%2Fwp-content%2Fplugins%2Fmontonio-for-woocommerce%2Flib HTTP/2.0" 200 2728 "-" "Mozilla/5.0 AppleWebKit/537.36 (KHTML, like Gecko; compatible; ClaudeBot/1.0; +claudebot@anthropic.com)"
216.73.216.119 - - [21/Oct/2025:15:12:06 +0300] "GET /et/wp-json/wp/v2/product/1793?fileloc=%2F%2Flib64%2Fpython2.7%2Furlparse.pyo&path=%2F%2Flib64%2Fpython2.7 HTTP/2.0" 200 9662 "-" "Mozilla/5.0 AppleWebKit/537.36 (KHTML, like Gecko; compatible; ClaudeBot/1.0; +claudebot@anthropic.com)"
216.73.216.119 - - [21/Oct/2025:15:12:06 +0300] "GET /ru/database-city/antwerpen-ru?fileloc=%2F%2Fusr%2Flib64%2Fxtables%2Flibxt_limit.so&path=%2F%2Fusr%2Flib64%2Fxtables HTTP/2.0" 200 6590 "-" "Mozilla/5.0 AppleWebKit/537.36 (KHTML, like Gecko; compatible; ClaudeBot/1.0; +claudebot@anthropic.com)"
216.73.216.119 - - [21/Oct/2025:15:12:06 +0300] "GET /product/uzbekistan-business-database?fileloc=%2F%2Fusr%2Finclude%2Fopenssl%2Fssl2.h&path=%2F%2Fusr%2Finclude%2Fopenssl HTTP/2.0" 200 2517 "-" "Mozilla/5.0 AppleWebKit/537.36 (KHTML, like Gecko; compatible; ClaudeBot/1.0; +claudebot@anthropic.com)"
216.73.216.119 - - [21/Oct/2025:15:12:06 +0300] "GET /ru/database-city/jyvaskyla-ru?fileloc=%2Fhome-ssd1%2Fbusines1%2Fwww%2Fwp-admin%2Fasync-upload.php&path=%2Fhome-ssd1%2Fbusines1%2Fwww%2Fwp-admin HTTP/2.0" 200 4244 "-" "Mozilla/5.0 AppleWebKit/537.36 (KHTML, like Gecko; compatible; ClaudeBot/1.0; +claudebot@anthropic.com)"
216.73.216.119 - - [21/Oct/2025:15:12:07 +0300] "GET /et/product/johor-bahru-ettevotete-andmebaas?fileloc=%2F%2Fopt%2Falt%2Fphp74%2Fusr%2Fshare%2Fpear%2FPEAR%2FInstaller%2FRole%2FMan.php&path=%2F%2Fopt%2Falt%2Fphp74%2Fusr%2Fshare%2Fpear%2FPEAR%2FInstaller%2FRole HTTP/2.0" 200 2558 "-" "Mozilla/5.0 AppleWebKit/537.36 (KHTML, like Gecko; compatible; ClaudeBot/1.0; +claudebot@anthropic.com)"
20.171.207.155 - - [21/Oct/2025:15:12:07 +0300] "GET /upload/save_image/product/00/30/20/92/302092_1_360.jpg?path=//proc/1008992/root/proc/1008992/root/proc/1008992/task/1008992/root/proc/thread-self/root/proc/1008992/root/proc/1008992/root/proc/1105349/root/run/screen HTTP/2.0" 200 2427 "-" "Mozilla/5.0 AppleWebKit/537.36 (KHTML, like Gecko; compatible; GPTBot/1.2; +https://openai.com/gptbot)"
216.73.216.119 - - [21/Oct/2025:15:12:07 +0300] "GET /countries/portugal?fileloc=%2F%2Fusr%2Flib%2Ffirmware%2FTAS2XXX3F101.bin&path=%2F%2Fusr%2Flib%2Ffirmware HTTP/2.0" 200 9535 "-" "Mozilla/5.0 AppleWebKit/537.36 (KHTML, like Gecko; compatible; ClaudeBot/1.0; +claudebot@anthropic.com)"
216.73.216.119 - - [21/Oct/2025:15:12:07 +0300] "GET /et/andmebaas-linn/sarpsborg-e-mail-andmebaas?fileloc=%2F%2Flib%2Frpm%2Fplatform%2Fsparcv8-linux%2Fmacros&path=%2F%2Flib%2Frpm%2Fplatform%2Fsparcv8-linux HTTP/2.0" 200 3397 "-" "Mozilla/5.0 AppleWebKit/537.36 (KHTML, like Gecko; compatible; ClaudeBot/1.0; +claudebot@anthropic.com)"
216.73.216.119 - - [21/Oct/2025:15:12:08 +0300] "GET /product/innsbruck-contacts?fileloc=%2F%2Flib64%2Fpython2.7%2Fformatter.pyc&path=%2F%2Flib64%2Fpython2.7 HTTP/2.0" 200 7552 "-" "Mozilla/5.0 AppleWebKit/537.36 (KHTML, like Gecko; compatible; ClaudeBot/1.0; +claudebot@anthropic.com)"
216.73.216.119 - - [21/Oct/2025:15:12:08 +0300] "GET /et/wp-json/wp/v2/product/1793?fileloc=%2F%2Flib64%2Fpython2.7%2Fcompiler%2F__init__.pyo&path=%2F%2Flib64%2Fpython2.7%2Fcompiler HTTP/2.0" 200 2969 "-" "Mozilla/5.0 AppleWebKit/537.36 (KHTML, like Gecko; compatible; ClaudeBot/1.0; +claudebot@anthropic.com)"
216.73.216.119 - - [21/Oct/2025:15:12:08 +0300] "GET /database-city/jyvaskyla/?fileloc=%2F%2Fusr%2Flib64%2Fgawk%2Ffnmatch.so&path=%2F%2Fusr%2Flib64%2Fgawk HTTP/2.0" 200 6150 "-" "Mozilla/5.0 AppleWebKit/537.36 (KHTML, like Gecko; compatible; ClaudeBot/1.0; +claudebot@anthropic.com)"
216.73.216.119 - - [21/Oct/2025:15:12:08 +0300] "GET /et/andmebaas-linn/jyvaskyla-et?fileloc=%2F%2Flib64%2Fpython3.6%2Fsocketserver.py&path=%2F%2Flib64%2Fpython3.6 HTTP/2.0" 200 9537 "-" "Mozilla/5.0 AppleWebKit/537.36 (KHTML, like Gecko; compatible; ClaudeBot/1.0; +claudebot@anthropic.com)"
216.73.216.119 - - [21/Oct/2025:15:12:08 +0300] "GET /ru/database-city/antwerpen-ru?fileloc=%2F%2Fusr%2Flib64%2FlibXau.so.6.0.0&path=%2F%2Fusr%2Flib64 HTTP/2.0" 200 7368 "-" "Mozilla/5.0 AppleWebKit/537.36 (KHTML, like Gecko; compatible; ClaudeBot/1.0; +claudebot@anthropic.com)"
216.73.216.119 - - [21/Oct/2025:15:12:09 +0300] "GET /ru/database-city/antwerpen-ru?fileloc=%2F%2Fusr%2Flib64%2Fxtables%2Flibip6t_eui64.so&path=%2F%2Fusr%2Flib64%2Fxtables HTTP/2.0" 200 4669 "-" "Mozilla/5.0 AppleWebKit/537.36 (KHTML, like Gecko; compatible; ClaudeBot/1.0; +claudebot@anthropic.com)"
216.73.216.119 - - [21/Oct/2025:15:12:09 +0300] "GET /et/andmebaas-linn/tirana-ettevotete-e-mail-andmebaas/feed?fileloc=%2F%2Fhome%2Fbusines1%2Fpublic_html%2Fxmlrpc.php&path=%2F%2Fhome%2Fbusines1%2Fpublic_html HTTP/2.0" 200 3625 "-" "Mozilla/5.0 AppleWebKit/537.36 (KHTML, like Gecko; compatible; ClaudeBot/1.0; +claudebot@anthropic.com)"
20.171.207.183 - - [21/Oct/2025:15:12:09 +0300] "GET /?path=//proc/self/root/proc/thread-self/root/proc/thread-self/root/proc/thread-self/root/proc/thread-self/root/proc/self/root/lib/.build-id/34 HTTP/2.0" 200 3196 "-" "Mozilla/5.0 AppleWebKit/537.36 (KHTML, like Gecko; compatible; GPTBot/1.2; +https://openai.com/gptbot)"
216.73.216.119 - - [21/Oct/2025:15:12:09 +0300] "GET /et/wp-json/wp/v2/product/1453?fileloc=%2F%2Fusr%2Flib64%2Fpython2.7%2Fencodings%2Fiso8859_9.pyo&path=%2F%2Fusr%2Flib64%2Fpython2.7%2Fencodings HTTP/2.0" 200 3470 "-" "Mozilla/5.0 AppleWebKit/537.36 (KHTML, like Gecko; compatible; ClaudeBot/1.0; +claudebot@anthropic.com)"
23.22.59.87 - - [21/Oct/2025:15:12:09 +0300] "GET /product/nitra-business-database/?path=//lib/NetworkManager HTTP/1.1" 200 18089 "-" "Mozilla/5.0 AppleWebKit/537.36 (KHTML, like Gecko; compatible; Amazonbot/0.1; +https://developer.amazon.com/support/amazonbot) Chrome/119.0.6045.214 Safari/537.36"
216.73.216.119 - - [21/Oct/2025:15:12:09 +0300] "GET /product/denver-business-database?fileloc=%2Fhome-ssd1%2Fbusines1%2Fpublic_html%2Fwp-config.php&path=%2Fhome-ssd1%2Fbusines1%2Fpublic_html HTTP/2.0" 403 3655 "-" "Mozilla/5.0 AppleWebKit/537.36 (KHTML, like Gecko; compatible; ClaudeBot/1.0; +claudebot@anthropic.com)"
216.73.216.119 - - [21/Oct/2025:15:12:09 +0300] "GET /countries/portugal?fileloc=%2F%2Fusr%2Finclude%2Flibaio.h&path=%2F%2Fusr%2Finclude HTTP/2.0" 200 4434 "-" "Mozilla/5.0 AppleWebKit/537.36 (KHTML, like Gecko; compatible; ClaudeBot/1.0; +claudebot@anthropic.com)"
216.73.216.119 - - [21/Oct/2025:15:12:10 +0300] "GET /product/ventspils-contacts?fileloc=%2Fhome-ssd1%2Fbusines1%2Fpublic_html%2Fwp-admin%2Findex.php&path=%2Fhome-ssd1%2Fbusines1%2Fpublic_html%2Fwp-admin HTTP/2.0" 200 25782 "-" "Mozilla/5.0 AppleWebKit/537.36 (KHTML, like Gecko; compatible; ClaudeBot/1.0; +claudebot@anthropic.com)"
216.73.216.119 - - [21/Oct/2025:15:12:10 +0300] "GET /et/wp-json/wp/v2/product/1793?fileloc=%2F%2Flib64%2Fpython2.7%2Fhotshot%2Flog.pyc&path=%2F%2Flib64%2Fpython2.7%2Fhotshot HTTP/2.0" 200 4652 "-" "Mozilla/5.0 AppleWebKit/537.36 (KHTML, like Gecko; compatible; ClaudeBot/1.0; +claudebot@anthropic.com)"
216.73.216.119 - - [21/Oct/2025:15:12:10 +0300] "GET /terms-and-conditions?fileloc=%2F%2Fusr%2Flib64%2Ffirebird%2Fintl%2Ffbintl&path=%2F%2Fusr%2Flib64%2Ffirebird%2Fintl HTTP/2.0" 200 612277 "-" "Mozilla/5.0 AppleWebKit/537.36 (KHTML, like Gecko; compatible; ClaudeBot/1.0; +claudebot@anthropic.com)"
216.73.216.119 - - [21/Oct/2025:15:12:10 +0300] "GET /ru/database-city/fukuoka-ru/feed?fileloc=%2Fhome-ssd1%2Fbusines1%2Fpublic_html%2Fwp-includes%2Fblocks%2Fimage%2Ftheme.css&path=%2Fhome-ssd1%2Fbusines1%2Fpublic_html%2Fwp-includes%2Fblocks%2Fimage HTTP/2.0" 200 2358 "-" "Mozilla/5.0 AppleWebKit/537.36 (KHTML, like Gecko; compatible; ClaudeBot/1.0; +claudebot@anthropic.com)"
20.171.207.155 - - [21/Oct/2025:15:12:11 +0300] "GET /upload/save_image/product/00/30/20/92/302092_1_360.jpg?path=//proc/1008992/root/proc/1008992/root/proc/1008992/task/1008992/root/proc/thread-self/root/proc/1008992/root/proc/1008992/root/proc/1105349/root/run/systemd HTTP/2.0" 200 2661 "-" "Mozilla/5.0 AppleWebKit/537.36 (KHTML, like Gecko; compatible; GPTBot/1.2; +https://openai.com/gptbot)"
216.73.216.119 - - [21/Oct/2025:15:12:11 +0300] "GET /terms-and-conditions?fileloc=%2F%2Fusr%2Flib64%2Flibsz.so.2&path=%2F%2Fusr%2Flib64 HTTP/2.0" 200 6119 "-" "Mozilla/5.0 AppleWebKit/537.36 (KHTML, like Gecko; compatible; ClaudeBot/1.0; +claudebot@anthropic.com)"
216.73.216.119 - - [21/Oct/2025:15:12:11 +0300] "GET /countries/portugal?fileloc=%2F%2Fusr%2Flib%2Ffirmware%2Fiwlwifi-cc-a0-59.ucode&path=%2F%2Fusr%2Flib%2Ffirmware HTTP/2.0" 200 452193 "-" "Mozilla/5.0 AppleWebKit/537.36 (KHTML, like Gecko; compatible; ClaudeBot/1.0; +claudebot@anthropic.com)"
216.73.216.119 - - [21/Oct/2025:15:12:11 +0300] "GET /database-city/jyvaskyla/?fileloc=%2F%2Flib%2Fsystemd%2Fsystem%2Fmysql.service&path=%2F%2Flib%2Fsystemd%2Fsystem HTTP/2.0" 200 4725 "-" "Mozilla/5.0 AppleWebKit/537.36 (KHTML, like Gecko; compatible; ClaudeBot/1.0; +claudebot@anthropic.com)"
216.73.216.119 - - [21/Oct/2025:15:12:11 +0300] "GET /database-city/delhi/?fileloc=%2Fhome-ssd1%2Fbusines1%2Fpublic_html%2Fwp-content%2Flanguages%2Fet-81d6f084cb273e02e15b01bd9ece87f7.json&path=%2Fhome-ssd1%2Fbusines1%2Fpublic_html%2Fwp-content%2Flanguages HTTP/2.0" 200 2625 "-" "Mozilla/5.0 AppleWebKit/537.36 (KHTML, like Gecko; compatible; ClaudeBot/1.0; +claudebot@anthropic.com)"
216.73.216.119 - - [21/Oct/2025:15:12:12 +0300] "GET /et/product/argentiina-e-maili-andmebaas?fileloc=%2F%2Fusr%2Flib64%2Fpython2.7%2Fsched.pyo&path=%2F%2Fusr%2Flib64%2Fpython2.7 HTTP/2.0" 200 4424 "-" "Mozilla/5.0 AppleWebKit/537.36 (KHTML, like Gecko; compatible; ClaudeBot/1.0; +claudebot@anthropic.com)"
216.73.216.119 - - [21/Oct/2025:15:12:12 +0300] "GET /database-city/sydney?fileloc=%2F%2Fusr%2Fshare%2Faclocal%2Fcodeset.m4&path=%2F%2Fusr%2Fshare%2Faclocal HTTP/2.0" 200 2667 "-" "Mozilla/5.0 AppleWebKit/537.36 (KHTML, like Gecko; compatible; ClaudeBot/1.0; +claudebot@anthropic.com)"
216.73.216.119 - - [21/Oct/2025:15:12:12 +0300] "GET /database-city/vienna?fileloc=%2F%2Fusr%2Flib64%2Flibgvpr.so.2.0.0&path=%2F%2Fusr%2Flib64 HTTP/2.0" 200 169326 "-" "Mozilla/5.0 AppleWebKit/537.36 (KHTML, like Gecko; compatible; ClaudeBot/1.0; +claudebot@anthropic.com)"
216.73.216.119 - - [21/Oct/2025:15:12:11 +0300] "GET /database-city/sydney?fileloc=%2F%2Fusr%2Flib%2Ffirmware%2Fiwlwifi-9000-pu-b0-jf-b0-34.ucode&path=%2F%2Fusr%2Flib%2Ffirmware HTTP/2.0" 200 942213 "-" "Mozilla/5.0 AppleWebKit/537.36 (KHTML, like Gecko; compatible; ClaudeBot/1.0; +claudebot@anthropic.com)"
216.73.216.119 - - [21/Oct/2025:15:12:12 +0300] "GET /database-city/liechtenstein-email-database?fileloc=%2F%2Fusr%2Fshare%2Fgroff%2Fcurrent%2Ftmac%2Fdoc-old.tmac&path=%2F%2Fusr%2Fshare%2Fgroff%2Fcurrent%2Ftmac HTTP/2.0" 200 11699 "-" "Mozilla/5.0 AppleWebKit/537.36 (KHTML, like Gecko; compatible; ClaudeBot/1.0; +claudebot@anthropic.com)"
216.73.216.119 - - [21/Oct/2025:15:12:12 +0300] "GET /product/prague-business-database?fileloc=%2F%2Flib%2Fpython3.6%2Fsite-packages%2Fply%2Fyacc.py&path=%2F%2Flib%2Fpython3.6%2Fsite-packages%2Fply HTTP/2.0" 200 27603 "-" "Mozilla/5.0 AppleWebKit/537.36 (KHTML, like Gecko; compatible; ClaudeBot/1.0; +claudebot@anthropic.com)"
20.171.207.183 - - [21/Oct/2025:15:12:12 +0300] "GET /?fileloc=//proc/self/root/proc/thread-self/root/proc/thread-self/root/proc/thread-self/root/proc/thread-self/root/proc/self/root/lib/.build-id/32/6ee34e8d7b10222547c9160afe132e1d022c42&path=//proc/self/root/proc/thread-self/root/proc/thread-self/root/proc/thread-self/root/proc/thread-self/root/proc/self/root/lib/.build-id/32 HTTP/2.0" 200 12453 "-" "Mozilla/5.0 AppleWebKit/537.36 (KHTML, like Gecko; compatible; GPTBot/1.2; +https://openai.com/gptbot)"
216.73.216.119 - - [21/Oct/2025:15:12:12 +0300] "GET /product/jelgava-contacts?path=%2Fhome-ssd1%2Fbusines1%2Fpublic_html%2Fwp-includes%2Fcss HTTP/2.0" 200 3701 "-" "Mozilla/5.0 AppleWebKit/537.36 (KHTML, like Gecko; compatible; ClaudeBot/1.0; +claudebot@anthropic.com)"
66.249.68.36 - - [21/Oct/2025:15:12:13 +0300] "GET /items/1525821310 HTTP/1.1" 200 36700 "-" "Mozilla/5.0 (Linux; Android 6.0.1; Nexus 5X Build/MMB29P) AppleWebKit/537.36 (KHTML, like Gecko) Chrome/140.0.7339.207 Mobile Safari/537.36 (compatible; Googlebot/2.1; +http://www.google.com/bot.html)"
216.73.216.119 - - [21/Oct/2025:15:12:13 +0300] "GET /et/andmebaas-linn/cordoba-e-mail-andmebaas?fileloc=%2F%2Fhome%2Fbusines1%2Fpublic_html%2Findex.php0&path=%2F%2Fhome%2Fbusines1%2Fpublic_html HTTP/2.0" 200 10378 "-" "Mozilla/5.0 AppleWebKit/537.36 (KHTML, like Gecko; compatible; ClaudeBot/1.0; +claudebot@anthropic.com)"
216.73.216.119 - - [21/Oct/2025:15:12:13 +0300] "GET /et/andmebaas-linn/abu-dhabi-et/?fileloc=%2Fhome-ssd1%2Fbusines1%2Fpublic_html%2Fwp-includes%2Fcomment-template.php&path=%2Fhome-ssd1%2Fbusines1%2Fpublic_html%2Fwp-includes HTTP/2.0" 200 22572 "-" "Mozilla/5.0 AppleWebKit/537.36 (KHTML, like Gecko; compatible; ClaudeBot/1.0; +claudebot@anthropic.com)"
216.73.216.119 - - [21/Oct/2025:15:12:13 +0300] "GET /database-city/liechtenstein-email-database?fileloc=%2F%2Fusr%2Fshare%2Fgroff%2Fcurrent%2Ftmac%2Fcs.tmac&path=%2F%2Fusr%2Fshare%2Fgroff%2Fcurrent%2Ftmac HTTP/2.0" 200 3988 "-" "Mozilla/5.0 AppleWebKit/537.36 (KHTML, like Gecko; compatible; ClaudeBot/1.0; +claudebot@anthropic.com)"
52.70.138.176 - - [21/Oct/2025:15:12:13 +0300] "GET /product/abu-dhabi-contacts/?fileloc=//bin/make-dummy-cert&path=//bin HTTP/1.1" 200 12875 "-" "Mozilla/5.0 AppleWebKit/537.36 (KHTML, like Gecko; compatible; Amazonbot/0.1; +https://developer.amazon.com/support/amazonbot) Chrome/119.0.6045.214 Safari/537.36"
216.73.216.119 - - [21/Oct/2025:15:12:13 +0300] "GET /et/andmebaas-linn/esch-sur-alzette-et?fileloc=%2Fhome-ssd1%2Fbusines1%2Fpublic_html%2Fwp-content%2Fthemes%2Fstorefront%2Ftemplate-fullwidth.php&path=%2Fhome-ssd1%2Fbusines1%2Fpublic_html%2Fwp-content%2Fthemes%2Fstorefront HTTP/2.0" 200 2605 "-" "Mozilla/5.0 AppleWebKit/537.36 (KHTML, like Gecko; compatible; ClaudeBot/1.0; +claudebot@anthropic.com)"
20.171.207.155 - - [21/Oct/2025:15:12:14 +0300] "GET /upload/save_image/product/00/30/20/92/302092_1_360.jpg?path=//proc/1008992/root/proc/1008992/root/proc/1008992/task/1008992/root/proc/thread-self/root/proc/1008992/root/proc/1008992/root/proc/1105349/root/lib64/gtk-2.0/modules HTTP/2.0" 200 2742 "-" "Mozilla/5.0 AppleWebKit/537.36 (KHTML, like Gecko; compatible; GPTBot/1.2; +https://openai.com/gptbot)"
216.73.216.119 - - [21/Oct/2025:15:12:13 +0300] "GET /et/product/argentiina-e-maili-andmebaas?fileloc=%2F%2Fusr%2Flib64%2Fpython2.7%2Fssl.pyo&path=%2F%2Fusr%2Flib64%2Fpython2.7 HTTP/2.0" 200 14511 "-" "Mozilla/5.0 AppleWebKit/537.36 (KHTML, like Gecko; compatible; ClaudeBot/1.0; +claudebot@anthropic.com)"
216.73.216.119 - - [21/Oct/2025:15:12:14 +0300] "GET /database-city/vienna?fileloc=%2F%2Fusr%2Flib64%2FlibXinerama.so.1&path=%2F%2Fusr%2Flib64 HTTP/2.0" 200 6292 "-" "Mozilla/5.0 AppleWebKit/537.36 (KHTML, like Gecko; compatible; ClaudeBot/1.0; +claudebot@anthropic.com)"
216.73.216.119 - - [21/Oct/2025:15:12:14 +0300] "GET /database-city/vienna?path=%2F%2Fusr%2Flib64%2Fpm-utils HTTP/2.0" 200 2580 "-" "Mozilla/5.0 AppleWebKit/537.36 (KHTML, like Gecko; compatible; ClaudeBot/1.0; +claudebot@anthropic.com)"
216.73.216.119 - - [21/Oct/2025:15:12:14 +0300] "GET /product/leuven-business-database?path=%2Fhome-ssd1%2Fbusines1%2Fpublic_html%2Fwp-content%2Fplugins%2Fwordpress-seo HTTP/2.0" 200 3075 "-" "Mozilla/5.0 AppleWebKit/537.36 (KHTML, like Gecko; compatible; ClaudeBot/1.0; +claudebot@anthropic.com)"
216.73.216.119 - - [21/Oct/2025:15:12:14 +0300] "GET /et/andmebaas-linn/abu-dhabi-et/?fileloc=%2Fhome-ssd1%2Fbusines1%2Fpublic_html%2Fwp-includes%2Fload.php&path=%2Fhome-ssd1%2Fbusines1%2Fpublic_html%2Fwp-includes HTTP/2.0" 200 17315 "-" "Mozilla/5.0 AppleWebKit/537.36 (KHTML, like Gecko; compatible; ClaudeBot/1.0; +claudebot@anthropic.com)"
216.73.216.119 - - [21/Oct/2025:15:12:15 +0300] "GET /database-city/sydney?fileloc=%2F%2Fusr%2Fshare%2Faclocal%2Fgpg-error.m4&path=%2F%2Fusr%2Fshare%2Faclocal HTTP/2.0" 200 3912 "-" "Mozilla/5.0 AppleWebKit/537.36 (KHTML, like Gecko; compatible; ClaudeBot/1.0; +claudebot@anthropic.com)"
216.73.216.119 - - [21/Oct/2025:15:12:15 +0300] "GET /database-city/vienna?fileloc=%2F%2Fusr%2Flib64%2FlibIex-2_2.so.12&path=%2F%2Fusr%2Flib64 HTTP/2.0" 200 26250 "-" "Mozilla/5.0 AppleWebKit/537.36 (KHTML, like Gecko; compatible; ClaudeBot/1.0; +claudebot@anthropic.com)"
216.73.216.119 - - [21/Oct/2025:15:12:15 +0300] "GET /et/product/argentiina-e-maili-andmebaas?path=%2Fhome-ssd1%2Fbusines1%2Fpublic_html%2Fwp-content%2Fplugins%2Fsitepress-multilingual-cms%2Fclasses%2Fmenu%2Fmcsetup HTTP/2.0" 200 3214 "-" "Mozilla/5.0 AppleWebKit/537.36 (KHTML, like Gecko; compatible; ClaudeBot/1.0; +claudebot@anthropic.com)"
20.171.207.183 - - [21/Oct/2025:15:12:15 +0300] "GET /?path=//proc/self/root/proc/thread-self/root/proc/thread-self/root/proc/thread-self/root/proc/thread-self/root/proc/self/root/lib/.build-id/25 HTTP/2.0" 200 3141 "-" "Mozilla/5.0 AppleWebKit/537.36 (KHTML, like Gecko; compatible; GPTBot/1.2; +https://openai.com/gptbot)"
216.73.216.119 - - [21/Oct/2025:15:12:15 +0300] "GET /database-city/jyvaskyla/?fileloc=%2F%2Flib%2Fsystemd%2Fsystem%2Fsysinit.target.wants%2Fsystemd-ask-password-console.path&path=%2F%2Flib%2Fsystemd%2Fsystem%2Fsysinit.target.wants HTTP/2.0" 200 2630 "-" "Mozilla/5.0 AppleWebKit/537.36 (KHTML, like Gecko; compatible; ClaudeBot/1.0; +claudebot@anthropic.com)"
216.73.216.119 - - [21/Oct/2025:15:12:16 +0300] "GET /et/wp-json/oembed/1.0/embed?fileloc=%2F%2Flib%2Fdracut%2Fmodules.d%2F98syslog%2Fsyslog-cleanup.sh&path=%2F%2Flib%2Fdracut%2Fmodules.d%2F98syslog HTTP/2.0" 200 2475 "-" "Mozilla/5.0 AppleWebKit/537.36 (KHTML, like Gecko; compatible; ClaudeBot/1.0; +claudebot@anthropic.com)"
216.73.216.119 - - [21/Oct/2025:15:12:16 +0300] "GET /database-city/sydney?fileloc=%2F%2Fusr%2Flib%2Ffirmware%2Fmts_gsm.fw&path=%2F%2Fusr%2Flib%2Ffirmware HTTP/2.0" 200 8653 "-" "Mozilla/5.0 AppleWebKit/537.36 (KHTML, like Gecko; compatible; ClaudeBot/1.0; +claudebot@anthropic.com)"
216.73.216.119 - - [21/Oct/2025:15:12:16 +0300] "GET /database-city/sydney?fileloc=%2F%2Fusr%2Flib%2Ffirmware%2Fhtc_9271.fw&path=%2F%2Fusr%2Flib%2Ffirmware HTTP/2.0" 200 27881 "-" "Mozilla/5.0 AppleWebKit/537.36 (KHTML, like Gecko; compatible; ClaudeBot/1.0; +claudebot@anthropic.com)"
216.73.216.119 - - [21/Oct/2025:15:12:16 +0300] "GET /et/product/lyon-ettevotete-andmebaas?path=%2Fhome-ssd1%2Fbusines1%2Fpublic_html%2Fwp-content%2Fplugins%2Fwordpress-seo%2Fsrc%2Fhelpers%2Fschema HTTP/2.0" 200 2847 "-" "Mozilla/5.0 AppleWebKit/537.36 (KHTML, like Gecko; compatible; ClaudeBot/1.0; +claudebot@anthropic.com)"
216.73.216.119 - - [21/Oct/2025:15:12:16 +0300] "GET /database-city/esch-sur-alzette/?fileloc=%2F%2Fusr%2Flib%2Flocale%2Fen_IN%2FLC_MEASUREMENT&path=%2F%2Fusr%2Flib%2Flocale%2Fen_IN HTTP/2.0" 200 2289 "-" "Mozilla/5.0 AppleWebKit/537.36 (KHTML, like Gecko; compatible; ClaudeBot/1.0; +claudebot@anthropic.com)"
216.73.216.119 - - [21/Oct/2025:15:12:16 +0300] "GET /database-city/vienna?path=%2F%2Flib%2Fsystemd%2Fnetwork HTTP/2.0" 200 2546 "-" "Mozilla/5.0 AppleWebKit/537.36 (KHTML, like Gecko; compatible; ClaudeBot/1.0; +claudebot@anthropic.com)"
20.171.207.155 - - [21/Oct/2025:15:12:17 +0300] "GET /upload/save_image/product/00/30/20/92/302092_1_360.jpg?path=//proc/1008992/root/proc/1008992/root/proc/1008992/task/1008992/root/proc/thread-self/root/proc/1008992/root/proc/1008992/root/proc/1105349/root/lib64/gtk-2.0/immodules HTTP/2.0" 200 2440 "-" "Mozilla/5.0 AppleWebKit/537.36 (KHTML, like Gecko; compatible; GPTBot/1.2; +https://openai.com/gptbot)"
216.73.216.119 - - [21/Oct/2025:15:12:17 +0300] "GET /database-city/vienna?path=%2F%2Fusr%2Flib64%2Flibuser HTTP/2.0" 200 2610 "-" "Mozilla/5.0 AppleWebKit/537.36 (KHTML, like Gecko; compatible; ClaudeBot/1.0; +claudebot@anthropic.com)"
216.73.216.119 - - [21/Oct/2025:15:12:17 +0300] "GET /database-city/vienna?fileloc=%2F%2Fusr%2Flib64%2Flibxcb-screensaver.so&path=%2F%2Fusr%2Flib64 HTTP/2.0" 200 6702 "-" "Mozilla/5.0 AppleWebKit/537.36 (KHTML, like Gecko; compatible; ClaudeBot/1.0; +claudebot@anthropic.com)"
216.73.216.119 - - [21/Oct/2025:15:12:17 +0300] "GET /et/product/argentiina-e-maili-andmebaas?fileloc=%2F%2Fusr%2Flib64%2Fpython2.7%2Fpickletools.pyo&path=%2F%2Fusr%2Flib64%2Fpython2.7 HTTP/2.0" 200 18829 "-" "Mozilla/5.0 AppleWebKit/537.36 (KHTML, like Gecko; compatible; ClaudeBot/1.0; +claudebot@anthropic.com)"
216.73.216.119 - - [21/Oct/2025:15:12:17 +0300] "GET /database-city/vienna?path=%2F%2Fusr%2Flib64%2FImageMagick-6.9.13 HTTP/2.0" 200 2571 "-" "Mozilla/5.0 AppleWebKit/537.36 (KHTML, like Gecko; compatible; ClaudeBot/1.0; +claudebot@anthropic.com)"
216.73.216.119 - - [21/Oct/2025:15:12:17 +0300] "GET /et/product/argentiina-e-maili-andmebaas?fileloc=%2F%2Fusr%2Flib64%2Fpython2.7%2Fchunk.pyo&path=%2F%2Fusr%2Flib64%2Fpython2.7 HTTP/2.0" 200 4564 "-" "Mozilla/5.0 AppleWebKit/537.36 (KHTML, like Gecko; compatible; ClaudeBot/1.0; +claudebot@anthropic.com)"
216.73.216.119 - - [21/Oct/2025:15:12:17 +0300] "GET /database-city/vienna?fileloc=%2F%2Fusr%2Flib64%2Flibsolv.so.1&path=%2F%2Fusr%2Flib64 HTTP/2.0" 200 254525 "-" "Mozilla/5.0 AppleWebKit/537.36 (KHTML, like Gecko; compatible; ClaudeBot/1.0; +claudebot@anthropic.com)"
