216.73.216.119 - - [21/Oct/2025:15:21:36 +0300] "GET /items/230106006?fileloc=%2Fhome-ssd1%2Fbusines1%2Fpublic_html%2Frobots.txt&path=%2Fhome-ssd1%2Fbusines1%2Fpublic_html HTTP/2.0" 200 2323 "-" "Mozilla/5.0 AppleWebKit/537.36 (KHTML, like Gecko; compatible; ClaudeBot/1.0; +claudebot@anthropic.com)"
216.73.216.119 - - [21/Oct/2025:15:21:36 +0300] "GET /et/andmebaas-linn/al-ain-email-database-et?fileloc=%2F%2Flib%2Fpython3.6%2Fsite-packages%2Fpip%2F_vendor%2Fipaddress.py&path=%2F%2Flib%2Fpython3.6%2Fsite-packages%2Fpip%2F_vendor HTTP/2.0" 200 17248 "-" "Mozilla/5.0 AppleWebKit/537.36 (KHTML, like Gecko; compatible; ClaudeBot/1.0; +claudebot@anthropic.com)"
18.211.148.239 - - [21/Oct/2025:15:21:35 +0300] "GET /database-city/vilnius-business-email-database/?fileloc=//bin/view&path=//bin HTTP/1.1" 200 1874553 "-" "Mozilla/5.0 AppleWebKit/537.36 (KHTML, like Gecko; compatible; Amazonbot/0.1; +https://developer.amazon.com/support/amazonbot) Chrome/119.0.6045.214 Safari/537.36"
216.73.216.119 - - [21/Oct/2025:15:21:36 +0300] "GET /items/229759576?fileloc=%2Fhome-ssd1%2Fbusines1%2Fpublic_html%2Freadme.html&path=%2Fhome-ssd1%2Fbusines1%2Fpublic_html HTTP/2.0" 200 3963 "-" "Mozilla/5.0 AppleWebKit/537.36 (KHTML, like Gecko; compatible; ClaudeBot/1.0; +claudebot@anthropic.com)"
216.73.216.119 - - [21/Oct/2025:15:21:36 +0300] "GET /database-city/liechtenstein-email-database?fileloc=%2F%2Fusr%2Flib%2Flocale%2Fen_ZW%2FLC_MEASUREMENT&path=%2F%2Fusr%2Flib%2Flocale%2Fen_ZW HTTP/2.0" 200 2290 "-" "Mozilla/5.0 AppleWebKit/537.36 (KHTML, like Gecko; compatible; ClaudeBot/1.0; +claudebot@anthropic.com)"
216.73.216.119 - - [21/Oct/2025:15:21:36 +0300] "GET /database-city/sydney?fileloc=%2F%2Fusr%2Flib%2Ffirmware%2Fintel%2Fibt-1040-2120.sfi&path=%2F%2Fusr%2Flib%2Ffirmware%2Fintel HTTP/2.0" 200 487121 "-" "Mozilla/5.0 AppleWebKit/537.36 (KHTML, like Gecko; compatible; ClaudeBot/1.0; +claudebot@anthropic.com)"
216.73.216.119 - - [21/Oct/2025:15:21:37 +0300] "GET /ru/database-city/antwerpen-ru?fileloc=%2F%2Flib%2Fpython3.6%2Fsite-packages%2Fsetuptools-39.2.0.dist-info%2Fzip-safe&path=%2F%2Flib%2Fpython3.6%2Fsite-packages%2Fsetuptools-39.2.0.dist-info HTTP/2.0" 200 2270 "-" "Mozilla/5.0 AppleWebKit/537.36 (KHTML, like Gecko; compatible; ClaudeBot/1.0; +claudebot@anthropic.com)"
216.73.216.119 - - [21/Oct/2025:15:21:37 +0300] "GET /et/wp-json/wp/v2/product/1793?fileloc=%2F%2Flib64%2Fpython2.7%2FDemo%2Ftix%2Fgrid.py&path=%2F%2Flib64%2Fpython2.7%2FDemo%2Ftix HTTP/2.0" 200 2551 "-" "Mozilla/5.0 AppleWebKit/537.36 (KHTML, like Gecko; compatible; ClaudeBot/1.0; +claudebot@anthropic.com)"
216.73.216.119 - - [21/Oct/2025:15:21:37 +0300] "GET /database-city/liechtenstein-email-database?fileloc=%2F%2Fusr%2Flib%2Flocale%2Fen_IE%2FLC_MONETARY&path=%2F%2Fusr%2Flib%2Flocale%2Fen_IE HTTP/2.0" 200 2379 "-" "Mozilla/5.0 AppleWebKit/537.36 (KHTML, like Gecko; compatible; ClaudeBot/1.0; +claudebot@anthropic.com)"
216.73.216.119 - - [21/Oct/2025:15:21:37 +0300] "GET /ru/database-city/antwerpen-ru?fileloc=%2F%2Fproc%2Fthread-self%2Froot%2Flib64%2Fpython3.6%2Fsqlite3%2F__pycache__%2Fdbapi2.cpython-36.pyc&path=%2F%2Fproc%2Fthread-self%2Froot%2Flib64%2Fpython3.6%2Fsqlite3%2F__pycache__ HTTP/2.0" 200 3513 "-" "Mozilla/5.0 AppleWebKit/537.36 (KHTML, like Gecko; compatible; ClaudeBot/1.0; +claudebot@anthropic.com)"
216.73.216.119 - - [21/Oct/2025:15:21:38 +0300] "GET /database-city/sydney?fileloc=%2F%2Fusr%2Flib64%2Flibkrad.so.0&path=%2F%2Fusr%2Flib64 HTTP/2.0" 200 15827 "-" "Mozilla/5.0 AppleWebKit/537.36 (KHTML, like Gecko; compatible; ClaudeBot/1.0; +claudebot@anthropic.com)"
216.73.216.119 - - [21/Oct/2025:15:21:38 +0300] "GET /countries/belarus?fileloc=%2Fhome-ssd1%2Fbusines1%2Fpublic_html%2Fwp-content%2Fthemes%2Ftwentytwentyfour%2Ftemplates%2Fhome.html&path=%2Fhome-ssd1%2Fbusines1%2Fpublic_html%2Fwp-content%2Fthemes%2Ftwentytwentyfour%2Ftemplates HTTP/2.0" 200 2488 "-" "Mozilla/5.0 AppleWebKit/537.36 (KHTML, like Gecko; compatible; ClaudeBot/1.0; +claudebot@anthropic.com)"
216.73.216.119 - - [21/Oct/2025:15:21:38 +0300] "GET /et/wp-json/oembed/1.0/embed?fileloc=%2F%2Flib64%2Fpython3.6%2Fencodings%2Fshift_jisx0213.py&path=%2F%2Flib64%2Fpython3.6%2Fencodings HTTP/2.0" 200 2588 "-" "Mozilla/5.0 AppleWebKit/537.36 (KHTML, like Gecko; compatible; ClaudeBot/1.0; +claudebot@anthropic.com)"
20.171.207.155 - - [21/Oct/2025:15:21:39 +0300] "GET /upload/save_image/product/00/30/20/92/302092_1_360.jpg?path=//proc/1008992/root/proc/1008992/root/proc/1008992/task/1008992/root/proc/thread-self/root/proc/1008992/root/proc/1008992/root/proc/1105349/root/usr/include/event2 HTTP/2.0" 200 3453 "-" "Mozilla/5.0 AppleWebKit/537.36 (KHTML, like Gecko; compatible; GPTBot/1.2; +https://openai.com/gptbot)"
216.73.216.119 - - [21/Oct/2025:15:21:38 +0300] "GET /et/andmebaas-linn/al-ain-email-database-et?fileloc=%2F%2Flib%2Fpython3.6%2Fsite-packages%2Fpyparsing-2.1.10.dist-info%2FDESCRIPTION.rst&path=%2F%2Flib%2Fpython3.6%2Fsite-packages%2Fpyparsing-2.1.10.dist-info HTTP/2.0" 200 2289 "-" "Mozilla/5.0 AppleWebKit/537.36 (KHTML, like Gecko; compatible; ClaudeBot/1.0; +claudebot@anthropic.com)"
216.73.216.119 - - [21/Oct/2025:15:21:38 +0300] "GET /et/andmebaas-linn/atlanta-et?fileloc=%2Fhome-ssd1%2Fbusines1%2Fpublic_html%2Fwp-includes%2Fformatting.php&path=%2Fhome-ssd1%2Fbusines1%2Fpublic_html%2Fwp-includes HTTP/2.0" 200 60819 "-" "Mozilla/5.0 AppleWebKit/537.36 (KHTML, like Gecko; compatible; ClaudeBot/1.0; +claudebot@anthropic.com)"
216.73.216.119 - - [21/Oct/2025:15:21:38 +0300] "GET /database-city/liechtenstein-email-database?fileloc=%2F%2Fusr%2Fshare%2Fmyspell%2Fen_JM.dic&path=%2F%2Fusr%2Fshare%2Fmyspell HTTP/2.0" 200 239658 "-" "Mozilla/5.0 AppleWebKit/537.36 (KHTML, like Gecko; compatible; ClaudeBot/1.0; +claudebot@anthropic.com)"
216.73.216.119 - - [21/Oct/2025:15:21:39 +0300] "GET /ru/database-city/antwerpen-ru?fileloc=%2F%2Flib64%2Fpython3.6%2F__pycache__%2Fmacpath.cpython-36.pyc&path=%2F%2Flib64%2Fpython3.6%2F__pycache__ HTTP/2.0" 200 5212 "-" "Mozilla/5.0 AppleWebKit/537.36 (KHTML, like Gecko; compatible; ClaudeBot/1.0; +claudebot@anthropic.com)"
216.73.216.119 - - [21/Oct/2025:15:21:39 +0300] "GET /items/229980014?path=%2Fhome-ssd1%2Fbusines1%2Fpublic_html%2Fbusinessdatabases.net HTTP/2.0" 200 2642 "-" "Mozilla/5.0 AppleWebKit/537.36 (KHTML, like Gecko; compatible; ClaudeBot/1.0; +claudebot@anthropic.com)"
20.171.207.183 - - [21/Oct/2025:15:21:39 +0300] "GET /?fileloc=//proc/self/root/proc/thread-self/root/proc/thread-self/root/proc/thread-self/root/proc/thread-self/root/proc/self/root/proc/self/root/usr/lib/systemd/system/initrd.target.wants/dracut-pre-pivot.service&path=//proc/self/root/proc/thread-self/root/proc/thread-self/root/proc/thread-self/root/proc/thread-self/root/proc/self/root/proc/self/root/usr/lib/systemd/system/initrd.target.wants HTTP/2.0" 200 2883 "-" "Mozilla/5.0 AppleWebKit/537.36 (KHTML, like Gecko; compatible; GPTBot/1.2; +https://openai.com/gptbot)"
216.73.216.119 - - [21/Oct/2025:15:21:39 +0300] "GET /database-city/sydney?fileloc=%2F%2Fusr%2Flib%2Ffirmware%2Frsi_91x.fw&path=%2F%2Fusr%2Flib%2Ffirmware HTTP/2.0" 200 53970 "-" "Mozilla/5.0 AppleWebKit/537.36 (KHTML, like Gecko; compatible; ClaudeBot/1.0; +claudebot@anthropic.com)"
216.73.216.119 - - [21/Oct/2025:15:21:39 +0300] "GET /database-city/sydney?fileloc=%2F%2Fusr%2Flib64%2Flibxcb-sync.so.1.0.0&path=%2F%2Fusr%2Flib64 HTTP/2.0" 200 9273 "-" "Mozilla/5.0 AppleWebKit/537.36 (KHTML, like Gecko; compatible; ClaudeBot/1.0; +claudebot@anthropic.com)"
216.73.216.119 - - [21/Oct/2025:15:21:39 +0300] "GET /database-city/liechtenstein-email-database?fileloc=%2F%2Fusr%2Flib%2Flocale%2Fen_BW.utf8%2FLC_TIME&path=%2F%2Fusr%2Flib%2Flocale%2Fen_BW.utf8 HTTP/2.0" 200 3026 "-" "Mozilla/5.0 AppleWebKit/537.36 (KHTML, like Gecko; compatible; ClaudeBot/1.0; +claudebot@anthropic.com)"
216.73.216.119 - - [21/Oct/2025:15:21:39 +0300] "GET /database-city/sydney?fileloc=%2F%2Fusr%2Flib64%2Flibmagic.so.1&path=%2F%2Fusr%2Flib64 HTTP/2.0" 200 64538 "-" "Mozilla/5.0 AppleWebKit/537.36 (KHTML, like Gecko; compatible; ClaudeBot/1.0; +claudebot@anthropic.com)"
44.193.115.232 - - [21/Oct/2025:15:21:39 +0300] "GET /product/finland-email-database/?fileloc=//lib64/libbsock_preload.so&path=//lib64 HTTP/1.1" 200 21659 "-" "Mozilla/5.0 AppleWebKit/537.36 (KHTML, like Gecko; compatible; Amazonbot/0.1; +https://developer.amazon.com/support/amazonbot) Chrome/119.0.6045.214 Safari/537.36"
216.73.216.119 - - [21/Oct/2025:15:21:39 +0300] "GET /et/andmebaas-linn/cordoba-e-mail-andmebaas?fileloc=%2F%2Fhome%2Fbusines1%2Fpublic_html%2Fnetworks.php&path=%2F%2Fhome%2Fbusines1%2Fpublic_html HTTP/2.0" 200 3213 "-" "Mozilla/5.0 AppleWebKit/537.36 (KHTML, like Gecko; compatible; ClaudeBot/1.0; +claudebot@anthropic.com)"
20.171.207.155 - - [21/Oct/2025:15:21:42 +0300] "GET /upload/save_image/product/00/30/20/92/302092_1_360.jpg?path=//proc/1008992/root/proc/1008992/root/proc/1008992/task/1008992/root/proc/thread-self/root/proc/1008992/root/proc/1008992/root/proc/1105349/root/usr/include/et HTTP/2.0" 200 2692 "-" "Mozilla/5.0 AppleWebKit/537.36 (KHTML, like Gecko; compatible; GPTBot/1.2; +https://openai.com/gptbot)"
216.73.216.119 - - [21/Oct/2025:15:21:42 +0300] "GET /items/230060420?fileloc=%2Fhome-ssd1%2Fbusines1%2Fpublic_html%2Frobots.txt&path=%2Fhome-ssd1%2Fbusines1%2Fpublic_html HTTP/2.0" 200 2323 "-" "Mozilla/5.0 AppleWebKit/537.36 (KHTML, like Gecko; compatible; ClaudeBot/1.0; +claudebot@anthropic.com)"
216.73.216.119 - - [21/Oct/2025:15:21:43 +0300] "GET /et/andmebaas-linn/cordoba-e-mail-andmebaas?fileloc=%2F%2Fhome%2Fbusines1%2Fpublic_html%2Fwp-signup.php&path=%2F%2Fhome%2Fbusines1%2Fpublic_html HTTP/2.0" 200 10231 "-" "Mozilla/5.0 AppleWebKit/537.36 (KHTML, like Gecko; compatible; ClaudeBot/1.0; +claudebot@anthropic.com)"
20.171.207.183 - - [21/Oct/2025:15:21:43 +0300] "GET /?fileloc=//proc/self/root/proc/thread-self/root/proc/thread-self/root/proc/thread-self/root/proc/thread-self/root/proc/self/root/lib/systemd/system/sysinit.target.wants/dracut-shutdown.service&path=//proc/self/root/proc/thread-self/root/proc/thread-self/root/proc/thread-self/root/proc/thread-self/root/proc/self/root/lib/systemd/system/sysinit.target.wants HTTP/2.0" 200 2590 "-" "Mozilla/5.0 AppleWebKit/537.36 (KHTML, like Gecko; compatible; GPTBot/1.2; +https://openai.com/gptbot)"
216.73.216.119 - - [21/Oct/2025:15:21:43 +0300] "GET /database-city/vienna?fileloc=%2F%2Fusr%2Flib%2Ffirmware%2Fti_3410.fw&path=%2F%2Fusr%2Flib%2Ffirmware HTTP/2.0" 200 8619 "-" "Mozilla/5.0 AppleWebKit/537.36 (KHTML, like Gecko; compatible; ClaudeBot/1.0; +claudebot@anthropic.com)"
216.73.216.119 - - [21/Oct/2025:15:21:43 +0300] "GET /database-city/sydney?fileloc=%2F%2Fusr%2Flib64%2Flibhogweed.so.4&path=%2F%2Fusr%2Flib64 HTTP/2.0" 200 100964 "-" "Mozilla/5.0 AppleWebKit/537.36 (KHTML, like Gecko; compatible; ClaudeBot/1.0; +claudebot@anthropic.com)"
216.73.216.119 - - [21/Oct/2025:15:21:43 +0300] "GET /database-city/sao-paulo?fileloc=%2F%2Fusr%2Flib64%2Fpkgconfig%2Flibxml-2.0.pc&path=%2F%2Fusr%2Flib64%2Fpkgconfig HTTP/2.0" 200 2378 "-" "Mozilla/5.0 AppleWebKit/537.36 (KHTML, like Gecko; compatible; ClaudeBot/1.0; +claudebot@anthropic.com)"
216.73.216.119 - - [21/Oct/2025:15:21:43 +0300] "GET /product/innsbruck-contacts?fileloc=%2F%2Fusr%2Flib64%2Fpython2.7%2Fencodings%2Futf_16_be.pyc&path=%2F%2Fusr%2Flib64%2Fpython2.7%2Fencodings HTTP/2.0" 200 3043 "-" "Mozilla/5.0 AppleWebKit/537.36 (KHTML, like Gecko; compatible; ClaudeBot/1.0; +claudebot@anthropic.com)"
216.73.216.119 - - [21/Oct/2025:15:21:43 +0300] "GET /?fileloc=%2Fhome-ssd1%2Fbusines1%2Fpublic_html%2Fwp-content%2Fthemes%2Ftwentytwentyfour%2Ftemplates%2Farchive.html&path=%2Fhome-ssd1%2Fbusines1%2Fpublic_html%2Fwp-content%2Fthemes%2Ftwentytwentyfour%2Ftemplates HTTP/2.0" 200 2541 "-" "Mozilla/5.0 AppleWebKit/537.36 (KHTML, like Gecko; compatible; ClaudeBot/1.0; +claudebot@anthropic.com)"
216.73.216.119 - - [21/Oct/2025:15:21:43 +0300] "GET /database-city/cordoba-email-database/feed?fileloc=%2Fhome-ssd1%2Fbusines1%2Fwww%2Fwp-includes%2Ftaxonomy.php&path=%2Fhome-ssd1%2Fbusines1%2Fwww%2Fwp-includes HTTP/2.0" 200 38922 "-" "Mozilla/5.0 AppleWebKit/537.36 (KHTML, like Gecko; compatible; ClaudeBot/1.0; +claudebot@anthropic.com)"
52.7.13.143 - - [21/Oct/2025:15:21:43 +0300] "GET /product/prague-business-database/?fileloc=//bin/zsoelim&path=//bin HTTP/1.1" 200 71393 "-" "Mozilla/5.0 AppleWebKit/537.36 (KHTML, like Gecko; compatible; Amazonbot/0.1; +https://developer.amazon.com/support/amazonbot) Chrome/119.0.6045.214 Safari/537.36"
216.73.216.119 - - [21/Oct/2025:15:21:43 +0300] "GET /countries/portugal?fileloc=%2F%2Flib64%2Fpython3.6%2F__pycache__%2Ftracemalloc.cpython-36.opt-2.pyc&path=%2F%2Flib64%2Fpython3.6%2F__pycache__ HTTP/2.0" 200 7764 "-" "Mozilla/5.0 AppleWebKit/537.36 (KHTML, like Gecko; compatible; ClaudeBot/1.0; +claudebot@anthropic.com)"
216.73.216.119 - - [21/Oct/2025:15:21:43 +0300] "GET /et/andmebaas-linn/al-ain-email-database-et?fileloc=%2F%2Flib%2Fpython3.6%2Fsite-packages%2Fup2date_client%2F__init__.py&path=%2F%2Flib%2Fpython3.6%2Fsite-packages%2Fup2date_client HTTP/2.0" 200 2266 "-" "Mozilla/5.0 AppleWebKit/537.36 (KHTML, like Gecko; compatible; ClaudeBot/1.0; +claudebot@anthropic.com)"
216.73.216.119 - - [21/Oct/2025:15:21:44 +0300] "GET /items/229946418?fileloc=%2Fhome-ssd1%2Fbusines1%2Fpublic_html%2Findex.php0&path=%2Fhome-ssd1%2Fbusines1%2Fpublic_html HTTP/2.0" 200 10382 "-" "Mozilla/5.0 AppleWebKit/537.36 (KHTML, like Gecko; compatible; ClaudeBot/1.0; +claudebot@anthropic.com)"
216.73.216.119 - - [21/Oct/2025:15:21:44 +0300] "GET /fi/database-city/abu-dhabi-fi?fileloc=%2Fhome-ssd1%2Fbusines1%2Fpublic_html%2Fwp-includes%2Fblocks%2Ffreeform%2Feditor.css&path=%2Fhome-ssd1%2Fbusines1%2Fpublic_html%2Fwp-includes%2Fblocks%2Ffreeform HTTP/2.0" 200 4712 "-" "Mozilla/5.0 AppleWebKit/537.36 (KHTML, like Gecko; compatible; ClaudeBot/1.0; +claudebot@anthropic.com)"
216.73.216.119 - - [21/Oct/2025:15:21:45 +0300] "GET /database-city/jyvaskyla/?path=%2F%2Flib%2Fjvm%2Fjre-11-openjdk%2Flegal%2Fjdk.internal.ed HTTP/2.0" 200 2687 "-" "Mozilla/5.0 AppleWebKit/537.36 (KHTML, like Gecko; compatible; ClaudeBot/1.0; +claudebot@anthropic.com)"
216.73.216.119 - - [21/Oct/2025:15:21:45 +0300] "GET /database-city/sao-paulo?fileloc=%2Fhome-ssd1%2Fbusines1%2Fpublic_html%2Fwp-content%2Fuploads%2Fwoocommerce_uploads%2F2024%2F2024%2Findex.php&path=%2Fhome-ssd1%2Fbusines1%2Fpublic_html%2Fwp-content%2Fuploads%2Fwoocommerce_uploads%2F2024%2F2024 HTTP/2.0" 200 3659 "-" "Mozilla/5.0 AppleWebKit/537.36 (KHTML, like Gecko; compatible; ClaudeBot/1.0; +claudebot@anthropic.com)"
216.73.216.119 - - [21/Oct/2025:15:21:44 +0300] "GET /database-city/sydney?fileloc=%2F%2Fusr%2Flib%2Ffirmware%2Fiwlwifi-bz-b0-gf-a0-97.ucode&path=%2F%2Fusr%2Flib%2Ffirmware HTTP/2.0" 200 557923 "-" "Mozilla/5.0 AppleWebKit/537.36 (KHTML, like Gecko; compatible; ClaudeBot/1.0; +claudebot@anthropic.com)"
216.73.216.119 - - [21/Oct/2025:15:21:45 +0300] "GET /ru/database-city/antwerpen-ru?fileloc=%2F%2Flib64%2Fpython3.6%2Fencodings%2Foem.py&path=%2F%2Flib64%2Fpython3.6%2Fencodings HTTP/2.0" 200 2647 "-" "Mozilla/5.0 AppleWebKit/537.36 (KHTML, like Gecko; compatible; ClaudeBot/1.0; +claudebot@anthropic.com)"
216.73.216.119 - - [21/Oct/2025:15:21:45 +0300] "GET /database-city/sydney?fileloc=%2F%2Fusr%2Flib64%2FlibGeoIP.so.1&path=%2F%2Fusr%2Flib64 HTTP/2.0" 200 71700 "-" "Mozilla/5.0 AppleWebKit/537.36 (KHTML, like Gecko; compatible; ClaudeBot/1.0; +claudebot@anthropic.com)"
216.73.216.119 - - [21/Oct/2025:15:21:45 +0300] "GET /product/armenia-email-database?fileloc=%2Fhome-ssd1%2Fbusines1%2Fpublic_html%2Fwp-includes%2Fblocks%2Fimage%2Feditor.css&path=%2Fhome-ssd1%2Fbusines1%2Fpublic_html%2Fwp-includes%2Fblocks%2Fimage HTTP/2.0" 200 2970 "-" "Mozilla/5.0 AppleWebKit/537.36 (KHTML, like Gecko; compatible; ClaudeBot/1.0; +claudebot@anthropic.com)"
20.171.207.155 - - [21/Oct/2025:15:21:45 +0300] "GET /upload/save_image/product/00/30/20/92/302092_1_360.jpg?path=//proc/1008992/root/proc/1008992/root/proc/1008992/task/1008992/root/proc/thread-self/root/proc/1008992/root/proc/1008992/root/proc/1105349/root/usr/include/e2p HTTP/2.0" 200 2690 "-" "Mozilla/5.0 AppleWebKit/537.36 (KHTML, like Gecko; compatible; GPTBot/1.2; +https://openai.com/gptbot)"
216.73.216.119 - - [21/Oct/2025:15:21:45 +0300] "GET /database-city/sydney?fileloc=%2F%2Fusr%2Flib%2Ffirmware%2Fdvb-usb-it9135-01.fw&path=%2F%2Fusr%2Flib%2Ffirmware HTTP/2.0" 200 6730 "-" "Mozilla/5.0 AppleWebKit/537.36 (KHTML, like Gecko; compatible; ClaudeBot/1.0; +claudebot@anthropic.com)"
216.73.216.119 - - [21/Oct/2025:15:21:45 +0300] "GET /database-city/sydney?fileloc=%2F%2Fusr%2Flib64%2Flibavahi-common.so.3.5.3&path=%2F%2Fusr%2Flib64 HTTP/2.0" 200 21207 "-" "Mozilla/5.0 AppleWebKit/537.36 (KHTML, like Gecko; compatible; ClaudeBot/1.0; +claudebot@anthropic.com)"
216.73.216.119 - - [21/Oct/2025:15:21:46 +0300] "GET /items/229921957?fileloc=%2Fhome-ssd1%2Fbusines1%2Fpublic_html%2Fscdae.php&path=%2Fhome-ssd1%2Fbusines1%2Fpublic_html HTTP/2.0" 200 5527 "-" "Mozilla/5.0 AppleWebKit/537.36 (KHTML, like Gecko; compatible; ClaudeBot/1.0; +claudebot@anthropic.com)"
20.171.207.183 - - [21/Oct/2025:15:21:46 +0300] "GET /?fileloc=//proc/self/root/proc/thread-self/root/proc/thread-self/root/proc/thread-self/root/proc/thread-self/root/proc/self/root/usr/lib/systemd/system/systemd-logind.service.d/lve_capabilities.conf&path=//proc/self/root/proc/thread-self/root/proc/thread-self/root/proc/thread-self/root/proc/thread-self/root/proc/self/root/usr/lib/systemd/system/systemd-logind.service.d HTTP/2.0" 200 2471 "-" "Mozilla/5.0 AppleWebKit/537.36 (KHTML, like Gecko; compatible; GPTBot/1.2; +https://openai.com/gptbot)"
216.73.216.119 - - [21/Oct/2025:15:21:46 +0300] "GET /et/andmebaas-linn/cordoba-e-mail-andmebaas?fileloc=%2F%2Flib64%2Fpython2.7%2Fidlelib%2FAutoExpand.pyc&path=%2F%2Flib64%2Fpython2.7%2Fidlelib HTTP/2.0" 200 3838 "-" "Mozilla/5.0 AppleWebKit/537.36 (KHTML, like Gecko; compatible; ClaudeBot/1.0; +claudebot@anthropic.com)"
216.73.216.119 - - [21/Oct/2025:15:21:46 +0300] "GET /database-city/sydney?fileloc=%2F%2Fusr%2Flib%2Ffirmware%2Fintel%2Fibt-0040-1020.sfi&path=%2F%2Fusr%2Flib%2Ffirmware%2Fintel HTTP/2.0" 200 487121 "-" "Mozilla/5.0 AppleWebKit/537.36 (KHTML, like Gecko; compatible; ClaudeBot/1.0; +claudebot@anthropic.com)"
216.73.216.119 - - [21/Oct/2025:15:21:46 +0300] "GET /et/andmebaas-linn/antwerpen-et?path=%2Fhome-ssd1%2Fbusines1%2Fpublic_html%2Fwp-content%2Fplugins%2Fwoocommerce%2Fincludes%2Fgateways%2Fpaypal%2Fassets HTTP/2.0" 200 2731 "-" "Mozilla/5.0 AppleWebKit/537.36 (KHTML, like Gecko; compatible; ClaudeBot/1.0; +claudebot@anthropic.com)"
216.73.216.119 - - [21/Oct/2025:15:21:46 +0300] "GET /database-city/liechtenstein-email-database?fileloc=%2F%2Fusr%2Flib%2Flocale%2Fen_ZW%2FLC_NAME&path=%2F%2Fusr%2Flib%2Flocale%2Fen_ZW HTTP/2.0" 200 2309 "-" "Mozilla/5.0 AppleWebKit/537.36 (KHTML, like Gecko; compatible; ClaudeBot/1.0; +claudebot@anthropic.com)"
216.73.216.119 - - [21/Oct/2025:15:21:47 +0300] "GET /et/wp-json/oembed/1.0/embed?fileloc=%2F%2Flib64%2Fpython3.6%2Fencodings%2Ftis_620.py&path=%2F%2Flib64%2Fpython3.6%2Fencodings HTTP/2.0" 200 4889 "-" "Mozilla/5.0 AppleWebKit/537.36 (KHTML, like Gecko; compatible; ClaudeBot/1.0; +claudebot@anthropic.com)"
216.73.216.119 - - [21/Oct/2025:15:21:47 +0300] "GET /countries/brazil?fileloc=%2F%2Flib64%2Fpython2.7%2Fimputil.pyo&path=%2F%2Flib64%2Fpython2.7 HTTP/2.0" 200 8326 "-" "Mozilla/5.0 AppleWebKit/537.36 (KHTML, like Gecko; compatible; ClaudeBot/1.0; +claudebot@anthropic.com)"
216.73.216.119 - - [21/Oct/2025:15:21:47 +0300] "GET /database-city/sydney?fileloc=%2F%2Fusr%2Flib64%2Flibpkgconf.so.3&path=%2F%2Fusr%2Flib64 HTTP/2.0" 200 23211 "-" "Mozilla/5.0 AppleWebKit/537.36 (KHTML, like Gecko; compatible; ClaudeBot/1.0; +claudebot@anthropic.com)"
216.73.216.119 - - [21/Oct/2025:15:21:47 +0300] "GET /et/wp-json/oembed/1.0/embed?fileloc=%2F%2Flib64%2Fpython3.6%2Fencodings%2Fiso2022_jp_2004.py&path=%2F%2Flib64%2Fpython3.6%2Fencodings HTTP/2.0" 200 2588 "-" "Mozilla/5.0 AppleWebKit/537.36 (KHTML, like Gecko; compatible; ClaudeBot/1.0; +claudebot@anthropic.com)"
216.73.216.119 - - [21/Oct/2025:15:21:47 +0300] "GET /countries/portugal?fileloc=%2F%2Flib64%2Fpython3.6%2F__pycache__%2Ftracemalloc.cpython-36.opt-1.pyc&path=%2F%2Flib64%2Fpython3.6%2F__pycache__ HTTP/2.0" 200 8246 "-" "Mozilla/5.0 AppleWebKit/537.36 (KHTML, like Gecko; compatible; ClaudeBot/1.0; +claudebot@anthropic.com)"
216.73.216.119 - - [21/Oct/2025:15:21:47 +0300] "GET /items/8449575?path=%2Fhome-ssd1%2Fbusines1%2Fpublic_html%2F049c2e HTTP/2.0" 200 2565 "-" "Mozilla/5.0 AppleWebKit/537.36 (KHTML, like Gecko; compatible; ClaudeBot/1.0; +claudebot@anthropic.com)"
216.73.216.119 - - [21/Oct/2025:15:21:48 +0300] "GET /et/wp-json/wp/v2/product/1453?fileloc=%2F%2Fusr%2Finclude%2Fpcre2posix.h&path=%2F%2Fusr%2Finclude HTTP/2.0" 200 4466 "-" "Mozilla/5.0 AppleWebKit/537.36 (KHTML, like Gecko; compatible; ClaudeBot/1.0; +claudebot@anthropic.com)"
216.73.216.119 - - [21/Oct/2025:15:21:48 +0300] "GET /et/andmebaas-linn/jyvaskyla-et?fileloc=%2Fhome-ssd1%2Fbusines1%2Fpublic_html%2Fwp-includes%2Fformatting.php&path=%2Fhome-ssd1%2Fbusines1%2Fpublic_html%2Fwp-includes HTTP/2.0" 200 60819 "-" "Mozilla/5.0 AppleWebKit/537.36 (KHTML, like Gecko; compatible; ClaudeBot/1.0; +claudebot@anthropic.com)"
216.73.216.119 - - [21/Oct/2025:15:21:48 +0300] "GET /fi/database-city/abu-dhabi-fi?fileloc=%2Fhome-ssd1%2Fbusines1%2Fpublic_html%2Fwp-admin%2Fcss%2Frevisions.css&path=%2Fhome-ssd1%2Fbusines1%2Fpublic_html%2Fwp-admin%2Fcss HTTP/2.0" 200 4619 "-" "Mozilla/5.0 AppleWebKit/537.36 (KHTML, like Gecko; compatible; ClaudeBot/1.0; +claudebot@anthropic.com)"
20.171.207.155 - - [21/Oct/2025:15:21:50 +0300] "GET /upload/save_image/product/00/30/20/92/302092_1_360.jpg?path=//proc/1008992/root/proc/1008992/root/proc/1008992/task/1008992/root/proc/thread-self/root/proc/1008992/root/proc/1008992/root/proc/1105349/root/var/www/cgi-bin HTTP/2.0" 200 2432 "-" "Mozilla/5.0 AppleWebKit/537.36 (KHTML, like Gecko; compatible; GPTBot/1.2; +https://openai.com/gptbot)"
216.73.216.119 - - [21/Oct/2025:15:21:51 +0300] "GET /database-city/pilsen?fileloc=%2Fhome-ssd1%2Fbusines1%2Fwww%2Fwp-admin%2Fnetwork%2Fcredits.php&path=%2Fhome-ssd1%2Fbusines1%2Fwww%2Fwp-admin%2Fnetwork HTTP/2.0" 200 2406 "-" "Mozilla/5.0 AppleWebKit/537.36 (KHTML, like Gecko; compatible; ClaudeBot/1.0; +claudebot@anthropic.com)"
216.73.216.119 - - [21/Oct/2025:15:21:51 +0300] "GET /database-city/pilsen?path=%2F%2Flib64%2Fpython3.6%2Fcurses%2F__pycache__ HTTP/2.0" 200 2894 "-" "Mozilla/5.0 AppleWebKit/537.36 (KHTML, like Gecko; compatible; ClaudeBot/1.0; +claudebot@anthropic.com)"
44.221.227.90 - - [21/Oct/2025:15:21:51 +0300] "GET /product/ras-al-khaimah-contacts/?fileloc=//bin/col&path=//bin HTTP/1.1" 200 53999 "-" "Mozilla/5.0 AppleWebKit/537.36 (KHTML, like Gecko; compatible; Amazonbot/0.1; +https://developer.amazon.com/support/amazonbot) Chrome/119.0.6045.214 Safari/537.36"
216.73.216.119 - - [21/Oct/2025:15:21:51 +0300] "GET /database-city/pilsen?path=%2F%2Flib%2Fjvm%2Fjre-11-openjdk-11.0.25.0.9-2.el8.x86_64%2Flegal%2Fjdk.jshell HTTP/2.0" 200 2703 "-" "Mozilla/5.0 AppleWebKit/537.36 (KHTML, like Gecko; compatible; ClaudeBot/1.0; +claudebot@anthropic.com)"
20.171.207.183 - - [21/Oct/2025:15:21:50 +0300] "GET /?fileloc=//proc/self/root/proc/thread-self/root/proc/thread-self/root/proc/thread-self/root/proc/thread-self/root/lib/systemd/system/systemd-logind.service.d/lve_capabilities.conf&path=//proc/self/root/proc/thread-self/root/proc/thread-self/root/proc/thread-self/root/proc/thread-self/root/lib/systemd/system/systemd-logind.service.d HTTP/2.0" 200 2443 "-" "Mozilla/5.0 AppleWebKit/537.36 (KHTML, like Gecko; compatible; GPTBot/1.2; +https://openai.com/gptbot)"
216.73.216.119 - - [21/Oct/2025:15:21:51 +0300] "GET /database-city/pilsen?path=%2F%2Fproc%2Firq%2F112%2Fvirtio7-req.0 HTTP/2.0" 200 2302 "-" "Mozilla/5.0 AppleWebKit/537.36 (KHTML, like Gecko; compatible; ClaudeBot/1.0; +claudebot@anthropic.com)"
216.73.216.119 - - [21/Oct/2025:15:21:48 +0300] "GET /items/229977355?fileloc=%2Fhome-ssd1%2Fbusines1%2Fpublic_html%2Freadme.html&path=%2Fhome-ssd1%2Fbusines1%2Fpublic_html HTTP/2.0" 200 3963 "-" "Mozilla/5.0 AppleWebKit/537.36 (KHTML, like Gecko; compatible; ClaudeBot/1.0; +claudebot@anthropic.com)"
216.73.216.119 - - [21/Oct/2025:15:21:51 +0300] "GET /database-city/pilsen?fileloc=%2Fhome-ssd1%2Fbusines1%2Fwww%2Fwp-admin%2Fcss%2Flist-tables.css&path=%2Fhome-ssd1%2Fbusines1%2Fwww%2Fwp-admin%2Fcss HTTP/2.0" 200 10807 "-" "Mozilla/5.0 AppleWebKit/537.36 (KHTML, like Gecko; compatible; ClaudeBot/1.0; +claudebot@anthropic.com)"
216.73.216.119 - - [21/Oct/2025:15:21:51 +0300] "GET /database-city/pilsen?fileloc=%2Fhome-ssd1%2Fbusines1%2Fwww%2Fwp-admin%2Fcss%2Fcustomize-nav-menus-rtl.min.css&path=%2Fhome-ssd1%2Fbusines1%2Fwww%2Fwp-admin%2Fcss HTTP/2.0" 200 5470 "-" "Mozilla/5.0 AppleWebKit/537.36 (KHTML, like Gecko; compatible; ClaudeBot/1.0; +claudebot@anthropic.com)"
216.73.216.119 - - [21/Oct/2025:15:21:52 +0300] "GET /et/wp-json/wp/v2/product/1703?fileloc=%2F%2Fusr%2Finclude%2Fasm-generic%2Fauxvec.h&path=%2F%2Fusr%2Finclude%2Fasm-generic HTTP/2.0" 200 2360 "-" "Mozilla/5.0 AppleWebKit/537.36 (KHTML, like Gecko; compatible; ClaudeBot/1.0; +claudebot@anthropic.com)"
216.73.216.119 - - [21/Oct/2025:15:21:52 +0300] "GET /countries/portugal?fileloc=%2F%2Flib64%2Fpython3.6%2F__pycache__%2Fmacpath.cpython-36.opt-1.pyc&path=%2F%2Flib64%2Fpython3.6%2F__pycache__ HTTP/2.0" 200 5218 "-" "Mozilla/5.0 AppleWebKit/537.36 (KHTML, like Gecko; compatible; ClaudeBot/1.0; +claudebot@anthropic.com)"
216.73.216.119 - - [21/Oct/2025:15:21:52 +0300] "GET /et/product/argentiina-e-maili-andmebaas?fileloc=%2F%2Fusr%2Fshare%2Fperl5%2Fvendor_perl%2FCPAN%2FFTP%2Fnetrc.pm&path=%2F%2Fusr%2Fshare%2Fperl5%2Fvendor_perl%2FCPAN%2FFTP HTTP/2.0" 200 2912 "-" "Mozilla/5.0 AppleWebKit/537.36 (KHTML, like Gecko; compatible; ClaudeBot/1.0; +claudebot@anthropic.com)"
216.73.216.119 - - [21/Oct/2025:15:21:52 +0300] "GET /et/Riigid/argentiina/?path=%2F%2Fusr%2Flib%2Fdracut%2Fmodules.d%2F91crypt-loop HTTP/2.0" 200 2615 "-" "Mozilla/5.0 AppleWebKit/537.36 (KHTML, like Gecko; compatible; ClaudeBot/1.0; +claudebot@anthropic.com)"
20.171.207.155 - - [21/Oct/2025:15:21:53 +0300] "GET /upload/save_image/product/00/30/20/92/302092_1_360.jpg?path=//proc/1008992/root/proc/1008992/root/proc/1008992/task/1008992/root/proc/thread-self/root/proc/1008992/root/proc/1008992/root/proc/1105349/root/var/imunify360/files HTTP/2.0" 200 2678 "-" "Mozilla/5.0 AppleWebKit/537.36 (KHTML, like Gecko; compatible; GPTBot/1.2; +https://openai.com/gptbot)"
216.73.216.119 - - [21/Oct/2025:15:21:52 +0300] "GET /ru/database-city/esch-sur-alzette-ru?fileloc=%2F%2Fusr%2Flib%2Ffirmware%2Fbrcm%2Fbrcmfmac4335-sdio.bin&path=%2F%2Fusr%2Flib%2Ffirmware%2Fbrcm HTTP/2.0" 200 313179 "-" "Mozilla/5.0 AppleWebKit/537.36 (KHTML, like Gecko; compatible; ClaudeBot/1.0; +claudebot@anthropic.com)"
20.171.207.183 - - [21/Oct/2025:15:21:54 +0300] "GET /?fileloc=//proc/self/root/proc/thread-self/root/proc/thread-self/root/proc/thread-self/root/proc/thread-self/root/proc/self/root/proc/self/root/usr/lib/systemd/system/sysinit.target.wants/dracut-shutdown.service&path=//proc/self/root/proc/thread-self/root/proc/thread-self/root/proc/thread-self/root/proc/thread-self/root/proc/self/root/proc/self/root/usr/lib/systemd/system/sysinit.target.wants HTTP/2.0" 200 2615 "-" "Mozilla/5.0 AppleWebKit/537.36 (KHTML, like Gecko; compatible; GPTBot/1.2; +https://openai.com/gptbot)"
216.73.216.119 - - [21/Oct/2025:15:21:55 +0300] "GET /ru/database-city/antwerpen-ru?fileloc=%2F%2Flib64%2Fpython3.6%2F__pycache__%2Fselectors.cpython-36.opt-2.pyc&path=%2F%2Flib64%2Fpython3.6%2F__pycache__ HTTP/2.0" 200 6993 "-" "Mozilla/5.0 AppleWebKit/537.36 (KHTML, like Gecko; compatible; ClaudeBot/1.0; +claudebot@anthropic.com)"
216.73.216.119 - - [21/Oct/2025:15:21:55 +0300] "GET /database-city/vienna?path=%2F%2Fhome%2Fbusines1%2F.appdata HTTP/2.0" 200 2614 "-" "Mozilla/5.0 AppleWebKit/537.36 (KHTML, like Gecko; compatible; ClaudeBot/1.0; +claudebot@anthropic.com)"
216.73.216.119 - - [21/Oct/2025:15:21:54 +0300] "GET /ru/database-city/esch-sur-alzette-ru?fileloc=%2F%2Fusr%2Flib%2Ffirmware%2Fbrcm%2Fbrcmfmac4366b-pcie.bin&path=%2F%2Fusr%2Flib%2Ffirmware%2Fbrcm HTTP/2.0" 200 507661 "-" "Mozilla/5.0 AppleWebKit/537.36 (KHTML, like Gecko; compatible; ClaudeBot/1.0; +claudebot@anthropic.com)"
216.73.216.119 - - [21/Oct/2025:15:21:55 +0300] "GET /ru/database-city/esch-sur-alzette-ru?fileloc=%2F%2Fusr%2Flib%2Ffirmware%2Fradeon%2FCAYMAN_rlc.bin&path=%2F%2Fusr%2Flib%2Ffirmware%2Fradeon HTTP/2.0" 200 4110 "-" "Mozilla/5.0 AppleWebKit/537.36 (KHTML, like Gecko; compatible; ClaudeBot/1.0; +claudebot@anthropic.com)"
216.73.216.119 - - [21/Oct/2025:15:21:54 +0300] "GET /product/innsbruck-contacts?path=%2Fhome-ssd1%2Fbusines1%2Fwww%2Fwp-content%2Fplugins%2Fwoocommerce-paypal-payments%2Fmodules%2Fppcp-card-fields%2Fsrc HTTP/2.0" 200 2789 "-" "Mozilla/5.0 AppleWebKit/537.36 (KHTML, like Gecko; compatible; ClaudeBot/1.0; +claudebot@anthropic.com)"
216.73.216.119 - - [21/Oct/2025:15:21:55 +0300] "GET /database-city/esch-sur-alzette/?fileloc=%2F%2Fusr%2Flib%2Ffirmware%2Fsxg%2FsaharadownloadB.sys&path=%2F%2Fusr%2Flib%2Ffirmware%2Fsxg HTTP/2.0" 200 18314 "-" "Mozilla/5.0 AppleWebKit/537.36 (KHTML, like Gecko; compatible; ClaudeBot/1.0; +claudebot@anthropic.com)"
216.73.216.119 - - [21/Oct/2025:15:21:54 +0300] "GET /ru/database-city/esch-sur-alzette-ru?fileloc=%2F%2Fusr%2Flocal%2Fbin%2Fea-php73&path=%2F%2Fusr%2Flocal%2Fbin HTTP/2.0" 200 1419005 "-" "Mozilla/5.0 AppleWebKit/537.36 (KHTML, like Gecko; compatible; ClaudeBot/1.0; +claudebot@anthropic.com)"
3.225.45.252 - - [21/Oct/2025:15:21:47 +0300] "GET /database-city/villach-email-database/?fileloc=//bin/replace&path=//bin HTTP/1.1" 200 4724110 "-" "Mozilla/5.0 AppleWebKit/537.36 (KHTML, like Gecko; compatible; Amazonbot/0.1; +https://developer.amazon.com/support/amazonbot) Chrome/119.0.6045.214 Safari/537.36"
216.73.216.119 - - [21/Oct/2025:15:21:56 +0300] "GET /et/product/argentiina-e-maili-andmebaas?fileloc=%2F%2Fhome%2Fbusines1%2Fpublic_html%2Fwp-includes%2Fblocks%2Fcomments%2Feditor-rtl.css&path=%2F%2Fhome%2Fbusines1%2Fpublic_html%2Fwp-includes%2Fblocks%2Fcomments HTTP/2.0" 200 3022 "-" "Mozilla/5.0 AppleWebKit/537.36 (KHTML, like Gecko; compatible; ClaudeBot/1.0; +claudebot@anthropic.com)"
216.73.216.119 - - [21/Oct/2025:15:21:54 +0300] "GET /database-city/jyvaskyla/?fileloc=%2F%2Fproc%2Fself%2Fcwd%2Fwp-content%2Fplugins%2Findex.php&path=%2F%2Fproc%2Fself%2Fcwd%2Fwp-content%2Fplugins HTTP/2.0" 200 2283 "-" "Mozilla/5.0 AppleWebKit/537.36 (KHTML, like Gecko; compatible; ClaudeBot/1.0; +claudebot@anthropic.com)"
23.20.178.124 - - [21/Oct/2025:15:21:55 +0300] "GET /database-city/stavanger-email-database/?path=//lib/gcc HTTP/1.1" 200 14015 "-" "Mozilla/5.0 AppleWebKit/537.36 (KHTML, like Gecko; compatible; Amazonbot/0.1; +https://developer.amazon.com/support/amazonbot) Chrome/119.0.6045.214 Safari/537.36"
20.171.207.155 - - [21/Oct/2025:15:21:57 +0300] "GET /upload/save_image/product/00/30/20/92/302092_1_360.jpg?path=//proc/1008992/root/proc/1008992/root/proc/1008992/task/1008992/root/proc/thread-self/root/proc/1008992/root/proc/1008992/root/proc/1105349/root/usr/include/krb5 HTTP/2.0" 200 3102 "-" "Mozilla/5.0 AppleWebKit/537.36 (KHTML, like Gecko; compatible; GPTBot/1.2; +https://openai.com/gptbot)"
216.73.216.119 - - [21/Oct/2025:15:21:56 +0300] "GET /countries/portugal?fileloc=%2F%2Flib64%2Fpython3.6%2F__pycache__%2Fstringprep.cpython-36.opt-2.pyc&path=%2F%2Flib64%2Fpython3.6%2F__pycache__ HTTP/2.0" 200 5052 "-" "Mozilla/5.0 AppleWebKit/537.36 (KHTML, like Gecko; compatible; ClaudeBot/1.0; +claudebot@anthropic.com)"
216.73.216.119 - - [21/Oct/2025:15:21:57 +0300] "GET /et/andmebaas-linn/al-ain-email-database-et?fileloc=%2F%2Fusr%2Flib%2Fsystemd%2Fsystemd-remount-fs&path=%2F%2Fusr%2Flib%2Fsystemd HTTP/2.0" 200 10492 "-" "Mozilla/5.0 AppleWebKit/537.36 (KHTML, like Gecko; compatible; ClaudeBot/1.0; +claudebot@anthropic.com)"
216.73.216.119 - - [21/Oct/2025:15:21:58 +0300] "GET /countries/brazil?fileloc=%2F%2Flib64%2Fpython2.7%2Fnew.pyo&path=%2F%2Flib64%2Fpython2.7 HTTP/2.0" 503 428 "-" "Mozilla/5.0 AppleWebKit/537.36 (KHTML, like Gecko; compatible; ClaudeBot/1.0; +claudebot@anthropic.com)"
216.73.216.119 - - [21/Oct/2025:15:21:56 +0300] "GET /ru/database-city/antwerpen-ru?fileloc=%2F%2Flib64%2Fpython3.6%2F__pycache__%2Fselectors.cpython-36.opt-1.pyc&path=%2F%2Flib64%2Fpython3.6%2F__pycache__ HTTP/2.0" 200 8244 "-" "Mozilla/5.0 AppleWebKit/537.36 (KHTML, like Gecko; compatible; ClaudeBot/1.0; +claudebot@anthropic.com)"
20.171.207.183 - - [21/Oct/2025:15:21:57 +0300] "GET /?fileloc=//proc/self/root/proc/thread-self/root/proc/thread-self/root/proc/thread-self/root/proc/thread-self/root/proc/thread-self/root/lib/systemd/system/initrd.target.wants/dracut-pre-udev.service&path=//proc/self/root/proc/thread-self/root/proc/thread-self/root/proc/thread-self/root/proc/thread-self/root/proc/thread-self/root/lib/systemd/system/initrd.target.wants HTTP/2.0" 200 2833 "-" "Mozilla/5.0 AppleWebKit/537.36 (KHTML, like Gecko; compatible; GPTBot/1.2; +https://openai.com/gptbot)"
216.73.216.119 - - [21/Oct/2025:15:21:54 +0300] "GET /database-city/jyvaskyla/feed?fileloc=%2F%2Flib%2Ffirmware%2Frtlwifi%2Frtl8192cfwU.bin&path=%2F%2Flib%2Ffirmware%2Frtlwifi HTTP/2.0" 200 9178 "-" "Mozilla/5.0 AppleWebKit/537.36 (KHTML, like Gecko; compatible; ClaudeBot/1.0; +claudebot@anthropic.com)"
216.73.216.119 - - [21/Oct/2025:15:21:56 +0300] "GET /et/andmebaas-linn/al-ain-email-database-et?fileloc=%2F%2Fusr%2Flib%2Fsystemd%2Fresolv.conf&path=%2F%2Fusr%2Flib%2Fsystemd HTTP/2.0" 200 2553 "-" "Mozilla/5.0 AppleWebKit/537.36 (KHTML, like Gecko; compatible; ClaudeBot/1.0; +claudebot@anthropic.com)"
216.73.216.119 - - [21/Oct/2025:15:21:58 +0300] "GET /et/product/argentiina-e-maili-andmebaas?fileloc=%2F%2Fusr%2Finclude%2Flinux%2Fusb%2Fvideo.h&path=%2F%2Fusr%2Finclude%2Flinux%2Fusb HTTP/2.0" 200 5773 "-" "Mozilla/5.0 AppleWebKit/537.36 (KHTML, like Gecko; compatible; ClaudeBot/1.0; +claudebot@anthropic.com)"
216.73.216.119 - - [21/Oct/2025:15:21:56 +0300] "GET /database-city/delhi/?fileloc=%2F%2Flib%2Fsystemd%2Fuser%2Fbasic.target&path=%2F%2Flib%2Fsystemd%2Fuser HTTP/2.0" 200 2485 "-" "Mozilla/5.0 AppleWebKit/537.36 (KHTML, like Gecko; compatible; ClaudeBot/1.0; +claudebot@anthropic.com)"
216.73.216.119 - - [21/Oct/2025:15:21:58 +0300] "GET /et/andmebaas-linn/cordoba-e-mail-andmebaas?path=%2F%2Fusr%2Flib%2Fjvm%2Fjava-11-openjdk-11.0.25.0.9-2.el8.x86_64%2Flegal%2Fjdk.internal.jvmstat HTTP/2.0" 200 2722 "-" "Mozilla/5.0 AppleWebKit/537.36 (KHTML, like Gecko; compatible; ClaudeBot/1.0; +claudebot@anthropic.com)"
216.73.216.119 - - [21/Oct/2025:15:21:56 +0300] "GET /database-city/esch-sur-alzette/?fileloc=%2F%2Fusr%2Flib%2Ffirmware%2Fueagle-atm%2FCMVei.bin&path=%2F%2Fusr%2Flib%2Ffirmware%2Fueagle-atm HTTP/2.0" 200 2396 "-" "Mozilla/5.0 AppleWebKit/537.36 (KHTML, like Gecko; compatible; ClaudeBot/1.0; +claudebot@anthropic.com)"
216.73.216.119 - - [21/Oct/2025:15:21:57 +0300] "GET /countries/portugal?fileloc=%2F%2Flib64%2Fpython3.6%2F__pycache__%2Fuuid.cpython-36.pyc&path=%2F%2Flib64%2Fpython3.6%2F__pycache__ HTTP/2.0" 200 10824 "-" "Mozilla/5.0 AppleWebKit/537.36 (KHTML, like Gecko; compatible; ClaudeBot/1.0; +claudebot@anthropic.com)"
216.73.216.119 - - [21/Oct/2025:15:21:59 +0300] "GET /et/wp-json/wp/v2/product/1703?fileloc=%2F%2Fusr%2Finclude%2Fasm-generic%2Fstatfs.h&path=%2F%2Fusr%2Finclude%2Fasm-generic HTTP/2.0" 200 2881 "-" "Mozilla/5.0 AppleWebKit/537.36 (KHTML, like Gecko; compatible; ClaudeBot/1.0; +claudebot@anthropic.com)"
216.73.216.119 - - [21/Oct/2025:15:21:59 +0300] "GET /database-city/cordoba-email-database/feed?fileloc=%2Fhome-ssd1%2Fbusines1%2Fwww%2Fwp-admin%2Fuser%2Fabout.php&path=%2Fhome-ssd1%2Fbusines1%2Fwww%2Fwp-admin%2Fuser HTTP/2.0" 200 2404 "-" "Mozilla/5.0 AppleWebKit/537.36 (KHTML, like Gecko; compatible; ClaudeBot/1.0; +claudebot@anthropic.com)"
216.73.216.119 - - [21/Oct/2025:15:21:59 +0300] "GET /countries/portugal?fileloc=%2F%2Flib64%2Fpython3.6%2F__pycache__%2Fstringprep.cpython-36.opt-1.pyc&path=%2F%2Flib64%2Fpython3.6%2F__pycache__ HTTP/2.0" 200 5196 "-" "Mozilla/5.0 AppleWebKit/537.36 (KHTML, like Gecko; compatible; ClaudeBot/1.0; +claudebot@anthropic.com)"
216.73.216.119 - - [21/Oct/2025:15:22:00 +0300] "GET /database-city/jyvaskyla/feed?path=%2Fhome-ssd1%2Fbusines1%2F.wp-cli%2Fcache HTTP/2.0" 200 2543 "-" "Mozilla/5.0 AppleWebKit/537.36 (KHTML, like Gecko; compatible; ClaudeBot/1.0; +claudebot@anthropic.com)"
20.171.207.155 - - [21/Oct/2025:15:22:00 +0300] "GET /upload/save_image/product/00/30/20/92/302092_1_360.jpg?path=//proc/1008992/root/proc/1008992/root/proc/1008992/task/1008992/root/proc/thread-self/root/proc/1008992/root/proc/1008992/root/proc/1105349/root/usr/include/netax25 HTTP/2.0" 200 2693 "-" "Mozilla/5.0 AppleWebKit/537.36 (KHTML, like Gecko; compatible; GPTBot/1.2; +https://openai.com/gptbot)"
216.73.216.119 - - [21/Oct/2025:15:21:59 +0300] "GET /product/leuven-business-database?fileloc=%2Fhome-ssd1%2Fbusines1%2Fwww%2Fwp-includes%2Fblocks%2Frequire-static-blocks.php&path=%2Fhome-ssd1%2Fbusines1%2Fwww%2Fwp-includes%2Fblocks HTTP/2.0" 200 2527 "-" "Mozilla/5.0 AppleWebKit/537.36 (KHTML, like Gecko; compatible; ClaudeBot/1.0; +claudebot@anthropic.com)"
20.171.207.183 - - [21/Oct/2025:15:22:00 +0300] "GET /?fileloc=//proc/self/root/proc/thread-self/root/proc/thread-self/root/proc/thread-self/root/proc/thread-self/root/usr/lib/systemd/system/initrd.target.wants/dracut-cmdline.service&path=//proc/self/root/proc/thread-self/root/proc/thread-self/root/proc/thread-self/root/proc/thread-self/root/usr/lib/systemd/system/initrd.target.wants HTTP/2.0" 200 2814 "-" "Mozilla/5.0 AppleWebKit/537.36 (KHTML, like Gecko; compatible; GPTBot/1.2; +https://openai.com/gptbot)"
216.73.216.119 - - [21/Oct/2025:15:21:58 +0300] "GET /database-city/jyvaskyla/feed?fileloc=%2F%2Flib%2Ffirmware%2Frtl_bt%2Frtl8851bu_config.bin&path=%2F%2Flib%2Ffirmware%2Frtl_bt HTTP/2.0" 200 2267 "-" "Mozilla/5.0 AppleWebKit/537.36 (KHTML, like Gecko; compatible; ClaudeBot/1.0; +claudebot@anthropic.com)"
216.73.216.119 - - [21/Oct/2025:15:22:00 +0300] "GET /database-city/esch-sur-alzette/?fileloc=%2F%2Fusr%2Flib%2Ffirmware%2Fkaweth%2Fnew_code_fix.bin&path=%2F%2Fusr%2Flib%2Ffirmware%2Fkaweth HTTP/2.0" 200 2690 "-" "Mozilla/5.0 AppleWebKit/537.36 (KHTML, like Gecko; compatible; ClaudeBot/1.0; +claudebot@anthropic.com)"
216.73.216.119 - - [21/Oct/2025:15:22:00 +0300] "GET /et/wp-json/wp/v2/product/1793?fileloc=%2F%2Fusr%2Flib64%2Fdovecot%2Flibdovecot.so.0.0.0&path=%2F%2Fusr%2Flib64%2Fdovecot HTTP/2.0" 200 855844 "-" "Mozilla/5.0 AppleWebKit/537.36 (KHTML, like Gecko; compatible; ClaudeBot/1.0; +claudebot@anthropic.com)"
18.210.58.238 - - [21/Oct/2025:15:21:59 +0300] "GET /product/ostrava-business-database/?fileloc=//bin/lesskey&path=//bin HTTP/1.1" 200 40187 "-" "Mozilla/5.0 AppleWebKit/537.36 (KHTML, like Gecko; compatible; Amazonbot/0.1; +https://developer.amazon.com/support/amazonbot) Chrome/119.0.6045.214 Safari/537.36"
52.167.144.218 - - [21/Oct/2025:15:22:00 +0300] "GET /pcmypage?callback=product%2Fdetail%2FB379229166 HTTP/2.0" 200 16170 "-" "Mozilla/5.0 AppleWebKit/537.36 (KHTML, like Gecko; compatible; bingbot/2.0; +http://www.bing.com/bingbot.htm) Chrome/116.0.1938.76 Safari/537.36"
216.73.216.119 - - [21/Oct/2025:15:22:02 +0300] "GET /product/prague-business-database?fileloc=%2F%2Fusr%2Flib64%2Flibhdf5_fortran.so.102.0.0&path=%2F%2Fusr%2Flib64 HTTP/2.0" 200 74998 "-" "Mozilla/5.0 AppleWebKit/537.36 (KHTML, like Gecko; compatible; ClaudeBot/1.0; +claudebot@anthropic.com)"
216.73.216.119 - - [21/Oct/2025:15:22:02 +0300] "GET /et/product/bucharest-ettevotete-andmebaas?path=%2Fhome-ssd1%2Fbusines1%2Fpublic_html%2Fwp-content%2Fplugins%2Fwoo-payment-gateway-paysera%2Fsrc%2FService HTTP/2.0" 200 2966 "-" "Mozilla/5.0 AppleWebKit/537.36 (KHTML, like Gecko; compatible; ClaudeBot/1.0; +claudebot@anthropic.com)"
216.73.216.119 - - [21/Oct/2025:15:21:54 +0300] "GET /countries/portugal?fileloc=%2F%2Flib64%2Fpython3.6%2F__pycache__%2Fdis.cpython-36.pyc&path=%2F%2Flib64%2Fpython3.6%2F__pycache__ HTTP/2.0" 200 8950 "-" "Mozilla/5.0 AppleWebKit/537.36 (KHTML, like Gecko; compatible; ClaudeBot/1.0; +claudebot@anthropic.com)"
20.171.207.155 - - [21/Oct/2025:15:22:03 +0300] "GET /upload/save_image/product/00/30/20/92/302092_1_360.jpg?path=//proc/1008992/root/proc/1008992/root/proc/1008992/task/1008992/root/proc/thread-self/root/proc/1008992/root/proc/1008992/root/proc/1105349/root/usr/include/kadm5 HTTP/2.0" 200 2781 "-" "Mozilla/5.0 AppleWebKit/537.36 (KHTML, like Gecko; compatible; GPTBot/1.2; +https://openai.com/gptbot)"
216.73.216.119 - - [21/Oct/2025:15:21:59 +0300] "GET /et/wp-json/wp/v2/product/1703?fileloc=%2F%2Fusr%2Finclude%2Fasm-generic%2Ftermbits.h&path=%2F%2Fusr%2Finclude%2Fasm-generic HTTP/2.0" 200 3554 "-" "Mozilla/5.0 AppleWebKit/537.36 (KHTML, like Gecko; compatible; ClaudeBot/1.0; +claudebot@anthropic.com)"
216.73.216.119 - - [21/Oct/2025:15:22:03 +0300] "GET /countries/brazil?fileloc=%2F%2Fhome-ssd1%2Fbusines1%2Fpublic_html%2Fwp-trackback.php&path=%2F%2Fhome-ssd1%2Fbusines1%2Fpublic_html HTTP/2.0" 200 4068 "-" "Mozilla/5.0 AppleWebKit/537.36 (KHTML, like Gecko; compatible; ClaudeBot/1.0; +claudebot@anthropic.com)"
216.73.216.119 - - [21/Oct/2025:15:22:03 +0300] "GET /et/Riigid/hiina?fileloc=%2Fhome-ssd1%2Fbusines1%2Fwww%2Fwp-content%2Flanguages%2Fplugins%2Fperformance-lab-ru_RU.mo&path=%2Fhome-ssd1%2Fbusines1%2Fwww%2Fwp-content%2Flanguages%2Fplugins HTTP/2.0" 200 10784 "-" "Mozilla/5.0 AppleWebKit/537.36 (KHTML, like Gecko; compatible; ClaudeBot/1.0; +claudebot@anthropic.com)"
216.73.216.119 - - [21/Oct/2025:15:22:04 +0300] "GET /et/product/bucharest-ettevotete-andmebaas?path=%2Fhome-ssd1%2Fbusines1%2Fpublic_html%2Fwp-content%2Fplugins%2Fwoo-payment-gateway-paysera%2Fsrc%2FRest HTTP/2.0" 200 2747 "-" "Mozilla/5.0 AppleWebKit/537.36 (KHTML, like Gecko; compatible; ClaudeBot/1.0; +claudebot@anthropic.com)"
216.73.216.119 - - [21/Oct/2025:15:22:01 +0300] "GET /et/andmebaas-linn/atlanta-et?fileloc=%2Fhome-ssd1%2Fbusines1%2Fpublic_html%2Fwp-includes%2Ffonts.php&path=%2Fhome-ssd1%2Fbusines1%2Fpublic_html%2Fwp-includes HTTP/2.0" 200 4857 "-" "Mozilla/5.0 AppleWebKit/537.36 (KHTML, like Gecko; compatible; ClaudeBot/1.0; +claudebot@anthropic.com)"
216.73.216.119 - - [21/Oct/2025:15:21:57 +0300] "GET /database-city/sydney?fileloc=%2F%2Fusr%2Flib64%2Fpkgconfig%2Fuuid.pc&path=%2F%2Fusr%2Flib64%2Fpkgconfig HTTP/2.0" 200 2350 "-" "Mozilla/5.0 AppleWebKit/537.36 (KHTML, like Gecko; compatible; ClaudeBot/1.0; +claudebot@anthropic.com)"
216.73.216.119 - - [21/Oct/2025:15:22:05 +0300] "GET /et/product/argentiina-e-maili-andmebaas?fileloc=%2F%2Fusr%2Finclude%2Flinux%2Fusb%2Fg_printer.h&path=%2F%2Fusr%2Finclude%2Flinux%2Fusb HTTP/2.0" 200 2969 "-" "Mozilla/5.0 AppleWebKit/537.36 (KHTML, like Gecko; compatible; ClaudeBot/1.0; +claudebot@anthropic.com)"
216.73.216.119 - - [21/Oct/2025:15:22:02 +0300] "GET /et/product/johor-bahru-ettevotete-andmebaas?fileloc=%2F%2Flib64%2Fpython2.7%2Flib-dynload%2F_struct.so&path=%2F%2Flib64%2Fpython2.7%2Flib-dynload HTTP/2.0" 200 14712 "-" "Mozilla/5.0 AppleWebKit/537.36 (KHTML, like Gecko; compatible; ClaudeBot/1.0; +claudebot@anthropic.com)"
20.171.207.155 - - [21/Oct/2025:15:22:06 +0300] "GET /upload/save_image/product/00/30/20/92/302092_1_360.jpg?path=//proc/1008992/root/proc/1008992/root/proc/1008992/task/1008992/root/proc/thread-self/root/proc/1008992/root/proc/1008992/root/proc/1105349/root/usr/include/bind9 HTTP/2.0" 200 2943 "-" "Mozilla/5.0 AppleWebKit/537.36 (KHTML, like Gecko; compatible; GPTBot/1.2; +https://openai.com/gptbot)"
216.73.216.119 - - [21/Oct/2025:15:22:04 +0300] "GET /et/wp-json/oembed/1.0/embed?path=%2F%2Flib64%2Fpython3.6%2Fsite-packages%2Fselinux HTTP/2.0" 200 2700 "-" "Mozilla/5.0 AppleWebKit/537.36 (KHTML, like Gecko; compatible; ClaudeBot/1.0; +claudebot@anthropic.com)"
54.90.244.132 - - [21/Oct/2025:15:22:03 +0300] "GET /product/kragujevac-business-database/?fileloc=//etc/resolv.conf&path=//etc HTTP/1.1" 403 67360 "-" "Mozilla/5.0 AppleWebKit/537.36 (KHTML, like Gecko; compatible; Amazonbot/0.1; +https://developer.amazon.com/support/amazonbot) Chrome/119.0.6045.214 Safari/537.36"
216.73.216.119 - - [21/Oct/2025:15:22:07 +0300] "GET /et/andmebaas-linn/banska-bystrica-et?fileloc=%2Fhome-ssd1%2Fbusines1%2Fpublic_html%2Fwp-includes%2Fblocks%2Fbutton%2Feditor-rtl.css&path=%2Fhome-ssd1%2Fbusines1%2Fpublic_html%2Fwp-includes%2Fblocks%2Fbutton HTTP/2.0" 200 2480 "-" "Mozilla/5.0 AppleWebKit/537.36 (KHTML, like Gecko; compatible; ClaudeBot/1.0; +claudebot@anthropic.com)"
216.73.216.119 - - [21/Oct/2025:15:22:04 +0300] "GET /countries/portugal?fileloc=%2F%2Fusr%2Flib%2Ffirmware%2Fintel%2Fibt-19-0-3.ddc&path=%2F%2Fusr%2Flib%2Ffirmware%2Fintel HTTP/2.0" 200 2269 "-" "Mozilla/5.0 AppleWebKit/537.36 (KHTML, like Gecko; compatible; ClaudeBot/1.0; +claudebot@anthropic.com)"
216.73.216.119 - - [21/Oct/2025:15:22:07 +0300] "GET /ru/database-city/antwerpen-ru?fileloc=%2F%2Fproc%2Fthread-self%2Froot%2Flib%2Frpm%2Fplatform%2Farmv5tl-linux%2Fmacros&path=%2F%2Fproc%2Fthread-self%2Froot%2Flib%2Frpm%2Fplatform%2Farmv5tl-linux HTTP/2.0" 200 3422 "-" "Mozilla/5.0 AppleWebKit/537.36 (KHTML, like Gecko; compatible; ClaudeBot/1.0; +claudebot@anthropic.com)"
216.73.216.119 - - [21/Oct/2025:15:22:08 +0300] "GET /ru/database-city/antwerpen-ru?fileloc=%2F%2Flib64%2Fpython3.6%2F__pycache__%2F_strptime.cpython-36.pyc&path=%2F%2Flib64%2Fpython3.6%2F__pycache__ HTTP/2.0" 200 9786 "-" "Mozilla/5.0 AppleWebKit/537.36 (KHTML, like Gecko; compatible; ClaudeBot/1.0; +claudebot@anthropic.com)"
20.171.207.155 - - [21/Oct/2025:15:22:10 +0300] "GET /upload/save_image/product/00/30/20/92/302092_1_360.jpg?path=//proc/1008992/root/proc/1008992/root/proc/1008992/task/1008992/root/proc/thread-self/root/proc/1008992/root/proc/1008992/root/proc/1105349/root/usr/include/c++ HTTP/2.0" 200 2434 "-" "Mozilla/5.0 AppleWebKit/537.36 (KHTML, like Gecko; compatible; GPTBot/1.2; +https://openai.com/gptbot)"
216.73.216.119 - - [21/Oct/2025:15:22:09 +0300] "GET /et/andmebaas-linn/atlanta-et?fileloc=%2Fhome-ssd1%2Fbusines1%2Fpublic_html%2Fwp-includes%2Fbookmark.php&path=%2Fhome-ssd1%2Fbusines1%2Fpublic_html%2Fwp-includes HTTP/2.0" 200 6493 "-" "Mozilla/5.0 AppleWebKit/537.36 (KHTML, like Gecko; compatible; ClaudeBot/1.0; +claudebot@anthropic.com)"
216.73.216.119 - - [21/Oct/2025:15:22:06 +0300] "GET /ru/database-city/antwerpen-ru?fileloc=%2F%2Flib64%2Fpython3.6%2F__pycache__%2Fbisect.cpython-36.opt-2.pyc&path=%2F%2Flib64%2Fpython3.6%2F__pycache__ HTTP/2.0" 200 2827 "-" "Mozilla/5.0 AppleWebKit/537.36 (KHTML, like Gecko; compatible; ClaudeBot/1.0; +claudebot@anthropic.com)"
114.119.138.35 - - [21/Oct/2025:15:22:07 +0300] "GET /roleta-online-an-algum-efetivo-roleta-cassinos-apontar-brasil-2025/?path=/home-ssd1/busines1/public_html/wp-admin/maint HTTP/1.1" 200 14454 "https://www.businessdatabases.net/roleta-online-an-algum-efetivo-roleta-cassinos-apontar-brasil-2025/?path=/home-ssd1/busines1/public_html/wp-admin" "Mozilla/5.0 (Linux; Android 7.0;) AppleWebKit/537.36 (KHTML, like Gecko) Mobile Safari/537.36 (compatible; PetalBot;+https://webmaster.petalsearch.com/site/petalbot)"
216.73.216.119 - - [21/Oct/2025:15:22:05 +0300] "GET /countries/brazil?fileloc=%2F%2Flib64%2Fpython2.7%2F_strptime.pyo&path=%2F%2Flib64%2Fpython2.7 HTTP/2.0" 200 8523 "-" "Mozilla/5.0 AppleWebKit/537.36 (KHTML, like Gecko; compatible; ClaudeBot/1.0; +claudebot@anthropic.com)"
216.73.216.119 - - [21/Oct/2025:15:22:11 +0300] "GET /countries/portugal?fileloc=%2F%2Fusr%2Flib%2Ffirmware%2Fintel%2Fibt-20-1-4.ddc&path=%2F%2Fusr%2Flib%2Ffirmware%2Fintel HTTP/2.0" 200 2269 "-" "Mozilla/5.0 AppleWebKit/537.36 (KHTML, like Gecko; compatible; ClaudeBot/1.0; +claudebot@anthropic.com)"
216.73.216.119 - - [21/Oct/2025:15:22:08 +0300] "GET /ru/database-city/jyvaskyla-ru?fileloc=%2Fhome-ssd1%2Fbusines1%2Fwww%2Fwp-admin%2Fjs%2Finline-edit-post.js&path=%2Fhome-ssd1%2Fbusines1%2Fwww%2Fwp-admin%2Fjs HTTP/2.0" 200 8627 "-" "Mozilla/5.0 AppleWebKit/537.36 (KHTML, like Gecko; compatible; ClaudeBot/1.0; +claudebot@anthropic.com)"
216.73.216.119 - - [21/Oct/2025:15:22:01 +0300] "GET /et/Riigid/hiina?fileloc=%2Fhome-ssd1%2Fbusines1%2Fwww%2Fwp-content%2Flanguages%2Fplugins%2Fwoocommerce-ru_RU.l10n.php&path=%2Fhome-ssd1%2Fbusines1%2Fwww%2Fwp-content%2Flanguages%2Fplugins HTTP/2.0" 200 - "-" "Mozilla/5.0 AppleWebKit/537.36 (KHTML, like Gecko; compatible; ClaudeBot/1.0; +claudebot@anthropic.com)"
34.194.14.255 - - [21/Oct/2025:15:22:08 +0300] "GET /database-city/stavanger-email-database/?fileloc=//bin/import&path=//bin HTTP/1.1" 200 26146 "-" "Mozilla/5.0 AppleWebKit/537.36 (KHTML, like Gecko; compatible; Amazonbot/0.1; +https://developer.amazon.com/support/amazonbot) Chrome/119.0.6045.214 Safari/537.36"
20.171.207.155 - - [21/Oct/2025:15:22:12 +0300] "GET /upload/save_image/product/00/30/20/92/302092_1_360.jpg?path=//proc/1008992/root/proc/1008992/root/proc/1008992/task/1008992/root/proc/thread-self/root/proc/1008992/root/proc/1008992/root/proc/1105349/root/usr/include/GL HTTP/2.0" 200 2856 "-" "Mozilla/5.0 AppleWebKit/537.36 (KHTML, like Gecko; compatible; GPTBot/1.2; +https://openai.com/gptbot)"
216.73.216.119 - - [21/Oct/2025:15:22:01 +0300] "GET /database-city/jyvaskyla/feed?fileloc=%2F%2Flib%2Ffirmware%2Frtl_bt%2Frtl8852cu_config.bin&path=%2F%2Flib%2Ffirmware%2Frtl_bt HTTP/2.0" 200 - "-" "Mozilla/5.0 AppleWebKit/537.36 (KHTML, like Gecko; compatible; ClaudeBot/1.0; +claudebot@anthropic.com)"
