216.73.216.119 - - [21/Oct/2025:15:12:18 +0300] "GET /database-city/vienna?fileloc=%2F%2Fusr%2Flib64%2Flibxcb-randr.so&path=%2F%2Fusr%2Flib64 HTTP/2.0" 200 16764 "-" "Mozilla/5.0 AppleWebKit/537.36 (KHTML, like Gecko; compatible; ClaudeBot/1.0; +claudebot@anthropic.com)"
216.73.216.119 - - [21/Oct/2025:15:12:18 +0300] "GET /database-city/vienna?fileloc=%2F%2Fusr%2Flib64%2FlibBrokenLocale.so&path=%2F%2Fusr%2Flib64 HTTP/2.0" 200 4829 "-" "Mozilla/5.0 AppleWebKit/537.36 (KHTML, like Gecko; compatible; ClaudeBot/1.0; +claudebot@anthropic.com)"
216.73.216.119 - - [21/Oct/2025:15:12:18 +0300] "GET /et/wp-json/wp/v2/product/1382?fileloc=%2F%2Flib64%2Fpython3.6%2Femail%2Fcontentmanager.py&path=%2F%2Flib64%2Fpython3.6%2Femail HTTP/2.0" 200 5256 "-" "Mozilla/5.0 AppleWebKit/537.36 (KHTML, like Gecko; compatible; ClaudeBot/1.0; +claudebot@anthropic.com)"
216.73.216.119 - - [21/Oct/2025:15:12:18 +0300] "GET /database-city/liechtenstein-email-database?fileloc=%2F%2Fusr%2Fshare%2Fgroff%2Fcurrent%2Ftmac%2Fsafer.tmac&path=%2F%2Fusr%2Fshare%2Fgroff%2Fcurrent%2Ftmac HTTP/2.0" 200 2378 "-" "Mozilla/5.0 AppleWebKit/537.36 (KHTML, like Gecko; compatible; ClaudeBot/1.0; +claudebot@anthropic.com)"
20.171.207.183 - - [21/Oct/2025:15:12:19 +0300] "GET /?path=//proc/self/root/proc/thread-self/root/proc/thread-self/root/proc/thread-self/root/proc/thread-self/root/proc/self/root/lib/.build-id/06 HTTP/2.0" 200 3149 "-" "Mozilla/5.0 AppleWebKit/537.36 (KHTML, like Gecko; compatible; GPTBot/1.2; +https://openai.com/gptbot)"
216.73.216.119 - - [21/Oct/2025:15:12:18 +0300] "GET /database-city/vienna?fileloc=%2F%2Fusr%2Flib64%2Flibgvc.so.6&path=%2F%2Fusr%2Flib64 HTTP/2.0" 200 230030 "-" "Mozilla/5.0 AppleWebKit/537.36 (KHTML, like Gecko; compatible; ClaudeBot/1.0; +claudebot@anthropic.com)"
216.73.216.119 - - [21/Oct/2025:15:12:19 +0300] "GET /database-city/vienna?path=%2F%2Fusr%2Flib64%2FX11 HTTP/2.0" 200 2285 "-" "Mozilla/5.0 AppleWebKit/537.36 (KHTML, like Gecko; compatible; ClaudeBot/1.0; +claudebot@anthropic.com)"
216.73.216.119 - - [21/Oct/2025:15:12:18 +0300] "GET /database-city/vienna?fileloc=%2F%2Fusr%2Flib64%2Flibjxl.so.0.7.2&path=%2F%2Fusr%2Flib64 HTTP/2.0" 200 1159443 "-" "Mozilla/5.0 AppleWebKit/537.36 (KHTML, like Gecko; compatible; ClaudeBot/1.0; +claudebot@anthropic.com)"
216.73.216.119 - - [21/Oct/2025:15:12:19 +0300] "GET /et/product/valgevene-ettevotete-andmebaas?fileloc=%2F%2Flib64%2Fpython2.7%2FDemo%2Fscripts%2Ffact.pyo&path=%2F%2Flib64%2Fpython2.7%2FDemo%2Fscripts HTTP/2.0" 200 2927 "-" "Mozilla/5.0 AppleWebKit/537.36 (KHTML, like Gecko; compatible; ClaudeBot/1.0; +claudebot@anthropic.com)"
216.73.216.119 - - [21/Oct/2025:15:12:19 +0300] "GET /et/andmebaas-linn/abu-dhabi-et/?fileloc=%2Fhome-ssd1%2Fbusines1%2Fpublic_html%2Fwp-includes%2Flink-template.php&path=%2Fhome-ssd1%2Fbusines1%2Fpublic_html%2Fwp-includes HTTP/2.0" 200 28965 "-" "Mozilla/5.0 AppleWebKit/537.36 (KHTML, like Gecko; compatible; ClaudeBot/1.0; +claudebot@anthropic.com)"
54.84.93.8 - - [21/Oct/2025:15:12:19 +0300] "GET /database-city/durban/?path=/home-ssd1/busines1/public_html/cgi-bin HTTP/1.1" 200 14223 "-" "Mozilla/5.0 AppleWebKit/537.36 (KHTML, like Gecko; compatible; Amazonbot/0.1; +https://developer.amazon.com/support/amazonbot) Chrome/119.0.6045.214 Safari/537.36"
216.73.216.119 - - [21/Oct/2025:15:12:19 +0300] "GET /et/product/bucharest-ettevotete-andmebaas?fileloc=%2F%2Fhome%2Fbusines1%2Fpublic_html%2Fwp-admin%2Fmedia-new.php&path=%2F%2Fhome%2Fbusines1%2Fpublic_html%2Fwp-admin HTTP/2.0" 200 3687 "-" "Mozilla/5.0 AppleWebKit/537.36 (KHTML, like Gecko; compatible; ClaudeBot/1.0; +claudebot@anthropic.com)"
216.73.216.119 - - [21/Oct/2025:15:12:20 +0300] "GET /et/andmebaas-linn/al-ain-email-database-et?fileloc=%2F%2Fusr%2Flib%2Ffirmware%2Frtl_bt%2Frtl8723bs_config.bin&path=%2F%2Fusr%2Flib%2Ffirmware%2Frtl_bt HTTP/2.0" 200 2355 "-" "Mozilla/5.0 AppleWebKit/537.36 (KHTML, like Gecko; compatible; ClaudeBot/1.0; +claudebot@anthropic.com)"
20.171.207.155 - - [21/Oct/2025:15:12:20 +0300] "GET /upload/save_image/product/00/30/20/92/302092_1_360.jpg?path=//proc/1008992/root/proc/1008992/root/proc/1008992/task/1008992/root/proc/thread-self/root/proc/1008992/root/proc/1008992/root/proc/1105349/root/run/faillock HTTP/2.0" 200 2426 "-" "Mozilla/5.0 AppleWebKit/537.36 (KHTML, like Gecko; compatible; GPTBot/1.2; +https://openai.com/gptbot)"
216.73.216.119 - - [21/Oct/2025:15:12:20 +0300] "GET /et/wp-json/oembed/1.0/embed?fileloc=%2F%2Flib%2Fdracut%2Fmodules.d%2F90mdraid%2Fmdraid_start.sh&path=%2F%2Flib%2Fdracut%2Fmodules.d%2F90mdraid HTTP/2.0" 200 2934 "-" "Mozilla/5.0 AppleWebKit/537.36 (KHTML, like Gecko; compatible; ClaudeBot/1.0; +claudebot@anthropic.com)"
216.73.216.119 - - [21/Oct/2025:15:12:19 +0300] "GET /database-city/vienna?fileloc=%2F%2Fusr%2Flib64%2Flibrsvg-2.so.2&path=%2F%2Fusr%2Flib64 HTTP/2.0" 200 496852 "-" "Mozilla/5.0 AppleWebKit/537.36 (KHTML, like Gecko; compatible; ClaudeBot/1.0; +claudebot@anthropic.com)"
216.73.216.119 - - [21/Oct/2025:15:12:20 +0300] "GET /et/product/bucharest-ettevotete-andmebaas?fileloc=%2F%2Fhome%2Fbusines1%2Fpublic_html%2Fwp-admin%2Fcredits.php&path=%2F%2Fhome%2Fbusines1%2Fpublic_html%2Fwp-admin HTTP/2.0" 200 3460 "-" "Mozilla/5.0 AppleWebKit/537.36 (KHTML, like Gecko; compatible; ClaudeBot/1.0; +claudebot@anthropic.com)"
216.73.216.119 - - [21/Oct/2025:15:12:20 +0300] "GET /et/andmebaas-linn/cordoba-e-mail-andmebaas?fileloc=%2F%2Flib64%2Fpython2.7%2Fidlelib%2FPyShell.pyo&path=%2F%2Flib64%2Fpython2.7%2Fidlelib HTTP/2.0" 200 21488 "-" "Mozilla/5.0 AppleWebKit/537.36 (KHTML, like Gecko; compatible; ClaudeBot/1.0; +claudebot@anthropic.com)"
216.73.216.119 - - [21/Oct/2025:15:12:20 +0300] "GET /database-city/vienna?fileloc=%2F%2Fusr%2Flib64%2Flibg.a&path=%2F%2Fusr%2Flib64 HTTP/2.0" 200 3477 "-" "Mozilla/5.0 AppleWebKit/537.36 (KHTML, like Gecko; compatible; ClaudeBot/1.0; +claudebot@anthropic.com)"
98.83.10.183 - - [21/Oct/2025:15:12:20 +0300] "GET /product/caracas-business-database/?fileloc=//bin/fold&path=//bin HTTP/1.1" 200 72246 "-" "Mozilla/5.0 AppleWebKit/537.36 (KHTML, like Gecko; compatible; Amazonbot/0.1; +https://developer.amazon.com/support/amazonbot) Chrome/119.0.6045.214 Safari/537.36"
216.73.216.119 - - [21/Oct/2025:15:12:20 +0300] "GET /et/andmebaas-linn/cordoba-e-mail-andmebaas?fileloc=%2F%2Flib64%2Fpython2.7%2Fidlelib%2FRemoteDebugger.pyo&path=%2F%2Flib64%2Fpython2.7%2Fidlelib HTTP/2.0" 200 6350 "-" "Mozilla/5.0 AppleWebKit/537.36 (KHTML, like Gecko; compatible; ClaudeBot/1.0; +claudebot@anthropic.com)"
216.73.216.119 - - [21/Oct/2025:15:12:21 +0300] "GET /database-city/vienna?fileloc=%2F%2Fusr%2Flib64%2Flibxcb.so.1&path=%2F%2Fusr%2Flib64 HTTP/2.0" 200 45417 "-" "Mozilla/5.0 AppleWebKit/537.36 (KHTML, like Gecko; compatible; ClaudeBot/1.0; +claudebot@anthropic.com)"
216.73.216.119 - - [21/Oct/2025:15:12:21 +0300] "GET /database-city/vienna?fileloc=%2F%2Fusr%2Flib64%2Flibplds4.so&path=%2F%2Fusr%2Flib64 HTTP/2.0" 200 8210 "-" "Mozilla/5.0 AppleWebKit/537.36 (KHTML, like Gecko; compatible; ClaudeBot/1.0; +claudebot@anthropic.com)"
216.73.216.119 - - [21/Oct/2025:15:12:22 +0300] "GET /et/wp-json/wp/v2/product/1382?fileloc=%2F%2Flib64%2Fpython3.6%2Femail%2Ferrors.py&path=%2F%2Flib64%2Fpython3.6%2Femail HTTP/2.0" 200 3462 "-" "Mozilla/5.0 AppleWebKit/537.36 (KHTML, like Gecko; compatible; ClaudeBot/1.0; +claudebot@anthropic.com)"
20.171.207.183 - - [21/Oct/2025:15:12:22 +0300] "GET /?path=//proc/self/root/proc/thread-self/root/proc/thread-self/root/proc/thread-self/root/proc/thread-self/root/proc/self/root/lib/.build-id/01 HTTP/2.0" 200 3239 "-" "Mozilla/5.0 AppleWebKit/537.36 (KHTML, like Gecko; compatible; GPTBot/1.2; +https://openai.com/gptbot)"
114.119.136.208 - - [21/Oct/2025:15:12:22 +0300] "GET /items/559884020?fileloc=/home-ssd1/busines1/public_html/wp-includes/class-wp-simplepie-sanitize-kses.php&path=/home-ssd1/busines1/public_html/wp-includes HTTP/1.1" 200 14523 "https://www.businessdatabases.net/items/559884020?path=/home-ssd1/busines1/public_html/wp-includes" "Mozilla/5.0 (Linux; Android 7.0;) AppleWebKit/537.36 (KHTML, like Gecko) Mobile Safari/537.36 (compatible; PetalBot;+https://webmaster.petalsearch.com/site/petalbot)"
216.73.216.119 - - [21/Oct/2025:15:12:21 +0300] "GET /database-city/vienna?fileloc=%2F%2Fusr%2Flib64%2Flibrsvg-2.so.2.42.7&path=%2F%2Fusr%2Flib64 HTTP/2.0" 200 496936 "-" "Mozilla/5.0 AppleWebKit/537.36 (KHTML, like Gecko; compatible; ClaudeBot/1.0; +claudebot@anthropic.com)"
216.73.216.119 - - [21/Oct/2025:15:12:22 +0300] "GET /database-city/vienna?fileloc=%2F%2Fusr%2Flib64%2Flibwebpdemux.so.2&path=%2F%2Fusr%2Flib64 HTTP/2.0" 200 10110 "-" "Mozilla/5.0 AppleWebKit/537.36 (KHTML, like Gecko; compatible; ClaudeBot/1.0; +claudebot@anthropic.com)"
216.73.216.119 - - [21/Oct/2025:15:12:22 +0300] "GET /database-city/liechtenstein-email-database?fileloc=%2F%2Fusr%2Fshare%2Fgroff%2Fcurrent%2Ftmac%2Fan-ext.tmac&path=%2F%2Fusr%2Fshare%2Fgroff%2Fcurrent%2Ftmac HTTP/2.0" 200 3644 "-" "Mozilla/5.0 AppleWebKit/537.36 (KHTML, like Gecko; compatible; ClaudeBot/1.0; +claudebot@anthropic.com)"
216.73.216.119 - - [21/Oct/2025:15:12:22 +0300] "GET /et/product/argentiina-e-maili-andmebaas?fileloc=%2F%2Fusr%2Flib64%2Fpython2.7%2Fdircache.pyo&path=%2F%2Fusr%2Flib64%2Fpython2.7 HTTP/2.0" 200 3092 "-" "Mozilla/5.0 AppleWebKit/537.36 (KHTML, like Gecko; compatible; ClaudeBot/1.0; +claudebot@anthropic.com)"
157.55.39.48 - - [21/Oct/2025:15:12:23 +0300] "GET /safe_search/config?return_url=%2Fproduct%2Fdetail%2FB1086161037 HTTP/2.0" 200 16741 "-" "Mozilla/5.0 AppleWebKit/537.36 (KHTML, like Gecko; compatible; bingbot/2.0; +http://www.bing.com/bingbot.htm) Chrome/116.0.1938.76 Safari/537.36"
20.171.207.155 - - [21/Oct/2025:15:12:23 +0300] "GET /upload/save_image/product/00/30/20/92/302092_1_360.jpg?path=//proc/1008992/root/proc/1008992/root/proc/1008992/task/1008992/root/proc/thread-self/root/proc/1008992/root/proc/1008992/root/proc/1105349/root/etc/my.cnf.d HTTP/2.0" 403 3649 "-" "Mozilla/5.0 AppleWebKit/537.36 (KHTML, like Gecko; compatible; GPTBot/1.2; +https://openai.com/gptbot)"
216.73.216.119 - - [21/Oct/2025:15:12:23 +0300] "GET /database-city/vienna?fileloc=%2F%2Fusr%2Flib64%2Flibwebpdemux.so&path=%2F%2Fusr%2Flib64 HTTP/2.0" 200 10110 "-" "Mozilla/5.0 AppleWebKit/537.36 (KHTML, like Gecko; compatible; ClaudeBot/1.0; +claudebot@anthropic.com)"
216.73.216.119 - - [21/Oct/2025:15:12:23 +0300] "GET /database-city/vienna?fileloc=%2F%2Fusr%2Flib64%2Flibunistring.so.2.1.0&path=%2F%2Fusr%2Flib64 HTTP/2.0" 200 417799 "-" "Mozilla/5.0 AppleWebKit/537.36 (KHTML, like Gecko; compatible; ClaudeBot/1.0; +claudebot@anthropic.com)"
216.73.216.119 - - [21/Oct/2025:15:12:24 +0300] "GET /database-city/liechtenstein-email-database?fileloc=%2F%2Fusr%2Fshare%2Fgroff%2Fcurrent%2Ftmac%2Fhyphen.fr&path=%2F%2Fusr%2Fshare%2Fgroff%2Fcurrent%2Ftmac HTTP/2.0" 200 7955 "-" "Mozilla/5.0 AppleWebKit/537.36 (KHTML, like Gecko; compatible; ClaudeBot/1.0; +claudebot@anthropic.com)"
216.73.216.119 - - [21/Oct/2025:15:12:23 +0300] "GET /database-city/vienna?fileloc=%2F%2Fusr%2Flib64%2Flibsepol.so&path=%2F%2Fusr%2Flib64 HTTP/2.0" 200 272244 "-" "Mozilla/5.0 AppleWebKit/537.36 (KHTML, like Gecko; compatible; ClaudeBot/1.0; +claudebot@anthropic.com)"
216.73.216.119 - - [21/Oct/2025:15:12:22 +0300] "GET /database-city/vienna?fileloc=%2F%2Fusr%2Flib64%2Flibpoppler.so.104&path=%2F%2Fusr%2Flib64 HTTP/2.0" 200 1016880 "-" "Mozilla/5.0 AppleWebKit/537.36 (KHTML, like Gecko; compatible; ClaudeBot/1.0; +claudebot@anthropic.com)"
216.73.216.119 - - [21/Oct/2025:15:12:24 +0300] "GET /et/andmebaas-linn/albania-email-database-et?fileloc=%2Fhome-ssd1%2Fbusines1%2Fpublic_html%2Fwp-includes%2Fcss%2Fmedia-views.css&path=%2Fhome-ssd1%2Fbusines1%2Fpublic_html%2Fwp-includes%2Fcss HTTP/2.0" 200 12289 "-" "Mozilla/5.0 AppleWebKit/537.36 (KHTML, like Gecko; compatible; ClaudeBot/1.0; +claudebot@anthropic.com)"
216.73.216.119 - - [21/Oct/2025:15:12:23 +0300] "GET /database-city/vienna?fileloc=%2F%2Fusr%2Flib64%2FlibXmuu.so.1&path=%2F%2Fusr%2Flib64 HTTP/2.0" 200 8249 "-" "Mozilla/5.0 AppleWebKit/537.36 (KHTML, like Gecko; compatible; ClaudeBot/1.0; +claudebot@anthropic.com)"
23.21.250.48 - - [21/Oct/2025:15:12:24 +0300] "GET /product/caracas-business-database/?fileloc=//bin/mesg&path=//bin HTTP/1.1" 200 32401 "-" "Mozilla/5.0 AppleWebKit/537.36 (KHTML, like Gecko; compatible; Amazonbot/0.1; +https://developer.amazon.com/support/amazonbot) Chrome/119.0.6045.214 Safari/537.36"
216.73.216.119 - - [21/Oct/2025:15:12:24 +0300] "GET /database-city/vienna?path=%2F%2Fusr%2Flib64%2Fengines-1.1 HTTP/2.0" 200 2668 "-" "Mozilla/5.0 AppleWebKit/537.36 (KHTML, like Gecko; compatible; ClaudeBot/1.0; +claudebot@anthropic.com)"
216.73.216.119 - - [21/Oct/2025:15:12:24 +0300] "GET /database-city/sydney?fileloc=%2F%2Fusr%2Flib%2Ffirmware%2Fsms1xxx-nova-b-dvbt-01.fw&path=%2F%2Fusr%2Flib%2Ffirmware HTTP/2.0" 200 44897 "-" "Mozilla/5.0 AppleWebKit/537.36 (KHTML, like Gecko; compatible; ClaudeBot/1.0; +claudebot@anthropic.com)"
20.171.207.183 - - [21/Oct/2025:15:12:25 +0300] "GET /?path=//proc/self/root/proc/thread-self/root/proc/thread-self/root/proc/thread-self/root/proc/thread-self/root/proc/self/root/lib/.build-id/23 HTTP/2.0" 200 3517 "-" "Mozilla/5.0 AppleWebKit/537.36 (KHTML, like Gecko; compatible; GPTBot/1.2; +https://openai.com/gptbot)"
216.73.216.119 - - [21/Oct/2025:15:12:25 +0300] "GET /database-city/sydney?path=%2F%2Fusr%2Flib%2Ffirmware%2Fath6k HTTP/2.0" 200 2602 "-" "Mozilla/5.0 AppleWebKit/537.36 (KHTML, like Gecko; compatible; ClaudeBot/1.0; +claudebot@anthropic.com)"
216.73.216.119 - - [21/Oct/2025:15:12:25 +0300] "GET /et/product/valgevene-ettevotete-andmebaas?fileloc=%2F%2Flib64%2Fpython2.7%2FDemo%2Fscripts%2Fqueens.pyo&path=%2F%2Flib64%2Fpython2.7%2FDemo%2Fscripts HTTP/2.0" 200 3477 "-" "Mozilla/5.0 AppleWebKit/537.36 (KHTML, like Gecko; compatible; ClaudeBot/1.0; +claudebot@anthropic.com)"
216.73.216.119 - - [21/Oct/2025:15:12:25 +0300] "GET /et/wp-json/wp/v2/product/1372?fileloc=%2F%2Fusr%2Flib%2Ffirmware%2Fqcom%2Fx1e80100%2Fadsp_dtb.mbn&path=%2F%2Fusr%2Flib%2Ffirmware%2Fqcom%2Fx1e80100 HTTP/2.0" 200 9775 "-" "Mozilla/5.0 AppleWebKit/537.36 (KHTML, like Gecko; compatible; ClaudeBot/1.0; +claudebot@anthropic.com)"
216.73.216.119 - - [21/Oct/2025:15:12:26 +0300] "GET /database-city/vienna?fileloc=%2F%2Flib%2Fsystemd%2Fsystemd-localed&path=%2F%2Flib%2Fsystemd HTTP/2.0" 200 18656 "-" "Mozilla/5.0 AppleWebKit/537.36 (KHTML, like Gecko; compatible; ClaudeBot/1.0; +claudebot@anthropic.com)"
216.73.216.119 - - [21/Oct/2025:15:12:26 +0300] "GET /et/andmebaas-linn/cordoba-e-mail-andmebaas?fileloc=%2F%2Flib64%2Fpython2.7%2Fidlelib%2FUndoDelegator.pyc&path=%2F%2Flib64%2Fpython2.7%2Fidlelib HTTP/2.0" 200 6256 "-" "Mozilla/5.0 AppleWebKit/537.36 (KHTML, like Gecko; compatible; ClaudeBot/1.0; +claudebot@anthropic.com)"
20.171.207.155 - - [21/Oct/2025:15:12:26 +0300] "GET /upload/save_image/product/00/30/20/92/302092_1_360.jpg?path=//proc/1008992/root/proc/1008992/root/proc/1008992/task/1008992/root/proc/thread-self/root/proc/1008992/root/proc/1008992/root/proc/1105349/root/etc/mail HTTP/2.0" 200 2663 "-" "Mozilla/5.0 AppleWebKit/537.36 (KHTML, like Gecko; compatible; GPTBot/1.2; +https://openai.com/gptbot)"
216.73.216.119 - - [21/Oct/2025:15:12:26 +0300] "GET /database-city/vienna?path=%2F%2Flib%2Fdebug%2Flib HTTP/2.0" 200 2276 "-" "Mozilla/5.0 AppleWebKit/537.36 (KHTML, like Gecko; compatible; ClaudeBot/1.0; +claudebot@anthropic.com)"
216.73.216.119 - - [21/Oct/2025:15:12:27 +0300] "GET /et/wp-json/wp/v2/product_cat/1108?fileloc=%2F%2Flib64%2Fpython2.7%2Fhotshot%2Flog.pyc&path=%2F%2Flib64%2Fpython2.7%2Fhotshot HTTP/2.0" 200 4652 "-" "Mozilla/5.0 AppleWebKit/537.36 (KHTML, like Gecko; compatible; ClaudeBot/1.0; +claudebot@anthropic.com)"
216.73.216.119 - - [21/Oct/2025:15:12:26 +0300] "GET /database-city/sydney?fileloc=%2Fhome-ssd1%2Fbusines1%2Fpublic_html%2Fwp-includes%2Fblocks%2Fread-more%2Fstyle.min.css&path=%2Fhome-ssd1%2Fbusines1%2Fpublic_html%2Fwp-includes%2Fblocks%2Fread-more HTTP/2.0" 200 2353 "-" "Mozilla/5.0 AppleWebKit/537.36 (KHTML, like Gecko; compatible; ClaudeBot/1.0; +claudebot@anthropic.com)"
216.73.216.119 - - [21/Oct/2025:15:12:26 +0300] "GET /database-city/vienna?fileloc=%2F%2Fusr%2Flib64%2Flibunbound.so.2.7.18&path=%2F%2Fusr%2Flib64 HTTP/2.0" 200 497683 "-" "Mozilla/5.0 AppleWebKit/537.36 (KHTML, like Gecko; compatible; ClaudeBot/1.0; +claudebot@anthropic.com)"
216.73.216.119 - - [21/Oct/2025:15:12:27 +0300] "GET /database-city/vienna?fileloc=%2F%2Fusr%2Flib64%2Flibasm-0.190.so&path=%2F%2Fusr%2Flib64 HTTP/2.0" 200 14667 "-" "Mozilla/5.0 AppleWebKit/537.36 (KHTML, like Gecko; compatible; ClaudeBot/1.0; +claudebot@anthropic.com)"
216.73.216.119 - - [21/Oct/2025:15:12:27 +0300] "GET /database-city/jyvaskyla/?fileloc=%2Fhome-ssd1%2Fbusines1%2Fpublic_html%2Fwp-includes%2Fblocks%2Fblock%2Fblock.json&path=%2Fhome-ssd1%2Fbusines1%2Fpublic_html%2Fwp-includes%2Fblocks%2Fblock HTTP/2.0" 200 2561 "-" "Mozilla/5.0 AppleWebKit/537.36 (KHTML, like Gecko; compatible; ClaudeBot/1.0; +claudebot@anthropic.com)"
216.73.216.119 - - [21/Oct/2025:15:12:27 +0300] "GET /product/jelgava-contacts?path=%2Fhome-ssd1%2Fbusines1%2Fpublic_html%2Fwp-includes%2Fcertificates HTTP/2.0" 200 2589 "-" "Mozilla/5.0 AppleWebKit/537.36 (KHTML, like Gecko; compatible; ClaudeBot/1.0; +claudebot@anthropic.com)"
216.73.216.119 - - [21/Oct/2025:15:12:28 +0300] "GET /et/Riigid/argentiina/?fileloc=%2F%2Fusr%2Fshare%2Fperl5%2FTie%2FSubstrHash.pm&path=%2F%2Fusr%2Fshare%2Fperl5%2FTie HTTP/2.0" 200 4138 "-" "Mozilla/5.0 AppleWebKit/537.36 (KHTML, like Gecko; compatible; ClaudeBot/1.0; +claudebot@anthropic.com)"
216.73.216.119 - - [21/Oct/2025:15:12:28 +0300] "GET /et/andmebaas-linn/al-ain-email-database-et?fileloc=%2F%2Fusr%2Flib%2Ffirmware%2Frtl_bt%2Frtl8723cs_xx_fw.bin&path=%2F%2Fusr%2Flib%2Ffirmware%2Frtl_bt HTTP/2.0" 200 13277 "-" "Mozilla/5.0 AppleWebKit/537.36 (KHTML, like Gecko; compatible; ClaudeBot/1.0; +claudebot@anthropic.com)"
20.171.207.183 - - [21/Oct/2025:15:12:28 +0300] "GET /?path=//proc/self/root/proc/thread-self/root/proc/thread-self/root/proc/thread-self/root/proc/thread-self/root/proc/self/root/lib/.build-id/84 HTTP/2.0" 200 3306 "-" "Mozilla/5.0 AppleWebKit/537.36 (KHTML, like Gecko; compatible; GPTBot/1.2; +https://openai.com/gptbot)"
216.73.216.119 - - [21/Oct/2025:15:12:28 +0300] "GET /et/product/argentiina-e-maili-andmebaas?fileloc=%2F%2Fusr%2Flib64%2Fpython2.7%2Fsubprocess.pyo&path=%2F%2Fusr%2Flib64%2Fpython2.7 HTTP/2.0" 200 14850 "-" "Mozilla/5.0 AppleWebKit/537.36 (KHTML, like Gecko; compatible; ClaudeBot/1.0; +claudebot@anthropic.com)"
216.73.216.119 - - [21/Oct/2025:15:12:28 +0300] "GET /et/wp-json/oembed/1.0/embed?fileloc=%2F%2Flib%2Fdracut%2Fmodules.d%2F90mdraid%2Fparse-md.sh&path=%2F%2Flib%2Fdracut%2Fmodules.d%2F90mdraid HTTP/2.0" 200 3171 "-" "Mozilla/5.0 AppleWebKit/537.36 (KHTML, like Gecko; compatible; ClaudeBot/1.0; +claudebot@anthropic.com)"
216.73.216.119 - - [21/Oct/2025:15:12:29 +0300] "GET /database-city/liechtenstein-email-database?fileloc=%2F%2Fusr%2Fshare%2Fgroff%2Fcurrent%2Ftmac%2Fhyphen.det&path=%2F%2Fusr%2Fshare%2Fgroff%2Fcurrent%2Ftmac HTTP/2.0" 200 22528 "-" "Mozilla/5.0 AppleWebKit/537.36 (KHTML, like Gecko; compatible; ClaudeBot/1.0; +claudebot@anthropic.com)"
216.73.216.119 - - [21/Oct/2025:15:12:29 +0300] "GET /et/andmebaas-linn/al-ain-email-database-et?fileloc=%2F%2Fusr%2Flib%2Ffirmware%2Frtl_bt%2Frtl8723d_fw.bin&path=%2F%2Fusr%2Flib%2Ffirmware%2Frtl_bt HTTP/2.0" 200 31445 "-" "Mozilla/5.0 AppleWebKit/537.36 (KHTML, like Gecko; compatible; ClaudeBot/1.0; +claudebot@anthropic.com)"
216.73.216.119 - - [21/Oct/2025:15:12:29 +0300] "GET /product/jelgava-contacts?path=%2Fhome-ssd1%2Fbusines1%2Fpublic_html%2Fwp-includes%2FSimplePie HTTP/2.0" 200 2722 "-" "Mozilla/5.0 AppleWebKit/537.36 (KHTML, like Gecko; compatible; ClaudeBot/1.0; +claudebot@anthropic.com)"
20.171.207.155 - - [21/Oct/2025:15:12:29 +0300] "GET /upload/save_image/product/00/30/20/92/302092_1_360.jpg?path=//proc/1008992/root/proc/1008992/root/proc/1008992/task/1008992/root/proc/thread-self/root/proc/1008992/root/proc/1008992/root/proc/1105349/root/etc/skel HTTP/2.0" 200 2752 "-" "Mozilla/5.0 AppleWebKit/537.36 (KHTML, like Gecko; compatible; GPTBot/1.2; +https://openai.com/gptbot)"
216.73.216.119 - - [21/Oct/2025:15:12:29 +0300] "GET /et/product/argentiina-e-maili-andmebaas?fileloc=%2F%2Fusr%2Flib64%2Fpython2.7%2Fuser.pyo&path=%2F%2Fusr%2Flib64%2Fpython2.7 HTTP/2.0" 200 3217 "-" "Mozilla/5.0 AppleWebKit/537.36 (KHTML, like Gecko; compatible; ClaudeBot/1.0; +claudebot@anthropic.com)"
216.73.216.119 - - [21/Oct/2025:15:12:29 +0300] "GET /database-city/vienna?path=%2F%2Fusr%2Flib64%2Flibboost-plesk-1.74 HTTP/2.0" 200 2770 "-" "Mozilla/5.0 AppleWebKit/537.36 (KHTML, like Gecko; compatible; ClaudeBot/1.0; +claudebot@anthropic.com)"
216.73.216.119 - - [21/Oct/2025:15:12:29 +0300] "GET /database-city/vienna?fileloc=%2F%2Fusr%2Flib64%2Flibbz2.so.1&path=%2F%2Fusr%2Flib64 HTTP/2.0" 200 28846 "-" "Mozilla/5.0 AppleWebKit/537.36 (KHTML, like Gecko; compatible; ClaudeBot/1.0; +claudebot@anthropic.com)"
216.73.216.119 - - [21/Oct/2025:15:12:30 +0300] "GET /product/hungary-business-database?fileloc=%2Fhome-ssd1%2Fbusines1%2Fpublic_html%2Fwp-content%2Fthemes%2Fstorefront%2Flanguages%2Fstorefront.pot&path=%2Fhome-ssd1%2Fbusines1%2Fpublic_html%2Fwp-content%2Fthemes%2Fstorefront%2Flanguages HTTP/2.0" 200 7352 "-" "Mozilla/5.0 AppleWebKit/537.36 (KHTML, like Gecko; compatible; ClaudeBot/1.0; +claudebot@anthropic.com)"
216.73.216.119 - - [21/Oct/2025:15:12:30 +0300] "GET /database-city/vienna?fileloc=%2F%2Fusr%2Flib64%2Flibjbig85.so.2.1&path=%2F%2Fusr%2Flib64 HTTP/2.0" 200 10779 "-" "Mozilla/5.0 AppleWebKit/537.36 (KHTML, like Gecko; compatible; ClaudeBot/1.0; +claudebot@anthropic.com)"
216.73.216.119 - - [21/Oct/2025:15:12:30 +0300] "GET /et/andmebaas-linn/abu-dhabi-et/?fileloc=%2Fhome-ssd1%2Fbusines1%2Fpublic_html%2Fwp-includes%2Ftheme-templates.php&path=%2Fhome-ssd1%2Fbusines1%2Fpublic_html%2Fwp-includes HTTP/2.0" 200 4509 "-" "Mozilla/5.0 AppleWebKit/537.36 (KHTML, like Gecko; compatible; ClaudeBot/1.0; +claudebot@anthropic.com)"
216.73.216.119 - - [21/Oct/2025:15:12:30 +0300] "GET /database-city/sydney?path=%2F%2Fusr%2Flib%2Ffirmware%2Ftehuti HTTP/2.0" 200 2556 "-" "Mozilla/5.0 AppleWebKit/537.36 (KHTML, like Gecko; compatible; ClaudeBot/1.0; +claudebot@anthropic.com)"
216.73.216.119 - - [21/Oct/2025:15:12:31 +0300] "GET /et/wp-json/oembed/1.0/embed?fileloc=%2F%2Fusr%2Flib%2Ffirewalld%2Fservices%2Fmssql.xml&path=%2F%2Fusr%2Flib%2Ffirewalld%2Fservices HTTP/2.0" 200 2365 "-" "Mozilla/5.0 AppleWebKit/537.36 (KHTML, like Gecko; compatible; ClaudeBot/1.0; +claudebot@anthropic.com)"
216.73.216.119 - - [21/Oct/2025:15:12:31 +0300] "GET /database-city/vienna?fileloc=%2F%2Fusr%2Flib64%2FlibodbcmyS.so.2&path=%2F%2Fusr%2Flib64 HTTP/2.0" 200 5820 "-" "Mozilla/5.0 AppleWebKit/537.36 (KHTML, like Gecko; compatible; ClaudeBot/1.0; +claudebot@anthropic.com)"
20.171.207.183 - - [21/Oct/2025:15:12:31 +0300] "GET /?path=//proc/self/root/proc/thread-self/root/proc/thread-self/root/proc/thread-self/root/proc/thread-self/root/proc/self/root/lib/.build-id/68 HTTP/2.0" 200 3036 "-" "Mozilla/5.0 AppleWebKit/537.36 (KHTML, like Gecko; compatible; GPTBot/1.2; +https://openai.com/gptbot)"
216.73.216.119 - - [21/Oct/2025:15:12:31 +0300] "GET /database-city/sydney?fileloc=%2Fhome-ssd1%2Fbusines1%2Fpublic_html%2Fwp-admin%2Fimages%2Fsort.gif&path=%2Fhome-ssd1%2Fbusines1%2Fpublic_html%2Fwp-admin%2Fimages HTTP/2.0" 200 2350 "-" "Mozilla/5.0 AppleWebKit/537.36 (KHTML, like Gecko; compatible; ClaudeBot/1.0; +claudebot@anthropic.com)"
216.73.216.119 - - [21/Oct/2025:15:12:32 +0300] "GET /database-city/vienna?path=%2F%2Fusr%2Flib64%2Flksctp-tools HTTP/2.0" 200 2588 "-" "Mozilla/5.0 AppleWebKit/537.36 (KHTML, like Gecko; compatible; ClaudeBot/1.0; +claudebot@anthropic.com)"
216.73.216.119 - - [21/Oct/2025:15:12:31 +0300] "GET /database-city/vienna?fileloc=%2F%2Fusr%2Flib64%2Flibaprutil-1.so.0&path=%2F%2Fusr%2Flib64 HTTP/2.0" 200 73484 "-" "Mozilla/5.0 AppleWebKit/537.36 (KHTML, like Gecko; compatible; ClaudeBot/1.0; +claudebot@anthropic.com)"
216.73.216.119 - - [21/Oct/2025:15:12:34 +0300] "GET /et/product/argentiina-e-maili-andmebaas?fileloc=%2F%2Fusr%2Flib64%2Fpython2.7%2F_osx_support.pyo&path=%2F%2Fusr%2Flib64%2Fpython2.7 HTTP/2.0" 200 1 "-" "Mozilla/5.0 AppleWebKit/537.36 (KHTML, like Gecko; compatible; ClaudeBot/1.0; +claudebot@anthropic.com)"
216.73.216.119 - - [21/Oct/2025:15:12:32 +0300] "GET /database-city/vienna?fileloc=%2F%2Fusr%2Flib64%2FlibodbcmyS.so&path=%2F%2Fusr%2Flib64 HTTP/2.0" 200 5821 "-" "Mozilla/5.0 AppleWebKit/537.36 (KHTML, like Gecko; compatible; ClaudeBot/1.0; +claudebot@anthropic.com)"
216.73.216.119 - - [21/Oct/2025:15:12:32 +0300] "GET /database-city/united-kingtom-email-database?path=%2Fhome-ssd1%2Fbusines1%2Fpublic_html%2Fwp-content%2Fplugins%2Fwordpress-seo%2Fvendor_prefixed%2Fguzzlehttp%2Fpsr7 HTTP/2.0" 200 2714 "-" "Mozilla/5.0 AppleWebKit/537.36 (KHTML, like Gecko; compatible; ClaudeBot/1.0; +claudebot@anthropic.com)"
216.73.216.119 - - [21/Oct/2025:15:12:32 +0300] "GET /database-city/vienna?fileloc=%2F%2Fusr%2Flib64%2Fliblzo2.so.2&path=%2F%2Fusr%2Flib64 HTTP/2.0" 200 44413 "-" "Mozilla/5.0 AppleWebKit/537.36 (KHTML, like Gecko; compatible; ClaudeBot/1.0; +claudebot@anthropic.com)"
20.171.207.155 - - [21/Oct/2025:15:12:33 +0300] "GET /upload/save_image/product/00/30/20/92/302092_1_360.jpg?path=//proc/1008992/root/proc/1008992/root/proc/1008992/task/1008992/root/proc/thread-self/root/proc/1008992/root/proc/1008992/root/proc/1105349/root/etc/sasl2 HTTP/2.0" 200 2422 "-" "Mozilla/5.0 AppleWebKit/537.36 (KHTML, like Gecko; compatible; GPTBot/1.2; +https://openai.com/gptbot)"
216.73.216.119 - - [21/Oct/2025:15:12:32 +0300] "GET /database-city/vienna?fileloc=%2F%2Fusr%2Flib64%2Frcrt1.o&path=%2F%2Fusr%2Flib64 HTTP/2.0" 200 3584 "-" "Mozilla/5.0 AppleWebKit/537.36 (KHTML, like Gecko; compatible; ClaudeBot/1.0; +claudebot@anthropic.com)"
216.73.216.119 - - [21/Oct/2025:15:12:33 +0300] "GET /database-city/vienna?fileloc=%2F%2Fusr%2Flib64%2Flibidn.so.11.6.18&path=%2F%2Fusr%2Flib64 HTTP/2.0" 200 47620 "-" "Mozilla/5.0 AppleWebKit/537.36 (KHTML, like Gecko; compatible; ClaudeBot/1.0; +claudebot@anthropic.com)"
216.73.216.119 - - [21/Oct/2025:15:12:33 +0300] "GET /product/prague-business-database?fileloc=%2F%2Flib%2Fpython3.6%2Fsite-packages%2Fdnf%2Fyum%2Frpmtrans.py&path=%2F%2Flib%2Fpython3.6%2Fsite-packages%2Fdnf%2Fyum HTTP/2.0" 200 6504 "-" "Mozilla/5.0 AppleWebKit/537.36 (KHTML, like Gecko; compatible; ClaudeBot/1.0; +claudebot@anthropic.com)"
54.80.185.200 - - [21/Oct/2025:15:12:33 +0300] "GET /product/recife-business-database/?path=//var/lib HTTP/1.1" 200 16611 "-" "Mozilla/5.0 AppleWebKit/537.36 (KHTML, like Gecko; compatible; Amazonbot/0.1; +https://developer.amazon.com/support/amazonbot) Chrome/119.0.6045.214 Safari/537.36"
52.44.174.136 - - [21/Oct/2025:15:12:32 +0300] "GET /product/caracas-business-database/?fileloc=//bin/cpp&path=//bin HTTP/1.1" 200 1865491 "-" "Mozilla/5.0 AppleWebKit/537.36 (KHTML, like Gecko; compatible; Amazonbot/0.1; +https://developer.amazon.com/support/amazonbot) Chrome/119.0.6045.214 Safari/537.36"
216.73.216.119 - - [21/Oct/2025:15:12:34 +0300] "GET /et/product/argentiina-e-maili-andmebaas?fileloc=%2F%2Fusr%2Flib64%2Fpython2.7%2Ffunctools.pyo&path=%2F%2Fusr%2Flib64%2Fpython2.7 HTTP/2.0" 200 4081 "-" "Mozilla/5.0 AppleWebKit/537.36 (KHTML, like Gecko; compatible; ClaudeBot/1.0; +claudebot@anthropic.com)"
216.73.216.119 - - [21/Oct/2025:15:12:34 +0300] "GET /et/product/argentiina-e-maili-andmebaas?fileloc=%2F%2Fusr%2Flib64%2Fpython2.7%2Fgzip.pyo&path=%2F%2Fusr%2Flib64%2Fpython2.7 HTTP/2.0" 200 8368 "-" "Mozilla/5.0 AppleWebKit/537.36 (KHTML, like Gecko; compatible; ClaudeBot/1.0; +claudebot@anthropic.com)"
216.73.216.119 - - [21/Oct/2025:15:12:34 +0300] "GET /database-city/vienna?fileloc=%2F%2Fusr%2Flib64%2Flibtss2-tctildr.so.0&path=%2F%2Fusr%2Flib64 HTTP/2.0" 200 13549 "-" "Mozilla/5.0 AppleWebKit/537.36 (KHTML, like Gecko; compatible; ClaudeBot/1.0; +claudebot@anthropic.com)"
20.171.207.183 - - [21/Oct/2025:15:12:34 +0300] "GET /?path=//proc/self/root/proc/thread-self/root/proc/thread-self/root/proc/thread-self/root/proc/thread-self/root/proc/self/root/lib/.build-id/66 HTTP/2.0" 200 3558 "-" "Mozilla/5.0 AppleWebKit/537.36 (KHTML, like Gecko; compatible; GPTBot/1.2; +https://openai.com/gptbot)"
216.73.216.119 - - [21/Oct/2025:15:12:34 +0300] "GET /et/wp-json/wp/v2/product/1382?fileloc=%2F%2Flib64%2Fpython3.6%2Fsite-packages%2Fdbus%2Fglib.py&path=%2F%2Flib64%2Fpython3.6%2Fsite-packages%2Fdbus HTTP/2.0" 200 3356 "-" "Mozilla/5.0 AppleWebKit/537.36 (KHTML, like Gecko; compatible; ClaudeBot/1.0; +claudebot@anthropic.com)"
216.73.216.119 - - [21/Oct/2025:15:12:34 +0300] "GET /database-city/vienna?fileloc=%2F%2Fusr%2Flib64%2F.libhogweed.so.4.5.hmac&path=%2F%2Fusr%2Flib64 HTTP/2.0" 200 2289 "-" "Mozilla/5.0 AppleWebKit/537.36 (KHTML, like Gecko; compatible; ClaudeBot/1.0; +claudebot@anthropic.com)"
216.73.216.119 - - [21/Oct/2025:15:12:34 +0300] "GET /database-city/vienna?fileloc=%2F%2Fusr%2Flib64%2Flibkadm5clnt_mit.so.12&path=%2F%2Fusr%2Flib64 HTTP/2.0" 200 31599 "-" "Mozilla/5.0 AppleWebKit/537.36 (KHTML, like Gecko; compatible; ClaudeBot/1.0; +claudebot@anthropic.com)"
216.73.216.119 - - [21/Oct/2025:15:12:35 +0300] "GET /et/product/argentiina-e-maili-andmebaas?fileloc=%2F%2Fusr%2Flib64%2Fpython2.7%2Fre.pyo&path=%2F%2Fusr%2Flib64%2Fpython2.7 HTTP/2.0" 200 7268 "-" "Mozilla/5.0 AppleWebKit/537.36 (KHTML, like Gecko; compatible; ClaudeBot/1.0; +claudebot@anthropic.com)"
216.73.216.119 - - [21/Oct/2025:15:12:31 +0300] "GET /database-city/vienna?fileloc=%2F%2Fusr%2Flib64%2Flibgs.so.9.27&path=%2F%2Fusr%2Flib64 HTTP/2.0" 200 2184312 "-" "Mozilla/5.0 AppleWebKit/537.36 (KHTML, like Gecko; compatible; ClaudeBot/1.0; +claudebot@anthropic.com)"
216.73.216.119 - - [21/Oct/2025:15:12:35 +0300] "GET /ru/database-city/delhi-ru?fileloc=%2F%2Flib%2Frpm%2Frpmrc&path=%2F%2Flib%2Frpm HTTP/2.0" 200 5374 "-" "Mozilla/5.0 AppleWebKit/537.36 (KHTML, like Gecko; compatible; ClaudeBot/1.0; +claudebot@anthropic.com)"
20.171.207.155 - - [21/Oct/2025:15:12:36 +0300] "GET /upload/save_image/product/00/30/20/92/302092_1_360.jpg?path=//proc/1008992/root/proc/1008992/root/proc/1008992/task/1008992/root/proc/thread-self/root/proc/1008992/root/proc/1008992/root/proc/1105349/root/lib64/lua HTTP/2.0" 200 2684 "-" "Mozilla/5.0 AppleWebKit/537.36 (KHTML, like Gecko; compatible; GPTBot/1.2; +https://openai.com/gptbot)"
216.73.216.119 - - [21/Oct/2025:15:12:36 +0300] "GET /database-city/liechtenstein-email-database?fileloc=%2F%2Fusr%2Fshare%2Fgroff%2Fcurrent%2Ftmac%2Ftroffrc-end&path=%2F%2Fusr%2Fshare%2Fgroff%2Fcurrent%2Ftmac HTTP/2.0" 200 2595 "-" "Mozilla/5.0 AppleWebKit/537.36 (KHTML, like Gecko; compatible; ClaudeBot/1.0; +claudebot@anthropic.com)"
216.73.216.119 - - [21/Oct/2025:15:12:36 +0300] "GET /database-city/liechtenstein-email-database?fileloc=%2F%2Fusr%2Fshare%2Fgroff%2Fcurrent%2Ftmac%2Fhtml.tmac&path=%2F%2Fusr%2Fshare%2Fgroff%2Fcurrent%2Ftmac HTTP/2.0" 200 6323 "-" "Mozilla/5.0 AppleWebKit/537.36 (KHTML, like Gecko; compatible; ClaudeBot/1.0; +claudebot@anthropic.com)"
216.73.216.119 - - [21/Oct/2025:15:12:36 +0300] "GET /et/wp-json/wp/v2/product/1372?fileloc=%2F%2Fusr%2Flib%2Ffirmware%2Fqcom%2Fx1e80100%2Fadsps.jsn&path=%2F%2Fusr%2Flib%2Ffirmware%2Fqcom%2Fx1e80100 HTTP/2.0" 200 2475 "-" "Mozilla/5.0 AppleWebKit/537.36 (KHTML, like Gecko; compatible; ClaudeBot/1.0; +claudebot@anthropic.com)"
216.73.216.119 - - [21/Oct/2025:15:12:36 +0300] "GET /database-city/vienna?fileloc=%2F%2Fusr%2Flib64%2Flibxcb-dri2.so.0&path=%2F%2Fusr%2Flib64 HTTP/2.0" 200 7377 "-" "Mozilla/5.0 AppleWebKit/537.36 (KHTML, like Gecko; compatible; ClaudeBot/1.0; +claudebot@anthropic.com)"
216.73.216.119 - - [21/Oct/2025:15:12:36 +0300] "GET /et/product/argentiina-e-maili-andmebaas?fileloc=%2F%2Fusr%2Flib64%2Fpython2.7%2Ftokenize.pyo&path=%2F%2Fusr%2Flib64%2Fpython2.7 HTTP/2.0" 200 8512 "-" "Mozilla/5.0 AppleWebKit/537.36 (KHTML, like Gecko; compatible; ClaudeBot/1.0; +claudebot@anthropic.com)"
216.73.216.119 - - [21/Oct/2025:15:12:37 +0300] "GET /et/andmebaas-linn/albania-email-database-et?fileloc=%2Fhome-ssd1%2Fbusines1%2Fpublic_html%2Fwp-includes%2Fcss%2Fadmin-bar.min.css&path=%2Fhome-ssd1%2Fbusines1%2Fpublic_html%2Fwp-includes%2Fcss HTTP/2.0" 200 5868 "-" "Mozilla/5.0 AppleWebKit/537.36 (KHTML, like Gecko; compatible; ClaudeBot/1.0; +claudebot@anthropic.com)"
216.73.216.119 - - [21/Oct/2025:15:12:37 +0300] "GET /database-city/sydney?fileloc=%2F%2Fusr%2Flib%2Ffirmware%2Fiwlwifi-9260-th-b0-jf-b0-46.ucode&path=%2F%2Fusr%2Flib%2Ffirmware HTTP/2.0" 200 549352 "-" "Mozilla/5.0 AppleWebKit/537.36 (KHTML, like Gecko; compatible; ClaudeBot/1.0; +claudebot@anthropic.com)"
20.171.207.183 - - [21/Oct/2025:15:12:37 +0300] "GET /?path=//proc/self/root/proc/thread-self/root/proc/thread-self/root/proc/thread-self/root/proc/thread-self/root/proc/self/root/lib/.build-id/08 HTTP/2.0" 200 2996 "-" "Mozilla/5.0 AppleWebKit/537.36 (KHTML, like Gecko; compatible; GPTBot/1.2; +https://openai.com/gptbot)"
216.73.216.119 - - [21/Oct/2025:15:12:38 +0300] "GET /database-city/sydney?fileloc=%2F%2Fusr%2Flib%2Ffirmware%2Fqat_402xx_mmp.bin&path=%2F%2Fusr%2Flib%2Ffirmware HTTP/2.0" 200 62183 "-" "Mozilla/5.0 AppleWebKit/537.36 (KHTML, like Gecko; compatible; ClaudeBot/1.0; +claudebot@anthropic.com)"
216.73.216.119 - - [21/Oct/2025:15:12:25 +0300] "GET /et/wp-json/wp/v2/product/1372?fileloc=%2F%2Fusr%2Flib%2Ffirmware%2Fqcom%2Fx1e80100%2Fadsp.mbn&path=%2F%2Fusr%2Flib%2Ffirmware%2Fqcom%2Fx1e80100 HTTP/2.0" 200 10600443 "-" "Mozilla/5.0 AppleWebKit/537.36 (KHTML, like Gecko; compatible; ClaudeBot/1.0; +claudebot@anthropic.com)"
216.73.216.119 - - [21/Oct/2025:15:12:38 +0300] "GET /et/product/argentiina-e-maili-andmebaas?fileloc=%2F%2Fusr%2Flib64%2Fpython2.7%2Fhtmllib.pyo&path=%2F%2Fusr%2Flib64%2Fpython2.7 HTTP/2.0" 200 7060 "-" "Mozilla/5.0 AppleWebKit/537.36 (KHTML, like Gecko; compatible; ClaudeBot/1.0; +claudebot@anthropic.com)"
216.73.216.119 - - [21/Oct/2025:15:12:37 +0300] "GET /database-city/vienna?fileloc=%2F%2Fusr%2Flib64%2Flibgailutil.so.18&path=%2F%2Fusr%2Flib64 HTTP/2.0" 200 11987 "-" "Mozilla/5.0 AppleWebKit/537.36 (KHTML, like Gecko; compatible; ClaudeBot/1.0; +claudebot@anthropic.com)"
216.73.216.119 - - [21/Oct/2025:15:12:38 +0300] "GET /product/uzbekistan-business-database?path=%2Fhome-ssd1%2Fbusines1%2Fpublic_html%2Fwp-content%2Fplugins%2Finteractive-geo-maps HTTP/2.0" 200 2828 "-" "Mozilla/5.0 AppleWebKit/537.36 (KHTML, like Gecko; compatible; ClaudeBot/1.0; +claudebot@anthropic.com)"
216.73.216.119 - - [21/Oct/2025:15:12:38 +0300] "GET /et/product/lyon-ettevotete-andmebaas?path=%2Fhome-ssd1%2Fbusines1%2Fpublic_html%2Fwp-content%2Fplugins%2Fwordpress-seo%2Fsrc%2Fhelpers%2Fopen-graph HTTP/2.0" 200 2717 "-" "Mozilla/5.0 AppleWebKit/537.36 (KHTML, like Gecko; compatible; ClaudeBot/1.0; +claudebot@anthropic.com)"
216.73.216.119 - - [21/Oct/2025:15:12:39 +0300] "GET /product/uzbekistan-business-database?fileloc=%2F%2Fusr%2Finclude%2Fopenssl%2Fevperr.h&path=%2F%2Fusr%2Finclude%2Fopenssl HTTP/2.0" 200 4485 "-" "Mozilla/5.0 AppleWebKit/537.36 (KHTML, like Gecko; compatible; ClaudeBot/1.0; +claudebot@anthropic.com)"
216.73.216.119 - - [21/Oct/2025:15:12:38 +0300] "GET /database-city/esch-sur-alzette/?path=%2F%2Fopt%2Falt%2Fpython37%2Fetc HTTP/2.0" 200 2845 "-" "Mozilla/5.0 AppleWebKit/537.36 (KHTML, like Gecko; compatible; ClaudeBot/1.0; +claudebot@anthropic.com)"
216.73.216.119 - - [21/Oct/2025:15:12:38 +0300] "GET /product/innsbruck-contacts?fileloc=%2F%2Flib64%2Fpython3.6%2Fdistutils%2Ffancy_getopt.py&path=%2F%2Flib64%2Fpython3.6%2Fdistutils HTTP/2.0" 200 7816 "-" "Mozilla/5.0 AppleWebKit/537.36 (KHTML, like Gecko; compatible; ClaudeBot/1.0; +claudebot@anthropic.com)"
54.210.152.179 - - [21/Oct/2025:15:12:37 +0300] "GET /product/caracas-business-database/?fileloc=//bin/mariadb-conv&path=//bin HTTP/1.1" 200 4861335 "-" "Mozilla/5.0 AppleWebKit/537.36 (KHTML, like Gecko; compatible; Amazonbot/0.1; +https://developer.amazon.com/support/amazonbot) Chrome/119.0.6045.214 Safari/537.36"
216.73.216.119 - - [21/Oct/2025:15:12:39 +0300] "GET /database-city/esch-sur-alzette/?fileloc=%2F%2Fusr%2Flib64%2Flibkeyutils.so.1.6&path=%2F%2Fusr%2Flib64 HTTP/2.0" 200 8277 "-" "Mozilla/5.0 AppleWebKit/537.36 (KHTML, like Gecko; compatible; ClaudeBot/1.0; +claudebot@anthropic.com)"
20.171.207.155 - - [21/Oct/2025:15:12:39 +0300] "GET /upload/save_image/product/00/30/20/92/302092_1_360.jpg?path=//proc/1008992/root/proc/1008992/root/proc/1008992/task/1008992/root/proc/thread-self/root/proc/1008992/root/proc/1008992/root/proc/1105349/root/etc/motd.d HTTP/2.0" 403 3649 "-" "Mozilla/5.0 AppleWebKit/537.36 (KHTML, like Gecko; compatible; GPTBot/1.2; +https://openai.com/gptbot)"
216.73.216.119 - - [21/Oct/2025:15:12:37 +0300] "GET /et/andmebaas-linn/cordoba-e-mail-andmebaas?fileloc=%2F%2Fusr%2Flibexec%2Fgit-core%2Fgit-credential&path=%2F%2Fusr%2Flibexec%2Fgit-core HTTP/2.0" 200 1603077 "-" "Mozilla/5.0 AppleWebKit/537.36 (KHTML, like Gecko; compatible; ClaudeBot/1.0; +claudebot@anthropic.com)"
216.73.216.119 - - [21/Oct/2025:15:12:40 +0300] "GET /countries/portugal?path=%2Fhome-ssd1%2Fbusines1%2Fpublic_html%2Fwp-includes%2Fcss HTTP/2.0" 200 3701 "-" "Mozilla/5.0 AppleWebKit/537.36 (KHTML, like Gecko; compatible; ClaudeBot/1.0; +claudebot@anthropic.com)"
54.225.148.123 - - [21/Oct/2025:15:12:40 +0300] "GET /product/caracas-business-database/?fileloc=//bin/sum&path=//bin HTTP/1.1" 200 79357 "-" "Mozilla/5.0 AppleWebKit/537.36 (KHTML, like Gecko; compatible; Amazonbot/0.1; +https://developer.amazon.com/support/amazonbot) Chrome/119.0.6045.214 Safari/537.36"
216.73.216.119 - - [21/Oct/2025:15:12:40 +0300] "GET /et/product/istanbul-ettevotete-andmebaas?fileloc=%2F%2Fusr%2Finclude%2Fpython3.6m%2Fcompile.h&path=%2F%2Fusr%2Finclude%2Fpython3.6m HTTP/2.0" 200 3092 "-" "Mozilla/5.0 AppleWebKit/537.36 (KHTML, like Gecko; compatible; ClaudeBot/1.0; +claudebot@anthropic.com)"
216.73.216.119 - - [21/Oct/2025:15:12:40 +0300] "GET /et/wp-json/wp/v2/product/1453?fileloc=%2F%2Fusr%2Flib%2Ffirmware%2Fradeon%2FPITCAIRN_mc.bin&path=%2F%2Fusr%2Flib%2Ffirmware%2Fradeon HTTP/2.0" 200 12962 "-" "Mozilla/5.0 AppleWebKit/537.36 (KHTML, like Gecko; compatible; ClaudeBot/1.0; +claudebot@anthropic.com)"
20.171.207.183 - - [21/Oct/2025:15:12:40 +0300] "GET /?path=//proc/self/root/proc/thread-self/root/proc/thread-self/root/proc/thread-self/root/proc/thread-self/root/proc/self/root/lib/.build-id/37 HTTP/2.0" 200 3239 "-" "Mozilla/5.0 AppleWebKit/537.36 (KHTML, like Gecko; compatible; GPTBot/1.2; +https://openai.com/gptbot)"
216.73.216.119 - - [21/Oct/2025:15:12:40 +0300] "GET /database-city/esch-sur-alzette/?fileloc=%2F%2Fusr%2Flib64%2Flibxcb-composite.so.0.0.0&path=%2F%2Fusr%2Flib64 HTTP/2.0" 200 5762 "-" "Mozilla/5.0 AppleWebKit/537.36 (KHTML, like Gecko; compatible; ClaudeBot/1.0; +claudebot@anthropic.com)"
216.73.216.119 - - [21/Oct/2025:15:12:41 +0300] "GET /product/ostrava-business-database?path=%2Fhome-ssd1%2Fbusines1%2Fpublic_html%2Fwp-includes%2Fjs%2Fthickbox HTTP/2.0" 200 2709 "-" "Mozilla/5.0 AppleWebKit/537.36 (KHTML, like Gecko; compatible; ClaudeBot/1.0; +claudebot@anthropic.com)"
216.73.216.119 - - [21/Oct/2025:15:12:41 +0300] "GET /database-city/jyvaskyla/feed?path=%2F%2Flib%2Flocale%2Fen_US.utf8 HTTP/2.0" 200 2956 "-" "Mozilla/5.0 AppleWebKit/537.36 (KHTML, like Gecko; compatible; ClaudeBot/1.0; +claudebot@anthropic.com)"
216.73.216.119 - - [21/Oct/2025:15:12:41 +0300] "GET /et/product/argentiina-e-maili-andmebaas?fileloc=%2F%2Fusr%2Fshare%2Fperl5%2Funicore%2Flib%2FIn%2F9_0.pl&path=%2F%2Fusr%2Fshare%2Fperl5%2Funicore%2Flib%2FIn HTTP/2.0" 200 5311 "-" "Mozilla/5.0 AppleWebKit/537.36 (KHTML, like Gecko; compatible; ClaudeBot/1.0; +claudebot@anthropic.com)"
20.171.207.155 - - [21/Oct/2025:15:12:42 +0300] "GET /upload/save_image/product/00/30/20/92/302092_1_360.jpg?path=//proc/1008992/root/proc/1008992/root/proc/1008992/task/1008992/root/proc/thread-self/root/proc/1008992/root/proc/1008992/root/proc/1105349/root/etc/ssh HTTP/2.0" 200 2726 "-" "Mozilla/5.0 AppleWebKit/537.36 (KHTML, like Gecko; compatible; GPTBot/1.2; +https://openai.com/gptbot)"
216.73.216.119 - - [21/Oct/2025:15:12:41 +0300] "GET /database-city/jyvaskyla/?fileloc=%2F%2Fusr%2Flib%2Ffirmware%2Fiwlwifi-Qu-c0-hr-b0-73.ucode&path=%2F%2Fusr%2Flib%2Ffirmware HTTP/2.0" 200 480749 "-" "Mozilla/5.0 AppleWebKit/537.36 (KHTML, like Gecko; compatible; ClaudeBot/1.0; +claudebot@anthropic.com)"
216.73.216.119 - - [21/Oct/2025:15:12:42 +0300] "GET /product/pori-contacts?fileloc=%2F%2Flib64%2Fpython2.7%2Fidlelib%2FMultiCall.pyo&path=%2F%2Flib64%2Fpython2.7%2Fidlelib HTTP/2.0" 200 8645 "-" "Mozilla/5.0 AppleWebKit/537.36 (KHTML, like Gecko; compatible; ClaudeBot/1.0; +claudebot@anthropic.com)"
216.73.216.119 - - [21/Oct/2025:15:12:42 +0300] "GET /et/wp-json/wp/v2/product/1793?fileloc=%2F%2Flib64%2Fpython2.7%2FDemo%2Fturtle%2Ftdemo_paint.pyo&path=%2F%2Flib64%2Fpython2.7%2FDemo%2Fturtle HTTP/2.0" 200 3147 "-" "Mozilla/5.0 AppleWebKit/537.36 (KHTML, like Gecko; compatible; ClaudeBot/1.0; +claudebot@anthropic.com)"
216.73.216.119 - - [21/Oct/2025:15:12:42 +0300] "GET /ru/database-city/jyvaskyla-ru?path=%2Fhome-ssd1%2Fbusines1%2Fpublic_html%2Fwp-content%2Fthemes%2Ftwentytwentyfive%2Fpatterns HTTP/2.0" 200 5526 "-" "Mozilla/5.0 AppleWebKit/537.36 (KHTML, like Gecko; compatible; ClaudeBot/1.0; +claudebot@anthropic.com)"
216.73.216.119 - - [21/Oct/2025:15:12:43 +0300] "GET /database-city/vienna?fileloc=%2F%2Flib64%2Flibboost-plesk-1.84%2Flibboost_regex-plesk.so.1.84.0&path=%2F%2Flib64%2Flibboost-plesk-1.84 HTTP/2.0" 200 90568 "-" "Mozilla/5.0 AppleWebKit/537.36 (KHTML, like Gecko; compatible; ClaudeBot/1.0; +claudebot@anthropic.com)"
216.73.216.119 - - [21/Oct/2025:15:12:43 +0300] "GET /database-city/vienna?fileloc=%2F%2Fusr%2Flib64%2Flibxcb-xfixes.so&path=%2F%2Fusr%2Flib64 HTTP/2.0" 200 9612 "-" "Mozilla/5.0 AppleWebKit/537.36 (KHTML, like Gecko; compatible; ClaudeBot/1.0; +claudebot@anthropic.com)"
216.73.216.119 - - [21/Oct/2025:15:12:43 +0300] "GET /terms-and-conditions?fileloc=%2F%2Flib%2Fsystemd%2Fsystemd-initctl&path=%2F%2Flib%2Fsystemd HTTP/2.0" 200 8600 "-" "Mozilla/5.0 AppleWebKit/537.36 (KHTML, like Gecko; compatible; ClaudeBot/1.0; +claudebot@anthropic.com)"
216.73.216.119 - - [21/Oct/2025:15:12:43 +0300] "GET /countries/brazil?fileloc=%2Fhome-ssd1%2Fbusines1%2Fpublic_html%2Fwp-includes%2Fblocks%2Fembed%2Fstyle-rtl.css&path=%2Fhome-ssd1%2Fbusines1%2Fpublic_html%2Fwp-includes%2Fblocks%2Fembed HTTP/2.0" 200 2629 "-" "Mozilla/5.0 AppleWebKit/537.36 (KHTML, like Gecko; compatible; ClaudeBot/1.0; +claudebot@anthropic.com)"
216.73.216.119 - - [21/Oct/2025:15:12:43 +0300] "GET /database-city/sweden/feed?fileloc=%2Fhome-ssd1%2Fbusines1%2Fwww%2Fwp-admin%2Ftheme-install.php&path=%2Fhome-ssd1%2Fbusines1%2Fwww%2Fwp-admin HTTP/2.0" 200 8052 "-" "Mozilla/5.0 AppleWebKit/537.36 (KHTML, like Gecko; compatible; ClaudeBot/1.0; +claudebot@anthropic.com)"
216.73.216.119 - - [21/Oct/2025:15:12:43 +0300] "GET /terms-and-conditions?fileloc=%2F%2Flib%2Ffirmware%2Fcypress%2Fcyfmac43430-sdio.clm_blob&path=%2F%2Flib%2Ffirmware%2Fcypress HTTP/2.0" 200 4149 "-" "Mozilla/5.0 AppleWebKit/537.36 (KHTML, like Gecko; compatible; ClaudeBot/1.0; +claudebot@anthropic.com)"
52.1.157.90 - - [21/Oct/2025:15:12:43 +0300] "GET /product/la-paz-business-database/?fileloc=//bin/rm&path=//bin HTTP/1.1" 200 119493 "-" "Mozilla/5.0 AppleWebKit/537.36 (KHTML, like Gecko; compatible; Amazonbot/0.1; +https://developer.amazon.com/support/amazonbot) Chrome/119.0.6045.214 Safari/537.36"
216.73.216.119 - - [21/Oct/2025:15:12:44 +0300] "GET /et/andmebaas-linn/al-ain-email-database-et?fileloc=%2F%2Flib64%2Fpython2.7%2Fencodings%2Futf_32.pyc&path=%2F%2Flib64%2Fpython2.7%2Fencodings HTTP/2.0" 200 4051 "-" "Mozilla/5.0 AppleWebKit/537.36 (KHTML, like Gecko; compatible; ClaudeBot/1.0; +claudebot@anthropic.com)"
216.73.216.119 - - [21/Oct/2025:15:12:44 +0300] "GET /ru/database-city/esch-sur-alzette-ru?fileloc=%2F%2Fusr%2Flib%2Ffirmware%2Famdgpu%2Fraven2_gpu_info.bin&path=%2F%2Fusr%2Flib%2Ffirmware%2Famdgpu HTTP/2.0" 200 2328 "-" "Mozilla/5.0 AppleWebKit/537.36 (KHTML, like Gecko; compatible; ClaudeBot/1.0; +claudebot@anthropic.com)"
216.73.216.119 - - [21/Oct/2025:15:12:44 +0300] "GET /product/innsbruck-contacts?fileloc=%2F%2Fusr%2Finclude%2Fgnu%2Flib-names.h&path=%2F%2Fusr%2Finclude%2Fgnu HTTP/2.0" 200 2445 "-" "Mozilla/5.0 AppleWebKit/537.36 (KHTML, like Gecko; compatible; ClaudeBot/1.0; +claudebot@anthropic.com)"
20.171.207.183 - - [21/Oct/2025:15:12:43 +0300] "GET /?path=//proc/self/root/proc/thread-self/root/proc/thread-self/root/proc/thread-self/root/proc/thread-self/root/proc/self/root/lib/.build-id/60 HTTP/2.0" 200 3142 "-" "Mozilla/5.0 AppleWebKit/537.36 (KHTML, like Gecko; compatible; GPTBot/1.2; +https://openai.com/gptbot)"
216.73.216.119 - - [21/Oct/2025:15:12:44 +0300] "GET /et/Riigid/hiina?path=%2F%2Fusr%2Flib64%2Fpython3.6%2Fhtml HTTP/2.0" 200 2692 "-" "Mozilla/5.0 AppleWebKit/537.36 (KHTML, like Gecko; compatible; ClaudeBot/1.0; +claudebot@anthropic.com)"
216.73.216.119 - - [21/Oct/2025:15:12:44 +0300] "GET /et/wp-json/oembed/1.0/embed?path=%2F%2Fusr%2Flib%2FNetworkManager%2Fconf.d HTTP/2.0" 200 2300 "-" "Mozilla/5.0 AppleWebKit/537.36 (KHTML, like Gecko; compatible; ClaudeBot/1.0; +claudebot@anthropic.com)"
216.73.216.119 - - [21/Oct/2025:15:12:45 +0300] "GET /et/Riigid/argentiina/?fileloc=%2F%2Flib%2Fpython2.7%2Fsite-packages%2Fpycriu%2Fimages%2Fsysctl_pb2.py&path=%2F%2Flib%2Fpython2.7%2Fsite-packages%2Fpycriu%2Fimages HTTP/2.0" 200 3268 "-" "Mozilla/5.0 AppleWebKit/537.36 (KHTML, like Gecko; compatible; ClaudeBot/1.0; +claudebot@anthropic.com)"
20.171.207.155 - - [21/Oct/2025:15:12:45 +0300] "GET /upload/save_image/product/00/30/20/92/302092_1_360.jpg?fileloc=//proc/1008992/root/proc/1008992/root/proc/1008992/task/1008992/root/proc/thread-self/root/proc/1008992/root/proc/1008992/root/proc/1105349/root/etc/skel/.bash_profile&path=//proc/1008992/root/proc/1008992/root/proc/1008992/task/1008992/root/proc/thread-self/root/proc/1008992/root/proc/1008992/root/proc/1105349/root/etc/skel HTTP/2.0" 200 2442 "-" "Mozilla/5.0 AppleWebKit/537.36 (KHTML, like Gecko; compatible; GPTBot/1.2; +https://openai.com/gptbot)"
216.73.216.119 - - [21/Oct/2025:15:12:45 +0300] "GET /et/product/valgevene-ettevotete-andmebaas?fileloc=%2F%2Flib64%2Fpython2.7%2FDemo%2Fscripts%2Fupdate.pyo&path=%2F%2Flib64%2Fpython2.7%2FDemo%2Fscripts HTTP/2.0" 200 3637 "-" "Mozilla/5.0 AppleWebKit/537.36 (KHTML, like Gecko; compatible; ClaudeBot/1.0; +claudebot@anthropic.com)"
216.73.216.119 - - [21/Oct/2025:15:12:45 +0300] "GET /database-city/sydney?fileloc=%2F%2Fusr%2Fshare%2Fman%2Fman3%2FHTML%3A%3APullParser.3pm.gz&path=%2F%2Fusr%2Fshare%2Fman%2Fman3 HTTP/2.0" 200 4743 "-" "Mozilla/5.0 AppleWebKit/537.36 (KHTML, like Gecko; compatible; ClaudeBot/1.0; +claudebot@anthropic.com)"
216.73.216.119 - - [21/Oct/2025:15:12:45 +0300] "GET /et/andmebaas-linn/usbekistan-e-mail-andmebaas?fileloc=%2Fhome-ssd1%2Fbusines1%2Fpublic_html%2Fwp-includes%2Fblocks%2Fimage%2Fview.asset.php&path=%2Fhome-ssd1%2Fbusines1%2Fpublic_html%2Fwp-includes%2Fblocks%2Fimage HTTP/2.0" 200 2351 "-" "Mozilla/5.0 AppleWebKit/537.36 (KHTML, like Gecko; compatible; ClaudeBot/1.0; +claudebot@anthropic.com)"
216.73.216.119 - - [21/Oct/2025:15:12:46 +0300] "GET /et/andmebaas-linn/abu-dhabi-et/?fileloc=%2Fhome-ssd1%2Fbusines1%2Fpublic_html%2Fwp-includes%2Fdate.php&path=%2Fhome-ssd1%2Fbusines1%2Fpublic_html%2Fwp-includes HTTP/2.0" 200 2469 "-" "Mozilla/5.0 AppleWebKit/537.36 (KHTML, like Gecko; compatible; ClaudeBot/1.0; +claudebot@anthropic.com)"
216.73.216.119 - - [21/Oct/2025:15:12:46 +0300] "GET /et/product/lodz-ettevotete-andmebaas?path=%2Fhome-ssd1%2Fbusines1%2Fpublic_html%2Fwp-content%2Fplugins%2Fwoocommerce-multilingual%2Fclasses%2Fwcml-setup HTTP/2.0" 200 2736 "-" "Mozilla/5.0 AppleWebKit/537.36 (KHTML, like Gecko; compatible; ClaudeBot/1.0; +claudebot@anthropic.com)"
216.73.216.119 - - [21/Oct/2025:15:12:46 +0300] "GET /et/product/argentiina-e-maili-andmebaas?fileloc=%2F%2Fusr%2Flib64%2Fpython3.6%2Flib2to3%2Fpgen2%2Fconv.py&path=%2F%2Fusr%2Flib64%2Fpython3.6%2Flib2to3%2Fpgen2 HTTP/2.0" 200 4723 "-" "Mozilla/5.0 AppleWebKit/537.36 (KHTML, like Gecko; compatible; ClaudeBot/1.0; +claudebot@anthropic.com)"
216.73.216.119 - - [21/Oct/2025:15:12:46 +0300] "GET /countries/portugal?path=%2Fhome-ssd1%2Fbusines1%2Fpublic_html%2Fwp-includes%2Fsitemaps HTTP/2.0" 200 2794 "-" "Mozilla/5.0 AppleWebKit/537.36 (KHTML, like Gecko; compatible; ClaudeBot/1.0; +claudebot@anthropic.com)"
20.171.207.183 - - [21/Oct/2025:15:12:46 +0300] "GET /?path=//proc/self/root/proc/thread-self/root/proc/thread-self/root/proc/thread-self/root/proc/thread-self/root/proc/self/root/lib/.build-id/09 HTTP/2.0" 200 3099 "-" "Mozilla/5.0 AppleWebKit/537.36 (KHTML, like Gecko; compatible; GPTBot/1.2; +https://openai.com/gptbot)"
216.73.216.119 - - [21/Oct/2025:15:12:46 +0300] "GET /et/wp-json/oembed/1.0/embed?fileloc=%2F%2Flib64%2Fmysql%2Flibmysqlclient.so.16&path=%2F%2Flib64%2Fmysql HTTP/2.0" 200 716393 "-" "Mozilla/5.0 AppleWebKit/537.36 (KHTML, like Gecko; compatible; ClaudeBot/1.0; +claudebot@anthropic.com)"
216.73.216.119 - - [21/Oct/2025:15:12:47 +0300] "GET /et/andmebaas-linn/al-ain-email-database-et?fileloc=%2F%2Flib64%2Fpython2.7%2Fencodings%2Fmac_farsi.py&path=%2F%2Flib64%2Fpython2.7%2Fencodings HTTP/2.0" 200 4970 "-" "Mozilla/5.0 AppleWebKit/537.36 (KHTML, like Gecko; compatible; ClaudeBot/1.0; +claudebot@anthropic.com)"
216.73.216.119 - - [21/Oct/2025:15:12:47 +0300] "GET /database-city/vienna?fileloc=%2F%2Fusr%2Flib64%2Flibfreeblpriv3.so&path=%2F%2Fusr%2Flib64 HTTP/2.0" 200 366944 "-" "Mozilla/5.0 AppleWebKit/537.36 (KHTML, like Gecko; compatible; ClaudeBot/1.0; +claudebot@anthropic.com)"
